[ RUN      ] RequestorFuncs/ScanPrivilegeAuthzTest.TestPartialScanPrivilegesRandomized/5
I20260812 06:37:27.027026   323 file_cache.cc:504] Constructed file cache file cache with capacity 419430
W20260812 06:37:27.028609  1398 instance_detector.cc:116] could not retrieve AWS instance metadata: Network error: curl error: HTTP response code said error: The requested URL returned error: 404
W20260812 06:37:27.028635  1399 instance_detector.cc:116] could not retrieve Azure instance metadata: Network error: curl error: HTTP response code said error: The requested URL returned error: 404
W20260812 06:37:27.028641  1401 instance_detector.cc:116] could not retrieve OpenStack instance metadata: Network error: curl error: HTTP response code said error: The requested URL returned error: 404
I20260812 06:37:27.028928   323 server_base.cc:1061] running on GCE node
I20260812 06:37:27.029098   323 hybrid_clock.cc:584] initializing the hybrid clock with 'system_unsync' time source
W20260812 06:37:27.029145   323 system_unsync_time.cc:38] NTP support is disabled. Clock error bounds will not be accurate. This configuration is not suitable for distributed clusters.
I20260812 06:37:27.029158   323 hybrid_clock.cc:648] HybridClock initialized: now 1786516647029158 us; error 0 us; skew 500 ppm
I20260812 06:37:27.029892   323 webserver.cc:533] Webserver started at http://127.0.0.1:34983/ using document root <none> and password file <none>
I20260812 06:37:27.030012   323 fs_manager.cc:362] Metadata directory not provided
I20260812 06:37:27.030048   323 fs_manager.cc:368] Using write-ahead log directory (fs_wal_dir) as metadata directory
I20260812 06:37:27.030092   323 server_base.cc:909] This appears to be a new deployment of Kudu; creating new FS layout
I20260812 06:37:27.030402   323 fs_manager.cc:1068] Generated new instance metadata in path /tmp/dist-test-taskNTq_va/test-tmp/tablet_server_authorization-test.0.RequestorFuncs_ScanPrivilegeAuthzTest.TestPartialScanPrivilegesRandomized_5.1786516637400623-323-0/TabletServerTest-fsroot/instance:
uuid: "3bd2af18217d449e93c722d42d7e7ff8"
format_stamp: "Formatted at 2026-08-12 06:37:27 on dist-test-slave-bxbt"
I20260812 06:37:27.031905   323 fs_manager.cc:696] Time spent creating directory manager: real 0.001s	user 0.002s	sys 0.000s
I20260812 06:37:27.032804  1406 log_block_manager.cc:4127] Time spent loading block containers with low live blocks: real 0.000s	user 0.000s	sys 0.000s
I20260812 06:37:27.033118   323 fs_manager.cc:730] Time spent opening block manager: real 0.001s	user 0.001s	sys 0.000s
I20260812 06:37:27.033179   323 fs_manager.cc:647] Opened local filesystem: /tmp/dist-test-taskNTq_va/test-tmp/tablet_server_authorization-test.0.RequestorFuncs_ScanPrivilegeAuthzTest.TestPartialScanPrivilegesRandomized_5.1786516637400623-323-0/TabletServerTest-fsroot
uuid: "3bd2af18217d449e93c722d42d7e7ff8"
format_stamp: "Formatted at 2026-08-12 06:37:27 on dist-test-slave-bxbt"
I20260812 06:37:27.033232   323 fs_report.cc:389] FS layout report
--------------------
wal directory: /tmp/dist-test-taskNTq_va/test-tmp/tablet_server_authorization-test.0.RequestorFuncs_ScanPrivilegeAuthzTest.TestPartialScanPrivilegesRandomized_5.1786516637400623-323-0/TabletServerTest-fsroot
metadata directory: /tmp/dist-test-taskNTq_va/test-tmp/tablet_server_authorization-test.0.RequestorFuncs_ScanPrivilegeAuthzTest.TestPartialScanPrivilegesRandomized_5.1786516637400623-323-0/TabletServerTest-fsroot
1 data directories: /tmp/dist-test-taskNTq_va/test-tmp/tablet_server_authorization-test.0.RequestorFuncs_ScanPrivilegeAuthzTest.TestPartialScanPrivilegesRandomized_5.1786516637400623-323-0/TabletServerTest-fsroot/data
Total live blocks: 0
Total live bytes: 0
Total live bytes (after alignment): 0
Total number of LBM containers: 0 (0 full)
Did not check for missing blocks
Did not check for orphaned blocks
Total full LBM containers with extra space: 0 (0 repaired)
Total full LBM container extra space in bytes: 0 (0 repaired)
Total incomplete LBM containers: 0 (0 repaired)
Total LBM partial records: 0 (0 repaired)
Total corrupted LBM metadata records in RocksDB: 0 (0 repaired)
I20260812 06:37:27.037910   323 rpc_server.cc:225] running with OpenSSL 1.1.1  11 Sep 2018
I20260812 06:37:27.038165   323 kserver.cc:163] Server-wide thread pool size limit: 3276
I20260812 06:37:27.038365   323 txn_system_client.cc:432] TxnSystemClient initialization is disabled...
I20260812 06:37:27.038803   323 ts_tablet_manager.cc:585] Loaded tablet metadata (0 total tablets, 0 live tablets)
I20260812 06:37:27.038838   323 ts_tablet_manager.cc:531] Time spent load tablet metadata: real 0.000s	user 0.000s	sys 0.000s
I20260812 06:37:27.038894   323 ts_tablet_manager.cc:616] Registered 0 tablets
I20260812 06:37:27.038936   323 ts_tablet_manager.cc:595] Time spent register tablets: real 0.000s	user 0.000s	sys 0.000s
I20260812 06:37:27.042992   323 rpc_server.cc:307] RPC server started. Bound to: 127.0.0.1:38409
I20260812 06:37:27.043021  1469 acceptor_pool.cc:272] collecting diagnostics on the listening RPC socket 127.0.0.1:38409 every 8 connection(s)
W20260812 06:37:27.043715  1408 reactor.cc:805] Failed to create an outbound connection to 255.255.255.255:1 because connect() failed: Network error: connect(2) error: Network is unreachable (error 101)
I20260812 06:37:27.043802   323 data_dirs.cc:400] Could only allocate 1 dirs of requested 3 for tablet ffffffffffffffffffffffffffffffff. 1 dirs total, 0 dirs full, 0 dirs failed
W20260812 06:37:27.044054  1408 reactor.cc:805] Failed to create an outbound connection to 255.255.255.255:1 because connect() failed: Network error: connect(2) error: Network is unreachable (error 101)
W20260812 06:37:27.044348  1408 reactor.cc:805] Failed to create an outbound connection to 255.255.255.255:1 because connect() failed: Network error: connect(2) error: Network is unreachable (error 101)
W20260812 06:37:27.044517  1470 heartbeater.cc:412] Failed 3 heartbeats in a row: no longer allowing fast heartbeat attempts.
I20260812 06:37:27.045701  1472 tablet_bootstrap.cc:492] T ffffffffffffffffffffffffffffffff P 3bd2af18217d449e93c722d42d7e7ff8: Bootstrap starting.
I20260812 06:37:27.046411  1472 tablet_bootstrap.cc:654] T ffffffffffffffffffffffffffffffff P 3bd2af18217d449e93c722d42d7e7ff8: Neither blocks nor log segments found. Creating new log.
I20260812 06:37:27.047400  1472 tablet_bootstrap.cc:492] T ffffffffffffffffffffffffffffffff P 3bd2af18217d449e93c722d42d7e7ff8: No bootstrap required, opened a new log
I20260812 06:37:27.047510  1472 ts_tablet_manager.cc:1403] T ffffffffffffffffffffffffffffffff P 3bd2af18217d449e93c722d42d7e7ff8: Time spent bootstrapping tablet: real 0.002s	user 0.001s	sys 0.000s
I20260812 06:37:27.047971  1472 raft_consensus.cc:359] T ffffffffffffffffffffffffffffffff P 3bd2af18217d449e93c722d42d7e7ff8 [term 0 FOLLOWER]: Replica starting. Triggering 0 pending ops. Active config: opid_index: -1 peers { permanent_uuid: "3bd2af18217d449e93c722d42d7e7ff8" member_type: VOTER last_known_addr { host: "127.0.0.1" port: 38409 } }
I20260812 06:37:27.048063  1472 raft_consensus.cc:385] T ffffffffffffffffffffffffffffffff P 3bd2af18217d449e93c722d42d7e7ff8 [term 0 FOLLOWER]: Consensus starting up: Expiring failure detector timer to make a prompt election more likely
I20260812 06:37:27.048118  1472 raft_consensus.cc:740] T ffffffffffffffffffffffffffffffff P 3bd2af18217d449e93c722d42d7e7ff8 [term 0 FOLLOWER]: Becoming Follower/Learner. State: Replica: 3bd2af18217d449e93c722d42d7e7ff8, State: Initialized, Role: FOLLOWER
I20260812 06:37:27.048281  1472 consensus_queue.cc:260] T ffffffffffffffffffffffffffffffff P 3bd2af18217d449e93c722d42d7e7ff8 [NON_LEADER]: Queue going to NON_LEADER mode. State: All replicated index: 0, Majority replicated index: 0, Committed index: 0, Last appended: 0.0, Last appended by leader: 0, Current term: 0, Majority size: -1, State: 0, Mode: NON_LEADER, active raft config: opid_index: -1 peers { permanent_uuid: "3bd2af18217d449e93c722d42d7e7ff8" member_type: VOTER last_known_addr { host: "127.0.0.1" port: 38409 } }
I20260812 06:37:27.048370  1472 raft_consensus.cc:399] T ffffffffffffffffffffffffffffffff P 3bd2af18217d449e93c722d42d7e7ff8 [term 0 FOLLOWER]: Only one voter in the Raft config. Triggering election immediately
I20260812 06:37:27.048429  1472 raft_consensus.cc:493] T ffffffffffffffffffffffffffffffff P 3bd2af18217d449e93c722d42d7e7ff8 [term 0 FOLLOWER]: Starting leader election (initial election of a single-replica configuration)
I20260812 06:37:27.048484  1472 raft_consensus.cc:3060] T ffffffffffffffffffffffffffffffff P 3bd2af18217d449e93c722d42d7e7ff8 [term 0 FOLLOWER]: Advancing to term 1
I20260812 06:37:27.049183  1472 raft_consensus.cc:515] T ffffffffffffffffffffffffffffffff P 3bd2af18217d449e93c722d42d7e7ff8 [term 1 FOLLOWER]: Starting leader election with config: opid_index: -1 peers { permanent_uuid: "3bd2af18217d449e93c722d42d7e7ff8" member_type: VOTER last_known_addr { host: "127.0.0.1" port: 38409 } }
I20260812 06:37:27.049328  1472 leader_election.cc:304] T ffffffffffffffffffffffffffffffff P 3bd2af18217d449e93c722d42d7e7ff8 [CANDIDATE]: Term 1 election: Election decided. Result: candidate won. Election summary: received 1 responses out of 1 voters: 1 yes votes; 0 no votes. yes voters: 3bd2af18217d449e93c722d42d7e7ff8; no voters: 
I20260812 06:37:27.049528  1472 leader_election.cc:290] T ffffffffffffffffffffffffffffffff P 3bd2af18217d449e93c722d42d7e7ff8 [CANDIDATE]: Term 1 election: Requested vote from peers 
I20260812 06:37:27.049602  1474 raft_consensus.cc:2804] T ffffffffffffffffffffffffffffffff P 3bd2af18217d449e93c722d42d7e7ff8 [term 1 FOLLOWER]: Leader election won for term 1
I20260812 06:37:27.049888  1472 ts_tablet_manager.cc:1434] T ffffffffffffffffffffffffffffffff P 3bd2af18217d449e93c722d42d7e7ff8: Time spent starting tablet: real 0.002s	user 0.003s	sys 0.000s
W20260812 06:37:27.050014  1408 reactor.cc:805] Failed to create an outbound connection to 255.255.255.255:1 because connect() failed: Network error: connect(2) error: Network is unreachable (error 101)
I20260812 06:37:27.049908  1474 raft_consensus.cc:697] T ffffffffffffffffffffffffffffffff P 3bd2af18217d449e93c722d42d7e7ff8 [term 1 LEADER]: Becoming Leader. State: Replica: 3bd2af18217d449e93c722d42d7e7ff8, State: Running, Role: LEADER
I20260812 06:37:27.050251  1474 consensus_queue.cc:237] T ffffffffffffffffffffffffffffffff P 3bd2af18217d449e93c722d42d7e7ff8 [LEADER]: Queue going to LEADER mode. State: All replicated index: 0, Majority replicated index: 0, Committed index: 0, Last appended: 0.0, Last appended by leader: 0, Current term: 1, Majority size: 1, State: 0, Mode: LEADER, active raft config: opid_index: -1 peers { permanent_uuid: "3bd2af18217d449e93c722d42d7e7ff8" member_type: VOTER last_known_addr { host: "127.0.0.1" port: 38409 } }
W20260812 06:37:27.050312  1408 reactor.cc:805] Failed to create an outbound connection to 255.255.255.255:1 because connect() failed: Network error: connect(2) error: Network is unreachable (error 101)
I20260812 06:37:27.059116   323 data_dirs.cc:400] Could only allocate 1 dirs of requested 3 for tablet scan-tablet-id. 1 dirs total, 0 dirs full, 0 dirs failed
I20260812 06:37:27.060804  1472 tablet_bootstrap.cc:492] T scan-tablet-id P 3bd2af18217d449e93c722d42d7e7ff8: Bootstrap starting.
I20260812 06:37:27.061596  1472 tablet_bootstrap.cc:654] T scan-tablet-id P 3bd2af18217d449e93c722d42d7e7ff8: Neither blocks nor log segments found. Creating new log.
I20260812 06:37:27.062613  1472 tablet_bootstrap.cc:492] T scan-tablet-id P 3bd2af18217d449e93c722d42d7e7ff8: No bootstrap required, opened a new log
I20260812 06:37:27.062762  1472 ts_tablet_manager.cc:1403] T scan-tablet-id P 3bd2af18217d449e93c722d42d7e7ff8: Time spent bootstrapping tablet: real 0.002s	user 0.001s	sys 0.000s
I20260812 06:37:27.063135  1472 raft_consensus.cc:359] T scan-tablet-id P 3bd2af18217d449e93c722d42d7e7ff8 [term 0 FOLLOWER]: Replica starting. Triggering 0 pending ops. Active config: opid_index: -1 peers { permanent_uuid: "3bd2af18217d449e93c722d42d7e7ff8" member_type: VOTER last_known_addr { host: "127.0.0.1" port: 38409 } }
I20260812 06:37:27.063218  1472 raft_consensus.cc:385] T scan-tablet-id P 3bd2af18217d449e93c722d42d7e7ff8 [term 0 FOLLOWER]: Consensus starting up: Expiring failure detector timer to make a prompt election more likely
I20260812 06:37:27.063278  1472 raft_consensus.cc:740] T scan-tablet-id P 3bd2af18217d449e93c722d42d7e7ff8 [term 0 FOLLOWER]: Becoming Follower/Learner. State: Replica: 3bd2af18217d449e93c722d42d7e7ff8, State: Initialized, Role: FOLLOWER
I20260812 06:37:27.063445  1472 consensus_queue.cc:260] T scan-tablet-id P 3bd2af18217d449e93c722d42d7e7ff8 [NON_LEADER]: Queue going to NON_LEADER mode. State: All replicated index: 0, Majority replicated index: 0, Committed index: 0, Last appended: 0.0, Last appended by leader: 0, Current term: 0, Majority size: -1, State: 0, Mode: NON_LEADER, active raft config: opid_index: -1 peers { permanent_uuid: "3bd2af18217d449e93c722d42d7e7ff8" member_type: VOTER last_known_addr { host: "127.0.0.1" port: 38409 } }
I20260812 06:37:27.063519  1472 raft_consensus.cc:399] T scan-tablet-id P 3bd2af18217d449e93c722d42d7e7ff8 [term 0 FOLLOWER]: Only one voter in the Raft config. Triggering election immediately
I20260812 06:37:27.063578  1472 raft_consensus.cc:493] T scan-tablet-id P 3bd2af18217d449e93c722d42d7e7ff8 [term 0 FOLLOWER]: Starting leader election (initial election of a single-replica configuration)
I20260812 06:37:27.063643  1472 raft_consensus.cc:3060] T scan-tablet-id P 3bd2af18217d449e93c722d42d7e7ff8 [term 0 FOLLOWER]: Advancing to term 1
I20260812 06:37:27.064386  1472 raft_consensus.cc:515] T scan-tablet-id P 3bd2af18217d449e93c722d42d7e7ff8 [term 1 FOLLOWER]: Starting leader election with config: opid_index: -1 peers { permanent_uuid: "3bd2af18217d449e93c722d42d7e7ff8" member_type: VOTER last_known_addr { host: "127.0.0.1" port: 38409 } }
I20260812 06:37:27.064535  1472 leader_election.cc:304] T scan-tablet-id P 3bd2af18217d449e93c722d42d7e7ff8 [CANDIDATE]: Term 1 election: Election decided. Result: candidate won. Election summary: received 1 responses out of 1 voters: 1 yes votes; 0 no votes. yes voters: 3bd2af18217d449e93c722d42d7e7ff8; no voters: 
I20260812 06:37:27.064649  1472 leader_election.cc:290] T scan-tablet-id P 3bd2af18217d449e93c722d42d7e7ff8 [CANDIDATE]: Term 1 election: Requested vote from peers 
I20260812 06:37:27.064684  1474 raft_consensus.cc:2804] T scan-tablet-id P 3bd2af18217d449e93c722d42d7e7ff8 [term 1 FOLLOWER]: Leader election won for term 1
I20260812 06:37:27.064826  1474 raft_consensus.cc:697] T scan-tablet-id P 3bd2af18217d449e93c722d42d7e7ff8 [term 1 LEADER]: Becoming Leader. State: Replica: 3bd2af18217d449e93c722d42d7e7ff8, State: Running, Role: LEADER
I20260812 06:37:27.064905  1472 ts_tablet_manager.cc:1434] T scan-tablet-id P 3bd2af18217d449e93c722d42d7e7ff8: Time spent starting tablet: real 0.002s	user 0.003s	sys 0.000s
I20260812 06:37:27.064981  1474 consensus_queue.cc:237] T scan-tablet-id P 3bd2af18217d449e93c722d42d7e7ff8 [LEADER]: Queue going to LEADER mode. State: All replicated index: 0, Majority replicated index: 0, Committed index: 0, Last appended: 0.0, Last appended by leader: 0, Current term: 1, Majority size: 1, State: 0, Mode: LEADER, active raft config: opid_index: -1 peers { permanent_uuid: "3bd2af18217d449e93c722d42d7e7ff8" member_type: VOTER last_known_addr { host: "127.0.0.1" port: 38409 } }
W20260812 06:37:27.065096  1408 reactor.cc:805] Failed to create an outbound connection to 255.255.255.255:1 because connect() failed: Network error: connect(2) error: Network is unreachable (error 101)
W20260812 06:37:27.065549  1408 reactor.cc:805] Failed to create an outbound connection to 255.255.255.255:1 because connect() failed: Network error: connect(2) error: Network is unreachable (error 101)
I20260812 06:37:27.073318   323 tablet_server_authorization-test.cc:850] Removed privilege for column key2
W20260812 06:37:27.074218  1424 tablet_service.cc:593] rejecting Checksum request from {username='dan'} at 127.0.0.1:50250: authz token doesn't authorize column ID 12
I20260812 06:37:27.074678   323 tablet_server.cc:179] TabletServer@127.0.0.1:0 shutting down...
I20260812 06:37:27.294179   323 ts_tablet_manager.cc:1507] Shutting down tablet manager...
I20260812 06:37:27.294535   323 tablet_replica.cc:333] T scan-tablet-id P 3bd2af18217d449e93c722d42d7e7ff8: stopping tablet replica
I20260812 06:37:27.294689   323 raft_consensus.cc:2243] T scan-tablet-id P 3bd2af18217d449e93c722d42d7e7ff8 [term 1 LEADER]: Raft consensus shutting down.
I20260812 06:37:27.294842   323 raft_consensus.cc:2272] T scan-tablet-id P 3bd2af18217d449e93c722d42d7e7ff8 [term 1 FOLLOWER]: Raft consensus is shut down!
I20260812 06:37:27.295496   323 tablet_replica.cc:333] T ffffffffffffffffffffffffffffffff P 3bd2af18217d449e93c722d42d7e7ff8: stopping tablet replica
I20260812 06:37:27.295574   323 raft_consensus.cc:2243] T ffffffffffffffffffffffffffffffff P 3bd2af18217d449e93c722d42d7e7ff8 [term 1 LEADER]: Raft consensus shutting down.
I20260812 06:37:27.295656   323 raft_consensus.cc:2272] T ffffffffffffffffffffffffffffffff P 3bd2af18217d449e93c722d42d7e7ff8 [term 1 FOLLOWER]: Raft consensus is shut down!
I20260812 06:37:27.308310   323 tablet_server.cc:196] TabletServer@127.0.0.1:0 shutdown complete.
[       OK ] RequestorFuncs/ScanPrivilegeAuthzTest.TestPartialScanPrivilegesRandomized/5 (286 ms)
[ RUN      ] RequestorFuncs/ScanPrivilegeAuthzTest.TestPartialScanPrivilegesRandomized/7
I20260812 06:37:27.313172   323 file_cache.cc:504] Constructed file cache file cache with capacity 419430
W20260812 06:37:27.314757  1489 instance_detector.cc:116] could not retrieve Azure instance metadata: Network error: curl error: HTTP response code said error: The requested URL returned error: 404
W20260812 06:37:27.314812  1488 instance_detector.cc:116] could not retrieve AWS instance metadata: Network error: curl error: HTTP response code said error: The requested URL returned error: 404
W20260812 06:37:27.314891  1491 instance_detector.cc:116] could not retrieve OpenStack instance metadata: Network error: curl error: HTTP response code said error: The requested URL returned error: 404
I20260812 06:37:27.315035   323 server_base.cc:1061] running on GCE node
I20260812 06:37:27.315183   323 hybrid_clock.cc:584] initializing the hybrid clock with 'system_unsync' time source
W20260812 06:37:27.315240   323 system_unsync_time.cc:38] NTP support is disabled. Clock error bounds will not be accurate. This configuration is not suitable for distributed clusters.
I20260812 06:37:27.315277   323 hybrid_clock.cc:648] HybridClock initialized: now 1786516647315276 us; error 0 us; skew 500 ppm
I20260812 06:37:27.316075   323 webserver.cc:533] Webserver started at http://127.0.0.1:39455/ using document root <none> and password file <none>
I20260812 06:37:27.316231   323 fs_manager.cc:362] Metadata directory not provided
I20260812 06:37:27.316296   323 fs_manager.cc:368] Using write-ahead log directory (fs_wal_dir) as metadata directory
I20260812 06:37:27.316386   323 server_base.cc:909] This appears to be a new deployment of Kudu; creating new FS layout
I20260812 06:37:27.316740   323 fs_manager.cc:1068] Generated new instance metadata in path /tmp/dist-test-taskNTq_va/test-tmp/tablet_server_authorization-test.0.RequestorFuncs_ScanPrivilegeAuthzTest.TestPartialScanPrivilegesRandomized_7.1786516637400623-323-0/TabletServerTest-fsroot/instance:
uuid: "6d5eba3c71b941c0a3d71b0e9642edfa"
format_stamp: "Formatted at 2026-08-12 06:37:27 on dist-test-slave-bxbt"
I20260812 06:37:27.318131   323 fs_manager.cc:696] Time spent creating directory manager: real 0.001s	user 0.002s	sys 0.000s
I20260812 06:37:27.318986  1496 log_block_manager.cc:4127] Time spent loading block containers with low live blocks: real 0.000s	user 0.000s	sys 0.000s
I20260812 06:37:27.319227   323 fs_manager.cc:730] Time spent opening block manager: real 0.001s	user 0.001s	sys 0.000s
I20260812 06:37:27.319319   323 fs_manager.cc:647] Opened local filesystem: /tmp/dist-test-taskNTq_va/test-tmp/tablet_server_authorization-test.0.RequestorFuncs_ScanPrivilegeAuthzTest.TestPartialScanPrivilegesRandomized_7.1786516637400623-323-0/TabletServerTest-fsroot
uuid: "6d5eba3c71b941c0a3d71b0e9642edfa"
format_stamp: "Formatted at 2026-08-12 06:37:27 on dist-test-slave-bxbt"
I20260812 06:37:27.319404   323 fs_report.cc:389] FS layout report
--------------------
wal directory: /tmp/dist-test-taskNTq_va/test-tmp/tablet_server_authorization-test.0.RequestorFuncs_ScanPrivilegeAuthzTest.TestPartialScanPrivilegesRandomized_7.1786516637400623-323-0/TabletServerTest-fsroot
metadata directory: /tmp/dist-test-taskNTq_va/test-tmp/tablet_server_authorization-test.0.RequestorFuncs_ScanPrivilegeAuthzTest.TestPartialScanPrivilegesRandomized_7.1786516637400623-323-0/TabletServerTest-fsroot
1 data directories: /tmp/dist-test-taskNTq_va/test-tmp/tablet_server_authorization-test.0.RequestorFuncs_ScanPrivilegeAuthzTest.TestPartialScanPrivilegesRandomized_7.1786516637400623-323-0/TabletServerTest-fsroot/data
Total live blocks: 0
Total live bytes: 0
Total live bytes (after alignment): 0
Total number of LBM containers: 0 (0 full)
Did not check for missing blocks
Did not check for orphaned blocks
Total full LBM containers with extra space: 0 (0 repaired)
Total full LBM container extra space in bytes: 0 (0 repaired)
Total incomplete LBM containers: 0 (0 repaired)
Total LBM partial records: 0 (0 repaired)
Total corrupted LBM metadata records in RocksDB: 0 (0 repaired)
I20260812 06:37:27.331521   323 rpc_server.cc:225] running with OpenSSL 1.1.1  11 Sep 2018
I20260812 06:37:27.331920   323 kserver.cc:163] Server-wide thread pool size limit: 3276
I20260812 06:37:27.332181   323 txn_system_client.cc:432] TxnSystemClient initialization is disabled...
I20260812 06:37:27.332609   323 ts_tablet_manager.cc:585] Loaded tablet metadata (0 total tablets, 0 live tablets)
I20260812 06:37:27.332667   323 ts_tablet_manager.cc:531] Time spent load tablet metadata: real 0.000s	user 0.000s	sys 0.000s
I20260812 06:37:27.332726   323 ts_tablet_manager.cc:616] Registered 0 tablets
I20260812 06:37:27.332759   323 ts_tablet_manager.cc:595] Time spent register tablets: real 0.000s	user 0.000s	sys 0.000s
I20260812 06:37:27.336496   323 rpc_server.cc:307] RPC server started. Bound to: 127.0.0.1:41517
I20260812 06:37:27.337944   323 data_dirs.cc:400] Could only allocate 1 dirs of requested 3 for tablet ffffffffffffffffffffffffffffffff. 1 dirs total, 0 dirs full, 0 dirs failed
I20260812 06:37:27.338254  1559 acceptor_pool.cc:272] collecting diagnostics on the listening RPC socket 127.0.0.1:41517 every 8 connection(s)
W20260812 06:37:27.338514  1498 reactor.cc:805] Failed to create an outbound connection to 255.255.255.255:1 because connect() failed: Network error: connect(2) error: Network is unreachable (error 101)
W20260812 06:37:27.338845  1498 reactor.cc:805] Failed to create an outbound connection to 255.255.255.255:1 because connect() failed: Network error: connect(2) error: Network is unreachable (error 101)
W20260812 06:37:27.339113  1498 reactor.cc:805] Failed to create an outbound connection to 255.255.255.255:1 because connect() failed: Network error: connect(2) error: Network is unreachable (error 101)
W20260812 06:37:27.339259  1560 heartbeater.cc:412] Failed 3 heartbeats in a row: no longer allowing fast heartbeat attempts.
I20260812 06:37:27.340164  1562 tablet_bootstrap.cc:492] T ffffffffffffffffffffffffffffffff P 6d5eba3c71b941c0a3d71b0e9642edfa: Bootstrap starting.
I20260812 06:37:27.340906  1562 tablet_bootstrap.cc:654] T ffffffffffffffffffffffffffffffff P 6d5eba3c71b941c0a3d71b0e9642edfa: Neither blocks nor log segments found. Creating new log.
I20260812 06:37:27.342031  1562 tablet_bootstrap.cc:492] T ffffffffffffffffffffffffffffffff P 6d5eba3c71b941c0a3d71b0e9642edfa: No bootstrap required, opened a new log
I20260812 06:37:27.342172  1562 ts_tablet_manager.cc:1403] T ffffffffffffffffffffffffffffffff P 6d5eba3c71b941c0a3d71b0e9642edfa: Time spent bootstrapping tablet: real 0.002s	user 0.002s	sys 0.000s
I20260812 06:37:27.342526  1562 raft_consensus.cc:359] T ffffffffffffffffffffffffffffffff P 6d5eba3c71b941c0a3d71b0e9642edfa [term 0 FOLLOWER]: Replica starting. Triggering 0 pending ops. Active config: opid_index: -1 peers { permanent_uuid: "6d5eba3c71b941c0a3d71b0e9642edfa" member_type: VOTER last_known_addr { host: "127.0.0.1" port: 41517 } }
I20260812 06:37:27.342610  1562 raft_consensus.cc:385] T ffffffffffffffffffffffffffffffff P 6d5eba3c71b941c0a3d71b0e9642edfa [term 0 FOLLOWER]: Consensus starting up: Expiring failure detector timer to make a prompt election more likely
I20260812 06:37:27.342633  1562 raft_consensus.cc:740] T ffffffffffffffffffffffffffffffff P 6d5eba3c71b941c0a3d71b0e9642edfa [term 0 FOLLOWER]: Becoming Follower/Learner. State: Replica: 6d5eba3c71b941c0a3d71b0e9642edfa, State: Initialized, Role: FOLLOWER
I20260812 06:37:27.342769  1562 consensus_queue.cc:260] T ffffffffffffffffffffffffffffffff P 6d5eba3c71b941c0a3d71b0e9642edfa [NON_LEADER]: Queue going to NON_LEADER mode. State: All replicated index: 0, Majority replicated index: 0, Committed index: 0, Last appended: 0.0, Last appended by leader: 0, Current term: 0, Majority size: -1, State: 0, Mode: NON_LEADER, active raft config: opid_index: -1 peers { permanent_uuid: "6d5eba3c71b941c0a3d71b0e9642edfa" member_type: VOTER last_known_addr { host: "127.0.0.1" port: 41517 } }
I20260812 06:37:27.342854  1562 raft_consensus.cc:399] T ffffffffffffffffffffffffffffffff P 6d5eba3c71b941c0a3d71b0e9642edfa [term 0 FOLLOWER]: Only one voter in the Raft config. Triggering election immediately
I20260812 06:37:27.342878  1562 raft_consensus.cc:493] T ffffffffffffffffffffffffffffffff P 6d5eba3c71b941c0a3d71b0e9642edfa [term 0 FOLLOWER]: Starting leader election (initial election of a single-replica configuration)
I20260812 06:37:27.342909  1562 raft_consensus.cc:3060] T ffffffffffffffffffffffffffffffff P 6d5eba3c71b941c0a3d71b0e9642edfa [term 0 FOLLOWER]: Advancing to term 1
I20260812 06:37:27.343601  1562 raft_consensus.cc:515] T ffffffffffffffffffffffffffffffff P 6d5eba3c71b941c0a3d71b0e9642edfa [term 1 FOLLOWER]: Starting leader election with config: opid_index: -1 peers { permanent_uuid: "6d5eba3c71b941c0a3d71b0e9642edfa" member_type: VOTER last_known_addr { host: "127.0.0.1" port: 41517 } }
I20260812 06:37:27.343789  1562 leader_election.cc:304] T ffffffffffffffffffffffffffffffff P 6d5eba3c71b941c0a3d71b0e9642edfa [CANDIDATE]: Term 1 election: Election decided. Result: candidate won. Election summary: received 1 responses out of 1 voters: 1 yes votes; 0 no votes. yes voters: 6d5eba3c71b941c0a3d71b0e9642edfa; no voters: 
I20260812 06:37:27.343977  1562 leader_election.cc:290] T ffffffffffffffffffffffffffffffff P 6d5eba3c71b941c0a3d71b0e9642edfa [CANDIDATE]: Term 1 election: Requested vote from peers 
I20260812 06:37:27.344102  1564 raft_consensus.cc:2804] T ffffffffffffffffffffffffffffffff P 6d5eba3c71b941c0a3d71b0e9642edfa [term 1 FOLLOWER]: Leader election won for term 1
I20260812 06:37:27.344326  1564 raft_consensus.cc:697] T ffffffffffffffffffffffffffffffff P 6d5eba3c71b941c0a3d71b0e9642edfa [term 1 LEADER]: Becoming Leader. State: Replica: 6d5eba3c71b941c0a3d71b0e9642edfa, State: Running, Role: LEADER
I20260812 06:37:27.344328  1562 ts_tablet_manager.cc:1434] T ffffffffffffffffffffffffffffffff P 6d5eba3c71b941c0a3d71b0e9642edfa: Time spent starting tablet: real 0.002s	user 0.002s	sys 0.000s
W20260812 06:37:27.344456  1498 reactor.cc:805] Failed to create an outbound connection to 255.255.255.255:1 because connect() failed: Network error: connect(2) error: Network is unreachable (error 101)
I20260812 06:37:27.344501  1564 consensus_queue.cc:237] T ffffffffffffffffffffffffffffffff P 6d5eba3c71b941c0a3d71b0e9642edfa [LEADER]: Queue going to LEADER mode. State: All replicated index: 0, Majority replicated index: 0, Committed index: 0, Last appended: 0.0, Last appended by leader: 0, Current term: 1, Majority size: 1, State: 0, Mode: LEADER, active raft config: opid_index: -1 peers { permanent_uuid: "6d5eba3c71b941c0a3d71b0e9642edfa" member_type: VOTER last_known_addr { host: "127.0.0.1" port: 41517 } }
W20260812 06:37:27.344764  1498 reactor.cc:805] Failed to create an outbound connection to 255.255.255.255:1 because connect() failed: Network error: connect(2) error: Network is unreachable (error 101)
I20260812 06:37:27.354517   323 data_dirs.cc:400] Could only allocate 1 dirs of requested 3 for tablet scan-tablet-id. 1 dirs total, 0 dirs full, 0 dirs failed
I20260812 06:37:27.356196  1562 tablet_bootstrap.cc:492] T scan-tablet-id P 6d5eba3c71b941c0a3d71b0e9642edfa: Bootstrap starting.
I20260812 06:37:27.356999  1562 tablet_bootstrap.cc:654] T scan-tablet-id P 6d5eba3c71b941c0a3d71b0e9642edfa: Neither blocks nor log segments found. Creating new log.
I20260812 06:37:27.357988  1562 tablet_bootstrap.cc:492] T scan-tablet-id P 6d5eba3c71b941c0a3d71b0e9642edfa: No bootstrap required, opened a new log
I20260812 06:37:27.358059  1562 ts_tablet_manager.cc:1403] T scan-tablet-id P 6d5eba3c71b941c0a3d71b0e9642edfa: Time spent bootstrapping tablet: real 0.002s	user 0.001s	sys 0.000s
I20260812 06:37:27.358443  1562 raft_consensus.cc:359] T scan-tablet-id P 6d5eba3c71b941c0a3d71b0e9642edfa [term 0 FOLLOWER]: Replica starting. Triggering 0 pending ops. Active config: opid_index: -1 peers { permanent_uuid: "6d5eba3c71b941c0a3d71b0e9642edfa" member_type: VOTER last_known_addr { host: "127.0.0.1" port: 41517 } }
I20260812 06:37:27.358536  1562 raft_consensus.cc:385] T scan-tablet-id P 6d5eba3c71b941c0a3d71b0e9642edfa [term 0 FOLLOWER]: Consensus starting up: Expiring failure detector timer to make a prompt election more likely
I20260812 06:37:27.358582  1562 raft_consensus.cc:740] T scan-tablet-id P 6d5eba3c71b941c0a3d71b0e9642edfa [term 0 FOLLOWER]: Becoming Follower/Learner. State: Replica: 6d5eba3c71b941c0a3d71b0e9642edfa, State: Initialized, Role: FOLLOWER
I20260812 06:37:27.358757  1562 consensus_queue.cc:260] T scan-tablet-id P 6d5eba3c71b941c0a3d71b0e9642edfa [NON_LEADER]: Queue going to NON_LEADER mode. State: All replicated index: 0, Majority replicated index: 0, Committed index: 0, Last appended: 0.0, Last appended by leader: 0, Current term: 0, Majority size: -1, State: 0, Mode: NON_LEADER, active raft config: opid_index: -1 peers { permanent_uuid: "6d5eba3c71b941c0a3d71b0e9642edfa" member_type: VOTER last_known_addr { host: "127.0.0.1" port: 41517 } }
I20260812 06:37:27.358846  1562 raft_consensus.cc:399] T scan-tablet-id P 6d5eba3c71b941c0a3d71b0e9642edfa [term 0 FOLLOWER]: Only one voter in the Raft config. Triggering election immediately
I20260812 06:37:27.358906  1562 raft_consensus.cc:493] T scan-tablet-id P 6d5eba3c71b941c0a3d71b0e9642edfa [term 0 FOLLOWER]: Starting leader election (initial election of a single-replica configuration)
I20260812 06:37:27.358978  1562 raft_consensus.cc:3060] T scan-tablet-id P 6d5eba3c71b941c0a3d71b0e9642edfa [term 0 FOLLOWER]: Advancing to term 1
I20260812 06:37:27.359666  1562 raft_consensus.cc:515] T scan-tablet-id P 6d5eba3c71b941c0a3d71b0e9642edfa [term 1 FOLLOWER]: Starting leader election with config: opid_index: -1 peers { permanent_uuid: "6d5eba3c71b941c0a3d71b0e9642edfa" member_type: VOTER last_known_addr { host: "127.0.0.1" port: 41517 } }
I20260812 06:37:27.359839  1562 leader_election.cc:304] T scan-tablet-id P 6d5eba3c71b941c0a3d71b0e9642edfa [CANDIDATE]: Term 1 election: Election decided. Result: candidate won. Election summary: received 1 responses out of 1 voters: 1 yes votes; 0 no votes. yes voters: 6d5eba3c71b941c0a3d71b0e9642edfa; no voters: 
I20260812 06:37:27.359974  1562 leader_election.cc:290] T scan-tablet-id P 6d5eba3c71b941c0a3d71b0e9642edfa [CANDIDATE]: Term 1 election: Requested vote from peers 
I20260812 06:37:27.360018  1564 raft_consensus.cc:2804] T scan-tablet-id P 6d5eba3c71b941c0a3d71b0e9642edfa [term 1 FOLLOWER]: Leader election won for term 1
I20260812 06:37:27.360148  1564 raft_consensus.cc:697] T scan-tablet-id P 6d5eba3c71b941c0a3d71b0e9642edfa [term 1 LEADER]: Becoming Leader. State: Replica: 6d5eba3c71b941c0a3d71b0e9642edfa, State: Running, Role: LEADER
I20260812 06:37:27.360213  1562 ts_tablet_manager.cc:1434] T scan-tablet-id P 6d5eba3c71b941c0a3d71b0e9642edfa: Time spent starting tablet: real 0.002s	user 0.002s	sys 0.000s
I20260812 06:37:27.360288  1564 consensus_queue.cc:237] T scan-tablet-id P 6d5eba3c71b941c0a3d71b0e9642edfa [LEADER]: Queue going to LEADER mode. State: All replicated index: 0, Majority replicated index: 0, Committed index: 0, Last appended: 0.0, Last appended by leader: 0, Current term: 1, Majority size: 1, State: 0, Mode: LEADER, active raft config: opid_index: -1 peers { permanent_uuid: "6d5eba3c71b941c0a3d71b0e9642edfa" member_type: VOTER last_known_addr { host: "127.0.0.1" port: 41517 } }
W20260812 06:37:27.360440  1498 reactor.cc:805] Failed to create an outbound connection to 255.255.255.255:1 because connect() failed: Network error: connect(2) error: Network is unreachable (error 101)
W20260812 06:37:27.360734  1498 reactor.cc:805] Failed to create an outbound connection to 255.255.255.255:1 because connect() failed: Network error: connect(2) error: Network is unreachable (error 101)
I20260812 06:37:27.363523   323 tablet_server_authorization-test.cc:850] Removed privilege for column key1
W20260812 06:37:27.368342  1514 tablet_service.cc:593] rejecting Checksum request from {username='dan'} at 127.0.0.1:40650: authz token doesn't authorize column ID 11
I20260812 06:37:27.368854   323 tablet_server.cc:179] TabletServer@127.0.0.1:0 shutting down...
I20260812 06:37:27.588980   323 ts_tablet_manager.cc:1507] Shutting down tablet manager...
I20260812 06:37:27.589408   323 tablet_replica.cc:333] T scan-tablet-id P 6d5eba3c71b941c0a3d71b0e9642edfa: stopping tablet replica
I20260812 06:37:27.589645   323 raft_consensus.cc:2243] T scan-tablet-id P 6d5eba3c71b941c0a3d71b0e9642edfa [term 1 LEADER]: Raft consensus shutting down.
I20260812 06:37:27.589824   323 raft_consensus.cc:2272] T scan-tablet-id P 6d5eba3c71b941c0a3d71b0e9642edfa [term 1 FOLLOWER]: Raft consensus is shut down!
I20260812 06:37:27.590482   323 tablet_replica.cc:333] T ffffffffffffffffffffffffffffffff P 6d5eba3c71b941c0a3d71b0e9642edfa: stopping tablet replica
I20260812 06:37:27.590581   323 raft_consensus.cc:2243] T ffffffffffffffffffffffffffffffff P 6d5eba3c71b941c0a3d71b0e9642edfa [term 1 LEADER]: Raft consensus shutting down.
I20260812 06:37:27.590718   323 raft_consensus.cc:2272] T ffffffffffffffffffffffffffffffff P 6d5eba3c71b941c0a3d71b0e9642edfa [term 1 FOLLOWER]: Raft consensus is shut down!
I20260812 06:37:27.603607   323 tablet_server.cc:196] TabletServer@127.0.0.1:0 shutdown complete.
[       OK ] RequestorFuncs/ScanPrivilegeAuthzTest.TestPartialScanPrivilegesRandomized/7 (295 ms)
[ RUN      ] RequestorFuncs/ScanPrivilegeAuthzTest.TestPartialScanPrivilegesRandomized/9
I20260812 06:37:27.608278   323 file_cache.cc:504] Constructed file cache file cache with capacity 419430
W20260812 06:37:27.610059  1577 instance_detector.cc:116] could not retrieve AWS instance metadata: Network error: curl error: HTTP response code said error: The requested URL returned error: 404
W20260812 06:37:27.610072  1578 instance_detector.cc:116] could not retrieve Azure instance metadata: Network error: curl error: HTTP response code said error: The requested URL returned error: 404
W20260812 06:37:27.610107  1580 instance_detector.cc:116] could not retrieve OpenStack instance metadata: Network error: curl error: HTTP response code said error: The requested URL returned error: 404
I20260812 06:37:27.610107   323 server_base.cc:1061] running on GCE node
I20260812 06:37:27.610415   323 hybrid_clock.cc:584] initializing the hybrid clock with 'system_unsync' time source
W20260812 06:37:27.610464   323 system_unsync_time.cc:38] NTP support is disabled. Clock error bounds will not be accurate. This configuration is not suitable for distributed clusters.
I20260812 06:37:27.610481   323 hybrid_clock.cc:648] HybridClock initialized: now 1786516647610480 us; error 0 us; skew 500 ppm
I20260812 06:37:27.611243   323 webserver.cc:533] Webserver started at http://127.0.0.1:37027/ using document root <none> and password file <none>
I20260812 06:37:27.611384   323 fs_manager.cc:362] Metadata directory not provided
I20260812 06:37:27.611461   323 fs_manager.cc:368] Using write-ahead log directory (fs_wal_dir) as metadata directory
I20260812 06:37:27.611536   323 server_base.cc:909] This appears to be a new deployment of Kudu; creating new FS layout
I20260812 06:37:27.612020   323 fs_manager.cc:1068] Generated new instance metadata in path /tmp/dist-test-taskNTq_va/test-tmp/tablet_server_authorization-test.0.RequestorFuncs_ScanPrivilegeAuthzTest.TestPartialScanPrivilegesRandomized_9.1786516637400623-323-0/TabletServerTest-fsroot/instance:
uuid: "18260fcee9554b19892d63dd33471b43"
format_stamp: "Formatted at 2026-08-12 06:37:27 on dist-test-slave-bxbt"
I20260812 06:37:27.613404   323 fs_manager.cc:696] Time spent creating directory manager: real 0.001s	user 0.001s	sys 0.000s
I20260812 06:37:27.614318  1585 log_block_manager.cc:4127] Time spent loading block containers with low live blocks: real 0.000s	user 0.000s	sys 0.000s
I20260812 06:37:27.614538   323 fs_manager.cc:730] Time spent opening block manager: real 0.001s	user 0.001s	sys 0.000s
I20260812 06:37:27.614590   323 fs_manager.cc:647] Opened local filesystem: /tmp/dist-test-taskNTq_va/test-tmp/tablet_server_authorization-test.0.RequestorFuncs_ScanPrivilegeAuthzTest.TestPartialScanPrivilegesRandomized_9.1786516637400623-323-0/TabletServerTest-fsroot
uuid: "18260fcee9554b19892d63dd33471b43"
format_stamp: "Formatted at 2026-08-12 06:37:27 on dist-test-slave-bxbt"
I20260812 06:37:27.614681   323 fs_report.cc:389] FS layout report
--------------------
wal directory: /tmp/dist-test-taskNTq_va/test-tmp/tablet_server_authorization-test.0.RequestorFuncs_ScanPrivilegeAuthzTest.TestPartialScanPrivilegesRandomized_9.1786516637400623-323-0/TabletServerTest-fsroot
metadata directory: /tmp/dist-test-taskNTq_va/test-tmp/tablet_server_authorization-test.0.RequestorFuncs_ScanPrivilegeAuthzTest.TestPartialScanPrivilegesRandomized_9.1786516637400623-323-0/TabletServerTest-fsroot
1 data directories: /tmp/dist-test-taskNTq_va/test-tmp/tablet_server_authorization-test.0.RequestorFuncs_ScanPrivilegeAuthzTest.TestPartialScanPrivilegesRandomized_9.1786516637400623-323-0/TabletServerTest-fsroot/data
Total live blocks: 0
Total live bytes: 0
Total live bytes (after alignment): 0
Total number of LBM containers: 0 (0 full)
Did not check for missing blocks
Did not check for orphaned blocks
Total full LBM containers with extra space: 0 (0 repaired)
Total full LBM container extra space in bytes: 0 (0 repaired)
Total incomplete LBM containers: 0 (0 repaired)
Total LBM partial records: 0 (0 repaired)
Total corrupted LBM metadata records in RocksDB: 0 (0 repaired)
I20260812 06:37:27.634303   323 rpc_server.cc:225] running with OpenSSL 1.1.1  11 Sep 2018
I20260812 06:37:27.634655   323 kserver.cc:163] Server-wide thread pool size limit: 3276
I20260812 06:37:27.634943   323 txn_system_client.cc:432] TxnSystemClient initialization is disabled...
I20260812 06:37:27.635365   323 ts_tablet_manager.cc:585] Loaded tablet metadata (0 total tablets, 0 live tablets)
I20260812 06:37:27.635424   323 ts_tablet_manager.cc:531] Time spent load tablet metadata: real 0.000s	user 0.000s	sys 0.000s
I20260812 06:37:27.635474   323 ts_tablet_manager.cc:616] Registered 0 tablets
I20260812 06:37:27.635525   323 ts_tablet_manager.cc:595] Time spent register tablets: real 0.000s	user 0.000s	sys 0.000s
I20260812 06:37:27.639534   323 rpc_server.cc:307] RPC server started. Bound to: 127.0.0.1:46305
I20260812 06:37:27.639568  1648 acceptor_pool.cc:272] collecting diagnostics on the listening RPC socket 127.0.0.1:46305 every 8 connection(s)
W20260812 06:37:27.640267  1587 reactor.cc:805] Failed to create an outbound connection to 255.255.255.255:1 because connect() failed: Network error: connect(2) error: Network is unreachable (error 101)
I20260812 06:37:27.640352   323 data_dirs.cc:400] Could only allocate 1 dirs of requested 3 for tablet ffffffffffffffffffffffffffffffff. 1 dirs total, 0 dirs full, 0 dirs failed
W20260812 06:37:27.640614  1587 reactor.cc:805] Failed to create an outbound connection to 255.255.255.255:1 because connect() failed: Network error: connect(2) error: Network is unreachable (error 101)
W20260812 06:37:27.640889  1587 reactor.cc:805] Failed to create an outbound connection to 255.255.255.255:1 because connect() failed: Network error: connect(2) error: Network is unreachable (error 101)
W20260812 06:37:27.641072  1649 heartbeater.cc:412] Failed 3 heartbeats in a row: no longer allowing fast heartbeat attempts.
I20260812 06:37:27.642305  1651 tablet_bootstrap.cc:492] T ffffffffffffffffffffffffffffffff P 18260fcee9554b19892d63dd33471b43: Bootstrap starting.
I20260812 06:37:27.643049  1651 tablet_bootstrap.cc:654] T ffffffffffffffffffffffffffffffff P 18260fcee9554b19892d63dd33471b43: Neither blocks nor log segments found. Creating new log.
I20260812 06:37:27.643954  1651 tablet_bootstrap.cc:492] T ffffffffffffffffffffffffffffffff P 18260fcee9554b19892d63dd33471b43: No bootstrap required, opened a new log
I20260812 06:37:27.644063  1651 ts_tablet_manager.cc:1403] T ffffffffffffffffffffffffffffffff P 18260fcee9554b19892d63dd33471b43: Time spent bootstrapping tablet: real 0.002s	user 0.001s	sys 0.000s
I20260812 06:37:27.644454  1651 raft_consensus.cc:359] T ffffffffffffffffffffffffffffffff P 18260fcee9554b19892d63dd33471b43 [term 0 FOLLOWER]: Replica starting. Triggering 0 pending ops. Active config: opid_index: -1 peers { permanent_uuid: "18260fcee9554b19892d63dd33471b43" member_type: VOTER last_known_addr { host: "127.0.0.1" port: 46305 } }
I20260812 06:37:27.644563  1651 raft_consensus.cc:385] T ffffffffffffffffffffffffffffffff P 18260fcee9554b19892d63dd33471b43 [term 0 FOLLOWER]: Consensus starting up: Expiring failure detector timer to make a prompt election more likely
I20260812 06:37:27.644614  1651 raft_consensus.cc:740] T ffffffffffffffffffffffffffffffff P 18260fcee9554b19892d63dd33471b43 [term 0 FOLLOWER]: Becoming Follower/Learner. State: Replica: 18260fcee9554b19892d63dd33471b43, State: Initialized, Role: FOLLOWER
I20260812 06:37:27.644767  1651 consensus_queue.cc:260] T ffffffffffffffffffffffffffffffff P 18260fcee9554b19892d63dd33471b43 [NON_LEADER]: Queue going to NON_LEADER mode. State: All replicated index: 0, Majority replicated index: 0, Committed index: 0, Last appended: 0.0, Last appended by leader: 0, Current term: 0, Majority size: -1, State: 0, Mode: NON_LEADER, active raft config: opid_index: -1 peers { permanent_uuid: "18260fcee9554b19892d63dd33471b43" member_type: VOTER last_known_addr { host: "127.0.0.1" port: 46305 } }
I20260812 06:37:27.644872  1651 raft_consensus.cc:399] T ffffffffffffffffffffffffffffffff P 18260fcee9554b19892d63dd33471b43 [term 0 FOLLOWER]: Only one voter in the Raft config. Triggering election immediately
I20260812 06:37:27.644920  1651 raft_consensus.cc:493] T ffffffffffffffffffffffffffffffff P 18260fcee9554b19892d63dd33471b43 [term 0 FOLLOWER]: Starting leader election (initial election of a single-replica configuration)
I20260812 06:37:27.644977  1651 raft_consensus.cc:3060] T ffffffffffffffffffffffffffffffff P 18260fcee9554b19892d63dd33471b43 [term 0 FOLLOWER]: Advancing to term 1
I20260812 06:37:27.645713  1651 raft_consensus.cc:515] T ffffffffffffffffffffffffffffffff P 18260fcee9554b19892d63dd33471b43 [term 1 FOLLOWER]: Starting leader election with config: opid_index: -1 peers { permanent_uuid: "18260fcee9554b19892d63dd33471b43" member_type: VOTER last_known_addr { host: "127.0.0.1" port: 46305 } }
I20260812 06:37:27.645874  1651 leader_election.cc:304] T ffffffffffffffffffffffffffffffff P 18260fcee9554b19892d63dd33471b43 [CANDIDATE]: Term 1 election: Election decided. Result: candidate won. Election summary: received 1 responses out of 1 voters: 1 yes votes; 0 no votes. yes voters: 18260fcee9554b19892d63dd33471b43; no voters: 
I20260812 06:37:27.646068  1651 leader_election.cc:290] T ffffffffffffffffffffffffffffffff P 18260fcee9554b19892d63dd33471b43 [CANDIDATE]: Term 1 election: Requested vote from peers 
I20260812 06:37:27.646136  1653 raft_consensus.cc:2804] T ffffffffffffffffffffffffffffffff P 18260fcee9554b19892d63dd33471b43 [term 1 FOLLOWER]: Leader election won for term 1
I20260812 06:37:27.646350  1653 raft_consensus.cc:697] T ffffffffffffffffffffffffffffffff P 18260fcee9554b19892d63dd33471b43 [term 1 LEADER]: Becoming Leader. State: Replica: 18260fcee9554b19892d63dd33471b43, State: Running, Role: LEADER
I20260812 06:37:27.646502  1653 consensus_queue.cc:237] T ffffffffffffffffffffffffffffffff P 18260fcee9554b19892d63dd33471b43 [LEADER]: Queue going to LEADER mode. State: All replicated index: 0, Majority replicated index: 0, Committed index: 0, Last appended: 0.0, Last appended by leader: 0, Current term: 1, Majority size: 1, State: 0, Mode: LEADER, active raft config: opid_index: -1 peers { permanent_uuid: "18260fcee9554b19892d63dd33471b43" member_type: VOTER last_known_addr { host: "127.0.0.1" port: 46305 } }
W20260812 06:37:27.646526  1587 reactor.cc:805] Failed to create an outbound connection to 255.255.255.255:1 because connect() failed: Network error: connect(2) error: Network is unreachable (error 101)
I20260812 06:37:27.646701  1651 ts_tablet_manager.cc:1434] T ffffffffffffffffffffffffffffffff P 18260fcee9554b19892d63dd33471b43: Time spent starting tablet: real 0.003s	user 0.003s	sys 0.000s
W20260812 06:37:27.646893  1587 reactor.cc:805] Failed to create an outbound connection to 255.255.255.255:1 because connect() failed: Network error: connect(2) error: Network is unreachable (error 101)
W20260812 06:37:27.647194  1587 reactor.cc:805] Failed to create an outbound connection to 255.255.255.255:1 because connect() failed: Network error: connect(2) error: Network is unreachable (error 101)
I20260812 06:37:27.657236   323 data_dirs.cc:400] Could only allocate 1 dirs of requested 3 for tablet scan-tablet-id. 1 dirs total, 0 dirs full, 0 dirs failed
I20260812 06:37:27.658712  1651 tablet_bootstrap.cc:492] T scan-tablet-id P 18260fcee9554b19892d63dd33471b43: Bootstrap starting.
I20260812 06:37:27.659488  1651 tablet_bootstrap.cc:654] T scan-tablet-id P 18260fcee9554b19892d63dd33471b43: Neither blocks nor log segments found. Creating new log.
I20260812 06:37:27.660523  1651 tablet_bootstrap.cc:492] T scan-tablet-id P 18260fcee9554b19892d63dd33471b43: No bootstrap required, opened a new log
I20260812 06:37:27.660619  1651 ts_tablet_manager.cc:1403] T scan-tablet-id P 18260fcee9554b19892d63dd33471b43: Time spent bootstrapping tablet: real 0.002s	user 0.000s	sys 0.001s
I20260812 06:37:27.660986  1651 raft_consensus.cc:359] T scan-tablet-id P 18260fcee9554b19892d63dd33471b43 [term 0 FOLLOWER]: Replica starting. Triggering 0 pending ops. Active config: opid_index: -1 peers { permanent_uuid: "18260fcee9554b19892d63dd33471b43" member_type: VOTER last_known_addr { host: "127.0.0.1" port: 46305 } }
I20260812 06:37:27.661069  1651 raft_consensus.cc:385] T scan-tablet-id P 18260fcee9554b19892d63dd33471b43 [term 0 FOLLOWER]: Consensus starting up: Expiring failure detector timer to make a prompt election more likely
I20260812 06:37:27.661129  1651 raft_consensus.cc:740] T scan-tablet-id P 18260fcee9554b19892d63dd33471b43 [term 0 FOLLOWER]: Becoming Follower/Learner. State: Replica: 18260fcee9554b19892d63dd33471b43, State: Initialized, Role: FOLLOWER
I20260812 06:37:27.661303  1651 consensus_queue.cc:260] T scan-tablet-id P 18260fcee9554b19892d63dd33471b43 [NON_LEADER]: Queue going to NON_LEADER mode. State: All replicated index: 0, Majority replicated index: 0, Committed index: 0, Last appended: 0.0, Last appended by leader: 0, Current term: 0, Majority size: -1, State: 0, Mode: NON_LEADER, active raft config: opid_index: -1 peers { permanent_uuid: "18260fcee9554b19892d63dd33471b43" member_type: VOTER last_known_addr { host: "127.0.0.1" port: 46305 } }
I20260812 06:37:27.661381  1651 raft_consensus.cc:399] T scan-tablet-id P 18260fcee9554b19892d63dd33471b43 [term 0 FOLLOWER]: Only one voter in the Raft config. Triggering election immediately
I20260812 06:37:27.661438  1651 raft_consensus.cc:493] T scan-tablet-id P 18260fcee9554b19892d63dd33471b43 [term 0 FOLLOWER]: Starting leader election (initial election of a single-replica configuration)
I20260812 06:37:27.661499  1651 raft_consensus.cc:3060] T scan-tablet-id P 18260fcee9554b19892d63dd33471b43 [term 0 FOLLOWER]: Advancing to term 1
I20260812 06:37:27.662194  1651 raft_consensus.cc:515] T scan-tablet-id P 18260fcee9554b19892d63dd33471b43 [term 1 FOLLOWER]: Starting leader election with config: opid_index: -1 peers { permanent_uuid: "18260fcee9554b19892d63dd33471b43" member_type: VOTER last_known_addr { host: "127.0.0.1" port: 46305 } }
I20260812 06:37:27.662340  1651 leader_election.cc:304] T scan-tablet-id P 18260fcee9554b19892d63dd33471b43 [CANDIDATE]: Term 1 election: Election decided. Result: candidate won. Election summary: received 1 responses out of 1 voters: 1 yes votes; 0 no votes. yes voters: 18260fcee9554b19892d63dd33471b43; no voters: 
I20260812 06:37:27.662464  1651 leader_election.cc:290] T scan-tablet-id P 18260fcee9554b19892d63dd33471b43 [CANDIDATE]: Term 1 election: Requested vote from peers 
I20260812 06:37:27.662509  1653 raft_consensus.cc:2804] T scan-tablet-id P 18260fcee9554b19892d63dd33471b43 [term 1 FOLLOWER]: Leader election won for term 1
