I20260812 06:37:02.720963 11095 tablet_service.cc:1511] Processing CreateTablet for tablet 65a6450ca2764840b2c1fe02a6872736 (DEFAULT_TABLE table=default.test_table [id=7af21888ed354d55825fb85b88931767]), partition=RANGE (c83) PARTITION 939524082 <= VALUES < 1006632945
I20260812 06:37:02.721254 11095 data_dirs.cc:400] Could only allocate 1 dirs of requested 3 for tablet 65a6450ca2764840b2c1fe02a6872736. 1 dirs total, 0 dirs full, 0 dirs failed
I20260812 06:37:02.723613 11098 tablet_service.cc:1511] Processing CreateTablet for tablet ee7825acbabd40bcbe1eaae252e4df94 (DEFAULT_TABLE table=default.test_table [id=7af21888ed354d55825fb85b88931767]), partition=RANGE (c83) PARTITION 0 <= VALUES < 67108863
I20260812 06:37:02.723874 11098 data_dirs.cc:400] Could only allocate 1 dirs of requested 3 for tablet ee7825acbabd40bcbe1eaae252e4df94. 1 dirs total, 0 dirs full, 0 dirs failed
I20260812 06:37:02.726145 11411 tablet_bootstrap.cc:492] T 65a6450ca2764840b2c1fe02a6872736 P 4e0fae4a31d6446782fdcfc7f5473ad0: Bootstrap starting.
I20260812 06:37:02.726439 11412 tablet_bootstrap.cc:492] T 65a6450ca2764840b2c1fe02a6872736 P a7a0fe290a064aaeb14ea33d937ce003: Bootstrap starting.
I20260812 06:37:02.727591 11412 tablet_bootstrap.cc:654] T 65a6450ca2764840b2c1fe02a6872736 P a7a0fe290a064aaeb14ea33d937ce003: Neither blocks nor log segments found. Creating new log.
I20260812 06:37:02.734395 11411 tablet_bootstrap.cc:654] T 65a6450ca2764840b2c1fe02a6872736 P 4e0fae4a31d6446782fdcfc7f5473ad0: Neither blocks nor log segments found. Creating new log.
I20260812 06:37:02.735062 11410 tablet_replica.cc:333] T 5528b06b49884925841425ad8e1c3732 P 8cb6b00f39b641978f298b7392bb1bfa: stopping tablet replica
I20260812 06:37:02.735504 11407 tablet_replica.cc:333] T 5528b06b49884925841425ad8e1c3732 P a7a0fe290a064aaeb14ea33d937ce003: stopping tablet replica
I20260812 06:37:02.735553 11410 raft_consensus.cc:2243] T 5528b06b49884925841425ad8e1c3732 P 8cb6b00f39b641978f298b7392bb1bfa [term 1 FOLLOWER]: Raft consensus shutting down.
I20260812 06:37:02.735742 11410 raft_consensus.cc:2272] T 5528b06b49884925841425ad8e1c3732 P 8cb6b00f39b641978f298b7392bb1bfa [term 1 FOLLOWER]: Raft consensus is shut down!
I20260812 06:37:02.735955 11407 raft_consensus.cc:2243] T 5528b06b49884925841425ad8e1c3732 P a7a0fe290a064aaeb14ea33d937ce003 [term 1 LEADER]: Raft consensus shutting down.
I20260812 06:37:02.736320 11407 raft_consensus.cc:2272] T 5528b06b49884925841425ad8e1c3732 P a7a0fe290a064aaeb14ea33d937ce003 [term 1 FOLLOWER]: Raft consensus is shut down!
I20260812 06:37:02.736557 11413 tablet_bootstrap.cc:492] T 65a6450ca2764840b2c1fe02a6872736 P 8cb6b00f39b641978f298b7392bb1bfa: Bootstrap starting.
I20260812 06:37:02.736783 11410 ts_tablet_manager.cc:1916] T 5528b06b49884925841425ad8e1c3732 P 8cb6b00f39b641978f298b7392bb1bfa: Deleting tablet data with delete state TABLET_DATA_DELETED
I20260812 06:37:02.737756 11407 ts_tablet_manager.cc:1916] T 5528b06b49884925841425ad8e1c3732 P a7a0fe290a064aaeb14ea33d937ce003: Deleting tablet data with delete state TABLET_DATA_DELETED
I20260812 06:37:02.738555 11413 tablet_bootstrap.cc:654] T 65a6450ca2764840b2c1fe02a6872736 P 8cb6b00f39b641978f298b7392bb1bfa: Neither blocks nor log segments found. Creating new log.
I20260812 06:37:02.741046 11403 tablet_replica.cc:333] T 5528b06b49884925841425ad8e1c3732 P 4e0fae4a31d6446782fdcfc7f5473ad0: stopping tablet replica
I20260812 06:37:02.741250 11403 raft_consensus.cc:2243] T 5528b06b49884925841425ad8e1c3732 P 4e0fae4a31d6446782fdcfc7f5473ad0 [term 1 FOLLOWER]: Raft consensus shutting down.
I20260812 06:37:02.741434 11403 raft_consensus.cc:2272] T 5528b06b49884925841425ad8e1c3732 P 4e0fae4a31d6446782fdcfc7f5473ad0 [term 1 FOLLOWER]: Raft consensus is shut down!
I20260812 06:37:02.742585 11403 ts_tablet_manager.cc:1916] T 5528b06b49884925841425ad8e1c3732 P 4e0fae4a31d6446782fdcfc7f5473ad0: Deleting tablet data with delete state TABLET_DATA_DELETED
I20260812 06:37:02.743732 11412 tablet_bootstrap.cc:492] T 65a6450ca2764840b2c1fe02a6872736 P a7a0fe290a064aaeb14ea33d937ce003: No bootstrap required, opened a new log
I20260812 06:37:02.743827 11412 ts_tablet_manager.cc:1403] T 65a6450ca2764840b2c1fe02a6872736 P a7a0fe290a064aaeb14ea33d937ce003: Time spent bootstrapping tablet: real 0.017s	user 0.001s	sys 0.000s
I20260812 06:37:02.744280 11412 raft_consensus.cc:359] T 65a6450ca2764840b2c1fe02a6872736 P a7a0fe290a064aaeb14ea33d937ce003 [term 0 FOLLOWER]: Replica starting. Triggering 0 pending ops. Active config: opid_index: -1 OBSOLETE_local: false peers { permanent_uuid: "a7a0fe290a064aaeb14ea33d937ce003" member_type: VOTER last_known_addr { host: "127.5.32.130" port: 35433 } } peers { permanent_uuid: "4e0fae4a31d6446782fdcfc7f5473ad0" member_type: VOTER last_known_addr { host: "127.5.32.129" port: 36439 } } peers { permanent_uuid: "8cb6b00f39b641978f298b7392bb1bfa" member_type: VOTER last_known_addr { host: "127.5.32.131" port: 35249 } }
I20260812 06:37:02.744398 11412 raft_consensus.cc:385] T 65a6450ca2764840b2c1fe02a6872736 P a7a0fe290a064aaeb14ea33d937ce003 [term 0 FOLLOWER]: Consensus starting up: Expiring failure detector timer to make a prompt election more likely
I20260812 06:37:02.744442 11412 raft_consensus.cc:740] T 65a6450ca2764840b2c1fe02a6872736 P a7a0fe290a064aaeb14ea33d937ce003 [term 0 FOLLOWER]: Becoming Follower/Learner. State: Replica: a7a0fe290a064aaeb14ea33d937ce003, State: Initialized, Role: FOLLOWER
I20260812 06:37:02.744598 11412 consensus_queue.cc:260] T 65a6450ca2764840b2c1fe02a6872736 P a7a0fe290a064aaeb14ea33d937ce003 [NON_LEADER]: Queue going to NON_LEADER mode. State: All replicated index: 0, Majority replicated index: 0, Committed index: 0, Last appended: 0.0, Last appended by leader: 0, Current term: 0, Majority size: -1, State: 0, Mode: NON_LEADER, active raft config: opid_index: -1 OBSOLETE_local: false peers { permanent_uuid: "a7a0fe290a064aaeb14ea33d937ce003" member_type: VOTER last_known_addr { host: "127.5.32.130" port: 35433 } } peers { permanent_uuid: "4e0fae4a31d6446782fdcfc7f5473ad0" member_type: VOTER last_known_addr { host: "127.5.32.129" port: 36439 } } peers { permanent_uuid: "8cb6b00f39b641978f298b7392bb1bfa" member_type: VOTER last_known_addr { host: "127.5.32.131" port: 35249 } }
I20260812 06:37:02.746142 11403 ts_tablet_manager.cc:1929] T 5528b06b49884925841425ad8e1c3732 P 4e0fae4a31d6446782fdcfc7f5473ad0: tablet deleted with delete type TABLET_DATA_DELETED: last-logged OpId 1.14
I20260812 06:37:02.746263 11403 log.cc:1199] T 5528b06b49884925841425ad8e1c3732 P 4e0fae4a31d6446782fdcfc7f5473ad0: Deleting WAL directory at /tmp/dist-test-taskIOa4PK/test-tmp/alter_table-randomized-test.0.HmsConfigurations_AlterTableRandomized.TestRandomSequence_0.1786516592592983-5250-0/minicluster-data/ts-0/wal/wals/5528b06b49884925841425ad8e1c3732
I20260812 06:37:02.746593 11403 ts_tablet_manager.cc:1950] T 5528b06b49884925841425ad8e1c3732 P 4e0fae4a31d6446782fdcfc7f5473ad0: Deleting consensus metadata
I20260812 06:37:02.746928 11412 ts_tablet_manager.cc:1434] T 65a6450ca2764840b2c1fe02a6872736 P a7a0fe290a064aaeb14ea33d937ce003: Time spent starting tablet: real 0.003s	user 0.001s	sys 0.000s
I20260812 06:37:02.747102 11412 tablet_bootstrap.cc:492] T ee7825acbabd40bcbe1eaae252e4df94 P a7a0fe290a064aaeb14ea33d937ce003: Bootstrap starting.
I20260812 06:37:02.747090  9979 catalog_manager.cc:5811] TS a7a0fe290a064aaeb14ea33d937ce003 (127.5.32.130:35433) does not have the latest schema for tablet 65a6450ca2764840b2c1fe02a6872736 (table default.test_table [id=7af21888ed354d55825fb85b88931767]). Expected version 32 got 0
I20260812 06:37:02.747920 11412 tablet_bootstrap.cc:654] T ee7825acbabd40bcbe1eaae252e4df94 P a7a0fe290a064aaeb14ea33d937ce003: Neither blocks nor log segments found. Creating new log.
I20260812 06:37:02.748720  9980 catalog_manager.cc:5811] TS a7a0fe290a064aaeb14ea33d937ce003 (127.5.32.130:35433) does not have the latest schema for tablet 65a6450ca2764840b2c1fe02a6872736 (table default.test_table [id=7af21888ed354d55825fb85b88931767]). Expected version 32 got 0
I20260812 06:37:02.748973 11411 tablet_bootstrap.cc:492] T 65a6450ca2764840b2c1fe02a6872736 P 4e0fae4a31d6446782fdcfc7f5473ad0: No bootstrap required, opened a new log
I20260812 06:37:02.749054 11411 ts_tablet_manager.cc:1403] T 65a6450ca2764840b2c1fe02a6872736 P 4e0fae4a31d6446782fdcfc7f5473ad0: Time spent bootstrapping tablet: real 0.023s	user 0.002s	sys 0.000s
I20260812 06:37:02.749451 11411 raft_consensus.cc:359] T 65a6450ca2764840b2c1fe02a6872736 P 4e0fae4a31d6446782fdcfc7f5473ad0 [term 0 FOLLOWER]: Replica starting. Triggering 0 pending ops. Active config: opid_index: -1 OBSOLETE_local: false peers { permanent_uuid: "a7a0fe290a064aaeb14ea33d937ce003" member_type: VOTER last_known_addr { host: "127.5.32.130" port: 35433 } } peers { permanent_uuid: "4e0fae4a31d6446782fdcfc7f5473ad0" member_type: VOTER last_known_addr { host: "127.5.32.129" port: 36439 } } peers { permanent_uuid: "8cb6b00f39b641978f298b7392bb1bfa" member_type: VOTER last_known_addr { host: "127.5.32.131" port: 35249 } }
I20260812 06:37:02.749619 11411 raft_consensus.cc:385] T 65a6450ca2764840b2c1fe02a6872736 P 4e0fae4a31d6446782fdcfc7f5473ad0 [term 0 FOLLOWER]: Consensus starting up: Expiring failure detector timer to make a prompt election more likely
I20260812 06:37:02.749724 11411 raft_consensus.cc:740] T 65a6450ca2764840b2c1fe02a6872736 P 4e0fae4a31d6446782fdcfc7f5473ad0 [term 0 FOLLOWER]: Becoming Follower/Learner. State: Replica: 4e0fae4a31d6446782fdcfc7f5473ad0, State: Initialized, Role: FOLLOWER
I20260812 06:37:02.749835  9958 catalog_manager.cc:5050] TS 4e0fae4a31d6446782fdcfc7f5473ad0 (127.5.32.129:36439): tablet 5528b06b49884925841425ad8e1c3732 (table default.test_table [id=7af21888ed354d55825fb85b88931767]) successfully deleted
I20260812 06:37:02.749962 11411 consensus_queue.cc:260] T 65a6450ca2764840b2c1fe02a6872736 P 4e0fae4a31d6446782fdcfc7f5473ad0 [NON_LEADER]: Queue going to NON_LEADER mode. State: All replicated index: 0, Majority replicated index: 0, Committed index: 0, Last appended: 0.0, Last appended by leader: 0, Current term: 0, Majority size: -1, State: 0, Mode: NON_LEADER, active raft config: opid_index: -1 OBSOLETE_local: false peers { permanent_uuid: "a7a0fe290a064aaeb14ea33d937ce003" member_type: VOTER last_known_addr { host: "127.5.32.130" port: 35433 } } peers { permanent_uuid: "4e0fae4a31d6446782fdcfc7f5473ad0" member_type: VOTER last_known_addr { host: "127.5.32.129" port: 36439 } } peers { permanent_uuid: "8cb6b00f39b641978f298b7392bb1bfa" member_type: VOTER last_known_addr { host: "127.5.32.131" port: 35249 } }
I20260812 06:37:02.750617 11411 ts_tablet_manager.cc:1434] T 65a6450ca2764840b2c1fe02a6872736 P 4e0fae4a31d6446782fdcfc7f5473ad0: Time spent starting tablet: real 0.002s	user 0.001s	sys 0.000s
I20260812 06:37:02.750864 11411 tablet_bootstrap.cc:492] T ee7825acbabd40bcbe1eaae252e4df94 P 4e0fae4a31d6446782fdcfc7f5473ad0: Bootstrap starting.
I20260812 06:37:02.751072  9980 catalog_manager.cc:5811] TS 4e0fae4a31d6446782fdcfc7f5473ad0 (127.5.32.129:36439) does not have the latest schema for tablet 65a6450ca2764840b2c1fe02a6872736 (table default.test_table [id=7af21888ed354d55825fb85b88931767]). Expected version 32 got 0
I20260812 06:37:02.752319 11411 tablet_bootstrap.cc:654] T ee7825acbabd40bcbe1eaae252e4df94 P 4e0fae4a31d6446782fdcfc7f5473ad0: Neither blocks nor log segments found. Creating new log.
I20260812 06:37:02.752556  9980 catalog_manager.cc:5811] TS 4e0fae4a31d6446782fdcfc7f5473ad0 (127.5.32.129:36439) does not have the latest schema for tablet 65a6450ca2764840b2c1fe02a6872736 (table default.test_table [id=7af21888ed354d55825fb85b88931767]). Expected version 32 got 0
I20260812 06:37:02.753099 11410 ts_tablet_manager.cc:1929] T 5528b06b49884925841425ad8e1c3732 P 8cb6b00f39b641978f298b7392bb1bfa: tablet deleted with delete type TABLET_DATA_DELETED: last-logged OpId 1.14
I20260812 06:37:02.753198 11410 log.cc:1199] T 5528b06b49884925841425ad8e1c3732 P 8cb6b00f39b641978f298b7392bb1bfa: Deleting WAL directory at /tmp/dist-test-taskIOa4PK/test-tmp/alter_table-randomized-test.0.HmsConfigurations_AlterTableRandomized.TestRandomSequence_0.1786516592592983-5250-0/minicluster-data/ts-2/wal/wals/5528b06b49884925841425ad8e1c3732
I20260812 06:37:02.753607 11410 ts_tablet_manager.cc:1950] T 5528b06b49884925841425ad8e1c3732 P 8cb6b00f39b641978f298b7392bb1bfa: Deleting consensus metadata
I20260812 06:37:02.754719  9959 catalog_manager.cc:5050] TS 8cb6b00f39b641978f298b7392bb1bfa (127.5.32.131:35249): tablet 5528b06b49884925841425ad8e1c3732 (table default.test_table [id=7af21888ed354d55825fb85b88931767]) successfully deleted
I20260812 06:37:02.758669 11407 ts_tablet_manager.cc:1929] T 5528b06b49884925841425ad8e1c3732 P a7a0fe290a064aaeb14ea33d937ce003: tablet deleted with delete type TABLET_DATA_DELETED: last-logged OpId 1.14
I20260812 06:37:02.758831 11407 log.cc:1199] T 5528b06b49884925841425ad8e1c3732 P a7a0fe290a064aaeb14ea33d937ce003: Deleting WAL directory at /tmp/dist-test-taskIOa4PK/test-tmp/alter_table-randomized-test.0.HmsConfigurations_AlterTableRandomized.TestRandomSequence_0.1786516592592983-5250-0/minicluster-data/ts-1/wal/wals/5528b06b49884925841425ad8e1c3732
I20260812 06:37:02.759181 11407 ts_tablet_manager.cc:1950] T 5528b06b49884925841425ad8e1c3732 P a7a0fe290a064aaeb14ea33d937ce003: Deleting consensus metadata
I20260812 06:37:02.760304  9960 catalog_manager.cc:5050] TS a7a0fe290a064aaeb14ea33d937ce003 (127.5.32.130:35433): tablet 5528b06b49884925841425ad8e1c3732 (table default.test_table [id=7af21888ed354d55825fb85b88931767]) successfully deleted
I20260812 06:37:02.761739 10774 maintenance_manager.cc:643] P a7a0fe290a064aaeb14ea33d937ce003: CompactRowSetsOp(425123f7a5de41289e525110d05bbeb4) complete. Timing: real 0.102s	user 0.018s	sys 0.000s Metrics: {"bytes_written":6486,"cfile_cache_hit":26,"cfile_cache_hit_bytes":1100,"cfile_cache_miss":66,"cfile_cache_miss_bytes":4636,"cfile_init":21,"delta_iterators_relevant":8,"dirs.queue_time_us":20323,"dirs.run_cpu_time_us":1229,"dirs.run_wall_time_us":7236,"drs_written":1,"lbm_read_time_us":36103,"lbm_reads_10-100_ms":1,"lbm_reads_lt_1ms":149,"lbm_write_time_us":1671,"lbm_writes_lt_1ms":57,"mutex_wait_us":7099,"num_input_rowsets":2,"peak_mem_usage":65536,"rows_written":26,"spinlock_wait_cycles":2176}
I20260812 06:37:02.762519 10963 maintenance_manager.cc:419] P a7a0fe290a064aaeb14ea33d937ce003: Scheduling CompactRowSetsOp(425123f7a5de41289e525110d05bbeb4): perf score=0.451879
I20260812 06:37:02.766973 11413 tablet_bootstrap.cc:492] T 65a6450ca2764840b2c1fe02a6872736 P 8cb6b00f39b641978f298b7392bb1bfa: No bootstrap required, opened a new log
I20260812 06:37:02.767072 11413 ts_tablet_manager.cc:1403] T 65a6450ca2764840b2c1fe02a6872736 P 8cb6b00f39b641978f298b7392bb1bfa: Time spent bootstrapping tablet: real 0.031s	user 0.001s	sys 0.000s
I20260812 06:37:02.767486 11413 raft_consensus.cc:359] T 65a6450ca2764840b2c1fe02a6872736 P 8cb6b00f39b641978f298b7392bb1bfa [term 0 FOLLOWER]: Replica starting. Triggering 0 pending ops. Active config: opid_index: -1 OBSOLETE_local: false peers { permanent_uuid: "a7a0fe290a064aaeb14ea33d937ce003" member_type: VOTER last_known_addr { host: "127.5.32.130" port: 35433 } } peers { permanent_uuid: "4e0fae4a31d6446782fdcfc7f5473ad0" member_type: VOTER last_known_addr { host: "127.5.32.129" port: 36439 } } peers { permanent_uuid: "8cb6b00f39b641978f298b7392bb1bfa" member_type: VOTER last_known_addr { host: "127.5.32.131" port: 35249 } }
I20260812 06:37:02.767599 11413 raft_consensus.cc:385] T 65a6450ca2764840b2c1fe02a6872736 P 8cb6b00f39b641978f298b7392bb1bfa [term 0 FOLLOWER]: Consensus starting up: Expiring failure detector timer to make a prompt election more likely
I20260812 06:37:02.767642 11413 raft_consensus.cc:740] T 65a6450ca2764840b2c1fe02a6872736 P 8cb6b00f39b641978f298b7392bb1bfa [term 0 FOLLOWER]: Becoming Follower/Learner. State: Replica: 8cb6b00f39b641978f298b7392bb1bfa, State: Initialized, Role: FOLLOWER
I20260812 06:37:02.767822 11413 consensus_queue.cc:260] T 65a6450ca2764840b2c1fe02a6872736 P 8cb6b00f39b641978f298b7392bb1bfa [NON_LEADER]: Queue going to NON_LEADER mode. State: All replicated index: 0, Majority replicated index: 0, Committed index: 0, Last appended: 0.0, Last appended by leader: 0, Current term: 0, Majority size: -1, State: 0, Mode: NON_LEADER, active raft config: opid_index: -1 OBSOLETE_local: false peers { permanent_uuid: "a7a0fe290a064aaeb14ea33d937ce003" member_type: VOTER last_known_addr { host: "127.5.32.130" port: 35433 } } peers { permanent_uuid: "4e0fae4a31d6446782fdcfc7f5473ad0" member_type: VOTER last_known_addr { host: "127.5.32.129" port: 36439 } } peers { permanent_uuid: "8cb6b00f39b641978f298b7392bb1bfa" member_type: VOTER last_known_addr { host: "127.5.32.131" port: 35249 } }
I20260812 06:37:02.768525 11413 ts_tablet_manager.cc:1434] T 65a6450ca2764840b2c1fe02a6872736 P 8cb6b00f39b641978f298b7392bb1bfa: Time spent starting tablet: real 0.001s	user 0.001s	sys 0.000s
I20260812 06:37:02.768707 11413 tablet_bootstrap.cc:492] T ee7825acbabd40bcbe1eaae252e4df94 P 8cb6b00f39b641978f298b7392bb1bfa: Bootstrap starting.
I20260812 06:37:02.769272  9980 catalog_manager.cc:5811] TS 8cb6b00f39b641978f298b7392bb1bfa (127.5.32.131:35249) does not have the latest schema for tablet 65a6450ca2764840b2c1fe02a6872736 (table default.test_table [id=7af21888ed354d55825fb85b88931767]). Expected version 32 got 0
I20260812 06:37:02.769526 11413 tablet_bootstrap.cc:654] T ee7825acbabd40bcbe1eaae252e4df94 P 8cb6b00f39b641978f298b7392bb1bfa: Neither blocks nor log segments found. Creating new log.
I20260812 06:37:02.770684  9980 catalog_manager.cc:5811] TS 8cb6b00f39b641978f298b7392bb1bfa (127.5.32.131:35249) does not have the latest schema for tablet 65a6450ca2764840b2c1fe02a6872736 (table default.test_table [id=7af21888ed354d55825fb85b88931767]). Expected version 32 got 0
I20260812 06:37:02.773638 11021 maintenance_manager.cc:643] P 8cb6b00f39b641978f298b7392bb1bfa: CompactRowSetsOp(425123f7a5de41289e525110d05bbeb4) complete. Timing: real 0.060s	user 0.024s	sys 0.000s Metrics: {"bytes_written":6110,"cfile_cache_hit":37,"cfile_cache_hit_bytes":1377,"cfile_cache_miss":91,"cfile_cache_miss_bytes":5665,"cfile_init":26,"delta_iterators_relevant":12,"dirs.queue_time_us":39,"drs_written":1,"lbm_read_time_us":11139,"lbm_reads_1-10_ms":2,"lbm_reads_lt_1ms":193,"lbm_write_time_us":5972,"lbm_writes_1-10_ms":1,"lbm_writes_lt_1ms":48,"num_input_rowsets":3,"peak_mem_usage":98304,"rows_written":28}
I20260812 06:37:02.774442 11215 maintenance_manager.cc:419] P 8cb6b00f39b641978f298b7392bb1bfa: Scheduling CompactRowSetsOp(547396b7c7164175ae559109a873281c): perf score=0.974267
I20260812 06:37:02.774911 11413 tablet_bootstrap.cc:492] T ee7825acbabd40bcbe1eaae252e4df94 P 8cb6b00f39b641978f298b7392bb1bfa: No bootstrap required, opened a new log
I20260812 06:37:02.775003 11413 ts_tablet_manager.cc:1403] T ee7825acbabd40bcbe1eaae252e4df94 P 8cb6b00f39b641978f298b7392bb1bfa: Time spent bootstrapping tablet: real 0.006s	user 0.001s	sys 0.000s
I20260812 06:37:02.775408 11413 raft_consensus.cc:359] T ee7825acbabd40bcbe1eaae252e4df94 P 8cb6b00f39b641978f298b7392bb1bfa [term 0 FOLLOWER]: Replica starting. Triggering 0 pending ops. Active config: opid_index: -1 OBSOLETE_local: false peers { permanent_uuid: "a7a0fe290a064aaeb14ea33d937ce003" member_type: VOTER last_known_addr { host: "127.5.32.130" port: 35433 } } peers { permanent_uuid: "4e0fae4a31d6446782fdcfc7f5473ad0" member_type: VOTER last_known_addr { host: "127.5.32.129" port: 36439 } } peers { permanent_uuid: "8cb6b00f39b641978f298b7392bb1bfa" member_type: VOTER last_known_addr { host: "127.5.32.131" port: 35249 } }
I20260812 06:37:02.775508 11413 raft_consensus.cc:385] T ee7825acbabd40bcbe1eaae252e4df94 P 8cb6b00f39b641978f298b7392bb1bfa [term 0 FOLLOWER]: Consensus starting up: Expiring failure detector timer to make a prompt election more likely
I20260812 06:37:02.775547 11413 raft_consensus.cc:740] T ee7825acbabd40bcbe1eaae252e4df94 P 8cb6b00f39b641978f298b7392bb1bfa [term 0 FOLLOWER]: Becoming Follower/Learner. State: Replica: 8cb6b00f39b641978f298b7392bb1bfa, State: Initialized, Role: FOLLOWER
I20260812 06:37:02.775667 11413 consensus_queue.cc:260] T ee7825acbabd40bcbe1eaae252e4df94 P 8cb6b00f39b641978f298b7392bb1bfa [NON_LEADER]: Queue going to NON_LEADER mode. State: All replicated index: 0, Majority replicated index: 0, Committed index: 0, Last appended: 0.0, Last appended by leader: 0, Current term: 0, Majority size: -1, State: 0, Mode: NON_LEADER, active raft config: opid_index: -1 OBSOLETE_local: false peers { permanent_uuid: "a7a0fe290a064aaeb14ea33d937ce003" member_type: VOTER last_known_addr { host: "127.5.32.130" port: 35433 } } peers { permanent_uuid: "4e0fae4a31d6446782fdcfc7f5473ad0" member_type: VOTER last_known_addr { host: "127.5.32.129" port: 36439 } } peers { permanent_uuid: "8cb6b00f39b641978f298b7392bb1bfa" member_type: VOTER last_known_addr { host: "127.5.32.131" port: 35249 } }
I20260812 06:37:02.775923 11412 tablet_bootstrap.cc:492] T ee7825acbabd40bcbe1eaae252e4df94 P a7a0fe290a064aaeb14ea33d937ce003: No bootstrap required, opened a new log
I20260812 06:37:02.776016 11412 ts_tablet_manager.cc:1403] T ee7825acbabd40bcbe1eaae252e4df94 P a7a0fe290a064aaeb14ea33d937ce003: Time spent bootstrapping tablet: real 0.029s	user 0.002s	sys 0.000s
I20260812 06:37:02.776274 11413 ts_tablet_manager.cc:1434] T ee7825acbabd40bcbe1eaae252e4df94 P 8cb6b00f39b641978f298b7392bb1bfa: Time spent starting tablet: real 0.001s	user 0.001s	sys 0.000s
I20260812 06:37:02.776643  9980 catalog_manager.cc:5811] TS 8cb6b00f39b641978f298b7392bb1bfa (127.5.32.131:35249) does not have the latest schema for tablet ee7825acbabd40bcbe1eaae252e4df94 (table default.test_table [id=7af21888ed354d55825fb85b88931767]). Expected version 32 got 0
I20260812 06:37:02.776715 11412 raft_consensus.cc:359] T ee7825acbabd40bcbe1eaae252e4df94 P a7a0fe290a064aaeb14ea33d937ce003 [term 0 FOLLOWER]: Replica starting. Triggering 0 pending ops. Active config: opid_index: -1 OBSOLETE_local: false peers { permanent_uuid: "a7a0fe290a064aaeb14ea33d937ce003" member_type: VOTER last_known_addr { host: "127.5.32.130" port: 35433 } } peers { permanent_uuid: "4e0fae4a31d6446782fdcfc7f5473ad0" member_type: VOTER last_known_addr { host: "127.5.32.129" port: 36439 } } peers { permanent_uuid: "8cb6b00f39b641978f298b7392bb1bfa" member_type: VOTER last_known_addr { host: "127.5.32.131" port: 35249 } }
I20260812 06:37:02.776821 11412 raft_consensus.cc:385] T ee7825acbabd40bcbe1eaae252e4df94 P a7a0fe290a064aaeb14ea33d937ce003 [term 0 FOLLOWER]: Consensus starting up: Expiring failure detector timer to make a prompt election more likely
I20260812 06:37:02.776865 11412 raft_consensus.cc:740] T ee7825acbabd40bcbe1eaae252e4df94 P a7a0fe290a064aaeb14ea33d937ce003 [term 0 FOLLOWER]: Becoming Follower/Learner. State: Replica: a7a0fe290a064aaeb14ea33d937ce003, State: Initialized, Role: FOLLOWER
I20260812 06:37:02.777159 11412 consensus_queue.cc:260] T ee7825acbabd40bcbe1eaae252e4df94 P a7a0fe290a064aaeb14ea33d937ce003 [NON_LEADER]: Queue going to NON_LEADER mode. State: All replicated index: 0, Majority replicated index: 0, Committed index: 0, Last appended: 0.0, Last appended by leader: 0, Current term: 0, Majority size: -1, State: 0, Mode: NON_LEADER, active raft config: opid_index: -1 OBSOLETE_local: false peers { permanent_uuid: "a7a0fe290a064aaeb14ea33d937ce003" member_type: VOTER last_known_addr { host: "127.5.32.130" port: 35433 } } peers { permanent_uuid: "4e0fae4a31d6446782fdcfc7f5473ad0" member_type: VOTER last_known_addr { host: "127.5.32.129" port: 36439 } } peers { permanent_uuid: "8cb6b00f39b641978f298b7392bb1bfa" member_type: VOTER last_known_addr { host: "127.5.32.131" port: 35249 } }
I20260812 06:37:02.777992  9980 catalog_manager.cc:5811] TS 8cb6b00f39b641978f298b7392bb1bfa (127.5.32.131:35249) does not have the latest schema for tablet ee7825acbabd40bcbe1eaae252e4df94 (table default.test_table [id=7af21888ed354d55825fb85b88931767]). Expected version 32 got 0
I20260812 06:37:02.778364 11412 ts_tablet_manager.cc:1434] T ee7825acbabd40bcbe1eaae252e4df94 P a7a0fe290a064aaeb14ea33d937ce003: Time spent starting tablet: real 0.002s	user 0.001s	sys 0.000s
I20260812 06:37:02.778702  9979 catalog_manager.cc:5811] TS a7a0fe290a064aaeb14ea33d937ce003 (127.5.32.130:35433) does not have the latest schema for tablet ee7825acbabd40bcbe1eaae252e4df94 (table default.test_table [id=7af21888ed354d55825fb85b88931767]). Expected version 32 got 0
I20260812 06:37:02.780377  9979 catalog_manager.cc:5811] TS a7a0fe290a064aaeb14ea33d937ce003 (127.5.32.130:35433) does not have the latest schema for tablet ee7825acbabd40bcbe1eaae252e4df94 (table default.test_table [id=7af21888ed354d55825fb85b88931767]). Expected version 32 got 0
I20260812 06:37:02.781282 11411 tablet_bootstrap.cc:492] T ee7825acbabd40bcbe1eaae252e4df94 P 4e0fae4a31d6446782fdcfc7f5473ad0: No bootstrap required, opened a new log
I20260812 06:37:02.781559 11411 ts_tablet_manager.cc:1403] T ee7825acbabd40bcbe1eaae252e4df94 P 4e0fae4a31d6446782fdcfc7f5473ad0: Time spent bootstrapping tablet: real 0.031s	user 0.002s	sys 0.000s
I20260812 06:37:02.782481 11411 raft_consensus.cc:359] T ee7825acbabd40bcbe1eaae252e4df94 P 4e0fae4a31d6446782fdcfc7f5473ad0 [term 0 FOLLOWER]: Replica starting. Triggering 0 pending ops. Active config: opid_index: -1 OBSOLETE_local: false peers { permanent_uuid: "a7a0fe290a064aaeb14ea33d937ce003" member_type: VOTER last_known_addr { host: "127.5.32.130" port: 35433 } } peers { permanent_uuid: "4e0fae4a31d6446782fdcfc7f5473ad0" member_type: VOTER last_known_addr { host: "127.5.32.129" port: 36439 } } peers { permanent_uuid: "8cb6b00f39b641978f298b7392bb1bfa" member_type: VOTER last_known_addr { host: "127.5.32.131" port: 35249 } }
I20260812 06:37:02.782845 11411 raft_consensus.cc:385] T ee7825acbabd40bcbe1eaae252e4df94 P 4e0fae4a31d6446782fdcfc7f5473ad0 [term 0 FOLLOWER]: Consensus starting up: Expiring failure detector timer to make a prompt election more likely
I20260812 06:37:02.782958 11411 raft_consensus.cc:740] T ee7825acbabd40bcbe1eaae252e4df94 P 4e0fae4a31d6446782fdcfc7f5473ad0 [term 0 FOLLOWER]: Becoming Follower/Learner. State: Replica: 4e0fae4a31d6446782fdcfc7f5473ad0, State: Initialized, Role: FOLLOWER
I20260812 06:37:02.783304 11411 consensus_queue.cc:260] T ee7825acbabd40bcbe1eaae252e4df94 P 4e0fae4a31d6446782fdcfc7f5473ad0 [NON_LEADER]: Queue going to NON_LEADER mode. State: All replicated index: 0, Majority replicated index: 0, Committed index: 0, Last appended: 0.0, Last appended by leader: 0, Current term: 0, Majority size: -1, State: 0, Mode: NON_LEADER, active raft config: opid_index: -1 OBSOLETE_local: false peers { permanent_uuid: "a7a0fe290a064aaeb14ea33d937ce003" member_type: VOTER last_known_addr { host: "127.5.32.130" port: 35433 } } peers { permanent_uuid: "4e0fae4a31d6446782fdcfc7f5473ad0" member_type: VOTER last_known_addr { host: "127.5.32.129" port: 36439 } } peers { permanent_uuid: "8cb6b00f39b641978f298b7392bb1bfa" member_type: VOTER last_known_addr { host: "127.5.32.131" port: 35249 } }
I20260812 06:37:02.784426 11411 ts_tablet_manager.cc:1434] T ee7825acbabd40bcbe1eaae252e4df94 P 4e0fae4a31d6446782fdcfc7f5473ad0: Time spent starting tablet: real 0.003s	user 0.001s	sys 0.000s
I20260812 06:37:02.784332 10774 maintenance_manager.cc:643] P a7a0fe290a064aaeb14ea33d937ce003: CompactRowSetsOp(425123f7a5de41289e525110d05bbeb4) complete. Timing: real 0.022s	user 0.012s	sys 0.005s Metrics: {"bytes_written":6110,"cfile_cache_hit":22,"cfile_cache_hit_bytes":561,"cfile_cache_miss":66,"cfile_cache_miss_bytes":5937,"cfile_init":21,"delta_iterators_relevant":8,"dirs.queue_time_us":471,"dirs.run_cpu_time_us":1175,"dirs.run_wall_time_us":6495,"drs_written":1,"lbm_read_time_us":2140,"lbm_reads_lt_1ms":150,"lbm_write_time_us":1469,"lbm_writes_lt_1ms":49,"num_input_rowsets":2,"peak_mem_usage":65536,"rows_written":28}
I20260812 06:37:02.784698  9979 catalog_manager.cc:5811] TS 4e0fae4a31d6446782fdcfc7f5473ad0 (127.5.32.129:36439) does not have the latest schema for tablet ee7825acbabd40bcbe1eaae252e4df94 (table default.test_table [id=7af21888ed354d55825fb85b88931767]). Expected version 32 got 0
I20260812 06:37:02.784986 10963 maintenance_manager.cc:419] P a7a0fe290a064aaeb14ea33d937ce003: Scheduling UndoDeltaBlockGCOp(425123f7a5de41289e525110d05bbeb4): 943 bytes on disk
I20260812 06:37:02.785346 10774 maintenance_manager.cc:643] P a7a0fe290a064aaeb14ea33d937ce003: UndoDeltaBlockGCOp(425123f7a5de41289e525110d05bbeb4) complete. Timing: real 0.000s	user 0.000s	sys 0.000s Metrics: {"cfile_init":1,"lbm_read_time_us":65,"lbm_reads_lt_1ms":4}
I20260812 06:37:02.785790 10963 maintenance_manager.cc:419] P a7a0fe290a064aaeb14ea33d937ce003: Scheduling UndoDeltaBlockGCOp(547396b7c7164175ae559109a873281c): 280 bytes on disk
I20260812 06:37:02.786139 10774 maintenance_manager.cc:643] P a7a0fe290a064aaeb14ea33d937ce003: UndoDeltaBlockGCOp(547396b7c7164175ae559109a873281c) complete. Timing: real 0.000s	user 0.000s	sys 0.000s Metrics: {"cfile_init":1,"lbm_read_time_us":55,"lbm_reads_lt_1ms":4}
I20260812 06:37:02.786178  9979 catalog_manager.cc:5811] TS 4e0fae4a31d6446782fdcfc7f5473ad0 (127.5.32.129:36439) does not have the latest schema for tablet ee7825acbabd40bcbe1eaae252e4df94 (table default.test_table [id=7af21888ed354d55825fb85b88931767]). Expected version 32 got 0
I20260812 06:37:02.786679 10963 maintenance_manager.cc:419] P a7a0fe290a064aaeb14ea33d937ce003: Scheduling CompactRowSetsOp(547396b7c7164175ae559109a873281c): perf score=0.703601
I20260812 06:37:02.804066 11236 raft_consensus.cc:493] T 65a6450ca2764840b2c1fe02a6872736 P 4e0fae4a31d6446782fdcfc7f5473ad0 [term 0 FOLLOWER]: Starting pre-election (no leader contacted us within the election timeout)
I20260812 06:37:02.804168 11236 raft_consensus.cc:515] T 65a6450ca2764840b2c1fe02a6872736 P 4e0fae4a31d6446782fdcfc7f5473ad0 [term 0 FOLLOWER]: Starting pre-election with config: opid_index: -1 OBSOLETE_local: false peers { permanent_uuid: "a7a0fe290a064aaeb14ea33d937ce003" member_type: VOTER last_known_addr { host: "127.5.32.130" port: 35433 } } peers { permanent_uuid: "4e0fae4a31d6446782fdcfc7f5473ad0" member_type: VOTER last_known_addr { host: "127.5.32.129" port: 36439 } } peers { permanent_uuid: "8cb6b00f39b641978f298b7392bb1bfa" member_type: VOTER last_known_addr { host: "127.5.32.131" port: 35249 } }
I20260812 06:37:02.804554 11236 leader_election.cc:290] T 65a6450ca2764840b2c1fe02a6872736 P 4e0fae4a31d6446782fdcfc7f5473ad0 [CANDIDATE]: Term 1 pre-election: Requested pre-vote from peers a7a0fe290a064aaeb14ea33d937ce003 (127.5.32.130:35433), 8cb6b00f39b641978f298b7392bb1bfa (127.5.32.131:35249)
I20260812 06:37:02.804996 10879 tablet_service.cc:1917] Received RequestConsensusVote() RPC: tablet_id: "65a6450ca2764840b2c1fe02a6872736" candidate_uuid: "4e0fae4a31d6446782fdcfc7f5473ad0" candidate_term: 1 candidate_status { last_received { term: 0 index: 0 } } ignore_live_leader: false dest_uuid: "a7a0fe290a064aaeb14ea33d937ce003" is_pre_election: true
I20260812 06:37:02.805125 10879 raft_consensus.cc:2468] T 65a6450ca2764840b2c1fe02a6872736 P a7a0fe290a064aaeb14ea33d937ce003 [term 0 FOLLOWER]: Leader pre-election vote request: Granting yes vote for candidate 4e0fae4a31d6446782fdcfc7f5473ad0 in term 0.
I20260812 06:37:02.805616 11129 tablet_service.cc:1917] Received RequestConsensusVote() RPC: tablet_id: "65a6450ca2764840b2c1fe02a6872736" candidate_uuid: "4e0fae4a31d6446782fdcfc7f5473ad0" candidate_term: 1 candidate_status { last_received { term: 0 index: 0 } } ignore_live_leader: false dest_uuid: "8cb6b00f39b641978f298b7392bb1bfa" is_pre_election: true
I20260812 06:37:02.805753 11129 raft_consensus.cc:2468] T 65a6450ca2764840b2c1fe02a6872736 P 8cb6b00f39b641978f298b7392bb1bfa [term 0 FOLLOWER]: Leader pre-election vote request: Granting yes vote for candidate 4e0fae4a31d6446782fdcfc7f5473ad0 in term 0.
I20260812 06:37:02.806143  8882 leader_election.cc:304] T 65a6450ca2764840b2c1fe02a6872736 P 4e0fae4a31d6446782fdcfc7f5473ad0 [CANDIDATE]: Term 1 pre-election: Election decided. Result: candidate won. Election summary: received 2 responses out of 3 voters: 2 yes votes; 0 no votes. yes voters: 4e0fae4a31d6446782fdcfc7f5473ad0, a7a0fe290a064aaeb14ea33d937ce003; no voters: 
I20260812 06:37:02.805997 10774 maintenance_manager.cc:643] P a7a0fe290a064aaeb14ea33d937ce003: CompactRowSetsOp(547396b7c7164175ae559109a873281c) complete. Timing: real 0.019s	user 0.017s	sys 0.000s Metrics: {"bytes_written":6331,"cfile_cache_hit":21,"cfile_cache_hit_bytes":530,"cfile_cache_miss":63,"cfile_cache_miss_bytes":7106,"cfile_init":18,"delta_iterators_relevant":6,"dirs.queue_time_us":759,"dirs.run_cpu_time_us":1489,"dirs.run_wall_time_us":8519,"drs_written":1,"lbm_read_time_us":1616,"lbm_reads_lt_1ms":135,"lbm_write_time_us":1476,"lbm_writes_lt_1ms":49,"mutex_wait_us":333,"num_input_rowsets":2,"peak_mem_usage":65536,"rows_written":34}
I20260812 06:37:02.806447 11236 raft_consensus.cc:2804] T 65a6450ca2764840b2c1fe02a6872736 P 4e0fae4a31d6446782fdcfc7f5473ad0 [term 0 FOLLOWER]: Leader pre-election won for term 1
I20260812 06:37:02.806501 11236 raft_consensus.cc:493] T 65a6450ca2764840b2c1fe02a6872736 P 4e0fae4a31d6446782fdcfc7f5473ad0 [term 0 FOLLOWER]: Starting leader election (no leader contacted us within the election timeout)
I20260812 06:37:02.806538 11236 raft_consensus.cc:3060] T 65a6450ca2764840b2c1fe02a6872736 P 4e0fae4a31d6446782fdcfc7f5473ad0 [term 0 FOLLOWER]: Advancing to term 1
I20260812 06:37:02.806659 10963 maintenance_manager.cc:419] P a7a0fe290a064aaeb14ea33d937ce003: Scheduling UndoDeltaBlockGCOp(547396b7c7164175ae559109a873281c): 1527 bytes on disk
I20260812 06:37:02.806998 10774 maintenance_manager.cc:643] P a7a0fe290a064aaeb14ea33d937ce003: UndoDeltaBlockGCOp(547396b7c7164175ae559109a873281c) complete. Timing: real 0.000s	user 0.000s	sys 0.000s Metrics: {"cfile_init":1,"lbm_read_time_us":55,"lbm_reads_lt_1ms":4}
I20260812 06:37:02.807451 10963 maintenance_manager.cc:419] P a7a0fe290a064aaeb14ea33d937ce003: Scheduling UndoDeltaBlockGCOp(dc41dde6f8914d18a0c2df430b44d797): 174 bytes on disk
I20260812 06:37:02.807452 11236 raft_consensus.cc:515] T 65a6450ca2764840b2c1fe02a6872736 P 4e0fae4a31d6446782fdcfc7f5473ad0 [term 1 FOLLOWER]: Starting leader election with config: opid_index: -1 OBSOLETE_local: false peers { permanent_uuid: "a7a0fe290a064aaeb14ea33d937ce003" member_type: VOTER last_known_addr { host: "127.5.32.130" port: 35433 } } peers { permanent_uuid: "4e0fae4a31d6446782fdcfc7f5473ad0" member_type: VOTER last_known_addr { host: "127.5.32.129" port: 36439 } } peers { permanent_uuid: "8cb6b00f39b641978f298b7392bb1bfa" member_type: VOTER last_known_addr { host: "127.5.32.131" port: 35249 } }
I20260812 06:37:02.807811 10774 maintenance_manager.cc:643] P a7a0fe290a064aaeb14ea33d937ce003: UndoDeltaBlockGCOp(dc41dde6f8914d18a0c2df430b44d797) complete. Timing: real 0.000s	user 0.000s	sys 0.000s Metrics: {"cfile_init":1,"lbm_read_time_us":51,"lbm_reads_lt_1ms":4}
I20260812 06:37:02.808316 10963 maintenance_manager.cc:419] P a7a0fe290a064aaeb14ea33d937ce003: Scheduling CompactRowSetsOp(dc41dde6f8914d18a0c2df430b44d797): perf score=0.740339
I20260812 06:37:02.815110 11236 leader_election.cc:290] T 65a6450ca2764840b2c1fe02a6872736 P 4e0fae4a31d6446782fdcfc7f5473ad0 [CANDIDATE]: Term 1 election: Requested vote from peers a7a0fe290a064aaeb14ea33d937ce003 (127.5.32.130:35433), 8cb6b00f39b641978f298b7392bb1bfa (127.5.32.131:35249)
I20260812 06:37:02.816015 11129 tablet_service.cc:1917] Received RequestConsensusVote() RPC: tablet_id: "65a6450ca2764840b2c1fe02a6872736" candidate_uuid: "4e0fae4a31d6446782fdcfc7f5473ad0" candidate_term: 1 candidate_status { last_received { term: 0 index: 0 } } ignore_live_leader: false dest_uuid: "8cb6b00f39b641978f298b7392bb1bfa"
I20260812 06:37:02.816128 11129 raft_consensus.cc:3060] T 65a6450ca2764840b2c1fe02a6872736 P 8cb6b00f39b641978f298b7392bb1bfa [term 0 FOLLOWER]: Advancing to term 1
I20260812 06:37:02.817003 11129 raft_consensus.cc:2468] T 65a6450ca2764840b2c1fe02a6872736 P 8cb6b00f39b641978f298b7392bb1bfa [term 1 FOLLOWER]: Leader election vote request: Granting yes vote for candidate 4e0fae4a31d6446782fdcfc7f5473ad0 in term 1.
I20260812 06:37:02.817340 10879 tablet_service.cc:1917] Received RequestConsensusVote() RPC: tablet_id: "65a6450ca2764840b2c1fe02a6872736" candidate_uuid: "4e0fae4a31d6446782fdcfc7f5473ad0" candidate_term: 1 candidate_status { last_received { term: 0 index: 0 } } ignore_live_leader: false dest_uuid: "a7a0fe290a064aaeb14ea33d937ce003"
I20260812 06:37:02.817451 10879 raft_consensus.cc:3060] T 65a6450ca2764840b2c1fe02a6872736 P a7a0fe290a064aaeb14ea33d937ce003 [term 0 FOLLOWER]: Advancing to term 1
I20260812 06:37:02.818316 10879 raft_consensus.cc:2468] T 65a6450ca2764840b2c1fe02a6872736 P a7a0fe290a064aaeb14ea33d937ce003 [term 1 FOLLOWER]: Leader election vote request: Granting yes vote for candidate 4e0fae4a31d6446782fdcfc7f5473ad0 in term 1.
I20260812 06:37:02.818679  8881 leader_election.cc:304] T 65a6450ca2764840b2c1fe02a6872736 P 4e0fae4a31d6446782fdcfc7f5473ad0 [CANDIDATE]: Term 1 election: Election decided. Result: candidate won. Election summary: received 2 responses out of 3 voters: 2 yes votes; 0 no votes. yes voters: 4e0fae4a31d6446782fdcfc7f5473ad0, 8cb6b00f39b641978f298b7392bb1bfa; no voters: 
I20260812 06:37:02.818967 11236 raft_consensus.cc:2804] T 65a6450ca2764840b2c1fe02a6872736 P 4e0fae4a31d6446782fdcfc7f5473ad0 [term 1 FOLLOWER]: Leader election won for term 1
I20260812 06:37:02.819057 11236 raft_consensus.cc:697] T 65a6450ca2764840b2c1fe02a6872736 P 4e0fae4a31d6446782fdcfc7f5473ad0 [term 1 LEADER]: Becoming Leader. State: Replica: 4e0fae4a31d6446782fdcfc7f5473ad0, State: Running, Role: LEADER
I20260812 06:37:02.819192 11236 consensus_queue.cc:237] T 65a6450ca2764840b2c1fe02a6872736 P 4e0fae4a31d6446782fdcfc7f5473ad0 [LEADER]: Queue going to LEADER mode. State: All replicated index: 0, Majority replicated index: 0, Committed index: 0, Last appended: 0.0, Last appended by leader: 0, Current term: 1, Majority size: 2, State: 0, Mode: LEADER, active raft config: opid_index: -1 OBSOLETE_local: false peers { permanent_uuid: "a7a0fe290a064aaeb14ea33d937ce003" member_type: VOTER last_known_addr { host: "127.5.32.130" port: 35433 } } peers { permanent_uuid: "4e0fae4a31d6446782fdcfc7f5473ad0" member_type: VOTER last_known_addr { host: "127.5.32.129" port: 36439 } } peers { permanent_uuid: "8cb6b00f39b641978f298b7392bb1bfa" member_type: VOTER last_known_addr { host: "127.5.32.131" port: 35249 } }
I20260812 06:37:02.820955  9979 catalog_manager.cc:5719] T 65a6450ca2764840b2c1fe02a6872736 P 4e0fae4a31d6446782fdcfc7f5473ad0 reported cstate change: term changed from 0 to 1, leader changed from <none> to 4e0fae4a31d6446782fdcfc7f5473ad0 (127.5.32.129). New cstate: current_term: 1 leader_uuid: "4e0fae4a31d6446782fdcfc7f5473ad0" committed_config { opid_index: -1 OBSOLETE_local: false peers { permanent_uuid: "a7a0fe290a064aaeb14ea33d937ce003" member_type: VOTER last_known_addr { host: "127.5.32.130" port: 35433 } health_report { overall_health: UNKNOWN } } peers { permanent_uuid: "4e0fae4a31d6446782fdcfc7f5473ad0" member_type: VOTER last_known_addr { host: "127.5.32.129" port: 36439 } health_report { overall_health: HEALTHY } } peers { permanent_uuid: "8cb6b00f39b641978f298b7392bb1bfa" member_type: VOTER last_known_addr { host: "127.5.32.131" port: 35249 } health_report { overall_health: UNKNOWN } } }
I20260812 06:37:02.821189  9979 catalog_manager.cc:5811] TS 4e0fae4a31d6446782fdcfc7f5473ad0 (127.5.32.129:36439) does not have the latest schema for tablet 65a6450ca2764840b2c1fe02a6872736 (table default.test_table [id=7af21888ed354d55825fb85b88931767]). Expected version 32 got 0
I20260812 06:37:02.827481 10774 maintenance_manager.cc:643] P a7a0fe290a064aaeb14ea33d937ce003: CompactRowSetsOp(dc41dde6f8914d18a0c2df430b44d797) complete. Timing: real 0.019s	user 0.013s	sys 0.003s Metrics: {"bytes_written":5906,"cfile_cache_hit":26,"cfile_cache_hit_bytes":957,"cfile_cache_miss":58,"cfile_cache_miss_bytes":3739,"cfile_init":17,"delta_iterators_relevant":6,"dirs.queue_time_us":1205,"dirs.run_cpu_time_us":1458,"dirs.run_wall_time_us":9143,"drs_written":1,"lbm_read_time_us":1480,"lbm_reads_lt_1ms":126,"lbm_write_time_us":1426,"lbm_writes_lt_1ms":49,"mutex_wait_us":159,"num_input_rowsets":2,"peak_mem_usage":65536,"rows_written":18}
I20260812 06:37:02.828131 10963 maintenance_manager.cc:419] P a7a0fe290a064aaeb14ea33d937ce003: Scheduling UndoDeltaBlockGCOp(dc41dde6f8914d18a0c2df430b44d797): 792 bytes on disk
I20260812 06:37:02.828486 10774 maintenance_manager.cc:643] P a7a0fe290a064aaeb14ea33d937ce003: UndoDeltaBlockGCOp(dc41dde6f8914d18a0c2df430b44d797) complete. Timing: real 0.000s	user 0.000s	sys 0.000s Metrics: {"cfile_init":1,"lbm_read_time_us":56,"lbm_reads_lt_1ms":4}
I20260812 06:37:02.833811 11021 maintenance_manager.cc:643] P 8cb6b00f39b641978f298b7392bb1bfa: CompactRowSetsOp(547396b7c7164175ae559109a873281c) complete. Timing: real 0.059s	user 0.018s	sys 0.005s Metrics: {"bytes_written":6331,"cfile_cache_hit":36,"cfile_cache_hit_bytes":1236,"cfile_cache_miss":88,"cfile_cache_miss_bytes":6860,"cfile_init":26,"delta_iterators_relevant":10,"dirs.queue_time_us":367,"drs_written":1,"lbm_read_time_us":10424,"lbm_reads_1-10_ms":1,"lbm_reads_lt_1ms":191,"lbm_write_time_us":1706,"lbm_writes_lt_1ms":49,"mutex_wait_us":36,"num_input_rowsets":3,"peak_mem_usage":98304,"rows_written":34,"spinlock_wait_cycles":6784}
I20260812 06:37:02.835800 11215 maintenance_manager.cc:419] P 8cb6b00f39b641978f298b7392bb1bfa: Scheduling UndoDeltaBlockGCOp(547396b7c7164175ae559109a873281c): 1462 bytes on disk
I20260812 06:37:02.838675 11021 maintenance_manager.cc:643] P 8cb6b00f39b641978f298b7392bb1bfa: UndoDeltaBlockGCOp(547396b7c7164175ae559109a873281c) complete. Timing: real 0.000s	user 0.000s	sys 0.000s Metrics: {"cfile_init":1,"lbm_read_time_us":61,"lbm_reads_lt_1ms":4}
I20260812 06:37:02.839135 11215 maintenance_manager.cc:419] P 8cb6b00f39b641978f298b7392bb1bfa: Scheduling UndoDeltaBlockGCOp(425123f7a5de41289e525110d05bbeb4): 911 bytes on disk
I20260812 06:37:02.842691 11021 maintenance_manager.cc:643] P 8cb6b00f39b641978f298b7392bb1bfa: UndoDeltaBlockGCOp(425123f7a5de41289e525110d05bbeb4) complete. Timing: real 0.000s	user 0.000s	sys 0.000s Metrics: {"cfile_init":1,"lbm_read_time_us":61,"lbm_reads_lt_1ms":4}
I20260812 06:37:02.843204 11215 maintenance_manager.cc:419] P 8cb6b00f39b641978f298b7392bb1bfa: Scheduling UndoDeltaBlockGCOp(dc41dde6f8914d18a0c2df430b44d797): 174 bytes on disk
I20260812 06:37:02.843572 11021 maintenance_manager.cc:643] P 8cb6b00f39b641978f298b7392bb1bfa: UndoDeltaBlockGCOp(dc41dde6f8914d18a0c2df430b44d797) complete. Timing: real 0.000s	user 0.000s	sys 0.000s Metrics: {"cfile_init":1,"lbm_read_time_us":55,"lbm_reads_lt_1ms":4}
I20260812 06:37:02.844096 11215 maintenance_manager.cc:419] P 8cb6b00f39b641978f298b7392bb1bfa: Scheduling CompactRowSetsOp(dc41dde6f8914d18a0c2df430b44d797): perf score=0.740339
I20260812 06:37:02.866468  9084 maintenance_manager.cc:419] P 4e0fae4a31d6446782fdcfc7f5473ad0: Scheduling UndoDeltaBlockGCOp(547396b7c7164175ae559109a873281c): 280 bytes on disk
I20260812 06:37:02.867146  8888 maintenance_manager.cc:643] P 4e0fae4a31d6446782fdcfc7f5473ad0: UndoDeltaBlockGCOp(547396b7c7164175ae559109a873281c) complete. Timing: real 0.000s	user 0.000s	sys 0.000s Metrics: {"cfile_init":1,"lbm_read_time_us":98,"lbm_reads_lt_1ms":4}
I20260812 06:37:02.867869  9084 maintenance_manager.cc:419] P 4e0fae4a31d6446782fdcfc7f5473ad0: Scheduling CompactRowSetsOp(547396b7c7164175ae559109a873281c): perf score=0.703601
I20260812 06:37:02.871109 11129 raft_consensus.cc:1275] T 65a6450ca2764840b2c1fe02a6872736 P 8cb6b00f39b641978f298b7392bb1bfa [term 1 FOLLOWER]: Refusing update from remote peer 4e0fae4a31d6446782fdcfc7f5473ad0: Log matching property violated. Preceding OpId in replica: term: 0 index: 0. Preceding OpId from leader: term: 1 index: 2. (index mismatch)
I20260812 06:37:02.871532 10879 raft_consensus.cc:1275] T 65a6450ca2764840b2c1fe02a6872736 P a7a0fe290a064aaeb14ea33d937ce003 [term 1 FOLLOWER]: Refusing update from remote peer 4e0fae4a31d6446782fdcfc7f5473ad0: Log matching property violated. Preceding OpId in replica: term: 0 index: 0. Preceding OpId from leader: term: 1 index: 2. (index mismatch)
I20260812 06:37:02.872263 11236 consensus_queue.cc:1048] T 65a6450ca2764840b2c1fe02a6872736 P 4e0fae4a31d6446782fdcfc7f5473ad0 [LEADER]: Connected to new peer: Peer: permanent_uuid: "a7a0fe290a064aaeb14ea33d937ce003" member_type: VOTER last_known_addr { host: "127.5.32.130" port: 35433 }, Status: LMP_MISMATCH, Last received: 0.0, Next index: 1, Last known committed idx: 0, Time since last communication: 0.000s
I20260812 06:37:02.872568 11236 consensus_queue.cc:1048] T 65a6450ca2764840b2c1fe02a6872736 P 4e0fae4a31d6446782fdcfc7f5473ad0 [LEADER]: Connected to new peer: Peer: permanent_uuid: "8cb6b00f39b641978f298b7392bb1bfa" member_type: VOTER last_known_addr { host: "127.5.32.131" port: 35249 }, Status: LMP_MISMATCH, Last received: 0.0, Next index: 1, Last known committed idx: 0, Time since last communication: 0.000s
I20260812 06:37:02.877503  9979 catalog_manager.cc:5811] TS a7a0fe290a064aaeb14ea33d937ce003 (127.5.32.130:35433) does not have the latest schema for tablet 65a6450ca2764840b2c1fe02a6872736 (table default.test_table [id=7af21888ed354d55825fb85b88931767]). Expected version 32 got 0
I20260812 06:37:02.878122  9980 catalog_manager.cc:5811] TS 8cb6b00f39b641978f298b7392bb1bfa (127.5.32.131:35249) does not have the latest schema for tablet 65a6450ca2764840b2c1fe02a6872736 (table default.test_table [id=7af21888ed354d55825fb85b88931767]). Expected version 32 got 0
I20260812 06:37:02.883453 11364 tablet.cc:1724] T 65a6450ca2764840b2c1fe02a6872736 P 4e0fae4a31d6446782fdcfc7f5473ad0: Alter schema from (
    10:c83 INT32 NOT NULL,
    17:c304 INT32 NOT NULL,
    25:c286 INT32 NULLABLE,
    27:c992 INT32 NOT NULL,
    35:c457 INT32 NULLABLE,
    36:c898 INT32 NOT NULL,
    37:c364 INT32 NOT NULL,
    38:c305 INT32 NOT NULL,
    39:c945 INT32 NULLABLE,
    PRIMARY KEY (c83)
) version 0 to (
    10:c83 INT32 NOT NULL,
    17:c304 INT32 NOT NULL,
    25:c286 INT32 NULLABLE,
    27:c992 INT32 NOT NULL,
    35:c457 INT32 NULLABLE,
    36:c898 INT32 NOT NULL,
    37:c364 INT32 NOT NULL,
    38:c305 INT32 NOT NULL,
    39:c945 INT32 NULLABLE,
    PRIMARY KEY (c83)
) version 32
I20260812 06:37:02.884650  9980 catalog_manager.cc:5811] TS 4e0fae4a31d6446782fdcfc7f5473ad0 (127.5.32.129:36439) does not have the latest schema for tablet 65a6450ca2764840b2c1fe02a6872736 (table default.test_table [id=7af21888ed354d55825fb85b88931767]). Expected version 32 got 0
I20260812 06:37:02.885102 11366 tablet.cc:1724] T 65a6450ca2764840b2c1fe02a6872736 P 8cb6b00f39b641978f298b7392bb1bfa: Alter schema from (
    10:c83 INT32 NOT NULL,
    17:c304 INT32 NOT NULL,
    25:c286 INT32 NULLABLE,
    27:c992 INT32 NOT NULL,
    35:c457 INT32 NULLABLE,
    36:c898 INT32 NOT NULL,
    37:c364 INT32 NOT NULL,
    38:c305 INT32 NOT NULL,
    39:c945 INT32 NULLABLE,
    PRIMARY KEY (c83)
) version 0 to (
    10:c83 INT32 NOT NULL,
    17:c304 INT32 NOT NULL,
    25:c286 INT32 NULLABLE,
    27:c992 INT32 NOT NULL,
    35:c457 INT32 NULLABLE,
    36:c898 INT32 NOT NULL,
    37:c364 INT32 NOT NULL,
    38:c305 INT32 NOT NULL,
    39:c945 INT32 NULLABLE,
    PRIMARY KEY (c83)
) version 32
I20260812 06:37:02.887389  9979 catalog_manager.cc:5811] TS 8cb6b00f39b641978f298b7392bb1bfa (127.5.32.131:35249) does not have the latest schema for tablet 65a6450ca2764840b2c1fe02a6872736 (table default.test_table [id=7af21888ed354d55825fb85b88931767]). Expected version 32 got 0
I20260812 06:37:02.889331 11269 tablet.cc:1724] T 65a6450ca2764840b2c1fe02a6872736 P a7a0fe290a064aaeb14ea33d937ce003: Alter schema from (
    10:c83 INT32 NOT NULL,
    17:c304 INT32 NOT NULL,
    25:c286 INT32 NULLABLE,
    27:c992 INT32 NOT NULL,
    35:c457 INT32 NULLABLE,
    36:c898 INT32 NOT NULL,
    37:c364 INT32 NOT NULL,
    38:c305 INT32 NOT NULL,
    39:c945 INT32 NULLABLE,
    PRIMARY KEY (c83)
) version 0 to (
    10:c83 INT32 NOT NULL,
    17:c304 INT32 NOT NULL,
    25:c286 INT32 NULLABLE,
    27:c992 INT32 NOT NULL,
    35:c457 INT32 NULLABLE,
    36:c898 INT32 NOT NULL,
    37:c364 INT32 NOT NULL,
    38:c305 INT32 NOT NULL,
    39:c945 INT32 NULLABLE,
    PRIMARY KEY (c83)
) version 32
I20260812 06:37:02.891500  9979 catalog_manager.cc:5811] TS a7a0fe290a064aaeb14ea33d937ce003 (127.5.32.130:35433) does not have the latest schema for tablet 65a6450ca2764840b2c1fe02a6872736 (table default.test_table [id=7af21888ed354d55825fb85b88931767]). Expected version 32 got 0
I20260812 06:37:02.907279 11331 raft_consensus.cc:493] T ee7825acbabd40bcbe1eaae252e4df94 P 8cb6b00f39b641978f298b7392bb1bfa [term 0 FOLLOWER]: Starting pre-election (no leader contacted us within the election timeout)
I20260812 06:37:02.907380 11331 raft_consensus.cc:515] T ee7825acbabd40bcbe1eaae252e4df94 P 8cb6b00f39b641978f298b7392bb1bfa [term 0 FOLLOWER]: Starting pre-election with config: opid_index: -1 OBSOLETE_local: false peers { permanent_uuid: "a7a0fe290a064aaeb14ea33d937ce003" member_type: VOTER last_known_addr { host: "127.5.32.130" port: 35433 } } peers { permanent_uuid: "4e0fae4a31d6446782fdcfc7f5473ad0" member_type: VOTER last_known_addr { host: "127.5.32.129" port: 36439 } } peers { permanent_uuid: "8cb6b00f39b641978f298b7392bb1bfa" member_type: VOTER last_known_addr { host: "127.5.32.131" port: 35249 } }
