I20260812 06:36:06.269412 11466 tablet_service.cc:1917] Received RequestConsensusVote() RPC: tablet_id: "3fa0a9ffa3184a3fbfc9020bc3105bda" candidate_uuid: "f7ce9580dd4745cea65a2c73dbc16dcc" candidate_term: 7 candidate_status { last_received { term: 6 index: 23 } } ignore_live_leader: false dest_uuid: "2c071107e0354e23aac8e948b284c590" is_pre_election: true
I20260812 06:36:06.269490 10748 tablet_service.cc:1917] Received RequestConsensusVote() RPC: tablet_id: "3fa0a9ffa3184a3fbfc9020bc3105bda" candidate_uuid: "f7ce9580dd4745cea65a2c73dbc16dcc" candidate_term: 7 candidate_status { last_received { term: 6 index: 23 } } ignore_live_leader: false dest_uuid: "4b79089e2a42436cb030604843bf9c41" is_pre_election: true
I20260812 06:36:06.269598 10748 raft_consensus.cc:2468] T 3fa0a9ffa3184a3fbfc9020bc3105bda P 4b79089e2a42436cb030604843bf9c41 [term 6 FOLLOWER]: Leader pre-election vote request: Granting yes vote for candidate f7ce9580dd4745cea65a2c73dbc16dcc in term 6.
I20260812 06:36:06.269850 11307 tablet_service.cc:1917] Received RequestConsensusVote() RPC: tablet_id: "3fa0a9ffa3184a3fbfc9020bc3105bda" candidate_uuid: "f7ce9580dd4745cea65a2c73dbc16dcc" candidate_term: 7 candidate_status { last_received { term: 6 index: 23 } } ignore_live_leader: false dest_uuid: "b94ccd0173384e4dbabbbe959f61d7f3" is_pre_election: true
I20260812 06:36:06.272953 12048 tablet_service.cc:1917] Received RequestConsensusVote() RPC: tablet_id: "3fa0a9ffa3184a3fbfc9020bc3105bda" candidate_uuid: "f7ce9580dd4745cea65a2c73dbc16dcc" candidate_term: 7 candidate_status { last_received { term: 6 index: 23 } } ignore_live_leader: false dest_uuid: "3d39dee9eed843008d0edf2429fd40e3" is_pre_election: true
I20260812 06:36:06.273037 12239 tablet_service.cc:1917] Received RequestConsensusVote() RPC: tablet_id: "3fa0a9ffa3184a3fbfc9020bc3105bda" candidate_uuid: "f7ce9580dd4745cea65a2c73dbc16dcc" candidate_term: 7 candidate_status { last_received { term: 6 index: 23 } } ignore_live_leader: false dest_uuid: "2c42fe68bc784e2386096b19511768b0" is_pre_election: true
W20260812 06:36:06.273379 10960 leader_election.cc:343] T 3fa0a9ffa3184a3fbfc9020bc3105bda P f7ce9580dd4745cea65a2c73dbc16dcc [CANDIDATE]: Term 7 pre-election: Tablet error from VoteRequest() call to peer 2c42fe68bc784e2386096b19511768b0 (127.9.47.1:35839): Illegal state: must be running to vote when last-logged opid is not known
I20260812 06:36:06.273480 10960 leader_election.cc:304] T 3fa0a9ffa3184a3fbfc9020bc3105bda P f7ce9580dd4745cea65a2c73dbc16dcc [CANDIDATE]: Term 7 pre-election: Election decided. Result: candidate lost. Election summary: received 6 responses out of 7 voters: 2 yes votes; 4 no votes. yes voters: 4b79089e2a42436cb030604843bf9c41, f7ce9580dd4745cea65a2c73dbc16dcc; no voters: 0dc9d05da19c4bcd9420774d3664a61e, 2c071107e0354e23aac8e948b284c590, 2c42fe68bc784e2386096b19511768b0, b94ccd0173384e4dbabbbe959f61d7f3
I20260812 06:36:06.273649 11908 raft_consensus.cc:2749] T 3fa0a9ffa3184a3fbfc9020bc3105bda P f7ce9580dd4745cea65a2c73dbc16dcc [term 6 FOLLOWER]: Leader pre-election lost for term 7. Reason: could not achieve majority
W20260812 06:36:06.273650 11263 tablet_service.cc:731] failed op from {username='slave'} at 127.0.0.1:60188: Illegal state: replica b94ccd0173384e4dbabbbe959f61d7f3 is not leader of this config: current role FOLLOWER
W20260812 06:36:06.274317 11263 tablet_service.cc:731] failed op from {username='slave'} at 127.0.0.1:60188: Illegal state: replica b94ccd0173384e4dbabbbe959f61d7f3 is not leader of this config: current role FOLLOWER
W20260812 06:36:06.275136 11263 tablet_service.cc:731] failed op from {username='slave'} at 127.0.0.1:60188: Illegal state: replica b94ccd0173384e4dbabbbe959f61d7f3 is not leader of this config: current role FOLLOWER
W20260812 06:36:06.275449 11261 tablet_service.cc:731] failed op from {username='slave'} at 127.0.0.1:60188: Illegal state: replica b94ccd0173384e4dbabbbe959f61d7f3 is not leader of this config: current role FOLLOWER
W20260812 06:36:06.276608 11261 tablet_service.cc:731] failed op from {username='slave'} at 127.0.0.1:60188: Illegal state: replica b94ccd0173384e4dbabbbe959f61d7f3 is not leader of this config: current role FOLLOWER
W20260812 06:36:06.279508 11261 tablet_service.cc:731] failed op from {username='slave'} at 127.0.0.1:60188: Illegal state: replica b94ccd0173384e4dbabbbe959f61d7f3 is not leader of this config: current role FOLLOWER
I20260812 06:36:06.287683 11952 raft_consensus.cc:493] T 3fa0a9ffa3184a3fbfc9020bc3105bda P 0dc9d05da19c4bcd9420774d3664a61e [term 6 FOLLOWER]: Starting pre-election (detected failure of leader 2c42fe68bc784e2386096b19511768b0)
I20260812 06:36:06.287793 11952 raft_consensus.cc:515] T 3fa0a9ffa3184a3fbfc9020bc3105bda P 0dc9d05da19c4bcd9420774d3664a61e [term 6 FOLLOWER]: Starting pre-election with config: opid_index: -1 OBSOLETE_local: false peers { permanent_uuid: "3d39dee9eed843008d0edf2429fd40e3" member_type: VOTER last_known_addr { host: "127.9.47.4" port: 36941 } } peers { permanent_uuid: "2c071107e0354e23aac8e948b284c590" member_type: VOTER last_known_addr { host: "127.9.47.6" port: 43493 } } peers { permanent_uuid: "4b79089e2a42436cb030604843bf9c41" member_type: VOTER last_known_addr { host: "127.9.47.5" port: 43783 } } peers { permanent_uuid: "f7ce9580dd4745cea65a2c73dbc16dcc" member_type: VOTER last_known_addr { host: "127.9.47.7" port: 40193 } } peers { permanent_uuid: "0dc9d05da19c4bcd9420774d3664a61e" member_type: VOTER last_known_addr { host: "127.9.47.3" port: 37199 } } peers { permanent_uuid: "b94ccd0173384e4dbabbbe959f61d7f3" member_type: VOTER last_known_addr { host: "127.9.47.2" port: 33623 } } peers { permanent_uuid: "2c42fe68bc784e2386096b19511768b0" member_type: VOTER last_known_addr { host: "127.9.47.1" port: 35839 } }
I20260812 06:36:06.288434 11952 leader_election.cc:290] T 3fa0a9ffa3184a3fbfc9020bc3105bda P 0dc9d05da19c4bcd9420774d3664a61e [CANDIDATE]: Term 7 pre-election: Requested pre-vote from peers 3d39dee9eed843008d0edf2429fd40e3 (127.9.47.4:36941), 2c071107e0354e23aac8e948b284c590 (127.9.47.6:43493), 4b79089e2a42436cb030604843bf9c41 (127.9.47.5:43783), f7ce9580dd4745cea65a2c73dbc16dcc (127.9.47.7:40193), b94ccd0173384e4dbabbbe959f61d7f3 (127.9.47.2:33623), 2c42fe68bc784e2386096b19511768b0 (127.9.47.1:35839)
I20260812 06:36:06.288756 11035 tablet_service.cc:1917] Received RequestConsensusVote() RPC: tablet_id: "3fa0a9ffa3184a3fbfc9020bc3105bda" candidate_uuid: "0dc9d05da19c4bcd9420774d3664a61e" candidate_term: 7 candidate_status { last_received { term: 6 index: 23 } } ignore_live_leader: false dest_uuid: "f7ce9580dd4745cea65a2c73dbc16dcc" is_pre_election: true
I20260812 06:36:06.288810 11466 tablet_service.cc:1917] Received RequestConsensusVote() RPC: tablet_id: "3fa0a9ffa3184a3fbfc9020bc3105bda" candidate_uuid: "0dc9d05da19c4bcd9420774d3664a61e" candidate_term: 7 candidate_status { last_received { term: 6 index: 23 } } ignore_live_leader: false dest_uuid: "2c071107e0354e23aac8e948b284c590" is_pre_election: true
I20260812 06:36:06.288887 11035 raft_consensus.cc:2468] T 3fa0a9ffa3184a3fbfc9020bc3105bda P f7ce9580dd4745cea65a2c73dbc16dcc [term 6 FOLLOWER]: Leader pre-election vote request: Granting yes vote for candidate 0dc9d05da19c4bcd9420774d3664a61e in term 6.
I20260812 06:36:06.289249 11307 tablet_service.cc:1917] Received RequestConsensusVote() RPC: tablet_id: "3fa0a9ffa3184a3fbfc9020bc3105bda" candidate_uuid: "0dc9d05da19c4bcd9420774d3664a61e" candidate_term: 7 candidate_status { last_received { term: 6 index: 23 } } ignore_live_leader: false dest_uuid: "b94ccd0173384e4dbabbbe959f61d7f3" is_pre_election: true
I20260812 06:36:06.289572 10748 tablet_service.cc:1917] Received RequestConsensusVote() RPC: tablet_id: "3fa0a9ffa3184a3fbfc9020bc3105bda" candidate_uuid: "0dc9d05da19c4bcd9420774d3664a61e" candidate_term: 7 candidate_status { last_received { term: 6 index: 23 } } ignore_live_leader: false dest_uuid: "4b79089e2a42436cb030604843bf9c41" is_pre_election: true
I20260812 06:36:06.289703 10748 raft_consensus.cc:2468] T 3fa0a9ffa3184a3fbfc9020bc3105bda P 4b79089e2a42436cb030604843bf9c41 [term 6 FOLLOWER]: Leader pre-election vote request: Granting yes vote for candidate 0dc9d05da19c4bcd9420774d3664a61e in term 6.
W20260812 06:36:06.292042 11261 tablet_service.cc:731] failed op from {username='slave'} at 127.0.0.1:60188: Illegal state: replica b94ccd0173384e4dbabbbe959f61d7f3 is not leader of this config: current role FOLLOWER
I20260812 06:36:06.292567 12048 tablet_service.cc:1917] Received RequestConsensusVote() RPC: tablet_id: "3fa0a9ffa3184a3fbfc9020bc3105bda" candidate_uuid: "0dc9d05da19c4bcd9420774d3664a61e" candidate_term: 7 candidate_status { last_received { term: 6 index: 23 } } ignore_live_leader: false dest_uuid: "3d39dee9eed843008d0edf2429fd40e3" is_pre_election: true
I20260812 06:36:06.293335 12239 tablet_service.cc:1917] Received RequestConsensusVote() RPC: tablet_id: "3fa0a9ffa3184a3fbfc9020bc3105bda" candidate_uuid: "0dc9d05da19c4bcd9420774d3664a61e" candidate_term: 7 candidate_status { last_received { term: 6 index: 23 } } ignore_live_leader: false dest_uuid: "2c42fe68bc784e2386096b19511768b0" is_pre_election: true
W20260812 06:36:06.293668 10389 leader_election.cc:343] T 3fa0a9ffa3184a3fbfc9020bc3105bda P 0dc9d05da19c4bcd9420774d3664a61e [CANDIDATE]: Term 7 pre-election: Tablet error from VoteRequest() call to peer 2c42fe68bc784e2386096b19511768b0 (127.9.47.1:35839): Illegal state: must be running to vote when last-logged opid is not known
I20260812 06:36:06.293751 10389 leader_election.cc:304] T 3fa0a9ffa3184a3fbfc9020bc3105bda P 0dc9d05da19c4bcd9420774d3664a61e [CANDIDATE]: Term 7 pre-election: Election decided. Result: candidate lost. Election summary: received 7 responses out of 7 voters: 3 yes votes; 4 no votes. yes voters: 0dc9d05da19c4bcd9420774d3664a61e, 4b79089e2a42436cb030604843bf9c41, f7ce9580dd4745cea65a2c73dbc16dcc; no voters: 2c071107e0354e23aac8e948b284c590, 2c42fe68bc784e2386096b19511768b0, 3d39dee9eed843008d0edf2429fd40e3, b94ccd0173384e4dbabbbe959f61d7f3
I20260812 06:36:06.293902 11952 raft_consensus.cc:2749] T 3fa0a9ffa3184a3fbfc9020bc3105bda P 0dc9d05da19c4bcd9420774d3664a61e [term 6 FOLLOWER]: Leader pre-election lost for term 7. Reason: could not achieve majority
W20260812 06:36:06.298305 11424 tablet_service.cc:731] failed op from {username='slave'} at 127.0.0.1:48322: Illegal state: replica 2c071107e0354e23aac8e948b284c590 is not leader of this config: current role FOLLOWER
W20260812 06:36:06.299403 10408 tablet_service.cc:731] failed op from {username='slave'} at 127.0.0.1:44116: Illegal state: replica 0dc9d05da19c4bcd9420774d3664a61e is not leader of this config: current role FOLLOWER
W20260812 06:36:06.300505 10408 tablet_service.cc:731] failed op from {username='slave'} at 127.0.0.1:44116: Illegal state: replica 0dc9d05da19c4bcd9420774d3664a61e is not leader of this config: current role FOLLOWER
W20260812 06:36:06.304652 10408 tablet_service.cc:731] failed op from {username='slave'} at 127.0.0.1:44116: Illegal state: replica 0dc9d05da19c4bcd9420774d3664a61e is not leader of this config: current role FOLLOWER
I20260812 06:36:06.306730 11907 raft_consensus.cc:493] T 3fa0a9ffa3184a3fbfc9020bc3105bda P b94ccd0173384e4dbabbbe959f61d7f3 [term 6 FOLLOWER]: Starting pre-election (detected failure of leader 2c42fe68bc784e2386096b19511768b0)
I20260812 06:36:06.306849 11907 raft_consensus.cc:515] T 3fa0a9ffa3184a3fbfc9020bc3105bda P b94ccd0173384e4dbabbbe959f61d7f3 [term 6 FOLLOWER]: Starting pre-election with config: opid_index: -1 OBSOLETE_local: false peers { permanent_uuid: "3d39dee9eed843008d0edf2429fd40e3" member_type: VOTER last_known_addr { host: "127.9.47.4" port: 36941 } } peers { permanent_uuid: "2c071107e0354e23aac8e948b284c590" member_type: VOTER last_known_addr { host: "127.9.47.6" port: 43493 } } peers { permanent_uuid: "4b79089e2a42436cb030604843bf9c41" member_type: VOTER last_known_addr { host: "127.9.47.5" port: 43783 } } peers { permanent_uuid: "f7ce9580dd4745cea65a2c73dbc16dcc" member_type: VOTER last_known_addr { host: "127.9.47.7" port: 40193 } } peers { permanent_uuid: "0dc9d05da19c4bcd9420774d3664a61e" member_type: VOTER last_known_addr { host: "127.9.47.3" port: 37199 } } peers { permanent_uuid: "b94ccd0173384e4dbabbbe959f61d7f3" member_type: VOTER last_known_addr { host: "127.9.47.2" port: 33623 } } peers { permanent_uuid: "2c42fe68bc784e2386096b19511768b0" member_type: VOTER last_known_addr { host: "127.9.47.1" port: 35839 } }
I20260812 06:36:06.307555 11907 leader_election.cc:290] T 3fa0a9ffa3184a3fbfc9020bc3105bda P b94ccd0173384e4dbabbbe959f61d7f3 [CANDIDATE]: Term 7 pre-election: Requested pre-vote from peers 3d39dee9eed843008d0edf2429fd40e3 (127.9.47.4:36941), 2c071107e0354e23aac8e948b284c590 (127.9.47.6:43493), 4b79089e2a42436cb030604843bf9c41 (127.9.47.5:43783), f7ce9580dd4745cea65a2c73dbc16dcc (127.9.47.7:40193), 0dc9d05da19c4bcd9420774d3664a61e (127.9.47.3:37199), 2c42fe68bc784e2386096b19511768b0 (127.9.47.1:35839)
I20260812 06:36:06.307930 11466 tablet_service.cc:1917] Received RequestConsensusVote() RPC: tablet_id: "3fa0a9ffa3184a3fbfc9020bc3105bda" candidate_uuid: "b94ccd0173384e4dbabbbe959f61d7f3" candidate_term: 7 candidate_status { last_received { term: 6 index: 23 } } ignore_live_leader: false dest_uuid: "2c071107e0354e23aac8e948b284c590" is_pre_election: true
I20260812 06:36:06.307986 11035 tablet_service.cc:1917] Received RequestConsensusVote() RPC: tablet_id: "3fa0a9ffa3184a3fbfc9020bc3105bda" candidate_uuid: "b94ccd0173384e4dbabbbe959f61d7f3" candidate_term: 7 candidate_status { last_received { term: 6 index: 23 } } ignore_live_leader: false dest_uuid: "f7ce9580dd4745cea65a2c73dbc16dcc" is_pre_election: true
I20260812 06:36:06.308125 11035 raft_consensus.cc:2468] T 3fa0a9ffa3184a3fbfc9020bc3105bda P f7ce9580dd4745cea65a2c73dbc16dcc [term 6 FOLLOWER]: Leader pre-election vote request: Granting yes vote for candidate b94ccd0173384e4dbabbbe959f61d7f3 in term 6.
I20260812 06:36:06.308483 10748 tablet_service.cc:1917] Received RequestConsensusVote() RPC: tablet_id: "3fa0a9ffa3184a3fbfc9020bc3105bda" candidate_uuid: "b94ccd0173384e4dbabbbe959f61d7f3" candidate_term: 7 candidate_status { last_received { term: 6 index: 23 } } ignore_live_leader: false dest_uuid: "4b79089e2a42436cb030604843bf9c41" is_pre_election: true
I20260812 06:36:06.308622 10748 raft_consensus.cc:2468] T 3fa0a9ffa3184a3fbfc9020bc3105bda P 4b79089e2a42436cb030604843bf9c41 [term 6 FOLLOWER]: Leader pre-election vote request: Granting yes vote for candidate b94ccd0173384e4dbabbbe959f61d7f3 in term 6.
I20260812 06:36:06.308607 10463 tablet_service.cc:1917] Received RequestConsensusVote() RPC: tablet_id: "3fa0a9ffa3184a3fbfc9020bc3105bda" candidate_uuid: "b94ccd0173384e4dbabbbe959f61d7f3" candidate_term: 7 candidate_status { last_received { term: 6 index: 23 } } ignore_live_leader: false dest_uuid: "0dc9d05da19c4bcd9420774d3664a61e" is_pre_election: true
I20260812 06:36:06.308728 10463 raft_consensus.cc:2468] T 3fa0a9ffa3184a3fbfc9020bc3105bda P 0dc9d05da19c4bcd9420774d3664a61e [term 6 FOLLOWER]: Leader pre-election vote request: Granting yes vote for candidate b94ccd0173384e4dbabbbe959f61d7f3 in term 6.
I20260812 06:36:06.309068 11230 leader_election.cc:304] T 3fa0a9ffa3184a3fbfc9020bc3105bda P b94ccd0173384e4dbabbbe959f61d7f3 [CANDIDATE]: Term 7 pre-election: Election decided. Result: candidate won. Election summary: received 5 responses out of 7 voters: 4 yes votes; 1 no votes. yes voters: 0dc9d05da19c4bcd9420774d3664a61e, 4b79089e2a42436cb030604843bf9c41, b94ccd0173384e4dbabbbe959f61d7f3, f7ce9580dd4745cea65a2c73dbc16dcc; no voters: 2c071107e0354e23aac8e948b284c590
I20260812 06:36:06.309262 11907 raft_consensus.cc:2804] T 3fa0a9ffa3184a3fbfc9020bc3105bda P b94ccd0173384e4dbabbbe959f61d7f3 [term 6 FOLLOWER]: Leader pre-election won for term 7
I20260812 06:36:06.309336 11907 raft_consensus.cc:493] T 3fa0a9ffa3184a3fbfc9020bc3105bda P b94ccd0173384e4dbabbbe959f61d7f3 [term 6 FOLLOWER]: Starting leader election (detected failure of leader 2c42fe68bc784e2386096b19511768b0)
I20260812 06:36:06.309386 11907 raft_consensus.cc:3060] T 3fa0a9ffa3184a3fbfc9020bc3105bda P b94ccd0173384e4dbabbbe959f61d7f3 [term 6 FOLLOWER]: Advancing to term 7
I20260812 06:36:06.310484 11907 raft_consensus.cc:515] T 3fa0a9ffa3184a3fbfc9020bc3105bda P b94ccd0173384e4dbabbbe959f61d7f3 [term 7 FOLLOWER]: Starting leader election with config: opid_index: -1 OBSOLETE_local: false peers { permanent_uuid: "3d39dee9eed843008d0edf2429fd40e3" member_type: VOTER last_known_addr { host: "127.9.47.4" port: 36941 } } peers { permanent_uuid: "2c071107e0354e23aac8e948b284c590" member_type: VOTER last_known_addr { host: "127.9.47.6" port: 43493 } } peers { permanent_uuid: "4b79089e2a42436cb030604843bf9c41" member_type: VOTER last_known_addr { host: "127.9.47.5" port: 43783 } } peers { permanent_uuid: "f7ce9580dd4745cea65a2c73dbc16dcc" member_type: VOTER last_known_addr { host: "127.9.47.7" port: 40193 } } peers { permanent_uuid: "0dc9d05da19c4bcd9420774d3664a61e" member_type: VOTER last_known_addr { host: "127.9.47.3" port: 37199 } } peers { permanent_uuid: "b94ccd0173384e4dbabbbe959f61d7f3" member_type: VOTER last_known_addr { host: "127.9.47.2" port: 33623 } } peers { permanent_uuid: "2c42fe68bc784e2386096b19511768b0" member_type: VOTER last_known_addr { host: "127.9.47.1" port: 35839 } }
I20260812 06:36:06.311115 11907 leader_election.cc:290] T 3fa0a9ffa3184a3fbfc9020bc3105bda P b94ccd0173384e4dbabbbe959f61d7f3 [CANDIDATE]: Term 7 election: Requested vote from peers 3d39dee9eed843008d0edf2429fd40e3 (127.9.47.4:36941), 2c071107e0354e23aac8e948b284c590 (127.9.47.6:43493), 4b79089e2a42436cb030604843bf9c41 (127.9.47.5:43783), f7ce9580dd4745cea65a2c73dbc16dcc (127.9.47.7:40193), 0dc9d05da19c4bcd9420774d3664a61e (127.9.47.3:37199), 2c42fe68bc784e2386096b19511768b0 (127.9.47.1:35839)
I20260812 06:36:06.311317 10748 tablet_service.cc:1917] Received RequestConsensusVote() RPC: tablet_id: "3fa0a9ffa3184a3fbfc9020bc3105bda" candidate_uuid: "b94ccd0173384e4dbabbbe959f61d7f3" candidate_term: 7 candidate_status { last_received { term: 6 index: 23 } } ignore_live_leader: false dest_uuid: "4b79089e2a42436cb030604843bf9c41"
I20260812 06:36:06.311436 10748 raft_consensus.cc:3060] T 3fa0a9ffa3184a3fbfc9020bc3105bda P 4b79089e2a42436cb030604843bf9c41 [term 6 FOLLOWER]: Advancing to term 7
I20260812 06:36:06.311647 12239 tablet_service.cc:1917] Received RequestConsensusVote() RPC: tablet_id: "3fa0a9ffa3184a3fbfc9020bc3105bda" candidate_uuid: "b94ccd0173384e4dbabbbe959f61d7f3" candidate_term: 7 candidate_status { last_received { term: 6 index: 23 } } ignore_live_leader: false dest_uuid: "2c42fe68bc784e2386096b19511768b0" is_pre_election: true
I20260812 06:36:06.311882 10463 tablet_service.cc:1917] Received RequestConsensusVote() RPC: tablet_id: "3fa0a9ffa3184a3fbfc9020bc3105bda" candidate_uuid: "b94ccd0173384e4dbabbbe959f61d7f3" candidate_term: 7 candidate_status { last_received { term: 6 index: 23 } } ignore_live_leader: false dest_uuid: "0dc9d05da19c4bcd9420774d3664a61e"
I20260812 06:36:06.312018 10463 raft_consensus.cc:3060] T 3fa0a9ffa3184a3fbfc9020bc3105bda P 0dc9d05da19c4bcd9420774d3664a61e [term 6 FOLLOWER]: Advancing to term 7
I20260812 06:36:06.312016 11466 tablet_service.cc:1917] Received RequestConsensusVote() RPC: tablet_id: "3fa0a9ffa3184a3fbfc9020bc3105bda" candidate_uuid: "b94ccd0173384e4dbabbbe959f61d7f3" candidate_term: 7 candidate_status { last_received { term: 6 index: 23 } } ignore_live_leader: false dest_uuid: "2c071107e0354e23aac8e948b284c590"
W20260812 06:36:06.312456 11231 leader_election.cc:343] T 3fa0a9ffa3184a3fbfc9020bc3105bda P b94ccd0173384e4dbabbbe959f61d7f3 [CANDIDATE]: Term 7 pre-election: Tablet error from VoteRequest() call to peer 2c42fe68bc784e2386096b19511768b0 (127.9.47.1:35839): Illegal state: must be running to vote when last-logged opid is not known
I20260812 06:36:06.312525 11035 tablet_service.cc:1917] Received RequestConsensusVote() RPC: tablet_id: "3fa0a9ffa3184a3fbfc9020bc3105bda" candidate_uuid: "b94ccd0173384e4dbabbbe959f61d7f3" candidate_term: 7 candidate_status { last_received { term: 6 index: 23 } } ignore_live_leader: false dest_uuid: "f7ce9580dd4745cea65a2c73dbc16dcc"
I20260812 06:36:06.312618 11035 raft_consensus.cc:3060] T 3fa0a9ffa3184a3fbfc9020bc3105bda P f7ce9580dd4745cea65a2c73dbc16dcc [term 6 FOLLOWER]: Advancing to term 7
I20260812 06:36:06.312613 10748 raft_consensus.cc:2468] T 3fa0a9ffa3184a3fbfc9020bc3105bda P 4b79089e2a42436cb030604843bf9c41 [term 7 FOLLOWER]: Leader election vote request: Granting yes vote for candidate b94ccd0173384e4dbabbbe959f61d7f3 in term 7.
I20260812 06:36:06.313050 10463 raft_consensus.cc:2468] T 3fa0a9ffa3184a3fbfc9020bc3105bda P 0dc9d05da19c4bcd9420774d3664a61e [term 7 FOLLOWER]: Leader election vote request: Granting yes vote for candidate b94ccd0173384e4dbabbbe959f61d7f3 in term 7.
I20260812 06:36:06.313223 12047 tablet_service.cc:1917] Received RequestConsensusVote() RPC: tablet_id: "3fa0a9ffa3184a3fbfc9020bc3105bda" candidate_uuid: "b94ccd0173384e4dbabbbe959f61d7f3" candidate_term: 7 candidate_status { last_received { term: 6 index: 23 } } ignore_live_leader: false dest_uuid: "3d39dee9eed843008d0edf2429fd40e3"
I20260812 06:36:06.313303 12048 tablet_service.cc:1917] Received RequestConsensusVote() RPC: tablet_id: "3fa0a9ffa3184a3fbfc9020bc3105bda" candidate_uuid: "b94ccd0173384e4dbabbbe959f61d7f3" candidate_term: 7 candidate_status { last_received { term: 6 index: 23 } } ignore_live_leader: false dest_uuid: "3d39dee9eed843008d0edf2429fd40e3" is_pre_election: true
I20260812 06:36:06.313546 12239 tablet_service.cc:1917] Received RequestConsensusVote() RPC: tablet_id: "3fa0a9ffa3184a3fbfc9020bc3105bda" candidate_uuid: "b94ccd0173384e4dbabbbe959f61d7f3" candidate_term: 7 candidate_status { last_received { term: 6 index: 23 } } ignore_live_leader: false dest_uuid: "2c42fe68bc784e2386096b19511768b0"
I20260812 06:36:06.313654 11035 raft_consensus.cc:2468] T 3fa0a9ffa3184a3fbfc9020bc3105bda P f7ce9580dd4745cea65a2c73dbc16dcc [term 7 FOLLOWER]: Leader election vote request: Granting yes vote for candidate b94ccd0173384e4dbabbbe959f61d7f3 in term 7.
W20260812 06:36:06.314005 11231 leader_election.cc:343] T 3fa0a9ffa3184a3fbfc9020bc3105bda P b94ccd0173384e4dbabbbe959f61d7f3 [CANDIDATE]: Term 7 election: Tablet error from VoteRequest() call to peer 2c42fe68bc784e2386096b19511768b0 (127.9.47.1:35839): Illegal state: must be running to vote when last-logged opid is not known
I20260812 06:36:06.314132 11230 leader_election.cc:304] T 3fa0a9ffa3184a3fbfc9020bc3105bda P b94ccd0173384e4dbabbbe959f61d7f3 [CANDIDATE]: Term 7 election: Election decided. Result: candidate won. Election summary: received 7 responses out of 7 voters: 4 yes votes; 3 no votes. yes voters: 0dc9d05da19c4bcd9420774d3664a61e, 4b79089e2a42436cb030604843bf9c41, b94ccd0173384e4dbabbbe959f61d7f3, f7ce9580dd4745cea65a2c73dbc16dcc; no voters: 2c071107e0354e23aac8e948b284c590, 2c42fe68bc784e2386096b19511768b0, 3d39dee9eed843008d0edf2429fd40e3
I20260812 06:36:06.314321 11907 raft_consensus.cc:2804] T 3fa0a9ffa3184a3fbfc9020bc3105bda P b94ccd0173384e4dbabbbe959f61d7f3 [term 7 FOLLOWER]: Leader election won for term 7
I20260812 06:36:06.314539 11907 raft_consensus.cc:697] T 3fa0a9ffa3184a3fbfc9020bc3105bda P b94ccd0173384e4dbabbbe959f61d7f3 [term 7 LEADER]: Becoming Leader. State: Replica: b94ccd0173384e4dbabbbe959f61d7f3, State: Running, Role: LEADER
I20260812 06:36:06.314893 11907 consensus_queue.cc:237] T 3fa0a9ffa3184a3fbfc9020bc3105bda P b94ccd0173384e4dbabbbe959f61d7f3 [LEADER]: Queue going to LEADER mode. State: All replicated index: 0, Majority replicated index: 20, Committed index: 20, Last appended: 6.23, Last appended by leader: 23, Current term: 7, Majority size: 4, State: 0, Mode: LEADER, active raft config: opid_index: -1 OBSOLETE_local: false peers { permanent_uuid: "3d39dee9eed843008d0edf2429fd40e3" member_type: VOTER last_known_addr { host: "127.9.47.4" port: 36941 } } peers { permanent_uuid: "2c071107e0354e23aac8e948b284c590" member_type: VOTER last_known_addr { host: "127.9.47.6" port: 43493 } } peers { permanent_uuid: "4b79089e2a42436cb030604843bf9c41" member_type: VOTER last_known_addr { host: "127.9.47.5" port: 43783 } } peers { permanent_uuid: "f7ce9580dd4745cea65a2c73dbc16dcc" member_type: VOTER last_known_addr { host: "127.9.47.7" port: 40193 } } peers { permanent_uuid: "0dc9d05da19c4bcd9420774d3664a61e" member_type: VOTER last_known_addr { host: "127.9.47.3" port: 37199 } } peers { permanent_uuid: "b94ccd0173384e4dbabbbe959f61d7f3" member_type: VOTER last_known_addr { host: "127.9.47.2" port: 33623 } } peers { permanent_uuid: "2c42fe68bc784e2386096b19511768b0" member_type: VOTER last_known_addr { host: "127.9.47.1" port: 35839 } }
W20260812 06:36:06.317335 11392 log.cc:510] T 3fa0a9ffa3184a3fbfc9020bc3105bda P b94ccd0173384e4dbabbbe959f61d7f3: Injecting 96ms of latency in SegmentAllocator::Sync()
I20260812 06:36:06.318871 10014 catalog_manager.cc:5719] T 3fa0a9ffa3184a3fbfc9020bc3105bda P b94ccd0173384e4dbabbbe959f61d7f3 reported cstate change: term changed from 6 to 7, leader changed from 2c42fe68bc784e2386096b19511768b0 (127.9.47.1) to b94ccd0173384e4dbabbbe959f61d7f3 (127.9.47.2). New cstate: current_term: 7 leader_uuid: "b94ccd0173384e4dbabbbe959f61d7f3" committed_config { opid_index: -1 OBSOLETE_local: false peers { permanent_uuid: "3d39dee9eed843008d0edf2429fd40e3" member_type: VOTER last_known_addr { host: "127.9.47.4" port: 36941 } health_report { overall_health: UNKNOWN } } peers { permanent_uuid: "2c071107e0354e23aac8e948b284c590" member_type: VOTER last_known_addr { host: "127.9.47.6" port: 43493 } health_report { overall_health: UNKNOWN } } peers { permanent_uuid: "4b79089e2a42436cb030604843bf9c41" member_type: VOTER last_known_addr { host: "127.9.47.5" port: 43783 } health_report { overall_health: UNKNOWN } } peers { permanent_uuid: "f7ce9580dd4745cea65a2c73dbc16dcc" member_type: VOTER last_known_addr { host: "127.9.47.7" port: 40193 } health_report { overall_health: UNKNOWN } } peers { permanent_uuid: "0dc9d05da19c4bcd9420774d3664a61e" member_type: VOTER last_known_addr { host: "127.9.47.3" port: 37199 } health_report { overall_health: UNKNOWN } } peers { permanent_uuid: "b94ccd0173384e4dbabbbe959f61d7f3" member_type: VOTER last_known_addr { host: "127.9.47.2" port: 33623 } health_report { overall_health: HEALTHY } } peers { permanent_uuid: "2c42fe68bc784e2386096b19511768b0" member_type: VOTER last_known_addr { host: "127.9.47.1" port: 35839 } health_report { overall_health: UNKNOWN } } }
I20260812 06:36:06.329174 12169 ts_tablet_manager.cc:1403] T 3fa0a9ffa3184a3fbfc9020bc3105bda P 2c42fe68bc784e2386096b19511768b0: Time spent bootstrapping tablet: real 0.106s	user 0.020s	sys 0.007s
I20260812 06:36:06.330910 12169 raft_consensus.cc:359] T 3fa0a9ffa3184a3fbfc9020bc3105bda P 2c42fe68bc784e2386096b19511768b0 [term 6 FOLLOWER]: Replica starting. Triggering 2 pending ops. Active config: opid_index: -1 OBSOLETE_local: false peers { permanent_uuid: "3d39dee9eed843008d0edf2429fd40e3" member_type: VOTER last_known_addr { host: "127.9.47.4" port: 36941 } } peers { permanent_uuid: "2c071107e0354e23aac8e948b284c590" member_type: VOTER last_known_addr { host: "127.9.47.6" port: 43493 } } peers { permanent_uuid: "4b79089e2a42436cb030604843bf9c41" member_type: VOTER last_known_addr { host: "127.9.47.5" port: 43783 } } peers { permanent_uuid: "f7ce9580dd4745cea65a2c73dbc16dcc" member_type: VOTER last_known_addr { host: "127.9.47.7" port: 40193 } } peers { permanent_uuid: "0dc9d05da19c4bcd9420774d3664a61e" member_type: VOTER last_known_addr { host: "127.9.47.3" port: 37199 } } peers { permanent_uuid: "b94ccd0173384e4dbabbbe959f61d7f3" member_type: VOTER last_known_addr { host: "127.9.47.2" port: 33623 } } peers { permanent_uuid: "2c42fe68bc784e2386096b19511768b0" member_type: VOTER last_known_addr { host: "127.9.47.1" port: 35839 } }
I20260812 06:36:06.332610 12169 raft_consensus.cc:740] T 3fa0a9ffa3184a3fbfc9020bc3105bda P 2c42fe68bc784e2386096b19511768b0 [term 6 FOLLOWER]: Becoming Follower/Learner. State: Replica: 2c42fe68bc784e2386096b19511768b0, State: Initialized, Role: FOLLOWER
I20260812 06:36:06.333086 12169 consensus_queue.cc:260] T 3fa0a9ffa3184a3fbfc9020bc3105bda P 2c42fe68bc784e2386096b19511768b0 [NON_LEADER]: Queue going to NON_LEADER mode. State: All replicated index: 0, Majority replicated index: 0, Committed index: 20, Last appended: 6.22, Last appended by leader: 22, Current term: 0, Majority size: -1, State: 0, Mode: NON_LEADER, active raft config: opid_index: -1 OBSOLETE_local: false peers { permanent_uuid: "3d39dee9eed843008d0edf2429fd40e3" member_type: VOTER last_known_addr { host: "127.9.47.4" port: 36941 } } peers { permanent_uuid: "2c071107e0354e23aac8e948b284c590" member_type: VOTER last_known_addr { host: "127.9.47.6" port: 43493 } } peers { permanent_uuid: "4b79089e2a42436cb030604843bf9c41" member_type: VOTER last_known_addr { host: "127.9.47.5" port: 43783 } } peers { permanent_uuid: "f7ce9580dd4745cea65a2c73dbc16dcc" member_type: VOTER last_known_addr { host: "127.9.47.7" port: 40193 } } peers { permanent_uuid: "0dc9d05da19c4bcd9420774d3664a61e" member_type: VOTER last_known_addr { host: "127.9.47.3" port: 37199 } } peers { permanent_uuid: "b94ccd0173384e4dbabbbe959f61d7f3" member_type: VOTER last_known_addr { host: "127.9.47.2" port: 33623 } } peers { permanent_uuid: "2c42fe68bc784e2386096b19511768b0" member_type: VOTER last_known_addr { host: "127.9.47.1" port: 35839 } }
I20260812 06:36:06.333700 12291 heartbeater.cc:499] Master 127.9.47.62:43023 was elected leader, sending a full tablet report...
I20260812 06:36:06.333983 12169 ts_tablet_manager.cc:1434] T 3fa0a9ffa3184a3fbfc9020bc3105bda P 2c42fe68bc784e2386096b19511768b0: Time spent starting tablet: real 0.005s	user 0.004s	sys 0.000s
W20260812 06:36:06.343364 12192 tablet_service.cc:731] failed op from {username='slave'} at 127.0.0.1:37150: Illegal state: replica 2c42fe68bc784e2386096b19511768b0 is not leader of this config: current role FOLLOWER
W20260812 06:36:06.346645 10706 tablet_service.cc:731] failed op from {username='slave'} at 127.0.0.1:50060: Illegal state: replica 4b79089e2a42436cb030604843bf9c41 is not leader of this config: current role FOLLOWER
W20260812 06:36:06.347637 10706 tablet_service.cc:731] failed op from {username='slave'} at 127.0.0.1:50060: Illegal state: replica 4b79089e2a42436cb030604843bf9c41 is not leader of this config: current role FOLLOWER
I20260812 06:36:06.349866 12311 raft_consensus.cc:493] T 3fa0a9ffa3184a3fbfc9020bc3105bda P 2c071107e0354e23aac8e948b284c590 [term 6 FOLLOWER]: Starting pre-election (detected failure of leader 2c42fe68bc784e2386096b19511768b0)
I20260812 06:36:06.349989 12311 raft_consensus.cc:515] T 3fa0a9ffa3184a3fbfc9020bc3105bda P 2c071107e0354e23aac8e948b284c590 [term 6 FOLLOWER]: Starting pre-election with config: opid_index: -1 OBSOLETE_local: false peers { permanent_uuid: "3d39dee9eed843008d0edf2429fd40e3" member_type: VOTER last_known_addr { host: "127.9.47.4" port: 36941 } } peers { permanent_uuid: "2c071107e0354e23aac8e948b284c590" member_type: VOTER last_known_addr { host: "127.9.47.6" port: 43493 } } peers { permanent_uuid: "4b79089e2a42436cb030604843bf9c41" member_type: VOTER last_known_addr { host: "127.9.47.5" port: 43783 } } peers { permanent_uuid: "f7ce9580dd4745cea65a2c73dbc16dcc" member_type: VOTER last_known_addr { host: "127.9.47.7" port: 40193 } } peers { permanent_uuid: "0dc9d05da19c4bcd9420774d3664a61e" member_type: VOTER last_known_addr { host: "127.9.47.3" port: 37199 } } peers { permanent_uuid: "b94ccd0173384e4dbabbbe959f61d7f3" member_type: VOTER last_known_addr { host: "127.9.47.2" port: 33623 } } peers { permanent_uuid: "2c42fe68bc784e2386096b19511768b0" member_type: VOTER last_known_addr { host: "127.9.47.1" port: 35839 } }
I20260812 06:36:06.350715 12311 leader_election.cc:290] T 3fa0a9ffa3184a3fbfc9020bc3105bda P 2c071107e0354e23aac8e948b284c590 [CANDIDATE]: Term 7 pre-election: Requested pre-vote from peers 3d39dee9eed843008d0edf2429fd40e3 (127.9.47.4:36941), 4b79089e2a42436cb030604843bf9c41 (127.9.47.5:43783), f7ce9580dd4745cea65a2c73dbc16dcc (127.9.47.7:40193), 0dc9d05da19c4bcd9420774d3664a61e (127.9.47.3:37199), b94ccd0173384e4dbabbbe959f61d7f3 (127.9.47.2:33623), 2c42fe68bc784e2386096b19511768b0 (127.9.47.1:35839)
I20260812 06:36:06.351045 10748 tablet_service.cc:1917] Received RequestConsensusVote() RPC: tablet_id: "3fa0a9ffa3184a3fbfc9020bc3105bda" candidate_uuid: "2c071107e0354e23aac8e948b284c590" candidate_term: 7 candidate_status { last_received { term: 6 index: 22 } } ignore_live_leader: false dest_uuid: "4b79089e2a42436cb030604843bf9c41" is_pre_election: true
I20260812 06:36:06.351202 10748 raft_consensus.cc:2393] T 3fa0a9ffa3184a3fbfc9020bc3105bda P 4b79089e2a42436cb030604843bf9c41 [term 7 FOLLOWER]: Leader pre-election vote request: Denying vote to candidate 2c071107e0354e23aac8e948b284c590 in current term 7: Already voted for candidate b94ccd0173384e4dbabbbe959f61d7f3 in this term.
W20260812 06:36:06.351280 11907 fault_injection.cc:43] FAULT INJECTION ENABLED!
W20260812 06:36:06.351325 11907 fault_injection.cc:44] THIS SERVER MAY CRASH!
I20260812 06:36:06.351626 11035 tablet_service.cc:1917] Received RequestConsensusVote() RPC: tablet_id: "3fa0a9ffa3184a3fbfc9020bc3105bda" candidate_uuid: "2c071107e0354e23aac8e948b284c590" candidate_term: 7 candidate_status { last_received { term: 6 index: 22 } } ignore_live_leader: false dest_uuid: "f7ce9580dd4745cea65a2c73dbc16dcc" is_pre_election: true
I20260812 06:36:06.351619 10463 tablet_service.cc:1917] Received RequestConsensusVote() RPC: tablet_id: "3fa0a9ffa3184a3fbfc9020bc3105bda" candidate_uuid: "2c071107e0354e23aac8e948b284c590" candidate_term: 7 candidate_status { last_received { term: 6 index: 22 } } ignore_live_leader: false dest_uuid: "0dc9d05da19c4bcd9420774d3664a61e" is_pre_election: true
I20260812 06:36:06.351773 10463 raft_consensus.cc:2393] T 3fa0a9ffa3184a3fbfc9020bc3105bda P 0dc9d05da19c4bcd9420774d3664a61e [term 7 FOLLOWER]: Leader pre-election vote request: Denying vote to candidate 2c071107e0354e23aac8e948b284c590 in current term 7: Already voted for candidate b94ccd0173384e4dbabbbe959f61d7f3 in this term.
I20260812 06:36:06.351773 11035 raft_consensus.cc:2393] T 3fa0a9ffa3184a3fbfc9020bc3105bda P f7ce9580dd4745cea65a2c73dbc16dcc [term 7 FOLLOWER]: Leader pre-election vote request: Denying vote to candidate 2c071107e0354e23aac8e948b284c590 in current term 7: Already voted for candidate b94ccd0173384e4dbabbbe959f61d7f3 in this term.
I20260812 06:36:06.352201 11307 tablet_service.cc:1917] Received RequestConsensusVote() RPC: tablet_id: "3fa0a9ffa3184a3fbfc9020bc3105bda" candidate_uuid: "2c071107e0354e23aac8e948b284c590" candidate_term: 7 candidate_status { last_received { term: 6 index: 22 } } ignore_live_leader: false dest_uuid: "b94ccd0173384e4dbabbbe959f61d7f3" is_pre_election: true
I20260812 06:36:06.352664 11466 raft_consensus.cc:3060] T 3fa0a9ffa3184a3fbfc9020bc3105bda P 2c071107e0354e23aac8e948b284c590 [term 6 FOLLOWER]: Advancing to term 7
I20260812 06:36:06.352888 12048 raft_consensus.cc:3060] T 3fa0a9ffa3184a3fbfc9020bc3105bda P 3d39dee9eed843008d0edf2429fd40e3 [term 6 FOLLOWER]: Advancing to term 7
I20260812 06:36:06.352991 10463 raft_consensus.cc:1275] T 3fa0a9ffa3184a3fbfc9020bc3105bda P 0dc9d05da19c4bcd9420774d3664a61e [term 7 FOLLOWER]: Refusing update from remote peer b94ccd0173384e4dbabbbe959f61d7f3: Log matching property violated. Preceding OpId in replica: term: 6 index: 23. Preceding OpId from leader: term: 7 index: 25. (index mismatch)
I20260812 06:36:06.353057 11035 raft_consensus.cc:1275] T 3fa0a9ffa3184a3fbfc9020bc3105bda P f7ce9580dd4745cea65a2c73dbc16dcc [term 7 FOLLOWER]: Refusing update from remote peer b94ccd0173384e4dbabbbe959f61d7f3: Log matching property violated. Preceding OpId in replica: term: 6 index: 23. Preceding OpId from leader: term: 7 index: 25. (index mismatch)
I20260812 06:36:06.353334 10748 raft_consensus.cc:1275] T 3fa0a9ffa3184a3fbfc9020bc3105bda P 4b79089e2a42436cb030604843bf9c41 [term 7 FOLLOWER]: Refusing update from remote peer b94ccd0173384e4dbabbbe959f61d7f3: Log matching property violated. Preceding OpId in replica: term: 6 index: 23. Preceding OpId from leader: term: 7 index: 25. (index mismatch)
I20260812 06:36:06.353603 11413 leader_election.cc:304] T 3fa0a9ffa3184a3fbfc9020bc3105bda P 2c071107e0354e23aac8e948b284c590 [CANDIDATE]: Term 7 pre-election: Election decided. Result: candidate lost. Election summary: received 5 responses out of 7 voters: 1 yes votes; 4 no votes. yes voters: 2c071107e0354e23aac8e948b284c590; no voters: 0dc9d05da19c4bcd9420774d3664a61e, 4b79089e2a42436cb030604843bf9c41, b94ccd0173384e4dbabbbe959f61d7f3, f7ce9580dd4745cea65a2c73dbc16dcc
I20260812 06:36:06.353899 11466 raft_consensus.cc:1275] T 3fa0a9ffa3184a3fbfc9020bc3105bda P 2c071107e0354e23aac8e948b284c590 [term 7 FOLLOWER]: Refusing update from remote peer b94ccd0173384e4dbabbbe959f61d7f3: Log matching property violated. Preceding OpId in replica: term: 6 index: 22. Preceding OpId from leader: term: 7 index: 25. (index mismatch)
I20260812 06:36:06.353955 12312 consensus_queue.cc:1048] T 3fa0a9ffa3184a3fbfc9020bc3105bda P b94ccd0173384e4dbabbbe959f61d7f3 [LEADER]: Connected to new peer: Peer: permanent_uuid: "f7ce9580dd4745cea65a2c73dbc16dcc" member_type: VOTER last_known_addr { host: "127.9.47.7" port: 40193 }, Status: LMP_MISMATCH, Last received: 0.0, Next index: 24, Last known committed idx: 20, Time since last communication: 0.000s
I20260812 06:36:06.354158 12048 raft_consensus.cc:1275] T 3fa0a9ffa3184a3fbfc9020bc3105bda P 3d39dee9eed843008d0edf2429fd40e3 [term 7 FOLLOWER]: Refusing update from remote peer b94ccd0173384e4dbabbbe959f61d7f3: Log matching property violated. Preceding OpId in replica: term: 6 index: 23. Preceding OpId from leader: term: 7 index: 25. (index mismatch)
I20260812 06:36:06.354265 12304 consensus_queue.cc:1048] T 3fa0a9ffa3184a3fbfc9020bc3105bda P b94ccd0173384e4dbabbbe959f61d7f3 [LEADER]: Connected to new peer: Peer: permanent_uuid: "0dc9d05da19c4bcd9420774d3664a61e" member_type: VOTER last_known_addr { host: "127.9.47.3" port: 37199 }, Status: LMP_MISMATCH, Last received: 0.0, Next index: 24, Last known committed idx: 20, Time since last communication: 0.000s
I20260812 06:36:06.354547 12304 consensus_queue.cc:1048] T 3fa0a9ffa3184a3fbfc9020bc3105bda P b94ccd0173384e4dbabbbe959f61d7f3 [LEADER]: Connected to new peer: Peer: permanent_uuid: "2c071107e0354e23aac8e948b284c590" member_type: VOTER last_known_addr { host: "127.9.47.6" port: 43493 }, Status: LMP_MISMATCH, Last received: 0.0, Next index: 24, Last known committed idx: 20, Time since last communication: 0.000s
I20260812 06:36:06.354859 12304 consensus_queue.cc:1048] T 3fa0a9ffa3184a3fbfc9020bc3105bda P b94ccd0173384e4dbabbbe959f61d7f3 [LEADER]: Connected to new peer: Peer: permanent_uuid: "4b79089e2a42436cb030604843bf9c41" member_type: VOTER last_known_addr { host: "127.9.47.5" port: 43783 }, Status: LMP_MISMATCH, Last received: 0.0, Next index: 24, Last known committed idx: 20, Time since last communication: 0.000s
I20260812 06:36:06.354967 12316 consensus_queue.cc:1048] T 3fa0a9ffa3184a3fbfc9020bc3105bda P b94ccd0173384e4dbabbbe959f61d7f3 [LEADER]: Connected to new peer: Peer: permanent_uuid: "3d39dee9eed843008d0edf2429fd40e3" member_type: VOTER last_known_addr { host: "127.9.47.4" port: 36941 }, Status: LMP_MISMATCH, Last received: 0.0, Next index: 24, Last known committed idx: 20, Time since last communication: 0.000s
I20260812 06:36:06.355515 12239 raft_consensus.cc:3060] T 3fa0a9ffa3184a3fbfc9020bc3105bda P 2c42fe68bc784e2386096b19511768b0 [term 6 FOLLOWER]: Advancing to term 7
W20260812 06:36:06.356666 11202 log.cc:510] T 3fa0a9ffa3184a3fbfc9020bc3105bda P 0dc9d05da19c4bcd9420774d3664a61e: Injecting 55ms of latency in SegmentAllocator::Sync()
W20260812 06:36:06.357066 11717 log.cc:510] T 3fa0a9ffa3184a3fbfc9020bc3105bda P f7ce9580dd4745cea65a2c73dbc16dcc: Injecting 49ms of latency in SegmentAllocator::Sync()
W20260812 06:36:06.357342 11714 log.cc:510] T 3fa0a9ffa3184a3fbfc9020bc3105bda P 4b79089e2a42436cb030604843bf9c41: Injecting 17ms of latency in SegmentAllocator::Sync()
I20260812 06:36:06.357769 12239 raft_consensus.cc:1275] T 3fa0a9ffa3184a3fbfc9020bc3105bda P 2c42fe68bc784e2386096b19511768b0 [term 7 FOLLOWER]: Refusing update from remote peer b94ccd0173384e4dbabbbe959f61d7f3: Log matching property violated. Preceding OpId in replica: term: 6 index: 22. Preceding OpId from leader: term: 7 index: 25. (index mismatch)
I20260812 06:36:06.358292 12311 raft_consensus.cc:2749] T 3fa0a9ffa3184a3fbfc9020bc3105bda P 2c071107e0354e23aac8e948b284c590 [term 7 FOLLOWER]: Leader pre-election lost for term 7. Reason: could not achieve majority
W20260812 06:36:06.359241 11733 log.cc:510] T 3fa0a9ffa3184a3fbfc9020bc3105bda P 2c071107e0354e23aac8e948b284c590: Injecting 57ms of latency in SegmentAllocator::Sync()
I20260812 06:36:06.359474 11907 consensus_queue.cc:1048] T 3fa0a9ffa3184a3fbfc9020bc3105bda P b94ccd0173384e4dbabbbe959f61d7f3 [LEADER]: Connected to new peer: Peer: permanent_uuid: "2c42fe68bc784e2386096b19511768b0" member_type: VOTER last_known_addr { host: "127.9.47.1" port: 35839 }, Status: LMP_MISMATCH, Last received: 0.0, Next index: 24, Last known committed idx: 20, Time since last communication: 0.000s
I20260812 06:36:06.360978 12234 tablet_service.cc:1917] Received RequestConsensusVote() RPC: tablet_id: "3fa0a9ffa3184a3fbfc9020bc3105bda" candidate_uuid: "2c071107e0354e23aac8e948b284c590" candidate_term: 7 candidate_status { last_received { term: 6 index: 22 } } ignore_live_leader: false dest_uuid: "2c42fe68bc784e2386096b19511768b0" is_pre_election: true
I20260812 06:36:06.361204 12234 raft_consensus.cc:2468] T 3fa0a9ffa3184a3fbfc9020bc3105bda P 2c42fe68bc784e2386096b19511768b0 [term 7 FOLLOWER]: Leader pre-election vote request: Granting yes vote for candidate 2c071107e0354e23aac8e948b284c590 in term 7.
W20260812 06:36:06.363659 12319 log.cc:510] T 3fa0a9ffa3184a3fbfc9020bc3105bda P 2c42fe68bc784e2386096b19511768b0: Injecting 28ms of latency in SegmentAllocator::Sync()
I20260812 06:36:06.364244 12048 tablet_service.cc:1917] Received RequestConsensusVote() RPC: tablet_id: "3fa0a9ffa3184a3fbfc9020bc3105bda" candidate_uuid: "2c071107e0354e23aac8e948b284c590" candidate_term: 7 candidate_status { last_received { term: 6 index: 22 } } ignore_live_leader: false dest_uuid: "3d39dee9eed843008d0edf2429fd40e3" is_pre_election: true
W20260812 06:36:06.372166 10408 tablet_service.cc:731] failed op from {username='slave'} at 127.0.0.1:44116: Illegal state: replica 0dc9d05da19c4bcd9420774d3664a61e is not leader of this config: current role FOLLOWER
W20260812 06:36:06.373133 10408 tablet_service.cc:731] failed op from {username='slave'} at 127.0.0.1:44116: Illegal state: replica 0dc9d05da19c4bcd9420774d3664a61e is not leader of this config: current role FOLLOWER
W20260812 06:36:06.401604 12001 tablet_service.cc:731] failed op from {username='slave'} at 127.0.0.1:54042: Illegal state: replica 3d39dee9eed843008d0edf2429fd40e3 is not leader of this config: current role FOLLOWER
I20260812 06:36:06.411463 12308 mvcc.cc:204] Tried to move back new op lower bound from 7317571855770918912 to 7317571855634243584. Current Snapshot: MvccSnapshot[applied={T|T < 7317571854110425088}]
W20260812 06:36:06.414458 11392 log.cc:510] T 3fa0a9ffa3184a3fbfc9020bc3105bda P b94ccd0173384e4dbabbbe959f61d7f3: Injecting 136ms of latency in SegmentAllocator::Sync()
W20260812 06:36:06.415912 11717 log.cc:510] T 3fa0a9ffa3184a3fbfc9020bc3105bda P f7ce9580dd4745cea65a2c73dbc16dcc: Injecting 96ms of latency in SegmentAllocator::Sync()
I20260812 06:36:06.415843 12104 mvcc.cc:204] Tried to move back new op lower bound from 7317571855770918912 to 7317571855634243584. Current Snapshot: MvccSnapshot[applied={T|T < 7317571855770918912 or (T in {7317571855770918912})}]
W20260812 06:36:06.411844 10706 tablet_service.cc:731] failed op from {username='slave'} at 127.0.0.1:50060: Illegal state: replica 4b79089e2a42436cb030604843bf9c41 is not leader of this config: current role FOLLOWER
W20260812 06:36:06.418967 11714 log.cc:510] T 3fa0a9ffa3184a3fbfc9020bc3105bda P 4b79089e2a42436cb030604843bf9c41: Injecting 39ms of latency in SegmentAllocator::Sync()
W20260812 06:36:06.419845 10706 tablet_service.cc:731] failed op from {username='slave'} at 127.0.0.1:50060: Illegal state: replica 4b79089e2a42436cb030604843bf9c41 is not leader of this config: current role FOLLOWER
W20260812 06:36:06.422552 11733 log.cc:510] T 3fa0a9ffa3184a3fbfc9020bc3105bda P 2c071107e0354e23aac8e948b284c590: Injecting 84ms of latency in SegmentAllocator::Sync()
W20260812 06:36:06.423280 12128 log.cc:510] T 3fa0a9ffa3184a3fbfc9020bc3105bda P 3d39dee9eed843008d0edf2429fd40e3: Injecting 62ms of latency in SegmentAllocator::Sync()
W20260812 06:36:06.423703 10706 tablet_service.cc:731] failed op from {username='slave'} at 127.0.0.1:50060: Illegal state: replica 4b79089e2a42436cb030604843bf9c41 is not leader of this config: current role FOLLOWER
W20260812 06:36:06.423771 10699 tablet_service.cc:731] failed op from {username='slave'} at 127.0.0.1:50060: Illegal state: replica 4b79089e2a42436cb030604843bf9c41 is not leader of this config: current role FOLLOWER
W20260812 06:36:06.426994 12001 tablet_service.cc:731] failed op from {username='slave'} at 127.0.0.1:54042: Illegal state: replica 3d39dee9eed843008d0edf2429fd40e3 is not leader of this config: current role FOLLOWER
W20260812 06:36:06.428157 12001 tablet_service.cc:731] failed op from {username='slave'} at 127.0.0.1:54042: Illegal state: replica 3d39dee9eed843008d0edf2429fd40e3 is not leader of this config: current role FOLLOWER
W20260812 06:36:06.430384 12001 tablet_service.cc:731] failed op from {username='slave'} at 127.0.0.1:54042: Illegal state: replica 3d39dee9eed843008d0edf2429fd40e3 is not leader of this config: current role FOLLOWER
W20260812 06:36:06.431269 11424 tablet_service.cc:731] failed op from {username='slave'} at 127.0.0.1:48322: Illegal state: replica 2c071107e0354e23aac8e948b284c590 is not leader of this config: current role FOLLOWER
W20260812 06:36:06.431414 11423 tablet_service.cc:731] failed op from {username='slave'} at 127.0.0.1:48322: Illegal state: replica 2c071107e0354e23aac8e948b284c590 is not leader of this config: current role FOLLOWER
W20260812 06:36:06.434521 11423 tablet_service.cc:731] failed op from {username='slave'} at 127.0.0.1:48322: Illegal state: replica 2c071107e0354e23aac8e948b284c590 is not leader of this config: current role FOLLOWER
W20260812 06:36:06.435663 11423 tablet_service.cc:731] failed op from {username='slave'} at 127.0.0.1:48322: Illegal state: replica 2c071107e0354e23aac8e948b284c590 is not leader of this config: current role FOLLOWER
W20260812 06:36:06.438705 10990 tablet_service.cc:731] failed op from {username='slave'} at 127.0.0.1:41406: Illegal state: replica f7ce9580dd4745cea65a2c73dbc16dcc is not leader of this config: current role FOLLOWER
W20260812 06:36:06.440701 10990 tablet_service.cc:731] failed op from {username='slave'} at 127.0.0.1:41406: Illegal state: replica f7ce9580dd4745cea65a2c73dbc16dcc is not leader of this config: current role FOLLOWER
W20260812 06:36:06.441606 10990 tablet_service.cc:731] failed op from {username='slave'} at 127.0.0.1:41406: Illegal state: replica f7ce9580dd4745cea65a2c73dbc16dcc is not leader of this config: current role FOLLOWER
W20260812 06:36:06.444722 10408 tablet_service.cc:731] failed op from {username='slave'} at 127.0.0.1:44116: Illegal state: replica 0dc9d05da19c4bcd9420774d3664a61e is not leader of this config: current role FOLLOWER
W20260812 06:36:06.448720 10408 tablet_service.cc:731] failed op from {username='slave'} at 127.0.0.1:44116: Illegal state: replica 0dc9d05da19c4bcd9420774d3664a61e is not leader of this config: current role FOLLOWER
W20260812 06:36:06.450656 10408 tablet_service.cc:731] failed op from {username='slave'} at 127.0.0.1:44116: Illegal state: replica 0dc9d05da19c4bcd9420774d3664a61e is not leader of this config: current role FOLLOWER
W20260812 06:36:06.486140 10990 tablet_service.cc:731] failed op from {username='slave'} at 127.0.0.1:41406: Illegal state: replica f7ce9580dd4745cea65a2c73dbc16dcc is not leader of this config: current role FOLLOWER
W20260812 06:36:06.490226 10990 tablet_service.cc:731] failed op from {username='slave'} at 127.0.0.1:41406: Illegal state: replica f7ce9580dd4745cea65a2c73dbc16dcc is not leader of this config: current role FOLLOWER
W20260812 06:36:06.492693 11202 log.cc:510] T 3fa0a9ffa3184a3fbfc9020bc3105bda P 0dc9d05da19c4bcd9420774d3664a61e: Injecting 96ms of latency in SegmentAllocator::Sync()
W20260812 06:36:06.492890 12128 log.cc:510] T 3fa0a9ffa3184a3fbfc9020bc3105bda P 3d39dee9eed843008d0edf2429fd40e3: Injecting 57ms of latency in SegmentAllocator::Sync()
W20260812 06:36:06.493474 11714 log.cc:510] T 3fa0a9ffa3184a3fbfc9020bc3105bda P 4b79089e2a42436cb030604843bf9c41: Injecting 4ms of latency in SegmentAllocator::Sync()
W20260812 06:36:06.493652 12319 log.cc:510] T 3fa0a9ffa3184a3fbfc9020bc3105bda P 2c42fe68bc784e2386096b19511768b0: Injecting 16ms of latency in SegmentAllocator::Sync()
W20260812 06:36:06.494376 12001 tablet_service.cc:731] failed op from {username='slave'} at 127.0.0.1:54042: Illegal state: replica 3d39dee9eed843008d0edf2429fd40e3 is not leader of this config: current role FOLLOWER
W20260812 06:36:06.495324 12001 tablet_service.cc:731] failed op from {username='slave'} at 127.0.0.1:54042: Illegal state: replica 3d39dee9eed843008d0edf2429fd40e3 is not leader of this config: current role FOLLOWER
W20260812 06:36:06.497504 11423 tablet_service.cc:731] failed op from {username='slave'} at 127.0.0.1:48322: Illegal state: replica 2c071107e0354e23aac8e948b284c590 is not leader of this config: current role FOLLOWER
