I20260812 06:36:54.201774 12433 tablet_service.cc:1511] Processing CreateTablet for tablet 8048e3d46cc94efb86b5e0e2dca55730 (DEFAULT_TABLE table=TestTableListPartition [id=af10c80c29bc42a5908825419c5d1f36]), partition=HASH (key_hash0) PARTITION 1, HASH (key_hash1, key_hash2) PARTITION 0, RANGE (key_range) PARTITION 2 <= VALUES < 3
I20260812 06:36:54.201815 12432 tablet_service.cc:1511] Processing CreateTablet for tablet 7f7777eb83fc44f4b3fa6b2a7dfde3aa (DEFAULT_TABLE table=TestTableListPartition [id=af10c80c29bc42a5908825419c5d1f36]), partition=HASH (key_hash0) PARTITION 1, HASH (key_hash1, key_hash2) PARTITION 1, RANGE (key_range) PARTITION 0 <= VALUES < 1
I20260812 06:36:54.202026 12433 data_dirs.cc:400] Could only allocate 1 dirs of requested 3 for tablet 8048e3d46cc94efb86b5e0e2dca55730. 1 dirs total, 0 dirs full, 0 dirs failed
I20260812 06:36:54.202139 12426 tablet_service.cc:1511] Processing CreateTablet for tablet 34a5542b61a14ac1a410af59495eb8eb (DEFAULT_TABLE table=TestTableListPartition [id=af10c80c29bc42a5908825419c5d1f36]), partition=HASH (key_hash0) PARTITION 1, HASH (key_hash1, key_hash2) PARTITION 2, RANGE (key_range) PARTITION 0 <= VALUES < 1
I20260812 06:36:54.201534 12438 tablet_service.cc:1511] Processing CreateTablet for tablet 2a55a68aa2b649718b7924f7ce5a91fc (DEFAULT_TABLE table=TestTableListPartition [id=af10c80c29bc42a5908825419c5d1f36]), partition=HASH (key_hash0) PARTITION 0, HASH (key_hash1, key_hash2) PARTITION 2, RANGE (key_range) PARTITION 0 <= VALUES < 1
I20260812 06:36:54.203979 12428 tablet_service.cc:1511] Processing CreateTablet for tablet 7bc8666da995468984b287f083cdbfe8 (DEFAULT_TABLE table=TestTableListPartition [id=af10c80c29bc42a5908825419c5d1f36]), partition=HASH (key_hash0) PARTITION 1, HASH (key_hash1, key_hash2) PARTITION 1, RANGE (key_range) PARTITION 2 <= VALUES < 3
I20260812 06:36:54.204250 12425 tablet_service.cc:1511] Processing CreateTablet for tablet f9728b8353214f1493197617745a0638 (DEFAULT_TABLE table=TestTableListPartition [id=af10c80c29bc42a5908825419c5d1f36]), partition=HASH (key_hash0) PARTITION 1, HASH (key_hash1, key_hash2) PARTITION 2, RANGE (key_range) PARTITION 2 <= VALUES < 3
I20260812 06:36:54.204460 12578 tablet_bootstrap.cc:492] T 640028552cb642b7be2900dfcbd74e0a P 12353d5a0e65425ea7e3ac742ec12bf6: Bootstrap starting.
I20260812 06:36:54.205286 12578 tablet_bootstrap.cc:654] T 640028552cb642b7be2900dfcbd74e0a P 12353d5a0e65425ea7e3ac742ec12bf6: Neither blocks nor log segments found. Creating new log.
I20260812 06:36:54.206048 12426 data_dirs.cc:400] Could only allocate 1 dirs of requested 3 for tablet 34a5542b61a14ac1a410af59495eb8eb. 1 dirs total, 0 dirs full, 0 dirs failed
I20260812 06:36:54.206486 12578 tablet_bootstrap.cc:492] T 640028552cb642b7be2900dfcbd74e0a P 12353d5a0e65425ea7e3ac742ec12bf6: No bootstrap required, opened a new log
I20260812 06:36:54.206573 12578 ts_tablet_manager.cc:1403] T 640028552cb642b7be2900dfcbd74e0a P 12353d5a0e65425ea7e3ac742ec12bf6: Time spent bootstrapping tablet: real 0.002s	user 0.001s	sys 0.000s
I20260812 06:36:54.206791 12438 data_dirs.cc:400] Could only allocate 1 dirs of requested 3 for tablet 2a55a68aa2b649718b7924f7ce5a91fc. 1 dirs total, 0 dirs full, 0 dirs failed
I20260812 06:36:54.207208 12578 raft_consensus.cc:359] T 640028552cb642b7be2900dfcbd74e0a P 12353d5a0e65425ea7e3ac742ec12bf6 [term 0 FOLLOWER]: Replica starting. Triggering 0 pending ops. Active config: opid_index: -1 OBSOLETE_local: true peers { permanent_uuid: "12353d5a0e65425ea7e3ac742ec12bf6" member_type: VOTER last_known_addr { host: "127.4.66.193" port: 42007 } }
I20260812 06:36:54.207299 12578 raft_consensus.cc:385] T 640028552cb642b7be2900dfcbd74e0a P 12353d5a0e65425ea7e3ac742ec12bf6 [term 0 FOLLOWER]: Consensus starting up: Expiring failure detector timer to make a prompt election more likely
I20260812 06:36:54.207330 12578 raft_consensus.cc:740] T 640028552cb642b7be2900dfcbd74e0a P 12353d5a0e65425ea7e3ac742ec12bf6 [term 0 FOLLOWER]: Becoming Follower/Learner. State: Replica: 12353d5a0e65425ea7e3ac742ec12bf6, State: Initialized, Role: FOLLOWER
I20260812 06:36:54.207479 12578 consensus_queue.cc:260] T 640028552cb642b7be2900dfcbd74e0a P 12353d5a0e65425ea7e3ac742ec12bf6 [NON_LEADER]: Queue going to NON_LEADER mode. State: All replicated index: 0, Majority replicated index: 0, Committed index: 0, Last appended: 0.0, Last appended by leader: 0, Current term: 0, Majority size: -1, State: 0, Mode: NON_LEADER, active raft config: opid_index: -1 OBSOLETE_local: true peers { permanent_uuid: "12353d5a0e65425ea7e3ac742ec12bf6" member_type: VOTER last_known_addr { host: "127.4.66.193" port: 42007 } }
I20260812 06:36:54.207564 12578 raft_consensus.cc:399] T 640028552cb642b7be2900dfcbd74e0a P 12353d5a0e65425ea7e3ac742ec12bf6 [term 0 FOLLOWER]: Only one voter in the Raft config. Triggering election immediately
I20260812 06:36:54.207603 12578 raft_consensus.cc:493] T 640028552cb642b7be2900dfcbd74e0a P 12353d5a0e65425ea7e3ac742ec12bf6 [term 0 FOLLOWER]: Starting leader election (initial election of a single-replica configuration)
I20260812 06:36:54.207643 12578 raft_consensus.cc:3060] T 640028552cb642b7be2900dfcbd74e0a P 12353d5a0e65425ea7e3ac742ec12bf6 [term 0 FOLLOWER]: Advancing to term 1
I20260812 06:36:54.208415 12428 data_dirs.cc:400] Could only allocate 1 dirs of requested 3 for tablet 7bc8666da995468984b287f083cdbfe8. 1 dirs total, 0 dirs full, 0 dirs failed
I20260812 06:36:54.208478 12578 raft_consensus.cc:515] T 640028552cb642b7be2900dfcbd74e0a P 12353d5a0e65425ea7e3ac742ec12bf6 [term 1 FOLLOWER]: Starting leader election with config: opid_index: -1 OBSOLETE_local: true peers { permanent_uuid: "12353d5a0e65425ea7e3ac742ec12bf6" member_type: VOTER last_known_addr { host: "127.4.66.193" port: 42007 } }
I20260812 06:36:54.208606 12578 leader_election.cc:304] T 640028552cb642b7be2900dfcbd74e0a P 12353d5a0e65425ea7e3ac742ec12bf6 [CANDIDATE]: Term 1 election: Election decided. Result: candidate won. Election summary: received 1 responses out of 1 voters: 1 yes votes; 0 no votes. yes voters: 12353d5a0e65425ea7e3ac742ec12bf6; no voters: 
I20260812 06:36:54.208709 12578 leader_election.cc:290] T 640028552cb642b7be2900dfcbd74e0a P 12353d5a0e65425ea7e3ac742ec12bf6 [CANDIDATE]: Term 1 election: Requested vote from peers 
I20260812 06:36:54.208846 12583 raft_consensus.cc:2804] T 640028552cb642b7be2900dfcbd74e0a P 12353d5a0e65425ea7e3ac742ec12bf6 [term 1 FOLLOWER]: Leader election won for term 1
I20260812 06:36:54.208905 12425 data_dirs.cc:400] Could only allocate 1 dirs of requested 3 for tablet f9728b8353214f1493197617745a0638. 1 dirs total, 0 dirs full, 0 dirs failed
I20260812 06:36:54.208925 12583 raft_consensus.cc:697] T 640028552cb642b7be2900dfcbd74e0a P 12353d5a0e65425ea7e3ac742ec12bf6 [term 1 LEADER]: Becoming Leader. State: Replica: 12353d5a0e65425ea7e3ac742ec12bf6, State: Running, Role: LEADER
I20260812 06:36:54.209038 12583 consensus_queue.cc:237] T 640028552cb642b7be2900dfcbd74e0a P 12353d5a0e65425ea7e3ac742ec12bf6 [LEADER]: Queue going to LEADER mode. State: All replicated index: 0, Majority replicated index: 0, Committed index: 0, Last appended: 0.0, Last appended by leader: 0, Current term: 1, Majority size: 1, State: 0, Mode: LEADER, active raft config: opid_index: -1 OBSOLETE_local: true peers { permanent_uuid: "12353d5a0e65425ea7e3ac742ec12bf6" member_type: VOTER last_known_addr { host: "127.4.66.193" port: 42007 } }
I20260812 06:36:54.209713 12578 ts_tablet_manager.cc:1434] T 640028552cb642b7be2900dfcbd74e0a P 12353d5a0e65425ea7e3ac742ec12bf6: Time spent starting tablet: real 0.003s	user 0.003s	sys 0.000s
I20260812 06:36:54.209756 12432 data_dirs.cc:400] Could only allocate 1 dirs of requested 3 for tablet 7f7777eb83fc44f4b3fa6b2a7dfde3aa. 1 dirs total, 0 dirs full, 0 dirs failed
I20260812 06:36:54.211663 12578 tablet_bootstrap.cc:492] T a7aa79629d38401097ddd7a84511273e P 12353d5a0e65425ea7e3ac742ec12bf6: Bootstrap starting.
I20260812 06:36:54.212394 12241 catalog_manager.cc:5719] T 640028552cb642b7be2900dfcbd74e0a P 12353d5a0e65425ea7e3ac742ec12bf6 reported cstate change: term changed from 0 to 1, leader changed from <none> to 12353d5a0e65425ea7e3ac742ec12bf6 (127.4.66.193). New cstate: current_term: 1 leader_uuid: "12353d5a0e65425ea7e3ac742ec12bf6" committed_config { opid_index: -1 OBSOLETE_local: true peers { permanent_uuid: "12353d5a0e65425ea7e3ac742ec12bf6" member_type: VOTER last_known_addr { host: "127.4.66.193" port: 42007 } health_report { overall_health: HEALTHY } } }
I20260812 06:36:54.213081 12578 tablet_bootstrap.cc:654] T a7aa79629d38401097ddd7a84511273e P 12353d5a0e65425ea7e3ac742ec12bf6: Neither blocks nor log segments found. Creating new log.
I20260812 06:36:54.214422 12578 tablet_bootstrap.cc:492] T a7aa79629d38401097ddd7a84511273e P 12353d5a0e65425ea7e3ac742ec12bf6: No bootstrap required, opened a new log
I20260812 06:36:54.214540 12578 ts_tablet_manager.cc:1403] T a7aa79629d38401097ddd7a84511273e P 12353d5a0e65425ea7e3ac742ec12bf6: Time spent bootstrapping tablet: real 0.003s	user 0.002s	sys 0.000s
I20260812 06:36:54.215070 12578 raft_consensus.cc:359] T a7aa79629d38401097ddd7a84511273e P 12353d5a0e65425ea7e3ac742ec12bf6 [term 0 FOLLOWER]: Replica starting. Triggering 0 pending ops. Active config: opid_index: -1 OBSOLETE_local: true peers { permanent_uuid: "12353d5a0e65425ea7e3ac742ec12bf6" member_type: VOTER last_known_addr { host: "127.4.66.193" port: 42007 } }
I20260812 06:36:54.215178 12578 raft_consensus.cc:385] T a7aa79629d38401097ddd7a84511273e P 12353d5a0e65425ea7e3ac742ec12bf6 [term 0 FOLLOWER]: Consensus starting up: Expiring failure detector timer to make a prompt election more likely
I20260812 06:36:54.215215 12578 raft_consensus.cc:740] T a7aa79629d38401097ddd7a84511273e P 12353d5a0e65425ea7e3ac742ec12bf6 [term 0 FOLLOWER]: Becoming Follower/Learner. State: Replica: 12353d5a0e65425ea7e3ac742ec12bf6, State: Initialized, Role: FOLLOWER
I20260812 06:36:54.215364 12578 consensus_queue.cc:260] T a7aa79629d38401097ddd7a84511273e P 12353d5a0e65425ea7e3ac742ec12bf6 [NON_LEADER]: Queue going to NON_LEADER mode. State: All replicated index: 0, Majority replicated index: 0, Committed index: 0, Last appended: 0.0, Last appended by leader: 0, Current term: 0, Majority size: -1, State: 0, Mode: NON_LEADER, active raft config: opid_index: -1 OBSOLETE_local: true peers { permanent_uuid: "12353d5a0e65425ea7e3ac742ec12bf6" member_type: VOTER last_known_addr { host: "127.4.66.193" port: 42007 } }
I20260812 06:36:54.215510 12578 raft_consensus.cc:399] T a7aa79629d38401097ddd7a84511273e P 12353d5a0e65425ea7e3ac742ec12bf6 [term 0 FOLLOWER]: Only one voter in the Raft config. Triggering election immediately
I20260812 06:36:54.215559 12578 raft_consensus.cc:493] T a7aa79629d38401097ddd7a84511273e P 12353d5a0e65425ea7e3ac742ec12bf6 [term 0 FOLLOWER]: Starting leader election (initial election of a single-replica configuration)
I20260812 06:36:54.215642 12578 raft_consensus.cc:3060] T a7aa79629d38401097ddd7a84511273e P 12353d5a0e65425ea7e3ac742ec12bf6 [term 0 FOLLOWER]: Advancing to term 1
I20260812 06:36:54.216661 12578 raft_consensus.cc:515] T a7aa79629d38401097ddd7a84511273e P 12353d5a0e65425ea7e3ac742ec12bf6 [term 1 FOLLOWER]: Starting leader election with config: opid_index: -1 OBSOLETE_local: true peers { permanent_uuid: "12353d5a0e65425ea7e3ac742ec12bf6" member_type: VOTER last_known_addr { host: "127.4.66.193" port: 42007 } }
I20260812 06:36:54.216820 12578 leader_election.cc:304] T a7aa79629d38401097ddd7a84511273e P 12353d5a0e65425ea7e3ac742ec12bf6 [CANDIDATE]: Term 1 election: Election decided. Result: candidate won. Election summary: received 1 responses out of 1 voters: 1 yes votes; 0 no votes. yes voters: 12353d5a0e65425ea7e3ac742ec12bf6; no voters: 
I20260812 06:36:54.216926 12578 leader_election.cc:290] T a7aa79629d38401097ddd7a84511273e P 12353d5a0e65425ea7e3ac742ec12bf6 [CANDIDATE]: Term 1 election: Requested vote from peers 
I20260812 06:36:54.217190 12578 ts_tablet_manager.cc:1434] T a7aa79629d38401097ddd7a84511273e P 12353d5a0e65425ea7e3ac742ec12bf6: Time spent starting tablet: real 0.003s	user 0.001s	sys 0.000s
I20260812 06:36:54.217409 12578 tablet_bootstrap.cc:492] T d320f1a82dab4dfa9f40337a6e286cb8 P 12353d5a0e65425ea7e3ac742ec12bf6: Bootstrap starting.
I20260812 06:36:54.218008 12581 raft_consensus.cc:2804] T a7aa79629d38401097ddd7a84511273e P 12353d5a0e65425ea7e3ac742ec12bf6 [term 1 FOLLOWER]: Leader election won for term 1
I20260812 06:36:54.218123 12581 raft_consensus.cc:697] T a7aa79629d38401097ddd7a84511273e P 12353d5a0e65425ea7e3ac742ec12bf6 [term 1 LEADER]: Becoming Leader. State: Replica: 12353d5a0e65425ea7e3ac742ec12bf6, State: Running, Role: LEADER
I20260812 06:36:54.218256 12581 consensus_queue.cc:237] T a7aa79629d38401097ddd7a84511273e P 12353d5a0e65425ea7e3ac742ec12bf6 [LEADER]: Queue going to LEADER mode. State: All replicated index: 0, Majority replicated index: 0, Committed index: 0, Last appended: 0.0, Last appended by leader: 0, Current term: 1, Majority size: 1, State: 0, Mode: LEADER, active raft config: opid_index: -1 OBSOLETE_local: true peers { permanent_uuid: "12353d5a0e65425ea7e3ac742ec12bf6" member_type: VOTER last_known_addr { host: "127.4.66.193" port: 42007 } }
I20260812 06:36:54.218436 12578 tablet_bootstrap.cc:654] T d320f1a82dab4dfa9f40337a6e286cb8 P 12353d5a0e65425ea7e3ac742ec12bf6: Neither blocks nor log segments found. Creating new log.
I20260812 06:36:54.219806 12578 tablet_bootstrap.cc:492] T d320f1a82dab4dfa9f40337a6e286cb8 P 12353d5a0e65425ea7e3ac742ec12bf6: No bootstrap required, opened a new log
I20260812 06:36:54.219942 12578 ts_tablet_manager.cc:1403] T d320f1a82dab4dfa9f40337a6e286cb8 P 12353d5a0e65425ea7e3ac742ec12bf6: Time spent bootstrapping tablet: real 0.003s	user 0.002s	sys 0.000s
I20260812 06:36:54.220424 12578 raft_consensus.cc:359] T d320f1a82dab4dfa9f40337a6e286cb8 P 12353d5a0e65425ea7e3ac742ec12bf6 [term 0 FOLLOWER]: Replica starting. Triggering 0 pending ops. Active config: opid_index: -1 OBSOLETE_local: true peers { permanent_uuid: "12353d5a0e65425ea7e3ac742ec12bf6" member_type: VOTER last_known_addr { host: "127.4.66.193" port: 42007 } }
I20260812 06:36:54.220546 12578 raft_consensus.cc:385] T d320f1a82dab4dfa9f40337a6e286cb8 P 12353d5a0e65425ea7e3ac742ec12bf6 [term 0 FOLLOWER]: Consensus starting up: Expiring failure detector timer to make a prompt election more likely
I20260812 06:36:54.220480 12241 catalog_manager.cc:5719] T a7aa79629d38401097ddd7a84511273e P 12353d5a0e65425ea7e3ac742ec12bf6 reported cstate change: term changed from 0 to 1, leader changed from <none> to 12353d5a0e65425ea7e3ac742ec12bf6 (127.4.66.193). New cstate: current_term: 1 leader_uuid: "12353d5a0e65425ea7e3ac742ec12bf6" committed_config { opid_index: -1 OBSOLETE_local: true peers { permanent_uuid: "12353d5a0e65425ea7e3ac742ec12bf6" member_type: VOTER last_known_addr { host: "127.4.66.193" port: 42007 } health_report { overall_health: HEALTHY } } }
I20260812 06:36:54.220602 12578 raft_consensus.cc:740] T d320f1a82dab4dfa9f40337a6e286cb8 P 12353d5a0e65425ea7e3ac742ec12bf6 [term 0 FOLLOWER]: Becoming Follower/Learner. State: Replica: 12353d5a0e65425ea7e3ac742ec12bf6, State: Initialized, Role: FOLLOWER
I20260812 06:36:54.221050 12578 consensus_queue.cc:260] T d320f1a82dab4dfa9f40337a6e286cb8 P 12353d5a0e65425ea7e3ac742ec12bf6 [NON_LEADER]: Queue going to NON_LEADER mode. State: All replicated index: 0, Majority replicated index: 0, Committed index: 0, Last appended: 0.0, Last appended by leader: 0, Current term: 0, Majority size: -1, State: 0, Mode: NON_LEADER, active raft config: opid_index: -1 OBSOLETE_local: true peers { permanent_uuid: "12353d5a0e65425ea7e3ac742ec12bf6" member_type: VOTER last_known_addr { host: "127.4.66.193" port: 42007 } }
I20260812 06:36:54.221179 12578 raft_consensus.cc:399] T d320f1a82dab4dfa9f40337a6e286cb8 P 12353d5a0e65425ea7e3ac742ec12bf6 [term 0 FOLLOWER]: Only one voter in the Raft config. Triggering election immediately
I20260812 06:36:54.221218 12578 raft_consensus.cc:493] T d320f1a82dab4dfa9f40337a6e286cb8 P 12353d5a0e65425ea7e3ac742ec12bf6 [term 0 FOLLOWER]: Starting leader election (initial election of a single-replica configuration)
I20260812 06:36:54.221257 12578 raft_consensus.cc:3060] T d320f1a82dab4dfa9f40337a6e286cb8 P 12353d5a0e65425ea7e3ac742ec12bf6 [term 0 FOLLOWER]: Advancing to term 1
I20260812 06:36:54.222224 12578 raft_consensus.cc:515] T d320f1a82dab4dfa9f40337a6e286cb8 P 12353d5a0e65425ea7e3ac742ec12bf6 [term 1 FOLLOWER]: Starting leader election with config: opid_index: -1 OBSOLETE_local: true peers { permanent_uuid: "12353d5a0e65425ea7e3ac742ec12bf6" member_type: VOTER last_known_addr { host: "127.4.66.193" port: 42007 } }
I20260812 06:36:54.222378 12578 leader_election.cc:304] T d320f1a82dab4dfa9f40337a6e286cb8 P 12353d5a0e65425ea7e3ac742ec12bf6 [CANDIDATE]: Term 1 election: Election decided. Result: candidate won. Election summary: received 1 responses out of 1 voters: 1 yes votes; 0 no votes. yes voters: 12353d5a0e65425ea7e3ac742ec12bf6; no voters: 
I20260812 06:36:54.222496 12578 leader_election.cc:290] T d320f1a82dab4dfa9f40337a6e286cb8 P 12353d5a0e65425ea7e3ac742ec12bf6 [CANDIDATE]: Term 1 election: Requested vote from peers 
I20260812 06:36:54.222537 12580 raft_consensus.cc:2804] T d320f1a82dab4dfa9f40337a6e286cb8 P 12353d5a0e65425ea7e3ac742ec12bf6 [term 1 FOLLOWER]: Leader election won for term 1
I20260812 06:36:54.222625 12580 raft_consensus.cc:697] T d320f1a82dab4dfa9f40337a6e286cb8 P 12353d5a0e65425ea7e3ac742ec12bf6 [term 1 LEADER]: Becoming Leader. State: Replica: 12353d5a0e65425ea7e3ac742ec12bf6, State: Running, Role: LEADER
I20260812 06:36:54.222733 12580 consensus_queue.cc:237] T d320f1a82dab4dfa9f40337a6e286cb8 P 12353d5a0e65425ea7e3ac742ec12bf6 [LEADER]: Queue going to LEADER mode. State: All replicated index: 0, Majority replicated index: 0, Committed index: 0, Last appended: 0.0, Last appended by leader: 0, Current term: 1, Majority size: 1, State: 0, Mode: LEADER, active raft config: opid_index: -1 OBSOLETE_local: true peers { permanent_uuid: "12353d5a0e65425ea7e3ac742ec12bf6" member_type: VOTER last_known_addr { host: "127.4.66.193" port: 42007 } }
I20260812 06:36:54.222822 12578 ts_tablet_manager.cc:1434] T d320f1a82dab4dfa9f40337a6e286cb8 P 12353d5a0e65425ea7e3ac742ec12bf6: Time spent starting tablet: real 0.003s	user 0.002s	sys 0.000s
I20260812 06:36:54.222971 12578 tablet_bootstrap.cc:492] T db1b9def0328415a9705cf0af6fface1 P 12353d5a0e65425ea7e3ac742ec12bf6: Bootstrap starting.
I20260812 06:36:54.224071 12578 tablet_bootstrap.cc:654] T db1b9def0328415a9705cf0af6fface1 P 12353d5a0e65425ea7e3ac742ec12bf6: Neither blocks nor log segments found. Creating new log.
I20260812 06:36:54.224099 12241 catalog_manager.cc:5719] T d320f1a82dab4dfa9f40337a6e286cb8 P 12353d5a0e65425ea7e3ac742ec12bf6 reported cstate change: term changed from 0 to 1, leader changed from <none> to 12353d5a0e65425ea7e3ac742ec12bf6 (127.4.66.193). New cstate: current_term: 1 leader_uuid: "12353d5a0e65425ea7e3ac742ec12bf6" committed_config { opid_index: -1 OBSOLETE_local: true peers { permanent_uuid: "12353d5a0e65425ea7e3ac742ec12bf6" member_type: VOTER last_known_addr { host: "127.4.66.193" port: 42007 } health_report { overall_health: HEALTHY } } }
I20260812 06:36:54.225217 12578 tablet_bootstrap.cc:492] T db1b9def0328415a9705cf0af6fface1 P 12353d5a0e65425ea7e3ac742ec12bf6: No bootstrap required, opened a new log
I20260812 06:36:54.225298 12578 ts_tablet_manager.cc:1403] T db1b9def0328415a9705cf0af6fface1 P 12353d5a0e65425ea7e3ac742ec12bf6: Time spent bootstrapping tablet: real 0.002s	user 0.002s	sys 0.000s
I20260812 06:36:54.225770 12578 raft_consensus.cc:359] T db1b9def0328415a9705cf0af6fface1 P 12353d5a0e65425ea7e3ac742ec12bf6 [term 0 FOLLOWER]: Replica starting. Triggering 0 pending ops. Active config: opid_index: -1 OBSOLETE_local: true peers { permanent_uuid: "12353d5a0e65425ea7e3ac742ec12bf6" member_type: VOTER last_known_addr { host: "127.4.66.193" port: 42007 } }
I20260812 06:36:54.225869 12578 raft_consensus.cc:385] T db1b9def0328415a9705cf0af6fface1 P 12353d5a0e65425ea7e3ac742ec12bf6 [term 0 FOLLOWER]: Consensus starting up: Expiring failure detector timer to make a prompt election more likely
I20260812 06:36:54.225914 12578 raft_consensus.cc:740] T db1b9def0328415a9705cf0af6fface1 P 12353d5a0e65425ea7e3ac742ec12bf6 [term 0 FOLLOWER]: Becoming Follower/Learner. State: Replica: 12353d5a0e65425ea7e3ac742ec12bf6, State: Initialized, Role: FOLLOWER
I20260812 06:36:54.226037 12578 consensus_queue.cc:260] T db1b9def0328415a9705cf0af6fface1 P 12353d5a0e65425ea7e3ac742ec12bf6 [NON_LEADER]: Queue going to NON_LEADER mode. State: All replicated index: 0, Majority replicated index: 0, Committed index: 0, Last appended: 0.0, Last appended by leader: 0, Current term: 0, Majority size: -1, State: 0, Mode: NON_LEADER, active raft config: opid_index: -1 OBSOLETE_local: true peers { permanent_uuid: "12353d5a0e65425ea7e3ac742ec12bf6" member_type: VOTER last_known_addr { host: "127.4.66.193" port: 42007 } }
I20260812 06:36:54.226138 12578 raft_consensus.cc:399] T db1b9def0328415a9705cf0af6fface1 P 12353d5a0e65425ea7e3ac742ec12bf6 [term 0 FOLLOWER]: Only one voter in the Raft config. Triggering election immediately
I20260812 06:36:54.226184 12578 raft_consensus.cc:493] T db1b9def0328415a9705cf0af6fface1 P 12353d5a0e65425ea7e3ac742ec12bf6 [term 0 FOLLOWER]: Starting leader election (initial election of a single-replica configuration)
I20260812 06:36:54.226225 12578 raft_consensus.cc:3060] T db1b9def0328415a9705cf0af6fface1 P 12353d5a0e65425ea7e3ac742ec12bf6 [term 0 FOLLOWER]: Advancing to term 1
I20260812 06:36:54.226889 12578 raft_consensus.cc:515] T db1b9def0328415a9705cf0af6fface1 P 12353d5a0e65425ea7e3ac742ec12bf6 [term 1 FOLLOWER]: Starting leader election with config: opid_index: -1 OBSOLETE_local: true peers { permanent_uuid: "12353d5a0e65425ea7e3ac742ec12bf6" member_type: VOTER last_known_addr { host: "127.4.66.193" port: 42007 } }
I20260812 06:36:54.227030 12578 leader_election.cc:304] T db1b9def0328415a9705cf0af6fface1 P 12353d5a0e65425ea7e3ac742ec12bf6 [CANDIDATE]: Term 1 election: Election decided. Result: candidate won. Election summary: received 1 responses out of 1 voters: 1 yes votes; 0 no votes. yes voters: 12353d5a0e65425ea7e3ac742ec12bf6; no voters: 
I20260812 06:36:54.227147 12578 leader_election.cc:290] T db1b9def0328415a9705cf0af6fface1 P 12353d5a0e65425ea7e3ac742ec12bf6 [CANDIDATE]: Term 1 election: Requested vote from peers 
I20260812 06:36:54.227190 12580 raft_consensus.cc:2804] T db1b9def0328415a9705cf0af6fface1 P 12353d5a0e65425ea7e3ac742ec12bf6 [term 1 FOLLOWER]: Leader election won for term 1
I20260812 06:36:54.227263 12580 raft_consensus.cc:697] T db1b9def0328415a9705cf0af6fface1 P 12353d5a0e65425ea7e3ac742ec12bf6 [term 1 LEADER]: Becoming Leader. State: Replica: 12353d5a0e65425ea7e3ac742ec12bf6, State: Running, Role: LEADER
I20260812 06:36:54.227403 12580 consensus_queue.cc:237] T db1b9def0328415a9705cf0af6fface1 P 12353d5a0e65425ea7e3ac742ec12bf6 [LEADER]: Queue going to LEADER mode. State: All replicated index: 0, Majority replicated index: 0, Committed index: 0, Last appended: 0.0, Last appended by leader: 0, Current term: 1, Majority size: 1, State: 0, Mode: LEADER, active raft config: opid_index: -1 OBSOLETE_local: true peers { permanent_uuid: "12353d5a0e65425ea7e3ac742ec12bf6" member_type: VOTER last_known_addr { host: "127.4.66.193" port: 42007 } }
I20260812 06:36:54.227548 12578 ts_tablet_manager.cc:1434] T db1b9def0328415a9705cf0af6fface1 P 12353d5a0e65425ea7e3ac742ec12bf6: Time spent starting tablet: real 0.002s	user 0.002s	sys 0.000s
I20260812 06:36:54.227708 12578 tablet_bootstrap.cc:492] T 3d8711bd6df54b998a6529d7da6e2d0c P 12353d5a0e65425ea7e3ac742ec12bf6: Bootstrap starting.
I20260812 06:36:54.228710 12241 catalog_manager.cc:5719] T db1b9def0328415a9705cf0af6fface1 P 12353d5a0e65425ea7e3ac742ec12bf6 reported cstate change: term changed from 0 to 1, leader changed from <none> to 12353d5a0e65425ea7e3ac742ec12bf6 (127.4.66.193). New cstate: current_term: 1 leader_uuid: "12353d5a0e65425ea7e3ac742ec12bf6" committed_config { opid_index: -1 OBSOLETE_local: true peers { permanent_uuid: "12353d5a0e65425ea7e3ac742ec12bf6" member_type: VOTER last_known_addr { host: "127.4.66.193" port: 42007 } health_report { overall_health: HEALTHY } } }
I20260812 06:36:54.228907 12578 tablet_bootstrap.cc:654] T 3d8711bd6df54b998a6529d7da6e2d0c P 12353d5a0e65425ea7e3ac742ec12bf6: Neither blocks nor log segments found. Creating new log.
I20260812 06:36:54.230372 12578 tablet_bootstrap.cc:492] T 3d8711bd6df54b998a6529d7da6e2d0c P 12353d5a0e65425ea7e3ac742ec12bf6: No bootstrap required, opened a new log
I20260812 06:36:54.230460 12578 ts_tablet_manager.cc:1403] T 3d8711bd6df54b998a6529d7da6e2d0c P 12353d5a0e65425ea7e3ac742ec12bf6: Time spent bootstrapping tablet: real 0.003s	user 0.002s	sys 0.000s
I20260812 06:36:54.230963 12578 raft_consensus.cc:359] T 3d8711bd6df54b998a6529d7da6e2d0c P 12353d5a0e65425ea7e3ac742ec12bf6 [term 0 FOLLOWER]: Replica starting. Triggering 0 pending ops. Active config: opid_index: -1 OBSOLETE_local: true peers { permanent_uuid: "12353d5a0e65425ea7e3ac742ec12bf6" member_type: VOTER last_known_addr { host: "127.4.66.193" port: 42007 } }
I20260812 06:36:54.231055 12578 raft_consensus.cc:385] T 3d8711bd6df54b998a6529d7da6e2d0c P 12353d5a0e65425ea7e3ac742ec12bf6 [term 0 FOLLOWER]: Consensus starting up: Expiring failure detector timer to make a prompt election more likely
I20260812 06:36:54.231078 12578 raft_consensus.cc:740] T 3d8711bd6df54b998a6529d7da6e2d0c P 12353d5a0e65425ea7e3ac742ec12bf6 [term 0 FOLLOWER]: Becoming Follower/Learner. State: Replica: 12353d5a0e65425ea7e3ac742ec12bf6, State: Initialized, Role: FOLLOWER
I20260812 06:36:54.231209 12578 consensus_queue.cc:260] T 3d8711bd6df54b998a6529d7da6e2d0c P 12353d5a0e65425ea7e3ac742ec12bf6 [NON_LEADER]: Queue going to NON_LEADER mode. State: All replicated index: 0, Majority replicated index: 0, Committed index: 0, Last appended: 0.0, Last appended by leader: 0, Current term: 0, Majority size: -1, State: 0, Mode: NON_LEADER, active raft config: opid_index: -1 OBSOLETE_local: true peers { permanent_uuid: "12353d5a0e65425ea7e3ac742ec12bf6" member_type: VOTER last_known_addr { host: "127.4.66.193" port: 42007 } }
I20260812 06:36:54.231299 12578 raft_consensus.cc:399] T 3d8711bd6df54b998a6529d7da6e2d0c P 12353d5a0e65425ea7e3ac742ec12bf6 [term 0 FOLLOWER]: Only one voter in the Raft config. Triggering election immediately
I20260812 06:36:54.231324 12578 raft_consensus.cc:493] T 3d8711bd6df54b998a6529d7da6e2d0c P 12353d5a0e65425ea7e3ac742ec12bf6 [term 0 FOLLOWER]: Starting leader election (initial election of a single-replica configuration)
I20260812 06:36:54.231422 12578 raft_consensus.cc:3060] T 3d8711bd6df54b998a6529d7da6e2d0c P 12353d5a0e65425ea7e3ac742ec12bf6 [term 0 FOLLOWER]: Advancing to term 1
I20260812 06:36:54.232360 12578 raft_consensus.cc:515] T 3d8711bd6df54b998a6529d7da6e2d0c P 12353d5a0e65425ea7e3ac742ec12bf6 [term 1 FOLLOWER]: Starting leader election with config: opid_index: -1 OBSOLETE_local: true peers { permanent_uuid: "12353d5a0e65425ea7e3ac742ec12bf6" member_type: VOTER last_known_addr { host: "127.4.66.193" port: 42007 } }
I20260812 06:36:54.232493 12578 leader_election.cc:304] T 3d8711bd6df54b998a6529d7da6e2d0c P 12353d5a0e65425ea7e3ac742ec12bf6 [CANDIDATE]: Term 1 election: Election decided. Result: candidate won. Election summary: received 1 responses out of 1 voters: 1 yes votes; 0 no votes. yes voters: 12353d5a0e65425ea7e3ac742ec12bf6; no voters: 
I20260812 06:36:54.232604 12578 leader_election.cc:290] T 3d8711bd6df54b998a6529d7da6e2d0c P 12353d5a0e65425ea7e3ac742ec12bf6 [CANDIDATE]: Term 1 election: Requested vote from peers 
I20260812 06:36:54.232662 12580 raft_consensus.cc:2804] T 3d8711bd6df54b998a6529d7da6e2d0c P 12353d5a0e65425ea7e3ac742ec12bf6 [term 1 FOLLOWER]: Leader election won for term 1
I20260812 06:36:54.232777 12580 raft_consensus.cc:697] T 3d8711bd6df54b998a6529d7da6e2d0c P 12353d5a0e65425ea7e3ac742ec12bf6 [term 1 LEADER]: Becoming Leader. State: Replica: 12353d5a0e65425ea7e3ac742ec12bf6, State: Running, Role: LEADER
I20260812 06:36:54.232838 12578 ts_tablet_manager.cc:1434] T 3d8711bd6df54b998a6529d7da6e2d0c P 12353d5a0e65425ea7e3ac742ec12bf6: Time spent starting tablet: real 0.002s	user 0.000s	sys 0.003s
I20260812 06:36:54.232924 12580 consensus_queue.cc:237] T 3d8711bd6df54b998a6529d7da6e2d0c P 12353d5a0e65425ea7e3ac742ec12bf6 [LEADER]: Queue going to LEADER mode. State: All replicated index: 0, Majority replicated index: 0, Committed index: 0, Last appended: 0.0, Last appended by leader: 0, Current term: 1, Majority size: 1, State: 0, Mode: LEADER, active raft config: opid_index: -1 OBSOLETE_local: true peers { permanent_uuid: "12353d5a0e65425ea7e3ac742ec12bf6" member_type: VOTER last_known_addr { host: "127.4.66.193" port: 42007 } }
I20260812 06:36:54.232982 12578 tablet_bootstrap.cc:492] T 8048e3d46cc94efb86b5e0e2dca55730 P 12353d5a0e65425ea7e3ac742ec12bf6: Bootstrap starting.
I20260812 06:36:54.234025 12578 tablet_bootstrap.cc:654] T 8048e3d46cc94efb86b5e0e2dca55730 P 12353d5a0e65425ea7e3ac742ec12bf6: Neither blocks nor log segments found. Creating new log.
I20260812 06:36:54.234376 12241 catalog_manager.cc:5719] T 3d8711bd6df54b998a6529d7da6e2d0c P 12353d5a0e65425ea7e3ac742ec12bf6 reported cstate change: term changed from 0 to 1, leader changed from <none> to 12353d5a0e65425ea7e3ac742ec12bf6 (127.4.66.193). New cstate: current_term: 1 leader_uuid: "12353d5a0e65425ea7e3ac742ec12bf6" committed_config { opid_index: -1 OBSOLETE_local: true peers { permanent_uuid: "12353d5a0e65425ea7e3ac742ec12bf6" member_type: VOTER last_known_addr { host: "127.4.66.193" port: 42007 } health_report { overall_health: HEALTHY } } }
I20260812 06:36:54.235288 12578 tablet_bootstrap.cc:492] T 8048e3d46cc94efb86b5e0e2dca55730 P 12353d5a0e65425ea7e3ac742ec12bf6: No bootstrap required, opened a new log
I20260812 06:36:54.235412 12578 ts_tablet_manager.cc:1403] T 8048e3d46cc94efb86b5e0e2dca55730 P 12353d5a0e65425ea7e3ac742ec12bf6: Time spent bootstrapping tablet: real 0.002s	user 0.001s	sys 0.002s
I20260812 06:36:54.235846 12578 raft_consensus.cc:359] T 8048e3d46cc94efb86b5e0e2dca55730 P 12353d5a0e65425ea7e3ac742ec12bf6 [term 0 FOLLOWER]: Replica starting. Triggering 0 pending ops. Active config: opid_index: -1 OBSOLETE_local: true peers { permanent_uuid: "12353d5a0e65425ea7e3ac742ec12bf6" member_type: VOTER last_known_addr { host: "127.4.66.193" port: 42007 } }
I20260812 06:36:54.235955 12578 raft_consensus.cc:385] T 8048e3d46cc94efb86b5e0e2dca55730 P 12353d5a0e65425ea7e3ac742ec12bf6 [term 0 FOLLOWER]: Consensus starting up: Expiring failure detector timer to make a prompt election more likely
I20260812 06:36:54.235992 12578 raft_consensus.cc:740] T 8048e3d46cc94efb86b5e0e2dca55730 P 12353d5a0e65425ea7e3ac742ec12bf6 [term 0 FOLLOWER]: Becoming Follower/Learner. State: Replica: 12353d5a0e65425ea7e3ac742ec12bf6, State: Initialized, Role: FOLLOWER
I20260812 06:36:54.236105 12578 consensus_queue.cc:260] T 8048e3d46cc94efb86b5e0e2dca55730 P 12353d5a0e65425ea7e3ac742ec12bf6 [NON_LEADER]: Queue going to NON_LEADER mode. State: All replicated index: 0, Majority replicated index: 0, Committed index: 0, Last appended: 0.0, Last appended by leader: 0, Current term: 0, Majority size: -1, State: 0, Mode: NON_LEADER, active raft config: opid_index: -1 OBSOLETE_local: true peers { permanent_uuid: "12353d5a0e65425ea7e3ac742ec12bf6" member_type: VOTER last_known_addr { host: "127.4.66.193" port: 42007 } }
I20260812 06:36:54.236191 12578 raft_consensus.cc:399] T 8048e3d46cc94efb86b5e0e2dca55730 P 12353d5a0e65425ea7e3ac742ec12bf6 [term 0 FOLLOWER]: Only one voter in the Raft config. Triggering election immediately
I20260812 06:36:54.236279 12578 raft_consensus.cc:493] T 8048e3d46cc94efb86b5e0e2dca55730 P 12353d5a0e65425ea7e3ac742ec12bf6 [term 0 FOLLOWER]: Starting leader election (initial election of a single-replica configuration)
I20260812 06:36:54.236346 12578 raft_consensus.cc:3060] T 8048e3d46cc94efb86b5e0e2dca55730 P 12353d5a0e65425ea7e3ac742ec12bf6 [term 0 FOLLOWER]: Advancing to term 1
I20260812 06:36:54.237251 12578 raft_consensus.cc:515] T 8048e3d46cc94efb86b5e0e2dca55730 P 12353d5a0e65425ea7e3ac742ec12bf6 [term 1 FOLLOWER]: Starting leader election with config: opid_index: -1 OBSOLETE_local: true peers { permanent_uuid: "12353d5a0e65425ea7e3ac742ec12bf6" member_type: VOTER last_known_addr { host: "127.4.66.193" port: 42007 } }
I20260812 06:36:54.237402 12578 leader_election.cc:304] T 8048e3d46cc94efb86b5e0e2dca55730 P 12353d5a0e65425ea7e3ac742ec12bf6 [CANDIDATE]: Term 1 election: Election decided. Result: candidate won. Election summary: received 1 responses out of 1 voters: 1 yes votes; 0 no votes. yes voters: 12353d5a0e65425ea7e3ac742ec12bf6; no voters: 
I20260812 06:36:54.237516 12578 leader_election.cc:290] T 8048e3d46cc94efb86b5e0e2dca55730 P 12353d5a0e65425ea7e3ac742ec12bf6 [CANDIDATE]: Term 1 election: Requested vote from peers 
I20260812 06:36:54.237600 12580 raft_consensus.cc:2804] T 8048e3d46cc94efb86b5e0e2dca55730 P 12353d5a0e65425ea7e3ac742ec12bf6 [term 1 FOLLOWER]: Leader election won for term 1
I20260812 06:36:54.237699 12580 raft_consensus.cc:697] T 8048e3d46cc94efb86b5e0e2dca55730 P 12353d5a0e65425ea7e3ac742ec12bf6 [term 1 LEADER]: Becoming Leader. State: Replica: 12353d5a0e65425ea7e3ac742ec12bf6, State: Running, Role: LEADER
I20260812 06:36:54.237823 12578 ts_tablet_manager.cc:1434] T 8048e3d46cc94efb86b5e0e2dca55730 P 12353d5a0e65425ea7e3ac742ec12bf6: Time spent starting tablet: real 0.002s	user 0.000s	sys 0.000s
I20260812 06:36:54.237836 12580 consensus_queue.cc:237] T 8048e3d46cc94efb86b5e0e2dca55730 P 12353d5a0e65425ea7e3ac742ec12bf6 [LEADER]: Queue going to LEADER mode. State: All replicated index: 0, Majority replicated index: 0, Committed index: 0, Last appended: 0.0, Last appended by leader: 0, Current term: 1, Majority size: 1, State: 0, Mode: LEADER, active raft config: opid_index: -1 OBSOLETE_local: true peers { permanent_uuid: "12353d5a0e65425ea7e3ac742ec12bf6" member_type: VOTER last_known_addr { host: "127.4.66.193" port: 42007 } }
I20260812 06:36:54.238013 12578 tablet_bootstrap.cc:492] T 34a5542b61a14ac1a410af59495eb8eb P 12353d5a0e65425ea7e3ac742ec12bf6: Bootstrap starting.
I20260812 06:36:54.239063 12578 tablet_bootstrap.cc:654] T 34a5542b61a14ac1a410af59495eb8eb P 12353d5a0e65425ea7e3ac742ec12bf6: Neither blocks nor log segments found. Creating new log.
I20260812 06:36:54.239104 12241 catalog_manager.cc:5719] T 8048e3d46cc94efb86b5e0e2dca55730 P 12353d5a0e65425ea7e3ac742ec12bf6 reported cstate change: term changed from 0 to 1, leader changed from <none> to 12353d5a0e65425ea7e3ac742ec12bf6 (127.4.66.193). New cstate: current_term: 1 leader_uuid: "12353d5a0e65425ea7e3ac742ec12bf6" committed_config { opid_index: -1 OBSOLETE_local: true peers { permanent_uuid: "12353d5a0e65425ea7e3ac742ec12bf6" member_type: VOTER last_known_addr { host: "127.4.66.193" port: 42007 } health_report { overall_health: HEALTHY } } }
I20260812 06:36:54.240268 12578 tablet_bootstrap.cc:492] T 34a5542b61a14ac1a410af59495eb8eb P 12353d5a0e65425ea7e3ac742ec12bf6: No bootstrap required, opened a new log
I20260812 06:36:54.240391 12578 ts_tablet_manager.cc:1403] T 34a5542b61a14ac1a410af59495eb8eb P 12353d5a0e65425ea7e3ac742ec12bf6: Time spent bootstrapping tablet: real 0.002s	user 0.002s	sys 0.000s
I20260812 06:36:54.240865 12578 raft_consensus.cc:359] T 34a5542b61a14ac1a410af59495eb8eb P 12353d5a0e65425ea7e3ac742ec12bf6 [term 0 FOLLOWER]: Replica starting. Triggering 0 pending ops. Active config: opid_index: -1 OBSOLETE_local: true peers { permanent_uuid: "12353d5a0e65425ea7e3ac742ec12bf6" member_type: VOTER last_known_addr { host: "127.4.66.193" port: 42007 } }
I20260812 06:36:54.240996 12578 raft_consensus.cc:385] T 34a5542b61a14ac1a410af59495eb8eb P 12353d5a0e65425ea7e3ac742ec12bf6 [term 0 FOLLOWER]: Consensus starting up: Expiring failure detector timer to make a prompt election more likely
I20260812 06:36:54.241055 12578 raft_consensus.cc:740] T 34a5542b61a14ac1a410af59495eb8eb P 12353d5a0e65425ea7e3ac742ec12bf6 [term 0 FOLLOWER]: Becoming Follower/Learner. State: Replica: 12353d5a0e65425ea7e3ac742ec12bf6, State: Initialized, Role: FOLLOWER
I20260812 06:36:54.241194 12578 consensus_queue.cc:260] T 34a5542b61a14ac1a410af59495eb8eb P 12353d5a0e65425ea7e3ac742ec12bf6 [NON_LEADER]: Queue going to NON_LEADER mode. State: All replicated index: 0, Majority replicated index: 0, Committed index: 0, Last appended: 0.0, Last appended by leader: 0, Current term: 0, Majority size: -1, State: 0, Mode: NON_LEADER, active raft config: opid_index: -1 OBSOLETE_local: true peers { permanent_uuid: "12353d5a0e65425ea7e3ac742ec12bf6" member_type: VOTER last_known_addr { host: "127.4.66.193" port: 42007 } }
I20260812 06:36:54.241271 12578 raft_consensus.cc:399] T 34a5542b61a14ac1a410af59495eb8eb P 12353d5a0e65425ea7e3ac742ec12bf6 [term 0 FOLLOWER]: Only one voter in the Raft config. Triggering election immediately
I20260812 06:36:54.241340 12578 raft_consensus.cc:493] T 34a5542b61a14ac1a410af59495eb8eb P 12353d5a0e65425ea7e3ac742ec12bf6 [term 0 FOLLOWER]: Starting leader election (initial election of a single-replica configuration)
I20260812 06:36:54.241402 12578 raft_consensus.cc:3060] T 34a5542b61a14ac1a410af59495eb8eb P 12353d5a0e65425ea7e3ac742ec12bf6 [term 0 FOLLOWER]: Advancing to term 1
I20260812 06:36:54.242089 12578 raft_consensus.cc:515] T 34a5542b61a14ac1a410af59495eb8eb P 12353d5a0e65425ea7e3ac742ec12bf6 [term 1 FOLLOWER]: Starting leader election with config: opid_index: -1 OBSOLETE_local: true peers { permanent_uuid: "12353d5a0e65425ea7e3ac742ec12bf6" member_type: VOTER last_known_addr { host: "127.4.66.193" port: 42007 } }
I20260812 06:36:54.242225 12578 leader_election.cc:304] T 34a5542b61a14ac1a410af59495eb8eb P 12353d5a0e65425ea7e3ac742ec12bf6 [CANDIDATE]: Term 1 election: Election decided. Result: candidate won. Election summary: received 1 responses out of 1 voters: 1 yes votes; 0 no votes. yes voters: 12353d5a0e65425ea7e3ac742ec12bf6; no voters: 
I20260812 06:36:54.242332 12578 leader_election.cc:290] T 34a5542b61a14ac1a410af59495eb8eb P 12353d5a0e65425ea7e3ac742ec12bf6 [CANDIDATE]: Term 1 election: Requested vote from peers 
I20260812 06:36:54.242403 12580 raft_consensus.cc:2804] T 34a5542b61a14ac1a410af59495eb8eb P 12353d5a0e65425ea7e3ac742ec12bf6 [term 1 FOLLOWER]: Leader election won for term 1
I20260812 06:36:54.242498 12580 raft_consensus.cc:697] T 34a5542b61a14ac1a410af59495eb8eb P 12353d5a0e65425ea7e3ac742ec12bf6 [term 1 LEADER]: Becoming Leader. State: Replica: 12353d5a0e65425ea7e3ac742ec12bf6, State: Running, Role: LEADER
I20260812 06:36:54.242610 12578 ts_tablet_manager.cc:1434] T 34a5542b61a14ac1a410af59495eb8eb P 12353d5a0e65425ea7e3ac742ec12bf6: Time spent starting tablet: real 0.002s	user 0.000s	sys 0.000s
I20260812 06:36:54.242616 12580 consensus_queue.cc:237] T 34a5542b61a14ac1a410af59495eb8eb P 12353d5a0e65425ea7e3ac742ec12bf6 [LEADER]: Queue going to LEADER mode. State: All replicated index: 0, Majority replicated index: 0, Committed index: 0, Last appended: 0.0, Last appended by leader: 0, Current term: 1, Majority size: 1, State: 0, Mode: LEADER, active raft config: opid_index: -1 OBSOLETE_local: true peers { permanent_uuid: "12353d5a0e65425ea7e3ac742ec12bf6" member_type: VOTER last_known_addr { host: "127.4.66.193" port: 42007 } }
I20260812 06:36:54.242794 12578 tablet_bootstrap.cc:492] T fcf1807f40b446de99fd09afeb159cfe P 12353d5a0e65425ea7e3ac742ec12bf6: Bootstrap starting.
I20260812 06:36:54.244014 12578 tablet_bootstrap.cc:654] T fcf1807f40b446de99fd09afeb159cfe P 12353d5a0e65425ea7e3ac742ec12bf6: Neither blocks nor log segments found. Creating new log.
I20260812 06:36:54.243952 12241 catalog_manager.cc:5719] T 34a5542b61a14ac1a410af59495eb8eb P 12353d5a0e65425ea7e3ac742ec12bf6 reported cstate change: term changed from 0 to 1, leader changed from <none> to 12353d5a0e65425ea7e3ac742ec12bf6 (127.4.66.193). New cstate: current_term: 1 leader_uuid: "12353d5a0e65425ea7e3ac742ec12bf6" committed_config { opid_index: -1 OBSOLETE_local: true peers { permanent_uuid: "12353d5a0e65425ea7e3ac742ec12bf6" member_type: VOTER last_known_addr { host: "127.4.66.193" port: 42007 } health_report { overall_health: HEALTHY } } }
I20260812 06:36:54.245445 12578 tablet_bootstrap.cc:492] T fcf1807f40b446de99fd09afeb159cfe P 12353d5a0e65425ea7e3ac742ec12bf6: No bootstrap required, opened a new log
I20260812 06:36:54.245549 12578 ts_tablet_manager.cc:1403] T fcf1807f40b446de99fd09afeb159cfe P 12353d5a0e65425ea7e3ac742ec12bf6: Time spent bootstrapping tablet: real 0.003s	user 0.000s	sys 0.002s
I20260812 06:36:54.245961 12578 raft_consensus.cc:359] T fcf1807f40b446de99fd09afeb159cfe P 12353d5a0e65425ea7e3ac742ec12bf6 [term 0 FOLLOWER]: Replica starting. Triggering 0 pending ops. Active config: opid_index: -1 OBSOLETE_local: true peers { permanent_uuid: "12353d5a0e65425ea7e3ac742ec12bf6" member_type: VOTER last_known_addr { host: "127.4.66.193" port: 42007 } }
I20260812 06:36:54.246064 12578 raft_consensus.cc:385] T fcf1807f40b446de99fd09afeb159cfe P 12353d5a0e65425ea7e3ac742ec12bf6 [term 0 FOLLOWER]: Consensus starting up: Expiring failure detector timer to make a prompt election more likely
I20260812 06:36:54.246114 12578 raft_consensus.cc:740] T fcf1807f40b446de99fd09afeb159cfe P 12353d5a0e65425ea7e3ac742ec12bf6 [term 0 FOLLOWER]: Becoming Follower/Learner. State: Replica: 12353d5a0e65425ea7e3ac742ec12bf6, State: Initialized, Role: FOLLOWER
I20260812 06:36:54.246265 12578 consensus_queue.cc:260] T fcf1807f40b446de99fd09afeb159cfe P 12353d5a0e65425ea7e3ac742ec12bf6 [NON_LEADER]: Queue going to NON_LEADER mode. State: All replicated index: 0, Majority replicated index: 0, Committed index: 0, Last appended: 0.0, Last appended by leader: 0, Current term: 0, Majority size: -1, State: 0, Mode: NON_LEADER, active raft config: opid_index: -1 OBSOLETE_local: true peers { permanent_uuid: "12353d5a0e65425ea7e3ac742ec12bf6" member_type: VOTER last_known_addr { host: "127.4.66.193" port: 42007 } }
I20260812 06:36:54.246366 12578 raft_consensus.cc:399] T fcf1807f40b446de99fd09afeb159cfe P 12353d5a0e65425ea7e3ac742ec12bf6 [term 0 FOLLOWER]: Only one voter in the Raft config. Triggering election immediately
I20260812 06:36:54.246402 12578 raft_consensus.cc:493] T fcf1807f40b446de99fd09afeb159cfe P 12353d5a0e65425ea7e3ac742ec12bf6 [term 0 FOLLOWER]: Starting leader election (initial election of a single-replica configuration)
I20260812 06:36:54.246443 12578 raft_consensus.cc:3060] T fcf1807f40b446de99fd09afeb159cfe P 12353d5a0e65425ea7e3ac742ec12bf6 [term 0 FOLLOWER]: Advancing to term 1
I20260812 06:36:54.247212 12578 raft_consensus.cc:515] T fcf1807f40b446de99fd09afeb159cfe P 12353d5a0e65425ea7e3ac742ec12bf6 [term 1 FOLLOWER]: Starting leader election with config: opid_index: -1 OBSOLETE_local: true peers { permanent_uuid: "12353d5a0e65425ea7e3ac742ec12bf6" member_type: VOTER last_known_addr { host: "127.4.66.193" port: 42007 } }
I20260812 06:36:54.247356 12578 leader_election.cc:304] T fcf1807f40b446de99fd09afeb159cfe P 12353d5a0e65425ea7e3ac742ec12bf6 [CANDIDATE]: Term 1 election: Election decided. Result: candidate won. Election summary: received 1 responses out of 1 voters: 1 yes votes; 0 no votes. yes voters: 12353d5a0e65425ea7e3ac742ec12bf6; no voters: 
I20260812 06:36:54.247488 12578 leader_election.cc:290] T fcf1807f40b446de99fd09afeb159cfe P 12353d5a0e65425ea7e3ac742ec12bf6 [CANDIDATE]: Term 1 election: Requested vote from peers 
I20260812 06:36:54.247534 12580 raft_consensus.cc:2804] T fcf1807f40b446de99fd09afeb159cfe P 12353d5a0e65425ea7e3ac742ec12bf6 [term 1 FOLLOWER]: Leader election won for term 1
I20260812 06:36:54.247611 12580 raft_consensus.cc:697] T fcf1807f40b446de99fd09afeb159cfe P 12353d5a0e65425ea7e3ac742ec12bf6 [term 1 LEADER]: Becoming Leader. State: Replica: 12353d5a0e65425ea7e3ac742ec12bf6, State: Running, Role: LEADER
I20260812 06:36:54.247753 12578 ts_tablet_manager.cc:1434] T fcf1807f40b446de99fd09afeb159cfe P 12353d5a0e65425ea7e3ac742ec12bf6: Time spent starting tablet: real 0.002s	user 0.000s	sys 0.002s
I20260812 06:36:54.247726 12580 consensus_queue.cc:237] T fcf1807f40b446de99fd09afeb159cfe P 12353d5a0e65425ea7e3ac742ec12bf6 [LEADER]: Queue going to LEADER mode. State: All replicated index: 0, Majority replicated index: 0, Committed index: 0, Last appended: 0.0, Last appended by leader: 0, Current term: 1, Majority size: 1, State: 0, Mode: LEADER, active raft config: opid_index: -1 OBSOLETE_local: true peers { permanent_uuid: "12353d5a0e65425ea7e3ac742ec12bf6" member_type: VOTER last_known_addr { host: "127.4.66.193" port: 42007 } }
I20260812 06:36:54.247923 12578 tablet_bootstrap.cc:492] T 2a55a68aa2b649718b7924f7ce5a91fc P 12353d5a0e65425ea7e3ac742ec12bf6: Bootstrap starting.
I20260812 06:36:54.248931 12578 tablet_bootstrap.cc:654] T 2a55a68aa2b649718b7924f7ce5a91fc P 12353d5a0e65425ea7e3ac742ec12bf6: Neither blocks nor log segments found. Creating new log.
I20260812 06:36:54.248974 12241 catalog_manager.cc:5719] T fcf1807f40b446de99fd09afeb159cfe P 12353d5a0e65425ea7e3ac742ec12bf6 reported cstate change: term changed from 0 to 1, leader changed from <none> to 12353d5a0e65425ea7e3ac742ec12bf6 (127.4.66.193). New cstate: current_term: 1 leader_uuid: "12353d5a0e65425ea7e3ac742ec12bf6" committed_config { opid_index: -1 OBSOLETE_local: true peers { permanent_uuid: "12353d5a0e65425ea7e3ac742ec12bf6" member_type: VOTER last_known_addr { host: "127.4.66.193" port: 42007 } health_report { overall_health: HEALTHY } } }
I20260812 06:36:54.250110 12578 tablet_bootstrap.cc:492] T 2a55a68aa2b649718b7924f7ce5a91fc P 12353d5a0e65425ea7e3ac742ec12bf6: No bootstrap required, opened a new log
I20260812 06:36:54.250229 12578 ts_tablet_manager.cc:1403] T 2a55a68aa2b649718b7924f7ce5a91fc P 12353d5a0e65425ea7e3ac742ec12bf6: Time spent bootstrapping tablet: real 0.002s	user 0.000s	sys 0.002s
I20260812 06:36:54.250694 12578 raft_consensus.cc:359] T 2a55a68aa2b649718b7924f7ce5a91fc P 12353d5a0e65425ea7e3ac742ec12bf6 [term 0 FOLLOWER]: Replica starting. Triggering 0 pending ops. Active config: opid_index: -1 OBSOLETE_local: true peers { permanent_uuid: "12353d5a0e65425ea7e3ac742ec12bf6" member_type: VOTER last_known_addr { host: "127.4.66.193" port: 42007 } }
I20260812 06:36:54.250799 12578 raft_consensus.cc:385] T 2a55a68aa2b649718b7924f7ce5a91fc P 12353d5a0e65425ea7e3ac742ec12bf6 [term 0 FOLLOWER]: Consensus starting up: Expiring failure detector timer to make a prompt election more likely
I20260812 06:36:54.250850 12578 raft_consensus.cc:740] T 2a55a68aa2b649718b7924f7ce5a91fc P 12353d5a0e65425ea7e3ac742ec12bf6 [term 0 FOLLOWER]: Becoming Follower/Learner. State: Replica: 12353d5a0e65425ea7e3ac742ec12bf6, State: Initialized, Role: FOLLOWER
I20260812 06:36:54.250998 12578 consensus_queue.cc:260] T 2a55a68aa2b649718b7924f7ce5a91fc P 12353d5a0e65425ea7e3ac742ec12bf6 [NON_LEADER]: Queue going to NON_LEADER mode. State: All replicated index: 0, Majority replicated index: 0, Committed index: 0, Last appended: 0.0, Last appended by leader: 0, Current term: 0, Majority size: -1, State: 0, Mode: NON_LEADER, active raft config: opid_index: -1 OBSOLETE_local: true peers { permanent_uuid: "12353d5a0e65425ea7e3ac742ec12bf6" member_type: VOTER last_known_addr { host: "127.4.66.193" port: 42007 } }
I20260812 06:36:54.251104 12578 raft_consensus.cc:399] T 2a55a68aa2b649718b7924f7ce5a91fc P 12353d5a0e65425ea7e3ac742ec12bf6 [term 0 FOLLOWER]: Only one voter in the Raft config. Triggering election immediately
I20260812 06:36:54.251154 12578 raft_consensus.cc:493] T 2a55a68aa2b649718b7924f7ce5a91fc P 12353d5a0e65425ea7e3ac742ec12bf6 [term 0 FOLLOWER]: Starting leader election (initial election of a single-replica configuration)
I20260812 06:36:54.251220 12578 raft_consensus.cc:3060] T 2a55a68aa2b649718b7924f7ce5a91fc P 12353d5a0e65425ea7e3ac742ec12bf6 [term 0 FOLLOWER]: Advancing to term 1
I20260812 06:36:54.251984 12578 raft_consensus.cc:515] T 2a55a68aa2b649718b7924f7ce5a91fc P 12353d5a0e65425ea7e3ac742ec12bf6 [term 1 FOLLOWER]: Starting leader election with config: opid_index: -1 OBSOLETE_local: true peers { permanent_uuid: "12353d5a0e65425ea7e3ac742ec12bf6" member_type: VOTER last_known_addr { host: "127.4.66.193" port: 42007 } }
I20260812 06:36:54.252138 12578 leader_election.cc:304] T 2a55a68aa2b649718b7924f7ce5a91fc P 12353d5a0e65425ea7e3ac742ec12bf6 [CANDIDATE]: Term 1 election: Election decided. Result: candidate won. Election summary: received 1 responses out of 1 voters: 1 yes votes; 0 no votes. yes voters: 12353d5a0e65425ea7e3ac742ec12bf6; no voters: 
I20260812 06:36:54.252251 12578 leader_election.cc:290] T 2a55a68aa2b649718b7924f7ce5a91fc P 12353d5a0e65425ea7e3ac742ec12bf6 [CANDIDATE]: Term 1 election: Requested vote from peers 
I20260812 06:36:54.252300 12580 raft_consensus.cc:2804] T 2a55a68aa2b649718b7924f7ce5a91fc P 12353d5a0e65425ea7e3ac742ec12bf6 [term 1 FOLLOWER]: Leader election won for term 1
I20260812 06:36:54.252388 12580 raft_consensus.cc:697] T 2a55a68aa2b649718b7924f7ce5a91fc P 12353d5a0e65425ea7e3ac742ec12bf6 [term 1 LEADER]: Becoming Leader. State: Replica: 12353d5a0e65425ea7e3ac742ec12bf6, State: Running, Role: LEADER
I20260812 06:36:54.252530 12578 ts_tablet_manager.cc:1434] T 2a55a68aa2b649718b7924f7ce5a91fc P 12353d5a0e65425ea7e3ac742ec12bf6: Time spent starting tablet: real 0.002s	user 0.000s	sys 0.002s
