I20260812 06:36:10.825114  8539 consensus_queue.cc:260] T a7298121e3924ca4b211021e9a9b5930 P 8e25cf85e1474200aca13e72b2b49481 [NON_LEADER]: Queue going to NON_LEADER mode. State: All replicated index: 0, Majority replicated index: 0, Committed index: 0, Last appended: 0.0, Last appended by leader: 0, Current term: 0, Majority size: -1, State: 0, Mode: NON_LEADER, active raft config: opid_index: -1 OBSOLETE_local: false peers { permanent_uuid: "bc3ead73467143568a2834e026fb176a" member_type: VOTER last_known_addr { host: "127.6.254.65" port: 43045 } } peers { permanent_uuid: "8e25cf85e1474200aca13e72b2b49481" member_type: VOTER last_known_addr { host: "127.6.254.67" port: 39549 } } peers { permanent_uuid: "9c7f2cdb24664a4fa358a5080daaed3c" member_type: VOTER last_known_addr { host: "127.6.254.66" port: 38841 } }
I20260812 06:36:10.825151  8581 raft_consensus.cc:2243] T 7e5b539c717c4131bb0ecfccc98ac01d P 9c7f2cdb24664a4fa358a5080daaed3c [term 0 FOLLOWER]: Raft consensus shutting down.
I20260812 06:36:10.825243  8581 raft_consensus.cc:2272] T 7e5b539c717c4131bb0ecfccc98ac01d P 9c7f2cdb24664a4fa358a5080daaed3c [term 0 FOLLOWER]: Raft consensus is shut down!
I20260812 06:36:10.825402  8539 ts_tablet_manager.cc:1434] T a7298121e3924ca4b211021e9a9b5930 P 8e25cf85e1474200aca13e72b2b49481: Time spent starting tablet: real 0.001s	user 0.001s	sys 0.000s
I20260812 06:36:10.825572  8539 tablet_bootstrap.cc:492] T 7e5b539c717c4131bb0ecfccc98ac01d P 8e25cf85e1474200aca13e72b2b49481: Bootstrap starting.
I20260812 06:36:10.825848  8582 ts_tablet_manager.cc:1929] T 7cee0612d0fc406cb07c4fa2d5c29d3a P 8e25cf85e1474200aca13e72b2b49481: tablet deleted with delete type TABLET_DATA_DELETED: last-logged OpId 1.2
I20260812 06:36:10.825906  8582 log.cc:1199] T 7cee0612d0fc406cb07c4fa2d5c29d3a P 8e25cf85e1474200aca13e72b2b49481: Deleting WAL directory at /tmp/dist-test-taskiLUxKf/test-tmp/master-stress-test.0.CatalogManagerConfigurations_MasterStressTest.Test_0.1786516567974314-7161-0/minicluster-data/ts-2/wal/wals/7cee0612d0fc406cb07c4fa2d5c29d3a
I20260812 06:36:10.826180  8582 ts_tablet_manager.cc:1950] T 7cee0612d0fc406cb07c4fa2d5c29d3a P 8e25cf85e1474200aca13e72b2b49481: Deleting consensus metadata
I20260812 06:36:10.826685  8539 tablet_bootstrap.cc:654] T 7e5b539c717c4131bb0ecfccc98ac01d P 8e25cf85e1474200aca13e72b2b49481: Neither blocks nor log segments found. Creating new log.
I20260812 06:36:10.826835  8582 tablet_replica.cc:333] T e5cfb39d70ec477fb991e2c9690d3f72 P 8e25cf85e1474200aca13e72b2b49481: stopping tablet replica
I20260812 06:36:10.827075  8582 raft_consensus.cc:2243] T e5cfb39d70ec477fb991e2c9690d3f72 P 8e25cf85e1474200aca13e72b2b49481 [term 1 LEADER]: Raft consensus shutting down.
I20260812 06:36:10.827237  8582 pending_rounds.cc:70] T e5cfb39d70ec477fb991e2c9690d3f72 P 8e25cf85e1474200aca13e72b2b49481: Trying to abort 1 pending ops.
I20260812 06:36:10.827273  8582 pending_rounds.cc:77] T e5cfb39d70ec477fb991e2c9690d3f72 P 8e25cf85e1474200aca13e72b2b49481: Aborting op as it isn't in flight: id { term: 1 index: 1 } timestamp: 7317571873303023616 op_type: NO_OP noop_request { }
I20260812 06:36:10.827333  8582 raft_consensus.cc:2889] T e5cfb39d70ec477fb991e2c9690d3f72 P 8e25cf85e1474200aca13e72b2b49481 [term 1 LEADER]: NO_OP replication failed: Aborted: Op aborted
I20260812 06:36:10.827389  8582 raft_consensus.cc:2272] T e5cfb39d70ec477fb991e2c9690d3f72 P 8e25cf85e1474200aca13e72b2b49481 [term 1 FOLLOWER]: Raft consensus is shut down!
I20260812 06:36:10.827946  8582 ts_tablet_manager.cc:1916] T e5cfb39d70ec477fb991e2c9690d3f72 P 8e25cf85e1474200aca13e72b2b49481: Deleting tablet data with delete state TABLET_DATA_DELETED
I20260812 06:36:10.829299  8539 tablet_bootstrap.cc:492] T 7e5b539c717c4131bb0ecfccc98ac01d P 8e25cf85e1474200aca13e72b2b49481: No bootstrap required, opened a new log
I20260812 06:36:10.829397  8539 ts_tablet_manager.cc:1403] T 7e5b539c717c4131bb0ecfccc98ac01d P 8e25cf85e1474200aca13e72b2b49481: Time spent bootstrapping tablet: real 0.004s	user 0.002s	sys 0.000s
I20260812 06:36:10.829769  8582 ts_tablet_manager.cc:1929] T e5cfb39d70ec477fb991e2c9690d3f72 P 8e25cf85e1474200aca13e72b2b49481: tablet deleted with delete type TABLET_DATA_DELETED: last-logged OpId 1.1
I20260812 06:36:10.829829  8582 log.cc:1199] T e5cfb39d70ec477fb991e2c9690d3f72 P 8e25cf85e1474200aca13e72b2b49481: Deleting WAL directory at /tmp/dist-test-taskiLUxKf/test-tmp/master-stress-test.0.CatalogManagerConfigurations_MasterStressTest.Test_0.1786516567974314-7161-0/minicluster-data/ts-2/wal/wals/e5cfb39d70ec477fb991e2c9690d3f72
I20260812 06:36:10.829849  8539 raft_consensus.cc:359] T 7e5b539c717c4131bb0ecfccc98ac01d P 8e25cf85e1474200aca13e72b2b49481 [term 0 FOLLOWER]: Replica starting. Triggering 0 pending ops. Active config: opid_index: -1 OBSOLETE_local: false peers { permanent_uuid: "bc3ead73467143568a2834e026fb176a" member_type: VOTER last_known_addr { host: "127.6.254.65" port: 43045 } } peers { permanent_uuid: "8e25cf85e1474200aca13e72b2b49481" member_type: VOTER last_known_addr { host: "127.6.254.67" port: 39549 } } peers { permanent_uuid: "9c7f2cdb24664a4fa358a5080daaed3c" member_type: VOTER last_known_addr { host: "127.6.254.66" port: 38841 } }
I20260812 06:36:10.829957  8539 raft_consensus.cc:385] T 7e5b539c717c4131bb0ecfccc98ac01d P 8e25cf85e1474200aca13e72b2b49481 [term 0 FOLLOWER]: Consensus starting up: Expiring failure detector timer to make a prompt election more likely
I20260812 06:36:10.829993  8539 raft_consensus.cc:740] T 7e5b539c717c4131bb0ecfccc98ac01d P 8e25cf85e1474200aca13e72b2b49481 [term 0 FOLLOWER]: Becoming Follower/Learner. State: Replica: 8e25cf85e1474200aca13e72b2b49481, State: Initialized, Role: FOLLOWER
I20260812 06:36:10.830114  8582 ts_tablet_manager.cc:1950] T e5cfb39d70ec477fb991e2c9690d3f72 P 8e25cf85e1474200aca13e72b2b49481: Deleting consensus metadata
I20260812 06:36:10.830084  7366 catalog_manager.cc:5719] T a4f56ad253804b6faac8811541c01937 P 8e25cf85e1474200aca13e72b2b49481 reported cstate change: term changed from 0 to 1, leader changed from <none> to 8e25cf85e1474200aca13e72b2b49481 (127.6.254.67). New cstate: current_term: 1 leader_uuid: "8e25cf85e1474200aca13e72b2b49481" committed_config { opid_index: -1 OBSOLETE_local: false peers { permanent_uuid: "bc3ead73467143568a2834e026fb176a" member_type: VOTER last_known_addr { host: "127.6.254.65" port: 43045 } health_report { overall_health: UNKNOWN } } peers { permanent_uuid: "8e25cf85e1474200aca13e72b2b49481" member_type: VOTER last_known_addr { host: "127.6.254.67" port: 39549 } health_report { overall_health: HEALTHY } } peers { permanent_uuid: "9c7f2cdb24664a4fa358a5080daaed3c" member_type: VOTER last_known_addr { host: "127.6.254.66" port: 38841 } health_report { overall_health: UNKNOWN } } }
I20260812 06:36:10.830133  8539 consensus_queue.cc:260] T 7e5b539c717c4131bb0ecfccc98ac01d P 8e25cf85e1474200aca13e72b2b49481 [NON_LEADER]: Queue going to NON_LEADER mode. State: All replicated index: 0, Majority replicated index: 0, Committed index: 0, Last appended: 0.0, Last appended by leader: 0, Current term: 0, Majority size: -1, State: 0, Mode: NON_LEADER, active raft config: opid_index: -1 OBSOLETE_local: false peers { permanent_uuid: "bc3ead73467143568a2834e026fb176a" member_type: VOTER last_known_addr { host: "127.6.254.65" port: 43045 } } peers { permanent_uuid: "8e25cf85e1474200aca13e72b2b49481" member_type: VOTER last_known_addr { host: "127.6.254.67" port: 39549 } } peers { permanent_uuid: "9c7f2cdb24664a4fa358a5080daaed3c" member_type: VOTER last_known_addr { host: "127.6.254.66" port: 38841 } }
I20260812 06:36:10.830402  8539 ts_tablet_manager.cc:1434] T 7e5b539c717c4131bb0ecfccc98ac01d P 8e25cf85e1474200aca13e72b2b49481: Time spent starting tablet: real 0.001s	user 0.001s	sys 0.000s
I20260812 06:36:10.830565  8539 tablet_bootstrap.cc:492] T e5d1489f8592428081561e4f4d170303 P 8e25cf85e1474200aca13e72b2b49481: Bootstrap starting.
I20260812 06:36:10.830720  8582 tablet_replica.cc:333] T a7298121e3924ca4b211021e9a9b5930 P 8e25cf85e1474200aca13e72b2b49481: stopping tablet replica
I20260812 06:36:10.830814  8582 raft_consensus.cc:2243] T a7298121e3924ca4b211021e9a9b5930 P 8e25cf85e1474200aca13e72b2b49481 [term 0 FOLLOWER]: Raft consensus shutting down.
I20260812 06:36:10.830893  8582 raft_consensus.cc:2272] T a7298121e3924ca4b211021e9a9b5930 P 8e25cf85e1474200aca13e72b2b49481 [term 0 FOLLOWER]: Raft consensus is shut down!
I20260812 06:36:10.831290  7347 catalog_manager.cc:5050] TS 8e25cf85e1474200aca13e72b2b49481 (127.6.254.67:39549): tablet 7cee0612d0fc406cb07c4fa2d5c29d3a (table default.Table_582f551e8ec94ae6a0e505f4dd6dc58f [id=284d0e9a826448dbac617d4898c98ded]) successfully deleted
W20260812 06:36:10.831439  7347 catalog_manager.cc:5030] TS 8e25cf85e1474200aca13e72b2b49481 (127.6.254.67:39549): delete failed for tablet ea01034b87c34d1b8b2818a7567be1b5 because tablet deleting was already in progress. No further retry: Already present: State transition of tablet ea01034b87c34d1b8b2818a7567be1b5 already in progress: creating tablet
I20260812 06:36:10.831521  8539 tablet_bootstrap.cc:654] T e5d1489f8592428081561e4f4d170303 P 8e25cf85e1474200aca13e72b2b49481: Neither blocks nor log segments found. Creating new log.
I20260812 06:36:10.831745  7347 catalog_manager.cc:5050] TS 8e25cf85e1474200aca13e72b2b49481 (127.6.254.67:39549): tablet e5cfb39d70ec477fb991e2c9690d3f72 (table default.Table_5b14d08f69614784849a0c00c5f67dbe [id=55f2337cc0ad48478e2954d8a1307d72]) successfully deleted
I20260812 06:36:10.831720  8644 tablet.cc:1724] T a450c1f527b24d52aea1983a6ba1b877 P 9c7f2cdb24664a4fa358a5080daaed3c: Alter schema from (
    10:key INT32 NOT NULL,
    PRIMARY KEY (key)
) version 0 to (
    10:key INT32 NOT NULL,
    PRIMARY KEY (key)
) version 2
W20260812 06:36:10.831925  7347 catalog_manager.cc:5030] TS 8e25cf85e1474200aca13e72b2b49481 (127.6.254.67:39549): delete failed for tablet e5d1489f8592428081561e4f4d170303 because tablet deleting was already in progress. No further retry: Already present: State transition of tablet e5d1489f8592428081561e4f4d170303 already in progress: creating tablet
I20260812 06:36:10.831946  7356 catalog_manager.cc:2533] Servicing SoftDeleteTable request from {username='slave'} at 127.0.0.1:50342:
table { table_name: "default.Table_a9ecf25b14e94c669172cb44214e30d8" } modify_external_catalogs: true
I20260812 06:36:10.832052  7356 catalog_manager.cc:2781] Servicing DeleteTable request from {username='slave'} at 127.0.0.1:50342:
table { table_name: "default.Table_a9ecf25b14e94c669172cb44214e30d8" } modify_external_catalogs: true
I20260812 06:36:10.832875  8583 ts_tablet_manager.cc:1916] T ead3f45824784af9888eb835baf34e2b P bc3ead73467143568a2834e026fb176a: Deleting tablet data with delete state TABLET_DATA_DELETED
I20260812 06:36:10.834157  8539 tablet_bootstrap.cc:492] T e5d1489f8592428081561e4f4d170303 P 8e25cf85e1474200aca13e72b2b49481: No bootstrap required, opened a new log
I20260812 06:36:10.834232  8539 ts_tablet_manager.cc:1403] T e5d1489f8592428081561e4f4d170303 P 8e25cf85e1474200aca13e72b2b49481: Time spent bootstrapping tablet: real 0.004s	user 0.002s	sys 0.000s
I20260812 06:36:10.834692  8582 ts_tablet_manager.cc:1916] T a7298121e3924ca4b211021e9a9b5930 P 8e25cf85e1474200aca13e72b2b49481: Deleting tablet data with delete state TABLET_DATA_DELETED
I20260812 06:36:10.834659  8539 raft_consensus.cc:359] T e5d1489f8592428081561e4f4d170303 P 8e25cf85e1474200aca13e72b2b49481 [term 0 FOLLOWER]: Replica starting. Triggering 0 pending ops. Active config: opid_index: -1 OBSOLETE_local: false peers { permanent_uuid: "bc3ead73467143568a2834e026fb176a" member_type: VOTER last_known_addr { host: "127.6.254.65" port: 43045 } } peers { permanent_uuid: "8e25cf85e1474200aca13e72b2b49481" member_type: VOTER last_known_addr { host: "127.6.254.67" port: 39549 } } peers { permanent_uuid: "9c7f2cdb24664a4fa358a5080daaed3c" member_type: VOTER last_known_addr { host: "127.6.254.66" port: 38841 } }
I20260812 06:36:10.834775  8539 raft_consensus.cc:385] T e5d1489f8592428081561e4f4d170303 P 8e25cf85e1474200aca13e72b2b49481 [term 0 FOLLOWER]: Consensus starting up: Expiring failure detector timer to make a prompt election more likely
I20260812 06:36:10.834808  8539 raft_consensus.cc:740] T e5d1489f8592428081561e4f4d170303 P 8e25cf85e1474200aca13e72b2b49481 [term 0 FOLLOWER]: Becoming Follower/Learner. State: Replica: 8e25cf85e1474200aca13e72b2b49481, State: Initialized, Role: FOLLOWER
I20260812 06:36:10.834919  8539 consensus_queue.cc:260] T e5d1489f8592428081561e4f4d170303 P 8e25cf85e1474200aca13e72b2b49481 [NON_LEADER]: Queue going to NON_LEADER mode. State: All replicated index: 0, Majority replicated index: 0, Committed index: 0, Last appended: 0.0, Last appended by leader: 0, Current term: 0, Majority size: -1, State: 0, Mode: NON_LEADER, active raft config: opid_index: -1 OBSOLETE_local: false peers { permanent_uuid: "bc3ead73467143568a2834e026fb176a" member_type: VOTER last_known_addr { host: "127.6.254.65" port: 43045 } } peers { permanent_uuid: "8e25cf85e1474200aca13e72b2b49481" member_type: VOTER last_known_addr { host: "127.6.254.67" port: 39549 } } peers { permanent_uuid: "9c7f2cdb24664a4fa358a5080daaed3c" member_type: VOTER last_known_addr { host: "127.6.254.66" port: 38841 } }
I20260812 06:36:10.834995  8583 ts_tablet_manager.cc:1929] T ead3f45824784af9888eb835baf34e2b P bc3ead73467143568a2834e026fb176a: tablet deleted with delete type TABLET_DATA_DELETED: last-logged OpId 0.0
I20260812 06:36:10.835062  8583 log.cc:1199] T ead3f45824784af9888eb835baf34e2b P bc3ead73467143568a2834e026fb176a: Deleting WAL directory at /tmp/dist-test-taskiLUxKf/test-tmp/master-stress-test.0.CatalogManagerConfigurations_MasterStressTest.Test_0.1786516567974314-7161-0/minicluster-data/ts-0/wal/wals/ead3f45824784af9888eb835baf34e2b
I20260812 06:36:10.835157  8539 ts_tablet_manager.cc:1434] T e5d1489f8592428081561e4f4d170303 P 8e25cf85e1474200aca13e72b2b49481: Time spent starting tablet: real 0.001s	user 0.001s	sys 0.000s
I20260812 06:36:10.835269  8583 ts_tablet_manager.cc:1950] T ead3f45824784af9888eb835baf34e2b P bc3ead73467143568a2834e026fb176a: Deleting consensus metadata
I20260812 06:36:10.835328  8539 tablet_bootstrap.cc:492] T ea01034b87c34d1b8b2818a7567be1b5 P 8e25cf85e1474200aca13e72b2b49481: Bootstrap starting.
I20260812 06:36:10.836169  8581 ts_tablet_manager.cc:1916] T 7e5b539c717c4131bb0ecfccc98ac01d P 9c7f2cdb24664a4fa358a5080daaed3c: Deleting tablet data with delete state TABLET_DATA_DELETED
I20260812 06:36:10.836584  8582 ts_tablet_manager.cc:1929] T a7298121e3924ca4b211021e9a9b5930 P 8e25cf85e1474200aca13e72b2b49481: tablet deleted with delete type TABLET_DATA_DELETED: last-logged OpId 0.0
I20260812 06:36:10.836673  8582 log.cc:1199] T a7298121e3924ca4b211021e9a9b5930 P 8e25cf85e1474200aca13e72b2b49481: Deleting WAL directory at /tmp/dist-test-taskiLUxKf/test-tmp/master-stress-test.0.CatalogManagerConfigurations_MasterStressTest.Test_0.1786516567974314-7161-0/minicluster-data/ts-2/wal/wals/a7298121e3924ca4b211021e9a9b5930
I20260812 06:36:10.836901  8582 ts_tablet_manager.cc:1950] T a7298121e3924ca4b211021e9a9b5930 P 8e25cf85e1474200aca13e72b2b49481: Deleting consensus metadata
I20260812 06:36:10.838212  8581 ts_tablet_manager.cc:1929] T 7e5b539c717c4131bb0ecfccc98ac01d P 9c7f2cdb24664a4fa358a5080daaed3c: tablet deleted with delete type TABLET_DATA_DELETED: last-logged OpId 0.0
I20260812 06:36:10.838284  8581 log.cc:1199] T 7e5b539c717c4131bb0ecfccc98ac01d P 9c7f2cdb24664a4fa358a5080daaed3c: Deleting WAL directory at /tmp/dist-test-taskiLUxKf/test-tmp/master-stress-test.0.CatalogManagerConfigurations_MasterStressTest.Test_0.1786516567974314-7161-0/minicluster-data/ts-1/wal/wals/7e5b539c717c4131bb0ecfccc98ac01d
I20260812 06:36:10.838531  8581 ts_tablet_manager.cc:1950] T 7e5b539c717c4131bb0ecfccc98ac01d P 9c7f2cdb24664a4fa358a5080daaed3c: Deleting consensus metadata
I20260812 06:36:10.839403  8539 tablet_bootstrap.cc:654] T ea01034b87c34d1b8b2818a7567be1b5 P 8e25cf85e1474200aca13e72b2b49481: Neither blocks nor log segments found. Creating new log.
I20260812 06:36:10.840553  8539 tablet_bootstrap.cc:492] T ea01034b87c34d1b8b2818a7567be1b5 P 8e25cf85e1474200aca13e72b2b49481: No bootstrap required, opened a new log
I20260812 06:36:10.840660  8539 ts_tablet_manager.cc:1403] T ea01034b87c34d1b8b2818a7567be1b5 P 8e25cf85e1474200aca13e72b2b49481: Time spent bootstrapping tablet: real 0.005s	user 0.001s	sys 0.000s
I20260812 06:36:10.841158  8539 raft_consensus.cc:359] T ea01034b87c34d1b8b2818a7567be1b5 P 8e25cf85e1474200aca13e72b2b49481 [term 0 FOLLOWER]: Replica starting. Triggering 0 pending ops. Active config: opid_index: -1 OBSOLETE_local: false peers { permanent_uuid: "bc3ead73467143568a2834e026fb176a" member_type: VOTER last_known_addr { host: "127.6.254.65" port: 43045 } } peers { permanent_uuid: "9c7f2cdb24664a4fa358a5080daaed3c" member_type: VOTER last_known_addr { host: "127.6.254.66" port: 38841 } } peers { permanent_uuid: "8e25cf85e1474200aca13e72b2b49481" member_type: VOTER last_known_addr { host: "127.6.254.67" port: 39549 } }
I20260812 06:36:10.841279  8539 raft_consensus.cc:385] T ea01034b87c34d1b8b2818a7567be1b5 P 8e25cf85e1474200aca13e72b2b49481 [term 0 FOLLOWER]: Consensus starting up: Expiring failure detector timer to make a prompt election more likely
I20260812 06:36:10.841322  8539 raft_consensus.cc:740] T ea01034b87c34d1b8b2818a7567be1b5 P 8e25cf85e1474200aca13e72b2b49481 [term 0 FOLLOWER]: Becoming Follower/Learner. State: Replica: 8e25cf85e1474200aca13e72b2b49481, State: Initialized, Role: FOLLOWER
I20260812 06:36:10.841516  8539 consensus_queue.cc:260] T ea01034b87c34d1b8b2818a7567be1b5 P 8e25cf85e1474200aca13e72b2b49481 [NON_LEADER]: Queue going to NON_LEADER mode. State: All replicated index: 0, Majority replicated index: 0, Committed index: 0, Last appended: 0.0, Last appended by leader: 0, Current term: 0, Majority size: -1, State: 0, Mode: NON_LEADER, active raft config: opid_index: -1 OBSOLETE_local: false peers { permanent_uuid: "bc3ead73467143568a2834e026fb176a" member_type: VOTER last_known_addr { host: "127.6.254.65" port: 43045 } } peers { permanent_uuid: "9c7f2cdb24664a4fa358a5080daaed3c" member_type: VOTER last_known_addr { host: "127.6.254.66" port: 38841 } } peers { permanent_uuid: "8e25cf85e1474200aca13e72b2b49481" member_type: VOTER last_known_addr { host: "127.6.254.67" port: 39549 } }
I20260812 06:36:10.841886  8539 ts_tablet_manager.cc:1434] T ea01034b87c34d1b8b2818a7567be1b5 P 8e25cf85e1474200aca13e72b2b49481: Time spent starting tablet: real 0.001s	user 0.002s	sys 0.000s
I20260812 06:36:10.842097  8539 tablet_bootstrap.cc:492] T 8146a2f3d59f45309f017467ed1c7d88 P 8e25cf85e1474200aca13e72b2b49481: Bootstrap starting.
I20260812 06:36:10.843026  7362 catalog_manager.cc:3570] Servicing AlterTable request from {username='slave'} at 127.0.0.1:50342:
table { table_name: "default.Table_cafc6d4e5a354310add32b49dfc0618c" } new_table_name: "default.Table_51036e0c29da4650b6e895ae974893a0" modify_external_catalogs: true
I20260812 06:36:10.843241  8539 tablet_bootstrap.cc:654] T 8146a2f3d59f45309f017467ed1c7d88 P 8e25cf85e1474200aca13e72b2b49481: Neither blocks nor log segments found. Creating new log.
I20260812 06:36:10.844653  7343 catalog_manager.cc:5050] TS bc3ead73467143568a2834e026fb176a (127.6.254.65:43045): tablet 7cee0612d0fc406cb07c4fa2d5c29d3a (table default.Table_582f551e8ec94ae6a0e505f4dd6dc58f [id=284d0e9a826448dbac617d4898c98ded]) successfully deleted
I20260812 06:36:10.844800  7343 catalog_manager.cc:5050] TS bc3ead73467143568a2834e026fb176a (127.6.254.65:43045): tablet e5cfb39d70ec477fb991e2c9690d3f72 (table default.Table_5b14d08f69614784849a0c00c5f67dbe [id=55f2337cc0ad48478e2954d8a1307d72]) successfully deleted
W20260812 06:36:10.845041  7343 catalog_manager.cc:5030] TS bc3ead73467143568a2834e026fb176a (127.6.254.65:43045): delete failed for tablet e5d1489f8592428081561e4f4d170303 because tablet deleting was already in progress. No further retry: Already present: State transition of tablet e5d1489f8592428081561e4f4d170303 already in progress: creating tablet
W20260812 06:36:10.845160  7343 catalog_manager.cc:5030] TS bc3ead73467143568a2834e026fb176a (127.6.254.65:43045): delete failed for tablet 0b97550a3ae3497ba610aecc79c17dbd because tablet deleting was already in progress. No further retry: Already present: State transition of tablet 0b97550a3ae3497ba610aecc79c17dbd already in progress: creating tablet
I20260812 06:36:10.845250  7343 catalog_manager.cc:5050] TS bc3ead73467143568a2834e026fb176a (127.6.254.65:43045): tablet ead3f45824784af9888eb835baf34e2b (table default.Table_1b1d257d91b449fd9395ef75aacd48ec [id=25b9fd0d11a54247be5c286ac47bd9be]) successfully deleted
W20260812 06:36:10.845415  7343 catalog_manager.cc:5030] TS bc3ead73467143568a2834e026fb176a (127.6.254.65:43045): delete failed for tablet a7298121e3924ca4b211021e9a9b5930 because tablet deleting was already in progress. No further retry: Already present: State transition of tablet a7298121e3924ca4b211021e9a9b5930 already in progress: creating tablet
W20260812 06:36:10.845537  7343 catalog_manager.cc:5030] TS bc3ead73467143568a2834e026fb176a (127.6.254.65:43045): delete failed for tablet 7e5b539c717c4131bb0ecfccc98ac01d because tablet deleting was already in progress. No further retry: Already present: State transition of tablet 7e5b539c717c4131bb0ecfccc98ac01d already in progress: creating tablet
W20260812 06:36:10.845649  7343 catalog_manager.cc:5030] TS bc3ead73467143568a2834e026fb176a (127.6.254.65:43045): delete failed for tablet 3ec4f73714b947b682d63bc52afa7415 because tablet deleting was already in progress. No further retry: Already present: State transition of tablet 3ec4f73714b947b682d63bc52afa7415 already in progress: creating tablet
I20260812 06:36:10.846310  7804 tablet_service.cc:1511] Processing CreateTablet for tablet 9d67e3a309d748e3a338511c317fb9f3 (DEFAULT_TABLE table=default.Table_cafc6d4e5a354310add32b49dfc0618c [id=89c9361622ef4cf5bff9f63444b860db]), partition=RANGE (key) PARTITION UNBOUNDED
I20260812 06:36:10.846593  7804 data_dirs.cc:400] Could only allocate 1 dirs of requested 3 for tablet 9d67e3a309d748e3a338511c317fb9f3. 1 dirs total, 0 dirs full, 0 dirs failed
I20260812 06:36:10.847440  8539 tablet_bootstrap.cc:492] T 8146a2f3d59f45309f017467ed1c7d88 P 8e25cf85e1474200aca13e72b2b49481: No bootstrap required, opened a new log
I20260812 06:36:10.847512  8539 ts_tablet_manager.cc:1403] T 8146a2f3d59f45309f017467ed1c7d88 P 8e25cf85e1474200aca13e72b2b49481: Time spent bootstrapping tablet: real 0.005s	user 0.002s	sys 0.000s
I20260812 06:36:10.847961  8539 raft_consensus.cc:359] T 8146a2f3d59f45309f017467ed1c7d88 P 8e25cf85e1474200aca13e72b2b49481 [term 0 FOLLOWER]: Replica starting. Triggering 0 pending ops. Active config: opid_index: -1 OBSOLETE_local: false peers { permanent_uuid: "bc3ead73467143568a2834e026fb176a" member_type: VOTER last_known_addr { host: "127.6.254.65" port: 43045 } } peers { permanent_uuid: "8e25cf85e1474200aca13e72b2b49481" member_type: VOTER last_known_addr { host: "127.6.254.67" port: 39549 } } peers { permanent_uuid: "9c7f2cdb24664a4fa358a5080daaed3c" member_type: VOTER last_known_addr { host: "127.6.254.66" port: 38841 } }
I20260812 06:36:10.848063  8539 raft_consensus.cc:385] T 8146a2f3d59f45309f017467ed1c7d88 P 8e25cf85e1474200aca13e72b2b49481 [term 0 FOLLOWER]: Consensus starting up: Expiring failure detector timer to make a prompt election more likely
I20260812 06:36:10.848096  8539 raft_consensus.cc:740] T 8146a2f3d59f45309f017467ed1c7d88 P 8e25cf85e1474200aca13e72b2b49481 [term 0 FOLLOWER]: Becoming Follower/Learner. State: Replica: 8e25cf85e1474200aca13e72b2b49481, State: Initialized, Role: FOLLOWER
I20260812 06:36:10.848212  8539 consensus_queue.cc:260] T 8146a2f3d59f45309f017467ed1c7d88 P 8e25cf85e1474200aca13e72b2b49481 [NON_LEADER]: Queue going to NON_LEADER mode. State: All replicated index: 0, Majority replicated index: 0, Committed index: 0, Last appended: 0.0, Last appended by leader: 0, Current term: 0, Majority size: -1, State: 0, Mode: NON_LEADER, active raft config: opid_index: -1 OBSOLETE_local: false peers { permanent_uuid: "bc3ead73467143568a2834e026fb176a" member_type: VOTER last_known_addr { host: "127.6.254.65" port: 43045 } } peers { permanent_uuid: "8e25cf85e1474200aca13e72b2b49481" member_type: VOTER last_known_addr { host: "127.6.254.67" port: 39549 } } peers { permanent_uuid: "9c7f2cdb24664a4fa358a5080daaed3c" member_type: VOTER last_known_addr { host: "127.6.254.66" port: 38841 } }
I20260812 06:36:10.848532  8539 ts_tablet_manager.cc:1434] T 8146a2f3d59f45309f017467ed1c7d88 P 8e25cf85e1474200aca13e72b2b49481: Time spent starting tablet: real 0.001s	user 0.001s	sys 0.000s
I20260812 06:36:10.848723  8539 tablet_bootstrap.cc:492] T c91343f49213486e94f3c95206ce9fd9 P 8e25cf85e1474200aca13e72b2b49481: Bootstrap starting.
I20260812 06:36:10.849328  8053 tablet_service.cc:1511] Processing CreateTablet for tablet 9d67e3a309d748e3a338511c317fb9f3 (DEFAULT_TABLE table=default.Table_cafc6d4e5a354310add32b49dfc0618c [id=89c9361622ef4cf5bff9f63444b860db]), partition=RANGE (key) PARTITION UNBOUNDED
I20260812 06:36:10.849560  7804 tablet_service.cc:1511] Processing CreateTablet for tablet d0e00950303c4d2885498c73d55b51a5 (DEFAULT_TABLE table=default.Table_e25a08cf161f48c8b059af72986cc54c [id=dbcd0f3aa14047638de243ad12da3d42]), partition=RANGE (key) PARTITION UNBOUNDED
I20260812 06:36:10.849634  8053 data_dirs.cc:400] Could only allocate 1 dirs of requested 3 for tablet 9d67e3a309d748e3a338511c317fb9f3. 1 dirs total, 0 dirs full, 0 dirs failed
I20260812 06:36:10.849758  7804 data_dirs.cc:400] Could only allocate 1 dirs of requested 3 for tablet d0e00950303c4d2885498c73d55b51a5. 1 dirs total, 0 dirs full, 0 dirs failed
I20260812 06:36:10.849769  8539 tablet_bootstrap.cc:654] T c91343f49213486e94f3c95206ce9fd9 P 8e25cf85e1474200aca13e72b2b49481: Neither blocks nor log segments found. Creating new log.
I20260812 06:36:10.851272  8537 tablet_bootstrap.cc:492] T e113d5bf3f644d799f746ca1f40317d7 P 9c7f2cdb24664a4fa358a5080daaed3c: No bootstrap required, opened a new log
I20260812 06:36:10.851378  8537 ts_tablet_manager.cc:1403] T e113d5bf3f644d799f746ca1f40317d7 P 9c7f2cdb24664a4fa358a5080daaed3c: Time spent bootstrapping tablet: real 0.091s	user 0.001s	sys 0.000s
I20260812 06:36:10.851922  8537 raft_consensus.cc:359] T e113d5bf3f644d799f746ca1f40317d7 P 9c7f2cdb24664a4fa358a5080daaed3c [term 0 FOLLOWER]: Replica starting. Triggering 0 pending ops. Active config: opid_index: -1 OBSOLETE_local: false peers { permanent_uuid: "bc3ead73467143568a2834e026fb176a" member_type: VOTER last_known_addr { host: "127.6.254.65" port: 43045 } } peers { permanent_uuid: "8e25cf85e1474200aca13e72b2b49481" member_type: VOTER last_known_addr { host: "127.6.254.67" port: 39549 } } peers { permanent_uuid: "9c7f2cdb24664a4fa358a5080daaed3c" member_type: VOTER last_known_addr { host: "127.6.254.66" port: 38841 } }
I20260812 06:36:10.852036  8537 raft_consensus.cc:385] T e113d5bf3f644d799f746ca1f40317d7 P 9c7f2cdb24664a4fa358a5080daaed3c [term 0 FOLLOWER]: Consensus starting up: Expiring failure detector timer to make a prompt election more likely
I20260812 06:36:10.852085  8537 raft_consensus.cc:740] T e113d5bf3f644d799f746ca1f40317d7 P 9c7f2cdb24664a4fa358a5080daaed3c [term 0 FOLLOWER]: Becoming Follower/Learner. State: Replica: 9c7f2cdb24664a4fa358a5080daaed3c, State: Initialized, Role: FOLLOWER
I20260812 06:36:10.852221  8537 consensus_queue.cc:260] T e113d5bf3f644d799f746ca1f40317d7 P 9c7f2cdb24664a4fa358a5080daaed3c [NON_LEADER]: Queue going to NON_LEADER mode. State: All replicated index: 0, Majority replicated index: 0, Committed index: 0, Last appended: 0.0, Last appended by leader: 0, Current term: 0, Majority size: -1, State: 0, Mode: NON_LEADER, active raft config: opid_index: -1 OBSOLETE_local: false peers { permanent_uuid: "bc3ead73467143568a2834e026fb176a" member_type: VOTER last_known_addr { host: "127.6.254.65" port: 43045 } } peers { permanent_uuid: "8e25cf85e1474200aca13e72b2b49481" member_type: VOTER last_known_addr { host: "127.6.254.67" port: 39549 } } peers { permanent_uuid: "9c7f2cdb24664a4fa358a5080daaed3c" member_type: VOTER last_known_addr { host: "127.6.254.66" port: 38841 } }
W20260812 06:36:10.852414  7355 catalog_manager.cc:5979] Failed to send alter table request: Not found: failed to reset TS proxy: No leader found: Tablet 934f6ebe325a445b821612f5ebfd97a5 consensus state has no leader
I20260812 06:36:10.852511  8537 ts_tablet_manager.cc:1434] T e113d5bf3f644d799f746ca1f40317d7 P 9c7f2cdb24664a4fa358a5080daaed3c: Time spent starting tablet: real 0.001s	user 0.001s	sys 0.000s
I20260812 06:36:10.852596  7804 tablet_service.cc:1511] Processing CreateTablet for tablet 793f9cb16d7f4f80a865beef911cb5ed (DEFAULT_TABLE table=default.Table_be2a372ad5c2475d9cf102ad872ed91a [id=0ee1b03c432f4b6f8dc5744589d26a2c]), partition=RANGE (key) PARTITION UNBOUNDED
I20260812 06:36:10.852690  8537 tablet_bootstrap.cc:492] T 0ca5884cbe8e4cf5b9650cce5baba7bb P 9c7f2cdb24664a4fa358a5080daaed3c: Bootstrap starting.
I20260812 06:36:10.852820  7804 data_dirs.cc:400] Could only allocate 1 dirs of requested 3 for tablet 793f9cb16d7f4f80a865beef911cb5ed. 1 dirs total, 0 dirs full, 0 dirs failed
I20260812 06:36:10.852840  7356 catalog_manager.cc:6006] T 00000000000000000000000000000000 P 94072363a27d43a7a6cbc3271c126c8a: Sending DeleteTablet for 3 replicas of tablet 42ff33456bb1422aaffafed254964e70
W20260812 06:36:10.853150  7364 catalog_manager.cc:5979] Failed to send alter table request: Not found: failed to reset TS proxy: No leader found: Tablet 793f9cb16d7f4f80a865beef911cb5ed consensus state has no leader
I20260812 06:36:10.853727  8537 tablet_bootstrap.cc:654] T 0ca5884cbe8e4cf5b9650cce5baba7bb P 9c7f2cdb24664a4fa358a5080daaed3c: Neither blocks nor log segments found. Creating new log.
I20260812 06:36:10.854554  7364 catalog_manager.cc:5811] TS 8e25cf85e1474200aca13e72b2b49481 (127.6.254.67:39549) does not have the latest schema for tablet 8146a2f3d59f45309f017467ed1c7d88 (table default.Table_c66de61399694201be2bfa270b3a2d54 [id=9c89fd447de84df2b892cff8e77ede06]). Expected version 1 got 0
I20260812 06:36:10.854954  8053 tablet_service.cc:1511] Processing CreateTablet for tablet d0e00950303c4d2885498c73d55b51a5 (DEFAULT_TABLE table=default.Table_e25a08cf161f48c8b059af72986cc54c [id=dbcd0f3aa14047638de243ad12da3d42]), partition=RANGE (key) PARTITION UNBOUNDED
I20260812 06:36:10.855202  8053 data_dirs.cc:400] Could only allocate 1 dirs of requested 3 for tablet d0e00950303c4d2885498c73d55b51a5. 1 dirs total, 0 dirs full, 0 dirs failed
I20260812 06:36:10.855335  8052 tablet_service.cc:1511] Processing CreateTablet for tablet 793f9cb16d7f4f80a865beef911cb5ed (DEFAULT_TABLE table=default.Table_be2a372ad5c2475d9cf102ad872ed91a [id=0ee1b03c432f4b6f8dc5744589d26a2c]), partition=RANGE (key) PARTITION UNBOUNDED
I20260812 06:36:10.855597  7804 tablet_service.cc:1511] Processing CreateTablet for tablet 1f107307befb49169196f82a106fd879 (DEFAULT_TABLE table=default.Table_e132956871694e80bd12e20bc1130678 [id=4ae69590719041df937355255961adb8]), partition=RANGE (key) PARTITION UNBOUNDED
I20260812 06:36:10.855666  8539 tablet_bootstrap.cc:492] T c91343f49213486e94f3c95206ce9fd9 P 8e25cf85e1474200aca13e72b2b49481: No bootstrap required, opened a new log
I20260812 06:36:10.855741  8539 ts_tablet_manager.cc:1403] T c91343f49213486e94f3c95206ce9fd9 P 8e25cf85e1474200aca13e72b2b49481: Time spent bootstrapping tablet: real 0.007s	user 0.000s	sys 0.002s
I20260812 06:36:10.855794  7804 data_dirs.cc:400] Could only allocate 1 dirs of requested 3 for tablet 1f107307befb49169196f82a106fd879. 1 dirs total, 0 dirs full, 0 dirs failed
I20260812 06:36:10.856210  8539 raft_consensus.cc:359] T c91343f49213486e94f3c95206ce9fd9 P 8e25cf85e1474200aca13e72b2b49481 [term 0 FOLLOWER]: Replica starting. Triggering 0 pending ops. Active config: opid_index: -1 OBSOLETE_local: false peers { permanent_uuid: "bc3ead73467143568a2834e026fb176a" member_type: VOTER last_known_addr { host: "127.6.254.65" port: 43045 } } peers { permanent_uuid: "8e25cf85e1474200aca13e72b2b49481" member_type: VOTER last_known_addr { host: "127.6.254.67" port: 39549 } } peers { permanent_uuid: "9c7f2cdb24664a4fa358a5080daaed3c" member_type: VOTER last_known_addr { host: "127.6.254.66" port: 38841 } }
I20260812 06:36:10.856341  8539 raft_consensus.cc:385] T c91343f49213486e94f3c95206ce9fd9 P 8e25cf85e1474200aca13e72b2b49481 [term 0 FOLLOWER]: Consensus starting up: Expiring failure detector timer to make a prompt election more likely
I20260812 06:36:10.856381  8539 raft_consensus.cc:740] T c91343f49213486e94f3c95206ce9fd9 P 8e25cf85e1474200aca13e72b2b49481 [term 0 FOLLOWER]: Becoming Follower/Learner. State: Replica: 8e25cf85e1474200aca13e72b2b49481, State: Initialized, Role: FOLLOWER
I20260812 06:36:10.856503  8539 consensus_queue.cc:260] T c91343f49213486e94f3c95206ce9fd9 P 8e25cf85e1474200aca13e72b2b49481 [NON_LEADER]: Queue going to NON_LEADER mode. State: All replicated index: 0, Majority replicated index: 0, Committed index: 0, Last appended: 0.0, Last appended by leader: 0, Current term: 0, Majority size: -1, State: 0, Mode: NON_LEADER, active raft config: opid_index: -1 OBSOLETE_local: false peers { permanent_uuid: "bc3ead73467143568a2834e026fb176a" member_type: VOTER last_known_addr { host: "127.6.254.65" port: 43045 } } peers { permanent_uuid: "8e25cf85e1474200aca13e72b2b49481" member_type: VOTER last_known_addr { host: "127.6.254.67" port: 39549 } } peers { permanent_uuid: "9c7f2cdb24664a4fa358a5080daaed3c" member_type: VOTER last_known_addr { host: "127.6.254.66" port: 38841 } }
I20260812 06:36:10.856787  8539 ts_tablet_manager.cc:1434] T c91343f49213486e94f3c95206ce9fd9 P 8e25cf85e1474200aca13e72b2b49481: Time spent starting tablet: real 0.001s	user 0.000s	sys 0.001s
I20260812 06:36:10.856966  8539 tablet_bootstrap.cc:492] T dc576a40c8d246c18602a75a771b2873 P 8e25cf85e1474200aca13e72b2b49481: Bootstrap starting.
I20260812 06:36:10.857649  8052 data_dirs.cc:400] Could only allocate 1 dirs of requested 3 for tablet 793f9cb16d7f4f80a865beef911cb5ed. 1 dirs total, 0 dirs full, 0 dirs failed
I20260812 06:36:10.858109  8539 tablet_bootstrap.cc:654] T dc576a40c8d246c18602a75a771b2873 P 8e25cf85e1474200aca13e72b2b49481: Neither blocks nor log segments found. Creating new log.
I20260812 06:36:10.858336  7804 tablet_service.cc:1511] Processing CreateTablet for tablet 42ff33456bb1422aaffafed254964e70 (DEFAULT_TABLE table=default.Table_a9ecf25b14e94c669172cb44214e30d8 [id=248c3be4626746ea96b7021e7dbaeba3]), partition=RANGE (key) PARTITION UNBOUNDED
I20260812 06:36:10.858556  7804 data_dirs.cc:400] Could only allocate 1 dirs of requested 3 for tablet 42ff33456bb1422aaffafed254964e70. 1 dirs total, 0 dirs full, 0 dirs failed
I20260812 06:36:10.860013  8046 tablet_service.cc:1511] Processing CreateTablet for tablet 1f107307befb49169196f82a106fd879 (DEFAULT_TABLE table=default.Table_e132956871694e80bd12e20bc1130678 [id=4ae69590719041df937355255961adb8]), partition=RANGE (key) PARTITION UNBOUNDED
I20260812 06:36:10.860548  8046 data_dirs.cc:400] Could only allocate 1 dirs of requested 3 for tablet 1f107307befb49169196f82a106fd879. 1 dirs total, 0 dirs full, 0 dirs failed
W20260812 06:36:10.861196  7362 catalog_manager.cc:5979] Failed to send alter table request: Not found: failed to reset TS proxy: No leader found: Tablet 9d67e3a309d748e3a338511c317fb9f3 consensus state has no leader
I20260812 06:36:10.861409  8060 tablet_service.cc:1511] Processing CreateTablet for tablet 3ce4438e74234c50a4ef32443827c41e (DEFAULT_TABLE table=default.Table_273e0440ff9d4263941891ea4bc88cba [id=a14386686da44a86a7f8946dc328ae73]), partition=RANGE (key) PARTITION UNBOUNDED
I20260812 06:36:10.861531  7343 catalog_manager.cc:5050] TS 9c7f2cdb24664a4fa358a5080daaed3c (127.6.254.66:38841): tablet 0b97550a3ae3497ba610aecc79c17dbd (table default.Table_a752a43e022f475f9db5209a0248ed91 [id=b81885d6c69e4a53a8c08ba4d0a7017f]) successfully deleted
I20260812 06:36:10.861626  8060 data_dirs.cc:400] Could only allocate 1 dirs of requested 3 for tablet 3ce4438e74234c50a4ef32443827c41e. 1 dirs total, 0 dirs full, 0 dirs failed
I20260812 06:36:10.861671  7343 catalog_manager.cc:5050] TS 9c7f2cdb24664a4fa358a5080daaed3c (127.6.254.66:38841): tablet 3ec4f73714b947b682d63bc52afa7415 (table default.Table_9597d0757a8846528080128e893dc84f [id=73c55f13e20f476cb50a68082d0b3f1c]) successfully deleted
I20260812 06:36:10.861780  7343 catalog_manager.cc:5050] TS 9c7f2cdb24664a4fa358a5080daaed3c (127.6.254.66:38841): tablet 7e5b539c717c4131bb0ecfccc98ac01d (table default.Table_c3fcf68b08d948478fc134bd48a46cd3 [id=9ce1d91622c64908a531be296738d2a4]) successfully deleted
I20260812 06:36:10.863095  7796 tablet_service.cc:1558] Processing DeleteTablet for tablet 42ff33456bb1422aaffafed254964e70 with delete_type TABLET_DATA_DELETED (Table deleted at 2026-08-12 06:36:10 UTC) from {username='slave'} at 127.0.0.1:34688
I20260812 06:36:10.863547  8058 tablet_service.cc:1558] Processing DeleteTablet for tablet 42ff33456bb1422aaffafed254964e70 with delete_type TABLET_DATA_DELETED (Table deleted at 2026-08-12 06:36:10 UTC) from {username='slave'} at 127.0.0.1:45630
I20260812 06:36:10.864346  8552 tablet_bootstrap.cc:492] T af43fd09bc9c4d458ff4a27c03b5259f P bc3ead73467143568a2834e026fb176a: No bootstrap required, opened a new log
I20260812 06:36:10.864430  8552 ts_tablet_manager.cc:1403] T af43fd09bc9c4d458ff4a27c03b5259f P bc3ead73467143568a2834e026fb176a: Time spent bootstrapping tablet: real 0.269s	user 0.001s	sys 0.000s
I20260812 06:36:10.864895  8552 raft_consensus.cc:359] T af43fd09bc9c4d458ff4a27c03b5259f P bc3ead73467143568a2834e026fb176a [term 0 FOLLOWER]: Replica starting. Triggering 0 pending ops. Active config: opid_index: -1 OBSOLETE_local: false peers { permanent_uuid: "bc3ead73467143568a2834e026fb176a" member_type: VOTER last_known_addr { host: "127.6.254.65" port: 43045 } } peers { permanent_uuid: "8e25cf85e1474200aca13e72b2b49481" member_type: VOTER last_known_addr { host: "127.6.254.67" port: 39549 } } peers { permanent_uuid: "9c7f2cdb24664a4fa358a5080daaed3c" member_type: VOTER last_known_addr { host: "127.6.254.66" port: 38841 } }
I20260812 06:36:10.865015  8552 raft_consensus.cc:385] T af43fd09bc9c4d458ff4a27c03b5259f P bc3ead73467143568a2834e026fb176a [term 0 FOLLOWER]: Consensus starting up: Expiring failure detector timer to make a prompt election more likely
I20260812 06:36:10.865051  8552 raft_consensus.cc:740] T af43fd09bc9c4d458ff4a27c03b5259f P bc3ead73467143568a2834e026fb176a [term 0 FOLLOWER]: Becoming Follower/Learner. State: Replica: bc3ead73467143568a2834e026fb176a, State: Initialized, Role: FOLLOWER
I20260812 06:36:10.865178  8552 consensus_queue.cc:260] T af43fd09bc9c4d458ff4a27c03b5259f P bc3ead73467143568a2834e026fb176a [NON_LEADER]: Queue going to NON_LEADER mode. State: All replicated index: 0, Majority replicated index: 0, Committed index: 0, Last appended: 0.0, Last appended by leader: 0, Current term: 0, Majority size: -1, State: 0, Mode: NON_LEADER, active raft config: opid_index: -1 OBSOLETE_local: false peers { permanent_uuid: "bc3ead73467143568a2834e026fb176a" member_type: VOTER last_known_addr { host: "127.6.254.65" port: 43045 } } peers { permanent_uuid: "8e25cf85e1474200aca13e72b2b49481" member_type: VOTER last_known_addr { host: "127.6.254.67" port: 39549 } } peers { permanent_uuid: "9c7f2cdb24664a4fa358a5080daaed3c" member_type: VOTER last_known_addr { host: "127.6.254.66" port: 38841 } }
I20260812 06:36:10.865511  8552 ts_tablet_manager.cc:1434] T af43fd09bc9c4d458ff4a27c03b5259f P bc3ead73467143568a2834e026fb176a: Time spent starting tablet: real 0.001s	user 0.001s	sys 0.000s
I20260812 06:36:10.865504  8052 tablet_service.cc:1511] Processing CreateTablet for tablet 42ff33456bb1422aaffafed254964e70 (DEFAULT_TABLE table=default.Table_a9ecf25b14e94c669172cb44214e30d8 [id=248c3be4626746ea96b7021e7dbaeba3]), partition=RANGE (key) PARTITION UNBOUNDED
I20260812 06:36:10.865705  8552 tablet_bootstrap.cc:492] T da41cf653b024f258e82a1316fc7315d P bc3ead73467143568a2834e026fb176a: Bootstrap starting.
I20260812 06:36:10.865713  8052 data_dirs.cc:400] Could only allocate 1 dirs of requested 3 for tablet 42ff33456bb1422aaffafed254964e70. 1 dirs total, 0 dirs full, 0 dirs failed
I20260812 06:36:10.866627  8552 tablet_bootstrap.cc:654] T da41cf653b024f258e82a1316fc7315d P bc3ead73467143568a2834e026fb176a: Neither blocks nor log segments found. Creating new log.
W20260812 06:36:10.865553  7343 catalog_manager.cc:5123] TS 9c7f2cdb24664a4fa358a5080daaed3c (127.6.254.66:38841): alter failed for tablet 7cee0612d0fc406cb07c4fa2d5c29d3a (table default.Table_582f551e8ec94ae6a0e505f4dd6dc58f [id=284d0e9a826448dbac617d4898c98ded]),no further retry: Not found: Tablet not found: 7cee0612d0fc406cb07c4fa2d5c29d3a
W20260812 06:36:10.867304  7343 catalog_manager.cc:5017] TS 9c7f2cdb24664a4fa358a5080daaed3c (127.6.254.66:38841): delete failed for tablet 42ff33456bb1422aaffafed254964e70 because the tablet was not found. No further retry: Not found: Tablet not found: 42ff33456bb1422aaffafed254964e70
I20260812 06:36:10.861140  7802 tablet_service.cc:1511] Processing CreateTablet for tablet 3ce4438e74234c50a4ef32443827c41e (DEFAULT_TABLE table=default.Table_273e0440ff9d4263941891ea4bc88cba [id=a14386686da44a86a7f8946dc328ae73]), partition=RANGE (key) PARTITION UNBOUNDED
I20260812 06:36:10.868347  7802 data_dirs.cc:400] Could only allocate 1 dirs of requested 3 for tablet 3ce4438e74234c50a4ef32443827c41e. 1 dirs total, 0 dirs full, 0 dirs failed
W20260812 06:36:10.868574  7343 catalog_manager.cc:5030] TS bc3ead73467143568a2834e026fb176a (127.6.254.65:43045): delete failed for tablet 42ff33456bb1422aaffafed254964e70 because tablet deleting was already in progress. No further retry: Already present: State transition of tablet 42ff33456bb1422aaffafed254964e70 already in progress: creating tablet
I20260812 06:36:10.868865  7347 catalog_manager.cc:5050] TS 8e25cf85e1474200aca13e72b2b49481 (127.6.254.67:39549): tablet a7298121e3924ca4b211021e9a9b5930 (table default.Table_78db44306e3d46f4bc3a7cc50aff6cc0 [id=6978c2d70603411cb49a490d7bf20657]) successfully deleted
I20260812 06:36:10.869228  7362 master_service.cc:960] ReplaceTablet: received request to replace tablet cfb6536e2a8b4b4484c7b216d813ba63 from {username='slave'} at 127.0.0.1:50342
I20260812 06:36:10.869879  7355 master_service.cc:960] ReplaceTablet: received request to replace tablet c98910a47b3e4d669a1b912f6d09a2f9 from {username='slave'} at 127.0.0.1:50342
I20260812 06:36:10.870826  7356 catalog_manager.cc:2533] Servicing SoftDeleteTable request from {username='slave'} at 127.0.0.1:50342:
table { table_name: "default.Table_4851603eec8a470db0731e8c3b004dd1" } modify_external_catalogs: true
I20260812 06:36:10.870923  7356 catalog_manager.cc:2781] Servicing DeleteTable request from {username='slave'} at 127.0.0.1:50342:
table { table_name: "default.Table_4851603eec8a470db0731e8c3b004dd1" } modify_external_catalogs: true
I20260812 06:36:10.872267  7366 catalog_manager.cc:5811] TS bc3ead73467143568a2834e026fb176a (127.6.254.65:43045) does not have the latest schema for tablet af43fd09bc9c4d458ff4a27c03b5259f (table default.Table_034ff41915bb4990a5a4a26d9d64f27f [id=8d5f846595e146ddb64d0713233796db]). Expected version 1 got 0
I20260812 06:36:10.873004  8293 tablet_service.cc:1558] Processing DeleteTablet for tablet 42ff33456bb1422aaffafed254964e70 with delete_type TABLET_DATA_DELETED (Table deleted at 2026-08-12 06:36:10 UTC) from {username='slave'} at 127.0.0.1:39966
I20260812 06:36:10.874435  8582 tablet_replica.cc:333] T 7e5b539c717c4131bb0ecfccc98ac01d P 8e25cf85e1474200aca13e72b2b49481: stopping tablet replica
I20260812 06:36:10.874676  8582 raft_consensus.cc:2243] T 7e5b539c717c4131bb0ecfccc98ac01d P 8e25cf85e1474200aca13e72b2b49481 [term 0 FOLLOWER]: Raft consensus shutting down.
I20260812 06:36:10.874893  8582 raft_consensus.cc:2272] T 7e5b539c717c4131bb0ecfccc98ac01d P 8e25cf85e1474200aca13e72b2b49481 [term 0 FOLLOWER]: Raft consensus is shut down!
I20260812 06:36:10.875079  7359 catalog_manager.cc:2533] Servicing SoftDeleteTable request from {username='slave'} at 127.0.0.1:50342:
table { table_name: "default.Table_aebc674bf58d477b915da9acc40b6c50" } modify_external_catalogs: true
I20260812 06:36:10.875219  7359 catalog_manager.cc:2781] Servicing DeleteTable request from {username='slave'} at 127.0.0.1:50342:
table { table_name: "default.Table_aebc674bf58d477b915da9acc40b6c50" } modify_external_catalogs: true
I20260812 06:36:10.875890  8539 tablet_bootstrap.cc:492] T dc576a40c8d246c18602a75a771b2873 P 8e25cf85e1474200aca13e72b2b49481: No bootstrap required, opened a new log
I20260812 06:36:10.876041  8539 ts_tablet_manager.cc:1403] T dc576a40c8d246c18602a75a771b2873 P 8e25cf85e1474200aca13e72b2b49481: Time spent bootstrapping tablet: real 0.019s	user 0.000s	sys 0.002s
I20260812 06:36:10.876405  8537 tablet_bootstrap.cc:492] T 0ca5884cbe8e4cf5b9650cce5baba7bb P 9c7f2cdb24664a4fa358a5080daaed3c: No bootstrap required, opened a new log
I20260812 06:36:10.876509  8537 ts_tablet_manager.cc:1403] T 0ca5884cbe8e4cf5b9650cce5baba7bb P 9c7f2cdb24664a4fa358a5080daaed3c: Time spent bootstrapping tablet: real 0.024s	user 0.002s	sys 0.000s
I20260812 06:36:10.876742  8539 raft_consensus.cc:359] T dc576a40c8d246c18602a75a771b2873 P 8e25cf85e1474200aca13e72b2b49481 [term 0 FOLLOWER]: Replica starting. Triggering 0 pending ops. Active config: opid_index: -1 OBSOLETE_local: false peers { permanent_uuid: "bc3ead73467143568a2834e026fb176a" member_type: VOTER last_known_addr { host: "127.6.254.65" port: 43045 } } peers { permanent_uuid: "9c7f2cdb24664a4fa358a5080daaed3c" member_type: VOTER last_known_addr { host: "127.6.254.66" port: 38841 } } peers { permanent_uuid: "8e25cf85e1474200aca13e72b2b49481" member_type: VOTER last_known_addr { host: "127.6.254.67" port: 39549 } }
I20260812 06:36:10.876914  8539 raft_consensus.cc:385] T dc576a40c8d246c18602a75a771b2873 P 8e25cf85e1474200aca13e72b2b49481 [term 0 FOLLOWER]: Consensus starting up: Expiring failure detector timer to make a prompt election more likely
I20260812 06:36:10.877003  8539 raft_consensus.cc:740] T dc576a40c8d246c18602a75a771b2873 P 8e25cf85e1474200aca13e72b2b49481 [term 0 FOLLOWER]: Becoming Follower/Learner. State: Replica: 8e25cf85e1474200aca13e72b2b49481, State: Initialized, Role: FOLLOWER
I20260812 06:36:10.877023  8537 raft_consensus.cc:359] T 0ca5884cbe8e4cf5b9650cce5baba7bb P 9c7f2cdb24664a4fa358a5080daaed3c [term 0 FOLLOWER]: Replica starting. Triggering 0 pending ops. Active config: opid_index: -1 OBSOLETE_local: false peers { permanent_uuid: "bc3ead73467143568a2834e026fb176a" member_type: VOTER last_known_addr { host: "127.6.254.65" port: 43045 } } peers { permanent_uuid: "8e25cf85e1474200aca13e72b2b49481" member_type: VOTER last_known_addr { host: "127.6.254.67" port: 39549 } } peers { permanent_uuid: "9c7f2cdb24664a4fa358a5080daaed3c" member_type: VOTER last_known_addr { host: "127.6.254.66" port: 38841 } }
I20260812 06:36:10.877142  8537 raft_consensus.cc:385] T 0ca5884cbe8e4cf5b9650cce5baba7bb P 9c7f2cdb24664a4fa358a5080daaed3c [term 0 FOLLOWER]: Consensus starting up: Expiring failure detector timer to make a prompt election more likely
I20260812 06:36:10.877189  8537 raft_consensus.cc:740] T 0ca5884cbe8e4cf5b9650cce5baba7bb P 9c7f2cdb24664a4fa358a5080daaed3c [term 0 FOLLOWER]: Becoming Follower/Learner. State: Replica: 9c7f2cdb24664a4fa358a5080daaed3c, State: Initialized, Role: FOLLOWER
I20260812 06:36:10.877367  8537 consensus_queue.cc:260] T 0ca5884cbe8e4cf5b9650cce5baba7bb P 9c7f2cdb24664a4fa358a5080daaed3c [NON_LEADER]: Queue going to NON_LEADER mode. State: All replicated index: 0, Majority replicated index: 0, Committed index: 0, Last appended: 0.0, Last appended by leader: 0, Current term: 0, Majority size: -1, State: 0, Mode: NON_LEADER, active raft config: opid_index: -1 OBSOLETE_local: false peers { permanent_uuid: "bc3ead73467143568a2834e026fb176a" member_type: VOTER last_known_addr { host: "127.6.254.65" port: 43045 } } peers { permanent_uuid: "8e25cf85e1474200aca13e72b2b49481" member_type: VOTER last_known_addr { host: "127.6.254.67" port: 39549 } } peers { permanent_uuid: "9c7f2cdb24664a4fa358a5080daaed3c" member_type: VOTER last_known_addr { host: "127.6.254.66" port: 38841 } }
I20260812 06:36:10.877369  8539 consensus_queue.cc:260] T dc576a40c8d246c18602a75a771b2873 P 8e25cf85e1474200aca13e72b2b49481 [NON_LEADER]: Queue going to NON_LEADER mode. State: All replicated index: 0, Majority replicated index: 0, Committed index: 0, Last appended: 0.0, Last appended by leader: 0, Current term: 0, Majority size: -1, State: 0, Mode: NON_LEADER, active raft config: opid_index: -1 OBSOLETE_local: false peers { permanent_uuid: "bc3ead73467143568a2834e026fb176a" member_type: VOTER last_known_addr { host: "127.6.254.65" port: 43045 } } peers { permanent_uuid: "9c7f2cdb24664a4fa358a5080daaed3c" member_type: VOTER last_known_addr { host: "127.6.254.66" port: 38841 } } peers { permanent_uuid: "8e25cf85e1474200aca13e72b2b49481" member_type: VOTER last_known_addr { host: "127.6.254.67" port: 39549 } }
I20260812 06:36:10.877687  8537 ts_tablet_manager.cc:1434] T 0ca5884cbe8e4cf5b9650cce5baba7bb P 9c7f2cdb24664a4fa358a5080daaed3c: Time spent starting tablet: real 0.001s	user 0.002s	sys 0.000s
I20260812 06:36:10.877719  8539 ts_tablet_manager.cc:1434] T dc576a40c8d246c18602a75a771b2873 P 8e25cf85e1474200aca13e72b2b49481: Time spent starting tablet: real 0.002s	user 0.001s	sys 0.000s
I20260812 06:36:10.877918  8537 tablet_bootstrap.cc:492] T dc576a40c8d246c18602a75a771b2873 P 9c7f2cdb24664a4fa358a5080daaed3c: Bootstrap starting.
