I20260812 06:36:33.033330 26175 consensus_peers.cc:770] Retrying to get permanent uuid for remote peer: member_type: VOTER last_known_addr { host: "127.23.212.125" port: 34089 } attempt: 1
I20260812 06:36:33.035007 24401 fs_manager.cc:696] Time spent creating directory manager: real 0.003s	user 0.002s	sys 0.001s
I20260812 06:36:33.036208 26267 log_block_manager.cc:4127] Time spent loading block containers with low live blocks: real 0.000s	user 0.000s	sys 0.000s
I20260812 06:36:33.036514 24401 fs_manager.cc:730] Time spent opening block manager: real 0.001s	user 0.001s	sys 0.000s
I20260812 06:36:33.036581 24401 fs_manager.cc:647] Opened local filesystem: /tmp/dist-test-taskUT_6WC/test-tmp/token_signer-itest.0.TokenSignerITest.TskMasterLeadershipChange.1786516590067635-24401-0/minicluster-data/master-2-root
uuid: "baddfc75d83f473391a1274c34c2b332"
format_stamp: "Formatted at 2026-08-12 06:36:33 on dist-test-slave-69rg"
I20260812 06:36:33.036659 24401 fs_report.cc:389] FS layout report
--------------------
wal directory: /tmp/dist-test-taskUT_6WC/test-tmp/token_signer-itest.0.TokenSignerITest.TskMasterLeadershipChange.1786516590067635-24401-0/minicluster-data/master-2-root
metadata directory: /tmp/dist-test-taskUT_6WC/test-tmp/token_signer-itest.0.TokenSignerITest.TskMasterLeadershipChange.1786516590067635-24401-0/minicluster-data/master-2-root
1 data directories: /tmp/dist-test-taskUT_6WC/test-tmp/token_signer-itest.0.TokenSignerITest.TskMasterLeadershipChange.1786516590067635-24401-0/minicluster-data/master-2-root/data
Total live blocks: 0
Total live bytes: 0
Total live bytes (after alignment): 0
Total number of LBM containers: 0 (0 full)
Did not check for missing blocks
Did not check for orphaned blocks
Total full LBM containers with extra space: 0 (0 repaired)
Total full LBM container extra space in bytes: 0 (0 repaired)
Total incomplete LBM containers: 0 (0 repaired)
Total LBM partial records: 0 (0 repaired)
Total corrupted LBM metadata records in RocksDB: 0 (0 repaired)
I20260812 06:36:33.038843 26175 sys_catalog.cc:422] member_type: VOTER last_known_addr { host: "127.23.212.124" port: 42721 } has no permanent_uuid. Determining permanent_uuid...
I20260812 06:36:33.038843 26254 sys_catalog.cc:422] member_type: VOTER last_known_addr { host: "127.23.212.125" port: 34089 } has no permanent_uuid. Determining permanent_uuid...
W20260812 06:36:33.041273 26175 consensus_peers.cc:760] Error getting permanent uuid from config peer 127.23.212.124:42721: Network error: Client connection negotiation failed: client connection to 127.23.212.124:42721: connect: Connection refused (error 111)
I20260812 06:36:33.043474 26254 sys_catalog.cc:422] member_type: VOTER last_known_addr { host: "127.23.212.124" port: 42721 } has no permanent_uuid. Determining permanent_uuid...
W20260812 06:36:33.044927 26254 consensus_peers.cc:760] Error getting permanent uuid from config peer 127.23.212.124:42721: Network error: Client connection negotiation failed: client connection to 127.23.212.124:42721: connect: Connection refused (error 111)
I20260812 06:36:33.061424 24401 rpc_server.cc:225] running with OpenSSL 1.1.1  11 Sep 2018
I20260812 06:36:33.062069 24401 kserver.cc:163] Server-wide thread pool size limit: 3276
I20260812 06:36:33.069271 24401 rpc_server.cc:307] RPC server started. Bound to: 127.23.212.124:42721
I20260812 06:36:33.069304 26330 acceptor_pool.cc:272] collecting diagnostics on the listening RPC socket 127.23.212.124:42721 every 8 connection(s)
I20260812 06:36:33.069993 24401 internal_mini_cluster.cc:184] Waiting to initialize catalog manager on master 0
I20260812 06:36:33.070565 26331 data_dirs.cc:400] Could only allocate 1 dirs of requested 3 for tablet 00000000000000000000000000000000. 1 dirs total, 0 dirs full, 0 dirs failed
I20260812 06:36:33.072491 26331 sys_catalog.cc:422] member_type: VOTER last_known_addr { host: "127.23.212.126" port: 44501 } has no permanent_uuid. Determining permanent_uuid...
I20260812 06:36:33.075448 26175 consensus_peers.cc:770] Retrying to get permanent uuid for remote peer: member_type: VOTER last_known_addr { host: "127.23.212.124" port: 42721 } attempt: 1
I20260812 06:36:33.077910 26331 sys_catalog.cc:422] member_type: VOTER last_known_addr { host: "127.23.212.125" port: 34089 } has no permanent_uuid. Determining permanent_uuid...
I20260812 06:36:33.078073 26254 consensus_peers.cc:770] Retrying to get permanent uuid for remote peer: member_type: VOTER last_known_addr { host: "127.23.212.124" port: 42721 } attempt: 1
I20260812 06:36:33.082141 26175 tablet_bootstrap.cc:492] T 00000000000000000000000000000000 P 5471defebba5483b85fa13276a32c271: Bootstrap starting.
I20260812 06:36:33.083632 26175 tablet_bootstrap.cc:654] T 00000000000000000000000000000000 P 5471defebba5483b85fa13276a32c271: Neither blocks nor log segments found. Creating new log.
I20260812 06:36:33.084932 26331 sys_catalog.cc:422] member_type: VOTER last_known_addr { host: "127.23.212.124" port: 42721 } has no permanent_uuid. Determining permanent_uuid...
I20260812 06:36:33.085081 26175 tablet_bootstrap.cc:492] T 00000000000000000000000000000000 P 5471defebba5483b85fa13276a32c271: No bootstrap required, opened a new log
I20260812 06:36:33.085928 26175 raft_consensus.cc:359] T 00000000000000000000000000000000 P 5471defebba5483b85fa13276a32c271 [term 0 FOLLOWER]: Replica starting. Triggering 0 pending ops. Active config: opid_index: -1 OBSOLETE_local: false peers { permanent_uuid: "5471defebba5483b85fa13276a32c271" member_type: VOTER last_known_addr { host: "127.23.212.126" port: 44501 } } peers { permanent_uuid: "68acddcde68248eca6aba26e653aa213" member_type: VOTER last_known_addr { host: "127.23.212.125" port: 34089 } } peers { permanent_uuid: "baddfc75d83f473391a1274c34c2b332" member_type: VOTER last_known_addr { host: "127.23.212.124" port: 42721 } }
I20260812 06:36:33.086046 26175 raft_consensus.cc:385] T 00000000000000000000000000000000 P 5471defebba5483b85fa13276a32c271 [term 0 FOLLOWER]: Consensus starting up: Expiring failure detector timer to make a prompt election more likely
I20260812 06:36:33.086092 26175 raft_consensus.cc:740] T 00000000000000000000000000000000 P 5471defebba5483b85fa13276a32c271 [term 0 FOLLOWER]: Becoming Follower/Learner. State: Replica: 5471defebba5483b85fa13276a32c271, State: Initialized, Role: FOLLOWER
I20260812 06:36:33.086284 26175 consensus_queue.cc:260] T 00000000000000000000000000000000 P 5471defebba5483b85fa13276a32c271 [NON_LEADER]: Queue going to NON_LEADER mode. State: All replicated index: 0, Majority replicated index: 0, Committed index: 0, Last appended: 0.0, Last appended by leader: 0, Current term: 0, Majority size: -1, State: 0, Mode: NON_LEADER, active raft config: opid_index: -1 OBSOLETE_local: false peers { permanent_uuid: "5471defebba5483b85fa13276a32c271" member_type: VOTER last_known_addr { host: "127.23.212.126" port: 44501 } } peers { permanent_uuid: "68acddcde68248eca6aba26e653aa213" member_type: VOTER last_known_addr { host: "127.23.212.125" port: 34089 } } peers { permanent_uuid: "baddfc75d83f473391a1274c34c2b332" member_type: VOTER last_known_addr { host: "127.23.212.124" port: 42721 } }
I20260812 06:36:33.086855 26175 sys_catalog.cc:565] T 00000000000000000000000000000000 P 5471defebba5483b85fa13276a32c271 [sys.catalog]: configured and running, proceeding with master startup.
I20260812 06:36:33.087203 26337 sys_catalog.cc:455] T 00000000000000000000000000000000 P 5471defebba5483b85fa13276a32c271 [sys.catalog]: SysCatalogTable state changed. Reason: RaftConsensus started. Latest consensus state: current_term: 0 committed_config { opid_index: -1 OBSOLETE_local: false peers { permanent_uuid: "5471defebba5483b85fa13276a32c271" member_type: VOTER last_known_addr { host: "127.23.212.126" port: 44501 } } peers { permanent_uuid: "68acddcde68248eca6aba26e653aa213" member_type: VOTER last_known_addr { host: "127.23.212.125" port: 34089 } } peers { permanent_uuid: "baddfc75d83f473391a1274c34c2b332" member_type: VOTER last_known_addr { host: "127.23.212.124" port: 42721 } } }
I20260812 06:36:33.087316 26337 sys_catalog.cc:458] T 00000000000000000000000000000000 P 5471defebba5483b85fa13276a32c271 [sys.catalog]: This master's current role is: FOLLOWER
I20260812 06:36:33.088272 26254 tablet_bootstrap.cc:492] T 00000000000000000000000000000000 P 68acddcde68248eca6aba26e653aa213: Bootstrap starting.
I20260812 06:36:33.089334 26254 tablet_bootstrap.cc:654] T 00000000000000000000000000000000 P 68acddcde68248eca6aba26e653aa213: Neither blocks nor log segments found. Creating new log.
I20260812 06:36:33.090528 26254 tablet_bootstrap.cc:492] T 00000000000000000000000000000000 P 68acddcde68248eca6aba26e653aa213: No bootstrap required, opened a new log
I20260812 06:36:33.091005 26254 raft_consensus.cc:359] T 00000000000000000000000000000000 P 68acddcde68248eca6aba26e653aa213 [term 0 FOLLOWER]: Replica starting. Triggering 0 pending ops. Active config: opid_index: -1 OBSOLETE_local: false peers { permanent_uuid: "5471defebba5483b85fa13276a32c271" member_type: VOTER last_known_addr { host: "127.23.212.126" port: 44501 } } peers { permanent_uuid: "68acddcde68248eca6aba26e653aa213" member_type: VOTER last_known_addr { host: "127.23.212.125" port: 34089 } } peers { permanent_uuid: "baddfc75d83f473391a1274c34c2b332" member_type: VOTER last_known_addr { host: "127.23.212.124" port: 42721 } }
I20260812 06:36:33.091120 26254 raft_consensus.cc:385] T 00000000000000000000000000000000 P 68acddcde68248eca6aba26e653aa213 [term 0 FOLLOWER]: Consensus starting up: Expiring failure detector timer to make a prompt election more likely
I20260812 06:36:33.091161 26254 raft_consensus.cc:740] T 00000000000000000000000000000000 P 68acddcde68248eca6aba26e653aa213 [term 0 FOLLOWER]: Becoming Follower/Learner. State: Replica: 68acddcde68248eca6aba26e653aa213, State: Initialized, Role: FOLLOWER
I20260812 06:36:33.091311 26254 consensus_queue.cc:260] T 00000000000000000000000000000000 P 68acddcde68248eca6aba26e653aa213 [NON_LEADER]: Queue going to NON_LEADER mode. State: All replicated index: 0, Majority replicated index: 0, Committed index: 0, Last appended: 0.0, Last appended by leader: 0, Current term: 0, Majority size: -1, State: 0, Mode: NON_LEADER, active raft config: opid_index: -1 OBSOLETE_local: false peers { permanent_uuid: "5471defebba5483b85fa13276a32c271" member_type: VOTER last_known_addr { host: "127.23.212.126" port: 44501 } } peers { permanent_uuid: "68acddcde68248eca6aba26e653aa213" member_type: VOTER last_known_addr { host: "127.23.212.125" port: 34089 } } peers { permanent_uuid: "baddfc75d83f473391a1274c34c2b332" member_type: VOTER last_known_addr { host: "127.23.212.124" port: 42721 } }
I20260812 06:36:33.091553 26331 tablet_bootstrap.cc:492] T 00000000000000000000000000000000 P baddfc75d83f473391a1274c34c2b332: Bootstrap starting.
I20260812 06:36:33.091704 26346 sys_catalog.cc:455] T 00000000000000000000000000000000 P 68acddcde68248eca6aba26e653aa213 [sys.catalog]: SysCatalogTable state changed. Reason: RaftConsensus started. Latest consensus state: current_term: 0 committed_config { opid_index: -1 OBSOLETE_local: false peers { permanent_uuid: "5471defebba5483b85fa13276a32c271" member_type: VOTER last_known_addr { host: "127.23.212.126" port: 44501 } } peers { permanent_uuid: "68acddcde68248eca6aba26e653aa213" member_type: VOTER last_known_addr { host: "127.23.212.125" port: 34089 } } peers { permanent_uuid: "baddfc75d83f473391a1274c34c2b332" member_type: VOTER last_known_addr { host: "127.23.212.124" port: 42721 } } }
I20260812 06:36:33.091818 26254 sys_catalog.cc:565] T 00000000000000000000000000000000 P 68acddcde68248eca6aba26e653aa213 [sys.catalog]: configured and running, proceeding with master startup.
I20260812 06:36:33.091912 24401 internal_mini_cluster.cc:184] Waiting to initialize catalog manager on master 1
I20260812 06:36:33.092502 26331 tablet_bootstrap.cc:654] T 00000000000000000000000000000000 P baddfc75d83f473391a1274c34c2b332: Neither blocks nor log segments found. Creating new log.
W20260812 06:36:33.092588 26350 catalog_manager.cc:1594] T 00000000000000000000000000000000 P 5471defebba5483b85fa13276a32c271: loading cluster ID for follower catalog manager: Not found: cluster ID entry not found
W20260812 06:36:33.092662 26350 catalog_manager.cc:883] Not found: cluster ID entry not found: failed to prepare follower catalog manager, will retry
I20260812 06:36:33.093641 26331 tablet_bootstrap.cc:492] T 00000000000000000000000000000000 P baddfc75d83f473391a1274c34c2b332: No bootstrap required, opened a new log
I20260812 06:36:33.093905 26346 sys_catalog.cc:458] T 00000000000000000000000000000000 P 68acddcde68248eca6aba26e653aa213 [sys.catalog]: This master's current role is: FOLLOWER
I20260812 06:36:33.094158 24401 internal_mini_cluster.cc:184] Waiting to initialize catalog manager on master 2
I20260812 06:36:33.094156 26331 raft_consensus.cc:359] T 00000000000000000000000000000000 P baddfc75d83f473391a1274c34c2b332 [term 0 FOLLOWER]: Replica starting. Triggering 0 pending ops. Active config: opid_index: -1 OBSOLETE_local: false peers { permanent_uuid: "5471defebba5483b85fa13276a32c271" member_type: VOTER last_known_addr { host: "127.23.212.126" port: 44501 } } peers { permanent_uuid: "68acddcde68248eca6aba26e653aa213" member_type: VOTER last_known_addr { host: "127.23.212.125" port: 34089 } } peers { permanent_uuid: "baddfc75d83f473391a1274c34c2b332" member_type: VOTER last_known_addr { host: "127.23.212.124" port: 42721 } }
I20260812 06:36:33.094316 26331 raft_consensus.cc:385] T 00000000000000000000000000000000 P baddfc75d83f473391a1274c34c2b332 [term 0 FOLLOWER]: Consensus starting up: Expiring failure detector timer to make a prompt election more likely
I20260812 06:36:33.094348 26331 raft_consensus.cc:740] T 00000000000000000000000000000000 P baddfc75d83f473391a1274c34c2b332 [term 0 FOLLOWER]: Becoming Follower/Learner. State: Replica: baddfc75d83f473391a1274c34c2b332, State: Initialized, Role: FOLLOWER
I20260812 06:36:33.094478 26331 consensus_queue.cc:260] T 00000000000000000000000000000000 P baddfc75d83f473391a1274c34c2b332 [NON_LEADER]: Queue going to NON_LEADER mode. State: All replicated index: 0, Majority replicated index: 0, Committed index: 0, Last appended: 0.0, Last appended by leader: 0, Current term: 0, Majority size: -1, State: 0, Mode: NON_LEADER, active raft config: opid_index: -1 OBSOLETE_local: false peers { permanent_uuid: "5471defebba5483b85fa13276a32c271" member_type: VOTER last_known_addr { host: "127.23.212.126" port: 44501 } } peers { permanent_uuid: "68acddcde68248eca6aba26e653aa213" member_type: VOTER last_known_addr { host: "127.23.212.125" port: 34089 } } peers { permanent_uuid: "baddfc75d83f473391a1274c34c2b332" member_type: VOTER last_known_addr { host: "127.23.212.124" port: 42721 } }
W20260812 06:36:33.094713 26365 catalog_manager.cc:1594] T 00000000000000000000000000000000 P 68acddcde68248eca6aba26e653aa213: loading cluster ID for follower catalog manager: Not found: cluster ID entry not found
W20260812 06:36:33.094784 26365 catalog_manager.cc:883] Not found: cluster ID entry not found: failed to prepare follower catalog manager, will retry
I20260812 06:36:33.094918 26331 sys_catalog.cc:565] T 00000000000000000000000000000000 P baddfc75d83f473391a1274c34c2b332 [sys.catalog]: configured and running, proceeding with master startup.
I20260812 06:36:33.094764 26366 sys_catalog.cc:455] T 00000000000000000000000000000000 P baddfc75d83f473391a1274c34c2b332 [sys.catalog]: SysCatalogTable state changed. Reason: RaftConsensus started. Latest consensus state: current_term: 0 committed_config { opid_index: -1 OBSOLETE_local: false peers { permanent_uuid: "5471defebba5483b85fa13276a32c271" member_type: VOTER last_known_addr { host: "127.23.212.126" port: 44501 } } peers { permanent_uuid: "68acddcde68248eca6aba26e653aa213" member_type: VOTER last_known_addr { host: "127.23.212.125" port: 34089 } } peers { permanent_uuid: "baddfc75d83f473391a1274c34c2b332" member_type: VOTER last_known_addr { host: "127.23.212.124" port: 42721 } } }
I20260812 06:36:33.094988 26366 sys_catalog.cc:458] T 00000000000000000000000000000000 P baddfc75d83f473391a1274c34c2b332 [sys.catalog]: This master's current role is: FOLLOWER
W20260812 06:36:33.096720 26378 catalog_manager.cc:1594] T 00000000000000000000000000000000 P baddfc75d83f473391a1274c34c2b332: loading cluster ID for follower catalog manager: Not found: cluster ID entry not found
I20260812 06:36:33.096760 24401 file_cache.cc:504] Constructed file cache file cache with capacity 419430
W20260812 06:36:33.096813 26378 catalog_manager.cc:883] Not found: cluster ID entry not found: failed to prepare follower catalog manager, will retry
W20260812 06:36:33.098800 26382 instance_detector.cc:116] could not retrieve OpenStack instance metadata: Network error: curl error: HTTP response code said error: The requested URL returned error: 404
I20260812 06:36:33.098891 24401 server_base.cc:1061] running on GCE node
W20260812 06:36:33.098933 26379 instance_detector.cc:116] could not retrieve AWS instance metadata: Network error: curl error: HTTP response code said error: The requested URL returned error: 404
W20260812 06:36:33.099082 26380 instance_detector.cc:116] could not retrieve Azure instance metadata: Network error: curl error: HTTP response code said error: The requested URL returned error: 404
I20260812 06:36:33.099340 24401 hybrid_clock.cc:584] initializing the hybrid clock with 'system_unsync' time source
W20260812 06:36:33.099408 24401 system_unsync_time.cc:38] NTP support is disabled. Clock error bounds will not be accurate. This configuration is not suitable for distributed clusters.
I20260812 06:36:33.099444 24401 hybrid_clock.cc:648] HybridClock initialized: now 1786516593099443 us; error 0 us; skew 500 ppm
I20260812 06:36:33.100414 24401 webserver.cc:533] Webserver started at http://127.23.212.65:37899/ using document root <none> and password file <none>
I20260812 06:36:33.100596 24401 fs_manager.cc:362] Metadata directory not provided
I20260812 06:36:33.100667 24401 fs_manager.cc:368] Using write-ahead log directory (fs_wal_dir) as metadata directory
I20260812 06:36:33.100744 24401 server_base.cc:909] This appears to be a new deployment of Kudu; creating new FS layout
I20260812 06:36:33.101119 24401 fs_manager.cc:1068] Generated new instance metadata in path /tmp/dist-test-taskUT_6WC/test-tmp/token_signer-itest.0.TokenSignerITest.TskMasterLeadershipChange.1786516590067635-24401-0/minicluster-data/ts-0-root/instance:
uuid: "bed7075466bb48848031eb83405cf62b"
format_stamp: "Formatted at 2026-08-12 06:36:33 on dist-test-slave-69rg"
I20260812 06:36:33.102635 24401 fs_manager.cc:696] Time spent creating directory manager: real 0.001s	user 0.000s	sys 0.002s
I20260812 06:36:33.103704 26390 log_block_manager.cc:4127] Time spent loading block containers with low live blocks: real 0.000s	user 0.000s	sys 0.000s
I20260812 06:36:33.103963 24401 fs_manager.cc:730] Time spent opening block manager: real 0.001s	user 0.000s	sys 0.001s
I20260812 06:36:33.104053 24401 fs_manager.cc:647] Opened local filesystem: /tmp/dist-test-taskUT_6WC/test-tmp/token_signer-itest.0.TokenSignerITest.TskMasterLeadershipChange.1786516590067635-24401-0/minicluster-data/ts-0-root
uuid: "bed7075466bb48848031eb83405cf62b"
format_stamp: "Formatted at 2026-08-12 06:36:33 on dist-test-slave-69rg"
I20260812 06:36:33.104137 24401 fs_report.cc:389] FS layout report
--------------------
wal directory: /tmp/dist-test-taskUT_6WC/test-tmp/token_signer-itest.0.TokenSignerITest.TskMasterLeadershipChange.1786516590067635-24401-0/minicluster-data/ts-0-root
metadata directory: /tmp/dist-test-taskUT_6WC/test-tmp/token_signer-itest.0.TokenSignerITest.TskMasterLeadershipChange.1786516590067635-24401-0/minicluster-data/ts-0-root
1 data directories: /tmp/dist-test-taskUT_6WC/test-tmp/token_signer-itest.0.TokenSignerITest.TskMasterLeadershipChange.1786516590067635-24401-0/minicluster-data/ts-0-root/data
Total live blocks: 0
Total live bytes: 0
Total live bytes (after alignment): 0
Total number of LBM containers: 0 (0 full)
Did not check for missing blocks
Did not check for orphaned blocks
Total full LBM containers with extra space: 0 (0 repaired)
Total full LBM container extra space in bytes: 0 (0 repaired)
Total incomplete LBM containers: 0 (0 repaired)
Total LBM partial records: 0 (0 repaired)
Total corrupted LBM metadata records in RocksDB: 0 (0 repaired)
I20260812 06:36:33.113620 24401 rpc_server.cc:225] running with OpenSSL 1.1.1  11 Sep 2018
I20260812 06:36:33.114102 24401 kserver.cc:163] Server-wide thread pool size limit: 3276
I20260812 06:36:33.114423 24401 txn_system_client.cc:432] TxnSystemClient initialization is disabled...
I20260812 06:36:33.114888 24401 ts_tablet_manager.cc:585] Loaded tablet metadata (0 total tablets, 0 live tablets)
I20260812 06:36:33.114950 24401 ts_tablet_manager.cc:531] Time spent load tablet metadata: real 0.000s	user 0.000s	sys 0.000s
I20260812 06:36:33.115011 24401 ts_tablet_manager.cc:616] Registered 0 tablets
I20260812 06:36:33.115046 24401 ts_tablet_manager.cc:595] Time spent register tablets: real 0.000s	user 0.000s	sys 0.000s
I20260812 06:36:33.120050 24401 rpc_server.cc:307] RPC server started. Bound to: 127.23.212.65:42169
I20260812 06:36:33.120100 26460 acceptor_pool.cc:272] collecting diagnostics on the listening RPC socket 127.23.212.65:42169 every 8 connection(s)
I20260812 06:36:33.121373 24401 file_cache.cc:504] Constructed file cache file cache with capacity 419430
W20260812 06:36:33.125264 26469 instance_detector.cc:116] could not retrieve AWS instance metadata: Network error: curl error: HTTP response code said error: The requested URL returned error: 404
W20260812 06:36:33.125694 26470 instance_detector.cc:116] could not retrieve Azure instance metadata: Network error: curl error: HTTP response code said error: The requested URL returned error: 404
W20260812 06:36:33.125280 26472 instance_detector.cc:116] could not retrieve OpenStack instance metadata: Network error: curl error: HTTP response code said error: The requested URL returned error: 404
I20260812 06:36:33.126088 26461 heartbeater.cc:344] Connected to a master server at 127.23.212.124:42721
I20260812 06:36:33.126116 26462 heartbeater.cc:344] Connected to a master server at 127.23.212.126:44501
I20260812 06:36:33.126065 24401 server_base.cc:1061] running on GCE node
I20260812 06:36:33.126216 26462 heartbeater.cc:461] Registering TS with master...
I20260812 06:36:33.126200 26461 heartbeater.cc:461] Registering TS with master...
I20260812 06:36:33.126479 26463 heartbeater.cc:344] Connected to a master server at 127.23.212.125:34089
I20260812 06:36:33.126585 26463 heartbeater.cc:461] Registering TS with master...
I20260812 06:36:33.126538 26461 heartbeater.cc:507] Master 127.23.212.124:42721 requested a full tablet report, sending...
I20260812 06:36:33.126761 26463 heartbeater.cc:507] Master 127.23.212.125:34089 requested a full tablet report, sending...
I20260812 06:36:33.126482 24401 hybrid_clock.cc:584] initializing the hybrid clock with 'system_unsync' time source
W20260812 06:36:33.126910 24401 system_unsync_time.cc:38] NTP support is disabled. Clock error bounds will not be accurate. This configuration is not suitable for distributed clusters.
I20260812 06:36:33.126935 24401 hybrid_clock.cc:648] HybridClock initialized: now 1786516593126933 us; error 0 us; skew 500 ppm
I20260812 06:36:33.126540 26462 heartbeater.cc:507] Master 127.23.212.126:44501 requested a full tablet report, sending...
I20260812 06:36:33.127429 26288 ts_manager.cc:194] Registered new tserver with Master: bed7075466bb48848031eb83405cf62b (127.23.212.65:42169)
I20260812 06:36:33.127748 26133 ts_manager.cc:194] Registered new tserver with Master: bed7075466bb48848031eb83405cf62b (127.23.212.65:42169)
I20260812 06:36:33.127843 26208 ts_manager.cc:194] Registered new tserver with Master: bed7075466bb48848031eb83405cf62b (127.23.212.65:42169)
I20260812 06:36:33.128021 24401 webserver.cc:533] Webserver started at http://127.23.212.66:35473/ using document root <none> and password file <none>
I20260812 06:36:33.128197 24401 fs_manager.cc:362] Metadata directory not provided
I20260812 06:36:33.128266 24401 fs_manager.cc:368] Using write-ahead log directory (fs_wal_dir) as metadata directory
I20260812 06:36:33.128343 24401 server_base.cc:909] This appears to be a new deployment of Kudu; creating new FS layout
I20260812 06:36:33.128705 24401 fs_manager.cc:1068] Generated new instance metadata in path /tmp/dist-test-taskUT_6WC/test-tmp/token_signer-itest.0.TokenSignerITest.TskMasterLeadershipChange.1786516590067635-24401-0/minicluster-data/ts-1-root/instance:
uuid: "9e1e7d96981a466db3bb1248a4b58c28"
format_stamp: "Formatted at 2026-08-12 06:36:33 on dist-test-slave-69rg"
I20260812 06:36:33.130327 24401 fs_manager.cc:696] Time spent creating directory manager: real 0.001s	user 0.002s	sys 0.000s
I20260812 06:36:33.131239 26479 log_block_manager.cc:4127] Time spent loading block containers with low live blocks: real 0.000s	user 0.000s	sys 0.000s
I20260812 06:36:33.131516 24401 fs_manager.cc:730] Time spent opening block manager: real 0.001s	user 0.001s	sys 0.000s
I20260812 06:36:33.131611 24401 fs_manager.cc:647] Opened local filesystem: /tmp/dist-test-taskUT_6WC/test-tmp/token_signer-itest.0.TokenSignerITest.TskMasterLeadershipChange.1786516590067635-24401-0/minicluster-data/ts-1-root
uuid: "9e1e7d96981a466db3bb1248a4b58c28"
format_stamp: "Formatted at 2026-08-12 06:36:33 on dist-test-slave-69rg"
I20260812 06:36:33.131695 24401 fs_report.cc:389] FS layout report
--------------------
wal directory: /tmp/dist-test-taskUT_6WC/test-tmp/token_signer-itest.0.TokenSignerITest.TskMasterLeadershipChange.1786516590067635-24401-0/minicluster-data/ts-1-root
metadata directory: /tmp/dist-test-taskUT_6WC/test-tmp/token_signer-itest.0.TokenSignerITest.TskMasterLeadershipChange.1786516590067635-24401-0/minicluster-data/ts-1-root
1 data directories: /tmp/dist-test-taskUT_6WC/test-tmp/token_signer-itest.0.TokenSignerITest.TskMasterLeadershipChange.1786516590067635-24401-0/minicluster-data/ts-1-root/data
Total live blocks: 0
Total live bytes: 0
Total live bytes (after alignment): 0
Total number of LBM containers: 0 (0 full)
Did not check for missing blocks
Did not check for orphaned blocks
Total full LBM containers with extra space: 0 (0 repaired)
Total full LBM container extra space in bytes: 0 (0 repaired)
Total incomplete LBM containers: 0 (0 repaired)
Total LBM partial records: 0 (0 repaired)
Total corrupted LBM metadata records in RocksDB: 0 (0 repaired)
I20260812 06:36:33.141219 24401 rpc_server.cc:225] running with OpenSSL 1.1.1  11 Sep 2018
I20260812 06:36:33.141623 24401 kserver.cc:163] Server-wide thread pool size limit: 3276
I20260812 06:36:33.142001 24401 txn_system_client.cc:432] TxnSystemClient initialization is disabled...
I20260812 06:36:33.142462 24401 ts_tablet_manager.cc:585] Loaded tablet metadata (0 total tablets, 0 live tablets)
I20260812 06:36:33.142527 24401 ts_tablet_manager.cc:531] Time spent load tablet metadata: real 0.000s	user 0.000s	sys 0.000s
I20260812 06:36:33.142582 24401 ts_tablet_manager.cc:616] Registered 0 tablets
I20260812 06:36:33.142634 24401 ts_tablet_manager.cc:595] Time spent register tablets: real 0.000s	user 0.000s	sys 0.000s
I20260812 06:36:33.147372 24401 rpc_server.cc:307] RPC server started. Bound to: 127.23.212.66:41617
I20260812 06:36:33.147486 26550 acceptor_pool.cc:272] collecting diagnostics on the listening RPC socket 127.23.212.66:41617 every 8 connection(s)
I20260812 06:36:33.148396 24401 file_cache.cc:504] Constructed file cache file cache with capacity 419430
W20260812 06:36:33.151229 26559 instance_detector.cc:116] could not retrieve AWS instance metadata: Network error: curl error: HTTP response code said error: The requested URL returned error: 404
W20260812 06:36:33.152073 26562 instance_detector.cc:116] could not retrieve OpenStack instance metadata: Network error: curl error: HTTP response code said error: The requested URL returned error: 404
W20260812 06:36:33.152601 26560 instance_detector.cc:116] could not retrieve Azure instance metadata: Network error: curl error: HTTP response code said error: The requested URL returned error: 404
I20260812 06:36:33.153640 26554 heartbeater.cc:344] Connected to a master server at 127.23.212.125:34089
I20260812 06:36:33.153745 26554 heartbeater.cc:461] Registering TS with master...
I20260812 06:36:33.153765 26553 heartbeater.cc:344] Connected to a master server at 127.23.212.126:44501
I20260812 06:36:33.153918 26553 heartbeater.cc:461] Registering TS with master...
I20260812 06:36:33.153928 26552 heartbeater.cc:344] Connected to a master server at 127.23.212.124:42721
I20260812 06:36:33.154016 26552 heartbeater.cc:461] Registering TS with master...
I20260812 06:36:33.154013 26554 heartbeater.cc:507] Master 127.23.212.125:34089 requested a full tablet report, sending...
I20260812 06:36:33.154138 26553 heartbeater.cc:507] Master 127.23.212.126:44501 requested a full tablet report, sending...
I20260812 06:36:33.154181 26552 heartbeater.cc:507] Master 127.23.212.124:42721 requested a full tablet report, sending...
I20260812 06:36:33.154827 26288 ts_manager.cc:194] Registered new tserver with Master: 9e1e7d96981a466db3bb1248a4b58c28 (127.23.212.66:41617)
I20260812 06:36:33.154948 26133 ts_manager.cc:194] Registered new tserver with Master: 9e1e7d96981a466db3bb1248a4b58c28 (127.23.212.66:41617)
I20260812 06:36:33.154860 24401 server_base.cc:1061] running on GCE node
I20260812 06:36:33.154827 26208 ts_manager.cc:194] Registered new tserver with Master: 9e1e7d96981a466db3bb1248a4b58c28 (127.23.212.66:41617)
I20260812 06:36:33.155285 24401 hybrid_clock.cc:584] initializing the hybrid clock with 'system_unsync' time source
W20260812 06:36:33.155344 24401 system_unsync_time.cc:38] NTP support is disabled. Clock error bounds will not be accurate. This configuration is not suitable for distributed clusters.
I20260812 06:36:33.155375 24401 hybrid_clock.cc:648] HybridClock initialized: now 1786516593155375 us; error 0 us; skew 500 ppm
I20260812 06:36:33.156246 24401 webserver.cc:533] Webserver started at http://127.23.212.67:36973/ using document root <none> and password file <none>
I20260812 06:36:33.156383 24401 fs_manager.cc:362] Metadata directory not provided
I20260812 06:36:33.156426 24401 fs_manager.cc:368] Using write-ahead log directory (fs_wal_dir) as metadata directory
I20260812 06:36:33.156481 24401 server_base.cc:909] This appears to be a new deployment of Kudu; creating new FS layout
I20260812 06:36:33.156811 24401 fs_manager.cc:1068] Generated new instance metadata in path /tmp/dist-test-taskUT_6WC/test-tmp/token_signer-itest.0.TokenSignerITest.TskMasterLeadershipChange.1786516590067635-24401-0/minicluster-data/ts-2-root/instance:
uuid: "bff3db64e7824a3d879451d8266f0d5b"
format_stamp: "Formatted at 2026-08-12 06:36:33 on dist-test-slave-69rg"
I20260812 06:36:33.158349 24401 fs_manager.cc:696] Time spent creating directory manager: real 0.001s	user 0.002s	sys 0.000s
I20260812 06:36:33.159395 26568 log_block_manager.cc:4127] Time spent loading block containers with low live blocks: real 0.000s	user 0.000s	sys 0.000s
I20260812 06:36:33.159678 24401 fs_manager.cc:730] Time spent opening block manager: real 0.001s	user 0.001s	sys 0.000s
I20260812 06:36:33.159749 24401 fs_manager.cc:647] Opened local filesystem: /tmp/dist-test-taskUT_6WC/test-tmp/token_signer-itest.0.TokenSignerITest.TskMasterLeadershipChange.1786516590067635-24401-0/minicluster-data/ts-2-root
uuid: "bff3db64e7824a3d879451d8266f0d5b"
format_stamp: "Formatted at 2026-08-12 06:36:33 on dist-test-slave-69rg"
I20260812 06:36:33.159849 24401 fs_report.cc:389] FS layout report
--------------------
wal directory: /tmp/dist-test-taskUT_6WC/test-tmp/token_signer-itest.0.TokenSignerITest.TskMasterLeadershipChange.1786516590067635-24401-0/minicluster-data/ts-2-root
metadata directory: /tmp/dist-test-taskUT_6WC/test-tmp/token_signer-itest.0.TokenSignerITest.TskMasterLeadershipChange.1786516590067635-24401-0/minicluster-data/ts-2-root
1 data directories: /tmp/dist-test-taskUT_6WC/test-tmp/token_signer-itest.0.TokenSignerITest.TskMasterLeadershipChange.1786516590067635-24401-0/minicluster-data/ts-2-root/data
Total live blocks: 0
Total live bytes: 0
Total live bytes (after alignment): 0
Total number of LBM containers: 0 (0 full)
Did not check for missing blocks
Did not check for orphaned blocks
Total full LBM containers with extra space: 0 (0 repaired)
Total full LBM container extra space in bytes: 0 (0 repaired)
Total incomplete LBM containers: 0 (0 repaired)
Total LBM partial records: 0 (0 repaired)
Total corrupted LBM metadata records in RocksDB: 0 (0 repaired)
I20260812 06:36:33.168694 24401 rpc_server.cc:225] running with OpenSSL 1.1.1  11 Sep 2018
I20260812 06:36:33.169158 24401 kserver.cc:163] Server-wide thread pool size limit: 3276
I20260812 06:36:33.169510 24401 txn_system_client.cc:432] TxnSystemClient initialization is disabled...
I20260812 06:36:33.170096 24401 ts_tablet_manager.cc:585] Loaded tablet metadata (0 total tablets, 0 live tablets)
I20260812 06:36:33.170171 24401 ts_tablet_manager.cc:531] Time spent load tablet metadata: real 0.000s	user 0.000s	sys 0.000s
I20260812 06:36:33.170250 24401 ts_tablet_manager.cc:616] Registered 0 tablets
I20260812 06:36:33.170301 24401 ts_tablet_manager.cc:595] Time spent register tablets: real 0.000s	user 0.000s	sys 0.000s
I20260812 06:36:33.175673 24401 rpc_server.cc:307] RPC server started. Bound to: 127.23.212.67:39693
I20260812 06:36:33.175810 26641 acceptor_pool.cc:272] collecting diagnostics on the listening RPC socket 127.23.212.67:39693 every 8 connection(s)
I20260812 06:36:33.181445 26643 heartbeater.cc:344] Connected to a master server at 127.23.212.124:42721
I20260812 06:36:33.181543 26645 heartbeater.cc:344] Connected to a master server at 127.23.212.126:44501
I20260812 06:36:33.181564 26643 heartbeater.cc:461] Registering TS with master...
I20260812 06:36:33.181607 26645 heartbeater.cc:461] Registering TS with master...
I20260812 06:36:33.181833 26645 heartbeater.cc:507] Master 127.23.212.126:44501 requested a full tablet report, sending...
I20260812 06:36:33.181838 26643 heartbeater.cc:507] Master 127.23.212.124:42721 requested a full tablet report, sending...
I20260812 06:36:33.182027 26648 heartbeater.cc:344] Connected to a master server at 127.23.212.125:34089
I20260812 06:36:33.182160 26648 heartbeater.cc:461] Registering TS with master...
I20260812 06:36:33.182379 26648 heartbeater.cc:507] Master 127.23.212.125:34089 requested a full tablet report, sending...
I20260812 06:36:33.182646 26133 ts_manager.cc:194] Registered new tserver with Master: bff3db64e7824a3d879451d8266f0d5b (127.23.212.67:39693)
I20260812 06:36:33.182719 26288 ts_manager.cc:194] Registered new tserver with Master: bff3db64e7824a3d879451d8266f0d5b (127.23.212.67:39693)
I20260812 06:36:33.183036 26208 ts_manager.cc:194] Registered new tserver with Master: bff3db64e7824a3d879451d8266f0d5b (127.23.212.67:39693)
I20260812 06:36:33.183204 24401 internal_mini_cluster.cc:371] 3 TS(s) registered with all masters after 0.006830229s
I20260812 06:36:33.332484 26366 raft_consensus.cc:493] T 00000000000000000000000000000000 P baddfc75d83f473391a1274c34c2b332 [term 0 FOLLOWER]: Starting pre-election (no leader contacted us within the election timeout)
I20260812 06:36:33.332669 26366 raft_consensus.cc:515] T 00000000000000000000000000000000 P baddfc75d83f473391a1274c34c2b332 [term 0 FOLLOWER]: Starting pre-election with config: opid_index: -1 OBSOLETE_local: false peers { permanent_uuid: "5471defebba5483b85fa13276a32c271" member_type: VOTER last_known_addr { host: "127.23.212.126" port: 44501 } } peers { permanent_uuid: "68acddcde68248eca6aba26e653aa213" member_type: VOTER last_known_addr { host: "127.23.212.125" port: 34089 } } peers { permanent_uuid: "baddfc75d83f473391a1274c34c2b332" member_type: VOTER last_known_addr { host: "127.23.212.124" port: 42721 } }
I20260812 06:36:33.333258 26366 leader_election.cc:290] T 00000000000000000000000000000000 P baddfc75d83f473391a1274c34c2b332 [CANDIDATE]: Term 1 pre-election: Requested pre-vote from peers 5471defebba5483b85fa13276a32c271 (127.23.212.126:44501), 68acddcde68248eca6aba26e653aa213 (127.23.212.125:34089)
I20260812 06:36:33.333750 26221 tablet_service.cc:1917] Received RequestConsensusVote() RPC: tablet_id: "00000000000000000000000000000000" candidate_uuid: "baddfc75d83f473391a1274c34c2b332" candidate_term: 1 candidate_status { last_received { term: 0 index: 0 } } ignore_live_leader: false dest_uuid: "68acddcde68248eca6aba26e653aa213" is_pre_election: true
I20260812 06:36:33.333750 26144 tablet_service.cc:1917] Received RequestConsensusVote() RPC: tablet_id: "00000000000000000000000000000000" candidate_uuid: "baddfc75d83f473391a1274c34c2b332" candidate_term: 1 candidate_status { last_received { term: 0 index: 0 } } ignore_live_leader: false dest_uuid: "5471defebba5483b85fa13276a32c271" is_pre_election: true
I20260812 06:36:33.334002 26221 raft_consensus.cc:2468] T 00000000000000000000000000000000 P 68acddcde68248eca6aba26e653aa213 [term 0 FOLLOWER]: Leader pre-election vote request: Granting yes vote for candidate baddfc75d83f473391a1274c34c2b332 in term 0.
I20260812 06:36:33.334028 26144 raft_consensus.cc:2468] T 00000000000000000000000000000000 P 5471defebba5483b85fa13276a32c271 [term 0 FOLLOWER]: Leader pre-election vote request: Granting yes vote for candidate baddfc75d83f473391a1274c34c2b332 in term 0.
I20260812 06:36:33.334404 26271 leader_election.cc:304] T 00000000000000000000000000000000 P baddfc75d83f473391a1274c34c2b332 [CANDIDATE]: Term 1 pre-election: Election decided. Result: candidate won. Election summary: received 3 responses out of 3 voters: 3 yes votes; 0 no votes. yes voters: 5471defebba5483b85fa13276a32c271, 68acddcde68248eca6aba26e653aa213, baddfc75d83f473391a1274c34c2b332; no voters: 
I20260812 06:36:33.334613 26366 raft_consensus.cc:2804] T 00000000000000000000000000000000 P baddfc75d83f473391a1274c34c2b332 [term 0 FOLLOWER]: Leader pre-election won for term 1
I20260812 06:36:33.334674 26366 raft_consensus.cc:493] T 00000000000000000000000000000000 P baddfc75d83f473391a1274c34c2b332 [term 0 FOLLOWER]: Starting leader election (no leader contacted us within the election timeout)
I20260812 06:36:33.334702 26366 raft_consensus.cc:3060] T 00000000000000000000000000000000 P baddfc75d83f473391a1274c34c2b332 [term 0 FOLLOWER]: Advancing to term 1
I20260812 06:36:33.335814 26366 raft_consensus.cc:515] T 00000000000000000000000000000000 P baddfc75d83f473391a1274c34c2b332 [term 1 FOLLOWER]: Starting leader election with config: opid_index: -1 OBSOLETE_local: false peers { permanent_uuid: "5471defebba5483b85fa13276a32c271" member_type: VOTER last_known_addr { host: "127.23.212.126" port: 44501 } } peers { permanent_uuid: "68acddcde68248eca6aba26e653aa213" member_type: VOTER last_known_addr { host: "127.23.212.125" port: 34089 } } peers { permanent_uuid: "baddfc75d83f473391a1274c34c2b332" member_type: VOTER last_known_addr { host: "127.23.212.124" port: 42721 } }
I20260812 06:36:33.336251 26366 leader_election.cc:290] T 00000000000000000000000000000000 P baddfc75d83f473391a1274c34c2b332 [CANDIDATE]: Term 1 election: Requested vote from peers 5471defebba5483b85fa13276a32c271 (127.23.212.126:44501), 68acddcde68248eca6aba26e653aa213 (127.23.212.125:34089)
I20260812 06:36:33.336633 26144 tablet_service.cc:1917] Received RequestConsensusVote() RPC: tablet_id: "00000000000000000000000000000000" candidate_uuid: "baddfc75d83f473391a1274c34c2b332" candidate_term: 1 candidate_status { last_received { term: 0 index: 0 } } ignore_live_leader: false dest_uuid: "5471defebba5483b85fa13276a32c271"
I20260812 06:36:33.336758 26144 raft_consensus.cc:3060] T 00000000000000000000000000000000 P 5471defebba5483b85fa13276a32c271 [term 0 FOLLOWER]: Advancing to term 1
I20260812 06:36:33.338012 26144 raft_consensus.cc:2468] T 00000000000000000000000000000000 P 5471defebba5483b85fa13276a32c271 [term 1 FOLLOWER]: Leader election vote request: Granting yes vote for candidate baddfc75d83f473391a1274c34c2b332 in term 1.
I20260812 06:36:33.338261 26221 tablet_service.cc:1917] Received RequestConsensusVote() RPC: tablet_id: "00000000000000000000000000000000" candidate_uuid: "baddfc75d83f473391a1274c34c2b332" candidate_term: 1 candidate_status { last_received { term: 0 index: 0 } } ignore_live_leader: false dest_uuid: "68acddcde68248eca6aba26e653aa213"
I20260812 06:36:33.338368 26221 raft_consensus.cc:3060] T 00000000000000000000000000000000 P 68acddcde68248eca6aba26e653aa213 [term 0 FOLLOWER]: Advancing to term 1
I20260812 06:36:33.338428 26270 leader_election.cc:304] T 00000000000000000000000000000000 P baddfc75d83f473391a1274c34c2b332 [CANDIDATE]: Term 1 election: Election decided. Result: candidate won. Election summary: received 2 responses out of 3 voters: 2 yes votes; 0 no votes. yes voters: 5471defebba5483b85fa13276a32c271, baddfc75d83f473391a1274c34c2b332; no voters: 
I20260812 06:36:33.338795 26366 raft_consensus.cc:2804] T 00000000000000000000000000000000 P baddfc75d83f473391a1274c34c2b332 [term 1 FOLLOWER]: Leader election won for term 1
I20260812 06:36:33.339172 26366 raft_consensus.cc:697] T 00000000000000000000000000000000 P baddfc75d83f473391a1274c34c2b332 [term 1 LEADER]: Becoming Leader. State: Replica: baddfc75d83f473391a1274c34c2b332, State: Running, Role: LEADER
I20260812 06:36:33.339341 26221 raft_consensus.cc:2468] T 00000000000000000000000000000000 P 68acddcde68248eca6aba26e653aa213 [term 1 FOLLOWER]: Leader election vote request: Granting yes vote for candidate baddfc75d83f473391a1274c34c2b332 in term 1.
I20260812 06:36:33.339344 26366 consensus_queue.cc:237] T 00000000000000000000000000000000 P baddfc75d83f473391a1274c34c2b332 [LEADER]: Queue going to LEADER mode. State: All replicated index: 0, Majority replicated index: 0, Committed index: 0, Last appended: 0.0, Last appended by leader: 0, Current term: 1, Majority size: 2, State: 0, Mode: LEADER, active raft config: opid_index: -1 OBSOLETE_local: false peers { permanent_uuid: "5471defebba5483b85fa13276a32c271" member_type: VOTER last_known_addr { host: "127.23.212.126" port: 44501 } } peers { permanent_uuid: "68acddcde68248eca6aba26e653aa213" member_type: VOTER last_known_addr { host: "127.23.212.125" port: 34089 } } peers { permanent_uuid: "baddfc75d83f473391a1274c34c2b332" member_type: VOTER last_known_addr { host: "127.23.212.124" port: 42721 } }
I20260812 06:36:33.340281 26656 sys_catalog.cc:455] T 00000000000000000000000000000000 P baddfc75d83f473391a1274c34c2b332 [sys.catalog]: SysCatalogTable state changed. Reason: New leader baddfc75d83f473391a1274c34c2b332. Latest consensus state: current_term: 1 leader_uuid: "baddfc75d83f473391a1274c34c2b332" committed_config { opid_index: -1 OBSOLETE_local: false peers { permanent_uuid: "5471defebba5483b85fa13276a32c271" member_type: VOTER last_known_addr { host: "127.23.212.126" port: 44501 } } peers { permanent_uuid: "68acddcde68248eca6aba26e653aa213" member_type: VOTER last_known_addr { host: "127.23.212.125" port: 34089 } } peers { permanent_uuid: "baddfc75d83f473391a1274c34c2b332" member_type: VOTER last_known_addr { host: "127.23.212.124" port: 42721 } } }
I20260812 06:36:33.340394 26656 sys_catalog.cc:458] T 00000000000000000000000000000000 P baddfc75d83f473391a1274c34c2b332 [sys.catalog]: This master's current role is: LEADER
I20260812 06:36:33.340708 26658 catalog_manager.cc:1511] Loading table and tablet metadata into memory...
I20260812 06:36:33.341418 26658 catalog_manager.cc:1520] Initializing Kudu cluster ID...
I20260812 06:36:33.343348 26221 raft_consensus.cc:1275] T 00000000000000000000000000000000 P 68acddcde68248eca6aba26e653aa213 [term 1 FOLLOWER]: Refusing update from remote peer baddfc75d83f473391a1274c34c2b332: Log matching property violated. Preceding OpId in replica: term: 0 index: 0. Preceding OpId from leader: term: 1 index: 2. (index mismatch)
I20260812 06:36:33.343406 26144 raft_consensus.cc:1275] T 00000000000000000000000000000000 P 5471defebba5483b85fa13276a32c271 [term 1 FOLLOWER]: Refusing update from remote peer baddfc75d83f473391a1274c34c2b332: Log matching property violated. Preceding OpId in replica: term: 0 index: 0. Preceding OpId from leader: term: 1 index: 2. (index mismatch)
I20260812 06:36:33.343802 26656 consensus_queue.cc:1048] T 00000000000000000000000000000000 P baddfc75d83f473391a1274c34c2b332 [LEADER]: Connected to new peer: Peer: permanent_uuid: "68acddcde68248eca6aba26e653aa213" member_type: VOTER last_known_addr { host: "127.23.212.125" port: 34089 }, Status: LMP_MISMATCH, Last received: 0.0, Next index: 1, Last known committed idx: 0, Time since last communication: 0.000s
I20260812 06:36:33.343931 26366 consensus_queue.cc:1048] T 00000000000000000000000000000000 P baddfc75d83f473391a1274c34c2b332 [LEADER]: Connected to new peer: Peer: permanent_uuid: "5471defebba5483b85fa13276a32c271" member_type: VOTER last_known_addr { host: "127.23.212.126" port: 44501 }, Status: LMP_MISMATCH, Last received: 0.0, Next index: 1, Last known committed idx: 0, Time since last communication: 0.000s
I20260812 06:36:33.345250 26346 sys_catalog.cc:455] T 00000000000000000000000000000000 P 68acddcde68248eca6aba26e653aa213 [sys.catalog]: SysCatalogTable state changed. Reason: New leader baddfc75d83f473391a1274c34c2b332. Latest consensus state: current_term: 1 leader_uuid: "baddfc75d83f473391a1274c34c2b332" committed_config { opid_index: -1 OBSOLETE_local: false peers { permanent_uuid: "5471defebba5483b85fa13276a32c271" member_type: VOTER last_known_addr { host: "127.23.212.126" port: 44501 } } peers { permanent_uuid: "68acddcde68248eca6aba26e653aa213" member_type: VOTER last_known_addr { host: "127.23.212.125" port: 34089 } } peers { permanent_uuid: "baddfc75d83f473391a1274c34c2b332" member_type: VOTER last_known_addr { host: "127.23.212.124" port: 42721 } } }
I20260812 06:36:33.345336 26337 sys_catalog.cc:455] T 00000000000000000000000000000000 P 5471defebba5483b85fa13276a32c271 [sys.catalog]: SysCatalogTable state changed. Reason: New leader baddfc75d83f473391a1274c34c2b332. Latest consensus state: current_term: 1 leader_uuid: "baddfc75d83f473391a1274c34c2b332" committed_config { opid_index: -1 OBSOLETE_local: false peers { permanent_uuid: "5471defebba5483b85fa13276a32c271" member_type: VOTER last_known_addr { host: "127.23.212.126" port: 44501 } } peers { permanent_uuid: "68acddcde68248eca6aba26e653aa213" member_type: VOTER last_known_addr { host: "127.23.212.125" port: 34089 } } peers { permanent_uuid: "baddfc75d83f473391a1274c34c2b332" member_type: VOTER last_known_addr { host: "127.23.212.124" port: 42721 } } }
I20260812 06:36:33.345456 26337 sys_catalog.cc:458] T 00000000000000000000000000000000 P 5471defebba5483b85fa13276a32c271 [sys.catalog]: This master's current role is: FOLLOWER
I20260812 06:36:33.345357 26346 sys_catalog.cc:458] T 00000000000000000000000000000000 P 68acddcde68248eca6aba26e653aa213 [sys.catalog]: This master's current role is: FOLLOWER
I20260812 06:36:33.346819 26366 sys_catalog.cc:455] T 00000000000000000000000000000000 P baddfc75d83f473391a1274c34c2b332 [sys.catalog]: SysCatalogTable state changed. Reason: Peer health change. Latest consensus state: current_term: 1 leader_uuid: "baddfc75d83f473391a1274c34c2b332" committed_config { opid_index: -1 OBSOLETE_local: false peers { permanent_uuid: "5471defebba5483b85fa13276a32c271" member_type: VOTER last_known_addr { host: "127.23.212.126" port: 44501 } } peers { permanent_uuid: "68acddcde68248eca6aba26e653aa213" member_type: VOTER last_known_addr { host: "127.23.212.125" port: 34089 } } peers { permanent_uuid: "baddfc75d83f473391a1274c34c2b332" member_type: VOTER last_known_addr { host: "127.23.212.124" port: 42721 } } }
I20260812 06:36:33.346938 26366 sys_catalog.cc:458] T 00000000000000000000000000000000 P baddfc75d83f473391a1274c34c2b332 [sys.catalog]: This master's current role is: LEADER
I20260812 06:36:33.347047 26366 sys_catalog.cc:455] T 00000000000000000000000000000000 P baddfc75d83f473391a1274c34c2b332 [sys.catalog]: SysCatalogTable state changed. Reason: Peer health change. Latest consensus state: current_term: 1 leader_uuid: "baddfc75d83f473391a1274c34c2b332" committed_config { opid_index: -1 OBSOLETE_local: false peers { permanent_uuid: "5471defebba5483b85fa13276a32c271" member_type: VOTER last_known_addr { host: "127.23.212.126" port: 44501 } } peers { permanent_uuid: "68acddcde68248eca6aba26e653aa213" member_type: VOTER last_known_addr { host: "127.23.212.125" port: 34089 } } peers { permanent_uuid: "baddfc75d83f473391a1274c34c2b332" member_type: VOTER last_known_addr { host: "127.23.212.124" port: 42721 } } }
I20260812 06:36:33.347115 26366 sys_catalog.cc:458] T 00000000000000000000000000000000 P baddfc75d83f473391a1274c34c2b332 [sys.catalog]: This master's current role is: LEADER
I20260812 06:36:33.347497 26658 catalog_manager.cc:1383] Generated new cluster ID: 731520f5243d4da5aeadd6e9edc29557
I20260812 06:36:33.347445 26346 sys_catalog.cc:455] T 00000000000000000000000000000000 P 68acddcde68248eca6aba26e653aa213 [sys.catalog]: SysCatalogTable state changed. Reason: Replicated consensus-only round. Latest consensus state: current_term: 1 leader_uuid: "baddfc75d83f473391a1274c34c2b332" committed_config { opid_index: -1 OBSOLETE_local: false peers { permanent_uuid: "5471defebba5483b85fa13276a32c271" member_type: VOTER last_known_addr { host: "127.23.212.126" port: 44501 } } peers { permanent_uuid: "68acddcde68248eca6aba26e653aa213" member_type: VOTER last_known_addr { host: "127.23.212.125" port: 34089 } } peers { permanent_uuid: "baddfc75d83f473391a1274c34c2b332" member_type: VOTER last_known_addr { host: "127.23.212.124" port: 42721 } } }
