I20260812 06:37:15.600370 28337 raft_consensus.cc:697] T 035e5557f7cd4b9baa8fc645837e5ce1 P bc7dfcfcb6d04ed6ab6f7edc856202d2 [term 1 LEADER]: Becoming Leader. State: Replica: bc7dfcfcb6d04ed6ab6f7edc856202d2, State: Running, Role: LEADER
I20260812 06:37:15.600503 28331 ts_tablet_manager.cc:1434] T 035e5557f7cd4b9baa8fc645837e5ce1 P bc7dfcfcb6d04ed6ab6f7edc856202d2: Time spent starting tablet: real 0.002s	user 0.000s	sys 0.003s
I20260812 06:37:15.600471 28337 consensus_queue.cc:237] T 035e5557f7cd4b9baa8fc645837e5ce1 P bc7dfcfcb6d04ed6ab6f7edc856202d2 [LEADER]: Queue going to LEADER mode. State: All replicated index: 0, Majority replicated index: 0, Committed index: 0, Last appended: 0.0, Last appended by leader: 0, Current term: 1, Majority size: 1, State: 0, Mode: LEADER, active raft config: opid_index: -1 OBSOLETE_local: true peers { permanent_uuid: "bc7dfcfcb6d04ed6ab6f7edc856202d2" member_type: VOTER last_known_addr { host: "127.26.228.65" port: 32953 } }
I20260812 06:37:15.600697 28331 tablet_bootstrap.cc:492] T 69b8c9543e32491cbd38fe1f4da991c4 P bc7dfcfcb6d04ed6ab6f7edc856202d2: Bootstrap starting.
I20260812 06:37:15.602011 28331 tablet_bootstrap.cc:654] T 69b8c9543e32491cbd38fe1f4da991c4 P bc7dfcfcb6d04ed6ab6f7edc856202d2: Neither blocks nor log segments found. Creating new log.
I20260812 06:37:15.603214 28331 tablet_bootstrap.cc:492] T 69b8c9543e32491cbd38fe1f4da991c4 P bc7dfcfcb6d04ed6ab6f7edc856202d2: No bootstrap required, opened a new log
I20260812 06:37:15.603310 28331 ts_tablet_manager.cc:1403] T 69b8c9543e32491cbd38fe1f4da991c4 P bc7dfcfcb6d04ed6ab6f7edc856202d2: Time spent bootstrapping tablet: real 0.003s	user 0.001s	sys 0.001s
I20260812 06:37:15.603590 28006 catalog_manager.cc:5719] T 035e5557f7cd4b9baa8fc645837e5ce1 P bc7dfcfcb6d04ed6ab6f7edc856202d2 reported cstate change: term changed from 0 to 1, leader changed from <none> to bc7dfcfcb6d04ed6ab6f7edc856202d2 (127.26.228.65). New cstate: current_term: 1 leader_uuid: "bc7dfcfcb6d04ed6ab6f7edc856202d2" committed_config { opid_index: -1 OBSOLETE_local: true peers { permanent_uuid: "bc7dfcfcb6d04ed6ab6f7edc856202d2" member_type: VOTER last_known_addr { host: "127.26.228.65" port: 32953 } health_report { overall_health: HEALTHY } } }
I20260812 06:37:15.603717 28331 raft_consensus.cc:359] T 69b8c9543e32491cbd38fe1f4da991c4 P bc7dfcfcb6d04ed6ab6f7edc856202d2 [term 0 FOLLOWER]: Replica starting. Triggering 0 pending ops. Active config: opid_index: -1 OBSOLETE_local: true peers { permanent_uuid: "bc7dfcfcb6d04ed6ab6f7edc856202d2" member_type: VOTER last_known_addr { host: "127.26.228.65" port: 32953 } }
I20260812 06:37:15.603834 28331 raft_consensus.cc:385] T 69b8c9543e32491cbd38fe1f4da991c4 P bc7dfcfcb6d04ed6ab6f7edc856202d2 [term 0 FOLLOWER]: Consensus starting up: Expiring failure detector timer to make a prompt election more likely
I20260812 06:37:15.603901 28331 raft_consensus.cc:740] T 69b8c9543e32491cbd38fe1f4da991c4 P bc7dfcfcb6d04ed6ab6f7edc856202d2 [term 0 FOLLOWER]: Becoming Follower/Learner. State: Replica: bc7dfcfcb6d04ed6ab6f7edc856202d2, State: Initialized, Role: FOLLOWER
I20260812 06:37:15.604048 28331 consensus_queue.cc:260] T 69b8c9543e32491cbd38fe1f4da991c4 P bc7dfcfcb6d04ed6ab6f7edc856202d2 [NON_LEADER]: Queue going to NON_LEADER mode. State: All replicated index: 0, Majority replicated index: 0, Committed index: 0, Last appended: 0.0, Last appended by leader: 0, Current term: 0, Majority size: -1, State: 0, Mode: NON_LEADER, active raft config: opid_index: -1 OBSOLETE_local: true peers { permanent_uuid: "bc7dfcfcb6d04ed6ab6f7edc856202d2" member_type: VOTER last_known_addr { host: "127.26.228.65" port: 32953 } }
I20260812 06:37:15.604154 28331 raft_consensus.cc:399] T 69b8c9543e32491cbd38fe1f4da991c4 P bc7dfcfcb6d04ed6ab6f7edc856202d2 [term 0 FOLLOWER]: Only one voter in the Raft config. Triggering election immediately
I20260812 06:37:15.604203 28331 raft_consensus.cc:493] T 69b8c9543e32491cbd38fe1f4da991c4 P bc7dfcfcb6d04ed6ab6f7edc856202d2 [term 0 FOLLOWER]: Starting leader election (initial election of a single-replica configuration)
I20260812 06:37:15.604257 28331 raft_consensus.cc:3060] T 69b8c9543e32491cbd38fe1f4da991c4 P bc7dfcfcb6d04ed6ab6f7edc856202d2 [term 0 FOLLOWER]: Advancing to term 1
I20260812 06:37:15.604954 28331 raft_consensus.cc:515] T 69b8c9543e32491cbd38fe1f4da991c4 P bc7dfcfcb6d04ed6ab6f7edc856202d2 [term 1 FOLLOWER]: Starting leader election with config: opid_index: -1 OBSOLETE_local: true peers { permanent_uuid: "bc7dfcfcb6d04ed6ab6f7edc856202d2" member_type: VOTER last_known_addr { host: "127.26.228.65" port: 32953 } }
I20260812 06:37:15.605105 28331 leader_election.cc:304] T 69b8c9543e32491cbd38fe1f4da991c4 P bc7dfcfcb6d04ed6ab6f7edc856202d2 [CANDIDATE]: Term 1 election: Election decided. Result: candidate won. Election summary: received 1 responses out of 1 voters: 1 yes votes; 0 no votes. yes voters: bc7dfcfcb6d04ed6ab6f7edc856202d2; no voters: 
I20260812 06:37:15.605252 28337 raft_consensus.cc:2804] T 69b8c9543e32491cbd38fe1f4da991c4 P bc7dfcfcb6d04ed6ab6f7edc856202d2 [term 1 FOLLOWER]: Leader election won for term 1
I20260812 06:37:15.605362 28337 raft_consensus.cc:697] T 69b8c9543e32491cbd38fe1f4da991c4 P bc7dfcfcb6d04ed6ab6f7edc856202d2 [term 1 LEADER]: Becoming Leader. State: Replica: bc7dfcfcb6d04ed6ab6f7edc856202d2, State: Running, Role: LEADER
I20260812 06:37:15.605485 28337 consensus_queue.cc:237] T 69b8c9543e32491cbd38fe1f4da991c4 P bc7dfcfcb6d04ed6ab6f7edc856202d2 [LEADER]: Queue going to LEADER mode. State: All replicated index: 0, Majority replicated index: 0, Committed index: 0, Last appended: 0.0, Last appended by leader: 0, Current term: 1, Majority size: 1, State: 0, Mode: LEADER, active raft config: opid_index: -1 OBSOLETE_local: true peers { permanent_uuid: "bc7dfcfcb6d04ed6ab6f7edc856202d2" member_type: VOTER last_known_addr { host: "127.26.228.65" port: 32953 } }
I20260812 06:37:15.605957 28331 leader_election.cc:290] T 69b8c9543e32491cbd38fe1f4da991c4 P bc7dfcfcb6d04ed6ab6f7edc856202d2 [CANDIDATE]: Term 1 election: Requested vote from peers 
I20260812 06:37:15.606287 28331 ts_tablet_manager.cc:1434] T 69b8c9543e32491cbd38fe1f4da991c4 P bc7dfcfcb6d04ed6ab6f7edc856202d2: Time spent starting tablet: real 0.003s	user 0.002s	sys 0.001s
I20260812 06:37:15.606472 28331 tablet_bootstrap.cc:492] T 493423545c024ffeae82a5a84f0c24a6 P bc7dfcfcb6d04ed6ab6f7edc856202d2: Bootstrap starting.
I20260812 06:37:15.606846 28006 catalog_manager.cc:5719] T 69b8c9543e32491cbd38fe1f4da991c4 P bc7dfcfcb6d04ed6ab6f7edc856202d2 reported cstate change: term changed from 0 to 1, leader changed from <none> to bc7dfcfcb6d04ed6ab6f7edc856202d2 (127.26.228.65). New cstate: current_term: 1 leader_uuid: "bc7dfcfcb6d04ed6ab6f7edc856202d2" committed_config { opid_index: -1 OBSOLETE_local: true peers { permanent_uuid: "bc7dfcfcb6d04ed6ab6f7edc856202d2" member_type: VOTER last_known_addr { host: "127.26.228.65" port: 32953 } health_report { overall_health: HEALTHY } } }
I20260812 06:37:15.607702 28331 tablet_bootstrap.cc:654] T 493423545c024ffeae82a5a84f0c24a6 P bc7dfcfcb6d04ed6ab6f7edc856202d2: Neither blocks nor log segments found. Creating new log.
I20260812 06:37:15.608932 28331 tablet_bootstrap.cc:492] T 493423545c024ffeae82a5a84f0c24a6 P bc7dfcfcb6d04ed6ab6f7edc856202d2: No bootstrap required, opened a new log
I20260812 06:37:15.609045 28331 ts_tablet_manager.cc:1403] T 493423545c024ffeae82a5a84f0c24a6 P bc7dfcfcb6d04ed6ab6f7edc856202d2: Time spent bootstrapping tablet: real 0.003s	user 0.002s	sys 0.000s
I20260812 06:37:15.609478 28331 raft_consensus.cc:359] T 493423545c024ffeae82a5a84f0c24a6 P bc7dfcfcb6d04ed6ab6f7edc856202d2 [term 0 FOLLOWER]: Replica starting. Triggering 0 pending ops. Active config: opid_index: -1 OBSOLETE_local: true peers { permanent_uuid: "bc7dfcfcb6d04ed6ab6f7edc856202d2" member_type: VOTER last_known_addr { host: "127.26.228.65" port: 32953 } }
I20260812 06:37:15.609596 28331 raft_consensus.cc:385] T 493423545c024ffeae82a5a84f0c24a6 P bc7dfcfcb6d04ed6ab6f7edc856202d2 [term 0 FOLLOWER]: Consensus starting up: Expiring failure detector timer to make a prompt election more likely
I20260812 06:37:15.609651 28331 raft_consensus.cc:740] T 493423545c024ffeae82a5a84f0c24a6 P bc7dfcfcb6d04ed6ab6f7edc856202d2 [term 0 FOLLOWER]: Becoming Follower/Learner. State: Replica: bc7dfcfcb6d04ed6ab6f7edc856202d2, State: Initialized, Role: FOLLOWER
I20260812 06:37:15.609802 28331 consensus_queue.cc:260] T 493423545c024ffeae82a5a84f0c24a6 P bc7dfcfcb6d04ed6ab6f7edc856202d2 [NON_LEADER]: Queue going to NON_LEADER mode. State: All replicated index: 0, Majority replicated index: 0, Committed index: 0, Last appended: 0.0, Last appended by leader: 0, Current term: 0, Majority size: -1, State: 0, Mode: NON_LEADER, active raft config: opid_index: -1 OBSOLETE_local: true peers { permanent_uuid: "bc7dfcfcb6d04ed6ab6f7edc856202d2" member_type: VOTER last_known_addr { host: "127.26.228.65" port: 32953 } }
I20260812 06:37:15.609908 28331 raft_consensus.cc:399] T 493423545c024ffeae82a5a84f0c24a6 P bc7dfcfcb6d04ed6ab6f7edc856202d2 [term 0 FOLLOWER]: Only one voter in the Raft config. Triggering election immediately
I20260812 06:37:15.609954 28331 raft_consensus.cc:493] T 493423545c024ffeae82a5a84f0c24a6 P bc7dfcfcb6d04ed6ab6f7edc856202d2 [term 0 FOLLOWER]: Starting leader election (initial election of a single-replica configuration)
I20260812 06:37:15.610008 28331 raft_consensus.cc:3060] T 493423545c024ffeae82a5a84f0c24a6 P bc7dfcfcb6d04ed6ab6f7edc856202d2 [term 0 FOLLOWER]: Advancing to term 1
I20260812 06:37:15.610890 28331 raft_consensus.cc:515] T 493423545c024ffeae82a5a84f0c24a6 P bc7dfcfcb6d04ed6ab6f7edc856202d2 [term 1 FOLLOWER]: Starting leader election with config: opid_index: -1 OBSOLETE_local: true peers { permanent_uuid: "bc7dfcfcb6d04ed6ab6f7edc856202d2" member_type: VOTER last_known_addr { host: "127.26.228.65" port: 32953 } }
I20260812 06:37:15.611032 28331 leader_election.cc:304] T 493423545c024ffeae82a5a84f0c24a6 P bc7dfcfcb6d04ed6ab6f7edc856202d2 [CANDIDATE]: Term 1 election: Election decided. Result: candidate won. Election summary: received 1 responses out of 1 voters: 1 yes votes; 0 no votes. yes voters: bc7dfcfcb6d04ed6ab6f7edc856202d2; no voters: 
I20260812 06:37:15.611127 28331 leader_election.cc:290] T 493423545c024ffeae82a5a84f0c24a6 P bc7dfcfcb6d04ed6ab6f7edc856202d2 [CANDIDATE]: Term 1 election: Requested vote from peers 
I20260812 06:37:15.611238 28337 raft_consensus.cc:2804] T 493423545c024ffeae82a5a84f0c24a6 P bc7dfcfcb6d04ed6ab6f7edc856202d2 [term 1 FOLLOWER]: Leader election won for term 1
I20260812 06:37:15.611323 28337 raft_consensus.cc:697] T 493423545c024ffeae82a5a84f0c24a6 P bc7dfcfcb6d04ed6ab6f7edc856202d2 [term 1 LEADER]: Becoming Leader. State: Replica: bc7dfcfcb6d04ed6ab6f7edc856202d2, State: Running, Role: LEADER
I20260812 06:37:15.611425 28337 consensus_queue.cc:237] T 493423545c024ffeae82a5a84f0c24a6 P bc7dfcfcb6d04ed6ab6f7edc856202d2 [LEADER]: Queue going to LEADER mode. State: All replicated index: 0, Majority replicated index: 0, Committed index: 0, Last appended: 0.0, Last appended by leader: 0, Current term: 1, Majority size: 1, State: 0, Mode: LEADER, active raft config: opid_index: -1 OBSOLETE_local: true peers { permanent_uuid: "bc7dfcfcb6d04ed6ab6f7edc856202d2" member_type: VOTER last_known_addr { host: "127.26.228.65" port: 32953 } }
I20260812 06:37:15.611526 28331 ts_tablet_manager.cc:1434] T 493423545c024ffeae82a5a84f0c24a6 P bc7dfcfcb6d04ed6ab6f7edc856202d2: Time spent starting tablet: real 0.002s	user 0.000s	sys 0.003s
I20260812 06:37:15.611685 28331 tablet_bootstrap.cc:492] T d0c1caf9b1b541b2af8f677ef884dff6 P bc7dfcfcb6d04ed6ab6f7edc856202d2: Bootstrap starting.
I20260812 06:37:15.612816 28331 tablet_bootstrap.cc:654] T d0c1caf9b1b541b2af8f677ef884dff6 P bc7dfcfcb6d04ed6ab6f7edc856202d2: Neither blocks nor log segments found. Creating new log.
I20260812 06:37:15.613734 28006 catalog_manager.cc:5719] T 493423545c024ffeae82a5a84f0c24a6 P bc7dfcfcb6d04ed6ab6f7edc856202d2 reported cstate change: term changed from 0 to 1, leader changed from <none> to bc7dfcfcb6d04ed6ab6f7edc856202d2 (127.26.228.65). New cstate: current_term: 1 leader_uuid: "bc7dfcfcb6d04ed6ab6f7edc856202d2" committed_config { opid_index: -1 OBSOLETE_local: true peers { permanent_uuid: "bc7dfcfcb6d04ed6ab6f7edc856202d2" member_type: VOTER last_known_addr { host: "127.26.228.65" port: 32953 } health_report { overall_health: HEALTHY } } }
I20260812 06:37:15.613934 28331 tablet_bootstrap.cc:492] T d0c1caf9b1b541b2af8f677ef884dff6 P bc7dfcfcb6d04ed6ab6f7edc856202d2: No bootstrap required, opened a new log
I20260812 06:37:15.614004 28331 ts_tablet_manager.cc:1403] T d0c1caf9b1b541b2af8f677ef884dff6 P bc7dfcfcb6d04ed6ab6f7edc856202d2: Time spent bootstrapping tablet: real 0.002s	user 0.001s	sys 0.001s
I20260812 06:37:15.614423 28331 raft_consensus.cc:359] T d0c1caf9b1b541b2af8f677ef884dff6 P bc7dfcfcb6d04ed6ab6f7edc856202d2 [term 0 FOLLOWER]: Replica starting. Triggering 0 pending ops. Active config: opid_index: -1 OBSOLETE_local: true peers { permanent_uuid: "bc7dfcfcb6d04ed6ab6f7edc856202d2" member_type: VOTER last_known_addr { host: "127.26.228.65" port: 32953 } }
I20260812 06:37:15.614532 28331 raft_consensus.cc:385] T d0c1caf9b1b541b2af8f677ef884dff6 P bc7dfcfcb6d04ed6ab6f7edc856202d2 [term 0 FOLLOWER]: Consensus starting up: Expiring failure detector timer to make a prompt election more likely
I20260812 06:37:15.614568 28331 raft_consensus.cc:740] T d0c1caf9b1b541b2af8f677ef884dff6 P bc7dfcfcb6d04ed6ab6f7edc856202d2 [term 0 FOLLOWER]: Becoming Follower/Learner. State: Replica: bc7dfcfcb6d04ed6ab6f7edc856202d2, State: Initialized, Role: FOLLOWER
I20260812 06:37:15.614717 28331 consensus_queue.cc:260] T d0c1caf9b1b541b2af8f677ef884dff6 P bc7dfcfcb6d04ed6ab6f7edc856202d2 [NON_LEADER]: Queue going to NON_LEADER mode. State: All replicated index: 0, Majority replicated index: 0, Committed index: 0, Last appended: 0.0, Last appended by leader: 0, Current term: 0, Majority size: -1, State: 0, Mode: NON_LEADER, active raft config: opid_index: -1 OBSOLETE_local: true peers { permanent_uuid: "bc7dfcfcb6d04ed6ab6f7edc856202d2" member_type: VOTER last_known_addr { host: "127.26.228.65" port: 32953 } }
I20260812 06:37:15.614820 28331 raft_consensus.cc:399] T d0c1caf9b1b541b2af8f677ef884dff6 P bc7dfcfcb6d04ed6ab6f7edc856202d2 [term 0 FOLLOWER]: Only one voter in the Raft config. Triggering election immediately
I20260812 06:37:15.614868 28331 raft_consensus.cc:493] T d0c1caf9b1b541b2af8f677ef884dff6 P bc7dfcfcb6d04ed6ab6f7edc856202d2 [term 0 FOLLOWER]: Starting leader election (initial election of a single-replica configuration)
I20260812 06:37:15.614926 28331 raft_consensus.cc:3060] T d0c1caf9b1b541b2af8f677ef884dff6 P bc7dfcfcb6d04ed6ab6f7edc856202d2 [term 0 FOLLOWER]: Advancing to term 1
I20260812 06:37:15.615731 28331 raft_consensus.cc:515] T d0c1caf9b1b541b2af8f677ef884dff6 P bc7dfcfcb6d04ed6ab6f7edc856202d2 [term 1 FOLLOWER]: Starting leader election with config: opid_index: -1 OBSOLETE_local: true peers { permanent_uuid: "bc7dfcfcb6d04ed6ab6f7edc856202d2" member_type: VOTER last_known_addr { host: "127.26.228.65" port: 32953 } }
I20260812 06:37:15.615891 28331 leader_election.cc:304] T d0c1caf9b1b541b2af8f677ef884dff6 P bc7dfcfcb6d04ed6ab6f7edc856202d2 [CANDIDATE]: Term 1 election: Election decided. Result: candidate won. Election summary: received 1 responses out of 1 voters: 1 yes votes; 0 no votes. yes voters: bc7dfcfcb6d04ed6ab6f7edc856202d2; no voters: 
I20260812 06:37:15.616012 28331 leader_election.cc:290] T d0c1caf9b1b541b2af8f677ef884dff6 P bc7dfcfcb6d04ed6ab6f7edc856202d2 [CANDIDATE]: Term 1 election: Requested vote from peers 
I20260812 06:37:15.616104 28335 raft_consensus.cc:2804] T d0c1caf9b1b541b2af8f677ef884dff6 P bc7dfcfcb6d04ed6ab6f7edc856202d2 [term 1 FOLLOWER]: Leader election won for term 1
I20260812 06:37:15.616209 28335 raft_consensus.cc:697] T d0c1caf9b1b541b2af8f677ef884dff6 P bc7dfcfcb6d04ed6ab6f7edc856202d2 [term 1 LEADER]: Becoming Leader. State: Replica: bc7dfcfcb6d04ed6ab6f7edc856202d2, State: Running, Role: LEADER
I20260812 06:37:15.616290 28331 ts_tablet_manager.cc:1434] T d0c1caf9b1b541b2af8f677ef884dff6 P bc7dfcfcb6d04ed6ab6f7edc856202d2: Time spent starting tablet: real 0.002s	user 0.000s	sys 0.002s
I20260812 06:37:15.616319 28335 consensus_queue.cc:237] T d0c1caf9b1b541b2af8f677ef884dff6 P bc7dfcfcb6d04ed6ab6f7edc856202d2 [LEADER]: Queue going to LEADER mode. State: All replicated index: 0, Majority replicated index: 0, Committed index: 0, Last appended: 0.0, Last appended by leader: 0, Current term: 1, Majority size: 1, State: 0, Mode: LEADER, active raft config: opid_index: -1 OBSOLETE_local: true peers { permanent_uuid: "bc7dfcfcb6d04ed6ab6f7edc856202d2" member_type: VOTER last_known_addr { host: "127.26.228.65" port: 32953 } }
I20260812 06:37:15.616428 28331 tablet_bootstrap.cc:492] T 3e0c0768420d449e8bc0b8d95bd8fe15 P bc7dfcfcb6d04ed6ab6f7edc856202d2: Bootstrap starting.
I20260812 06:37:15.617396 28331 tablet_bootstrap.cc:654] T 3e0c0768420d449e8bc0b8d95bd8fe15 P bc7dfcfcb6d04ed6ab6f7edc856202d2: Neither blocks nor log segments found. Creating new log.
I20260812 06:37:15.617792 28006 catalog_manager.cc:5719] T d0c1caf9b1b541b2af8f677ef884dff6 P bc7dfcfcb6d04ed6ab6f7edc856202d2 reported cstate change: term changed from 0 to 1, leader changed from <none> to bc7dfcfcb6d04ed6ab6f7edc856202d2 (127.26.228.65). New cstate: current_term: 1 leader_uuid: "bc7dfcfcb6d04ed6ab6f7edc856202d2" committed_config { opid_index: -1 OBSOLETE_local: true peers { permanent_uuid: "bc7dfcfcb6d04ed6ab6f7edc856202d2" member_type: VOTER last_known_addr { host: "127.26.228.65" port: 32953 } health_report { overall_health: HEALTHY } } }
I20260812 06:37:15.618530 28331 tablet_bootstrap.cc:492] T 3e0c0768420d449e8bc0b8d95bd8fe15 P bc7dfcfcb6d04ed6ab6f7edc856202d2: No bootstrap required, opened a new log
I20260812 06:37:15.618619 28331 ts_tablet_manager.cc:1403] T 3e0c0768420d449e8bc0b8d95bd8fe15 P bc7dfcfcb6d04ed6ab6f7edc856202d2: Time spent bootstrapping tablet: real 0.002s	user 0.000s	sys 0.001s
I20260812 06:37:15.619055 28331 raft_consensus.cc:359] T 3e0c0768420d449e8bc0b8d95bd8fe15 P bc7dfcfcb6d04ed6ab6f7edc856202d2 [term 0 FOLLOWER]: Replica starting. Triggering 0 pending ops. Active config: opid_index: -1 OBSOLETE_local: true peers { permanent_uuid: "bc7dfcfcb6d04ed6ab6f7edc856202d2" member_type: VOTER last_known_addr { host: "127.26.228.65" port: 32953 } }
I20260812 06:37:15.619153 28331 raft_consensus.cc:385] T 3e0c0768420d449e8bc0b8d95bd8fe15 P bc7dfcfcb6d04ed6ab6f7edc856202d2 [term 0 FOLLOWER]: Consensus starting up: Expiring failure detector timer to make a prompt election more likely
I20260812 06:37:15.619186 28331 raft_consensus.cc:740] T 3e0c0768420d449e8bc0b8d95bd8fe15 P bc7dfcfcb6d04ed6ab6f7edc856202d2 [term 0 FOLLOWER]: Becoming Follower/Learner. State: Replica: bc7dfcfcb6d04ed6ab6f7edc856202d2, State: Initialized, Role: FOLLOWER
I20260812 06:37:15.619307 28331 consensus_queue.cc:260] T 3e0c0768420d449e8bc0b8d95bd8fe15 P bc7dfcfcb6d04ed6ab6f7edc856202d2 [NON_LEADER]: Queue going to NON_LEADER mode. State: All replicated index: 0, Majority replicated index: 0, Committed index: 0, Last appended: 0.0, Last appended by leader: 0, Current term: 0, Majority size: -1, State: 0, Mode: NON_LEADER, active raft config: opid_index: -1 OBSOLETE_local: true peers { permanent_uuid: "bc7dfcfcb6d04ed6ab6f7edc856202d2" member_type: VOTER last_known_addr { host: "127.26.228.65" port: 32953 } }
I20260812 06:37:15.619400 28331 raft_consensus.cc:399] T 3e0c0768420d449e8bc0b8d95bd8fe15 P bc7dfcfcb6d04ed6ab6f7edc856202d2 [term 0 FOLLOWER]: Only one voter in the Raft config. Triggering election immediately
I20260812 06:37:15.619453 28331 raft_consensus.cc:493] T 3e0c0768420d449e8bc0b8d95bd8fe15 P bc7dfcfcb6d04ed6ab6f7edc856202d2 [term 0 FOLLOWER]: Starting leader election (initial election of a single-replica configuration)
I20260812 06:37:15.619504 28331 raft_consensus.cc:3060] T 3e0c0768420d449e8bc0b8d95bd8fe15 P bc7dfcfcb6d04ed6ab6f7edc856202d2 [term 0 FOLLOWER]: Advancing to term 1
I20260812 06:37:15.620245 28331 raft_consensus.cc:515] T 3e0c0768420d449e8bc0b8d95bd8fe15 P bc7dfcfcb6d04ed6ab6f7edc856202d2 [term 1 FOLLOWER]: Starting leader election with config: opid_index: -1 OBSOLETE_local: true peers { permanent_uuid: "bc7dfcfcb6d04ed6ab6f7edc856202d2" member_type: VOTER last_known_addr { host: "127.26.228.65" port: 32953 } }
I20260812 06:37:15.620375 28331 leader_election.cc:304] T 3e0c0768420d449e8bc0b8d95bd8fe15 P bc7dfcfcb6d04ed6ab6f7edc856202d2 [CANDIDATE]: Term 1 election: Election decided. Result: candidate won. Election summary: received 1 responses out of 1 voters: 1 yes votes; 0 no votes. yes voters: bc7dfcfcb6d04ed6ab6f7edc856202d2; no voters: 
I20260812 06:37:15.620477 28331 leader_election.cc:290] T 3e0c0768420d449e8bc0b8d95bd8fe15 P bc7dfcfcb6d04ed6ab6f7edc856202d2 [CANDIDATE]: Term 1 election: Requested vote from peers 
I20260812 06:37:15.620523 28335 raft_consensus.cc:2804] T 3e0c0768420d449e8bc0b8d95bd8fe15 P bc7dfcfcb6d04ed6ab6f7edc856202d2 [term 1 FOLLOWER]: Leader election won for term 1
I20260812 06:37:15.620626 28335 raft_consensus.cc:697] T 3e0c0768420d449e8bc0b8d95bd8fe15 P bc7dfcfcb6d04ed6ab6f7edc856202d2 [term 1 LEADER]: Becoming Leader. State: Replica: bc7dfcfcb6d04ed6ab6f7edc856202d2, State: Running, Role: LEADER
I20260812 06:37:15.620735 28335 consensus_queue.cc:237] T 3e0c0768420d449e8bc0b8d95bd8fe15 P bc7dfcfcb6d04ed6ab6f7edc856202d2 [LEADER]: Queue going to LEADER mode. State: All replicated index: 0, Majority replicated index: 0, Committed index: 0, Last appended: 0.0, Last appended by leader: 0, Current term: 1, Majority size: 1, State: 0, Mode: LEADER, active raft config: opid_index: -1 OBSOLETE_local: true peers { permanent_uuid: "bc7dfcfcb6d04ed6ab6f7edc856202d2" member_type: VOTER last_known_addr { host: "127.26.228.65" port: 32953 } }
I20260812 06:37:15.620808 28331 ts_tablet_manager.cc:1434] T 3e0c0768420d449e8bc0b8d95bd8fe15 P bc7dfcfcb6d04ed6ab6f7edc856202d2: Time spent starting tablet: real 0.002s	user 0.000s	sys 0.002s
I20260812 06:37:15.620955 28331 tablet_bootstrap.cc:492] T 751ea1009e574af0ae578a98d414f082 P bc7dfcfcb6d04ed6ab6f7edc856202d2: Bootstrap starting.
I20260812 06:37:15.621959 28331 tablet_bootstrap.cc:654] T 751ea1009e574af0ae578a98d414f082 P bc7dfcfcb6d04ed6ab6f7edc856202d2: Neither blocks nor log segments found. Creating new log.
I20260812 06:37:15.622614 28006 catalog_manager.cc:5719] T 3e0c0768420d449e8bc0b8d95bd8fe15 P bc7dfcfcb6d04ed6ab6f7edc856202d2 reported cstate change: term changed from 0 to 1, leader changed from <none> to bc7dfcfcb6d04ed6ab6f7edc856202d2 (127.26.228.65). New cstate: current_term: 1 leader_uuid: "bc7dfcfcb6d04ed6ab6f7edc856202d2" committed_config { opid_index: -1 OBSOLETE_local: true peers { permanent_uuid: "bc7dfcfcb6d04ed6ab6f7edc856202d2" member_type: VOTER last_known_addr { host: "127.26.228.65" port: 32953 } health_report { overall_health: HEALTHY } } }
I20260812 06:37:15.623056 28331 tablet_bootstrap.cc:492] T 751ea1009e574af0ae578a98d414f082 P bc7dfcfcb6d04ed6ab6f7edc856202d2: No bootstrap required, opened a new log
I20260812 06:37:15.623153 28331 ts_tablet_manager.cc:1403] T 751ea1009e574af0ae578a98d414f082 P bc7dfcfcb6d04ed6ab6f7edc856202d2: Time spent bootstrapping tablet: real 0.002s	user 0.000s	sys 0.002s
I20260812 06:37:15.623597 28331 raft_consensus.cc:359] T 751ea1009e574af0ae578a98d414f082 P bc7dfcfcb6d04ed6ab6f7edc856202d2 [term 0 FOLLOWER]: Replica starting. Triggering 0 pending ops. Active config: opid_index: -1 OBSOLETE_local: true peers { permanent_uuid: "bc7dfcfcb6d04ed6ab6f7edc856202d2" member_type: VOTER last_known_addr { host: "127.26.228.65" port: 32953 } }
I20260812 06:37:15.623703 28331 raft_consensus.cc:385] T 751ea1009e574af0ae578a98d414f082 P bc7dfcfcb6d04ed6ab6f7edc856202d2 [term 0 FOLLOWER]: Consensus starting up: Expiring failure detector timer to make a prompt election more likely
I20260812 06:37:15.623728 28331 raft_consensus.cc:740] T 751ea1009e574af0ae578a98d414f082 P bc7dfcfcb6d04ed6ab6f7edc856202d2 [term 0 FOLLOWER]: Becoming Follower/Learner. State: Replica: bc7dfcfcb6d04ed6ab6f7edc856202d2, State: Initialized, Role: FOLLOWER
I20260812 06:37:15.623907 28331 consensus_queue.cc:260] T 751ea1009e574af0ae578a98d414f082 P bc7dfcfcb6d04ed6ab6f7edc856202d2 [NON_LEADER]: Queue going to NON_LEADER mode. State: All replicated index: 0, Majority replicated index: 0, Committed index: 0, Last appended: 0.0, Last appended by leader: 0, Current term: 0, Majority size: -1, State: 0, Mode: NON_LEADER, active raft config: opid_index: -1 OBSOLETE_local: true peers { permanent_uuid: "bc7dfcfcb6d04ed6ab6f7edc856202d2" member_type: VOTER last_known_addr { host: "127.26.228.65" port: 32953 } }
I20260812 06:37:15.624015 28331 raft_consensus.cc:399] T 751ea1009e574af0ae578a98d414f082 P bc7dfcfcb6d04ed6ab6f7edc856202d2 [term 0 FOLLOWER]: Only one voter in the Raft config. Triggering election immediately
I20260812 06:37:15.624053 28331 raft_consensus.cc:493] T 751ea1009e574af0ae578a98d414f082 P bc7dfcfcb6d04ed6ab6f7edc856202d2 [term 0 FOLLOWER]: Starting leader election (initial election of a single-replica configuration)
I20260812 06:37:15.624091 28331 raft_consensus.cc:3060] T 751ea1009e574af0ae578a98d414f082 P bc7dfcfcb6d04ed6ab6f7edc856202d2 [term 0 FOLLOWER]: Advancing to term 1
I20260812 06:37:15.625033 28331 raft_consensus.cc:515] T 751ea1009e574af0ae578a98d414f082 P bc7dfcfcb6d04ed6ab6f7edc856202d2 [term 1 FOLLOWER]: Starting leader election with config: opid_index: -1 OBSOLETE_local: true peers { permanent_uuid: "bc7dfcfcb6d04ed6ab6f7edc856202d2" member_type: VOTER last_known_addr { host: "127.26.228.65" port: 32953 } }
I20260812 06:37:15.625164 28331 leader_election.cc:304] T 751ea1009e574af0ae578a98d414f082 P bc7dfcfcb6d04ed6ab6f7edc856202d2 [CANDIDATE]: Term 1 election: Election decided. Result: candidate won. Election summary: received 1 responses out of 1 voters: 1 yes votes; 0 no votes. yes voters: bc7dfcfcb6d04ed6ab6f7edc856202d2; no voters: 
I20260812 06:37:15.625273 28331 leader_election.cc:290] T 751ea1009e574af0ae578a98d414f082 P bc7dfcfcb6d04ed6ab6f7edc856202d2 [CANDIDATE]: Term 1 election: Requested vote from peers 
I20260812 06:37:15.625319 28335 raft_consensus.cc:2804] T 751ea1009e574af0ae578a98d414f082 P bc7dfcfcb6d04ed6ab6f7edc856202d2 [term 1 FOLLOWER]: Leader election won for term 1
I20260812 06:37:15.625437 28335 raft_consensus.cc:697] T 751ea1009e574af0ae578a98d414f082 P bc7dfcfcb6d04ed6ab6f7edc856202d2 [term 1 LEADER]: Becoming Leader. State: Replica: bc7dfcfcb6d04ed6ab6f7edc856202d2, State: Running, Role: LEADER
I20260812 06:37:15.625519 28331 ts_tablet_manager.cc:1434] T 751ea1009e574af0ae578a98d414f082 P bc7dfcfcb6d04ed6ab6f7edc856202d2: Time spent starting tablet: real 0.002s	user 0.000s	sys 0.000s
I20260812 06:37:15.625558 28335 consensus_queue.cc:237] T 751ea1009e574af0ae578a98d414f082 P bc7dfcfcb6d04ed6ab6f7edc856202d2 [LEADER]: Queue going to LEADER mode. State: All replicated index: 0, Majority replicated index: 0, Committed index: 0, Last appended: 0.0, Last appended by leader: 0, Current term: 1, Majority size: 1, State: 0, Mode: LEADER, active raft config: opid_index: -1 OBSOLETE_local: true peers { permanent_uuid: "bc7dfcfcb6d04ed6ab6f7edc856202d2" member_type: VOTER last_known_addr { host: "127.26.228.65" port: 32953 } }
I20260812 06:37:15.625716 28331 tablet_bootstrap.cc:492] T 95d93a70ec814411ab85d44dfc4a3cc2 P bc7dfcfcb6d04ed6ab6f7edc856202d2: Bootstrap starting.
I20260812 06:37:15.626895 28331 tablet_bootstrap.cc:654] T 95d93a70ec814411ab85d44dfc4a3cc2 P bc7dfcfcb6d04ed6ab6f7edc856202d2: Neither blocks nor log segments found. Creating new log.
I20260812 06:37:15.626916 28006 catalog_manager.cc:5719] T 751ea1009e574af0ae578a98d414f082 P bc7dfcfcb6d04ed6ab6f7edc856202d2 reported cstate change: term changed from 0 to 1, leader changed from <none> to bc7dfcfcb6d04ed6ab6f7edc856202d2 (127.26.228.65). New cstate: current_term: 1 leader_uuid: "bc7dfcfcb6d04ed6ab6f7edc856202d2" committed_config { opid_index: -1 OBSOLETE_local: true peers { permanent_uuid: "bc7dfcfcb6d04ed6ab6f7edc856202d2" member_type: VOTER last_known_addr { host: "127.26.228.65" port: 32953 } health_report { overall_health: HEALTHY } } }
I20260812 06:37:15.627995 28331 tablet_bootstrap.cc:492] T 95d93a70ec814411ab85d44dfc4a3cc2 P bc7dfcfcb6d04ed6ab6f7edc856202d2: No bootstrap required, opened a new log
I20260812 06:37:15.628103 28331 ts_tablet_manager.cc:1403] T 95d93a70ec814411ab85d44dfc4a3cc2 P bc7dfcfcb6d04ed6ab6f7edc856202d2: Time spent bootstrapping tablet: real 0.002s	user 0.002s	sys 0.000s
I20260812 06:37:15.628546 28331 raft_consensus.cc:359] T 95d93a70ec814411ab85d44dfc4a3cc2 P bc7dfcfcb6d04ed6ab6f7edc856202d2 [term 0 FOLLOWER]: Replica starting. Triggering 0 pending ops. Active config: opid_index: -1 OBSOLETE_local: true peers { permanent_uuid: "bc7dfcfcb6d04ed6ab6f7edc856202d2" member_type: VOTER last_known_addr { host: "127.26.228.65" port: 32953 } }
I20260812 06:37:15.628643 28331 raft_consensus.cc:385] T 95d93a70ec814411ab85d44dfc4a3cc2 P bc7dfcfcb6d04ed6ab6f7edc856202d2 [term 0 FOLLOWER]: Consensus starting up: Expiring failure detector timer to make a prompt election more likely
I20260812 06:37:15.628677 28331 raft_consensus.cc:740] T 95d93a70ec814411ab85d44dfc4a3cc2 P bc7dfcfcb6d04ed6ab6f7edc856202d2 [term 0 FOLLOWER]: Becoming Follower/Learner. State: Replica: bc7dfcfcb6d04ed6ab6f7edc856202d2, State: Initialized, Role: FOLLOWER
I20260812 06:37:15.628806 28331 consensus_queue.cc:260] T 95d93a70ec814411ab85d44dfc4a3cc2 P bc7dfcfcb6d04ed6ab6f7edc856202d2 [NON_LEADER]: Queue going to NON_LEADER mode. State: All replicated index: 0, Majority replicated index: 0, Committed index: 0, Last appended: 0.0, Last appended by leader: 0, Current term: 0, Majority size: -1, State: 0, Mode: NON_LEADER, active raft config: opid_index: -1 OBSOLETE_local: true peers { permanent_uuid: "bc7dfcfcb6d04ed6ab6f7edc856202d2" member_type: VOTER last_known_addr { host: "127.26.228.65" port: 32953 } }
I20260812 06:37:15.628911 28331 raft_consensus.cc:399] T 95d93a70ec814411ab85d44dfc4a3cc2 P bc7dfcfcb6d04ed6ab6f7edc856202d2 [term 0 FOLLOWER]: Only one voter in the Raft config. Triggering election immediately
I20260812 06:37:15.628944 28331 raft_consensus.cc:493] T 95d93a70ec814411ab85d44dfc4a3cc2 P bc7dfcfcb6d04ed6ab6f7edc856202d2 [term 0 FOLLOWER]: Starting leader election (initial election of a single-replica configuration)
I20260812 06:37:15.628994 28331 raft_consensus.cc:3060] T 95d93a70ec814411ab85d44dfc4a3cc2 P bc7dfcfcb6d04ed6ab6f7edc856202d2 [term 0 FOLLOWER]: Advancing to term 1
I20260812 06:37:15.629710 28331 raft_consensus.cc:515] T 95d93a70ec814411ab85d44dfc4a3cc2 P bc7dfcfcb6d04ed6ab6f7edc856202d2 [term 1 FOLLOWER]: Starting leader election with config: opid_index: -1 OBSOLETE_local: true peers { permanent_uuid: "bc7dfcfcb6d04ed6ab6f7edc856202d2" member_type: VOTER last_known_addr { host: "127.26.228.65" port: 32953 } }
I20260812 06:37:15.629856 28331 leader_election.cc:304] T 95d93a70ec814411ab85d44dfc4a3cc2 P bc7dfcfcb6d04ed6ab6f7edc856202d2 [CANDIDATE]: Term 1 election: Election decided. Result: candidate won. Election summary: received 1 responses out of 1 voters: 1 yes votes; 0 no votes. yes voters: bc7dfcfcb6d04ed6ab6f7edc856202d2; no voters: 
I20260812 06:37:15.629969 28331 leader_election.cc:290] T 95d93a70ec814411ab85d44dfc4a3cc2 P bc7dfcfcb6d04ed6ab6f7edc856202d2 [CANDIDATE]: Term 1 election: Requested vote from peers 
I20260812 06:37:15.630043 28333 raft_consensus.cc:2804] T 95d93a70ec814411ab85d44dfc4a3cc2 P bc7dfcfcb6d04ed6ab6f7edc856202d2 [term 1 FOLLOWER]: Leader election won for term 1
I20260812 06:37:15.630148 28333 raft_consensus.cc:697] T 95d93a70ec814411ab85d44dfc4a3cc2 P bc7dfcfcb6d04ed6ab6f7edc856202d2 [term 1 LEADER]: Becoming Leader. State: Replica: bc7dfcfcb6d04ed6ab6f7edc856202d2, State: Running, Role: LEADER
I20260812 06:37:15.630199 28331 ts_tablet_manager.cc:1434] T 95d93a70ec814411ab85d44dfc4a3cc2 P bc7dfcfcb6d04ed6ab6f7edc856202d2: Time spent starting tablet: real 0.002s	user 0.000s	sys 0.000s
I20260812 06:37:15.630272 28333 consensus_queue.cc:237] T 95d93a70ec814411ab85d44dfc4a3cc2 P bc7dfcfcb6d04ed6ab6f7edc856202d2 [LEADER]: Queue going to LEADER mode. State: All replicated index: 0, Majority replicated index: 0, Committed index: 0, Last appended: 0.0, Last appended by leader: 0, Current term: 1, Majority size: 1, State: 0, Mode: LEADER, active raft config: opid_index: -1 OBSOLETE_local: true peers { permanent_uuid: "bc7dfcfcb6d04ed6ab6f7edc856202d2" member_type: VOTER last_known_addr { host: "127.26.228.65" port: 32953 } }
I20260812 06:37:15.630417 28331 tablet_bootstrap.cc:492] T f40755581a214616a51ff4021ef639c3 P bc7dfcfcb6d04ed6ab6f7edc856202d2: Bootstrap starting.
I20260812 06:37:15.631601 28331 tablet_bootstrap.cc:654] T f40755581a214616a51ff4021ef639c3 P bc7dfcfcb6d04ed6ab6f7edc856202d2: Neither blocks nor log segments found. Creating new log.
I20260812 06:37:15.631889 28006 catalog_manager.cc:5719] T 95d93a70ec814411ab85d44dfc4a3cc2 P bc7dfcfcb6d04ed6ab6f7edc856202d2 reported cstate change: term changed from 0 to 1, leader changed from <none> to bc7dfcfcb6d04ed6ab6f7edc856202d2 (127.26.228.65). New cstate: current_term: 1 leader_uuid: "bc7dfcfcb6d04ed6ab6f7edc856202d2" committed_config { opid_index: -1 OBSOLETE_local: true peers { permanent_uuid: "bc7dfcfcb6d04ed6ab6f7edc856202d2" member_type: VOTER last_known_addr { host: "127.26.228.65" port: 32953 } health_report { overall_health: HEALTHY } } }
I20260812 06:37:15.632822 28331 tablet_bootstrap.cc:492] T f40755581a214616a51ff4021ef639c3 P bc7dfcfcb6d04ed6ab6f7edc856202d2: No bootstrap required, opened a new log
I20260812 06:37:15.632927 28331 ts_tablet_manager.cc:1403] T f40755581a214616a51ff4021ef639c3 P bc7dfcfcb6d04ed6ab6f7edc856202d2: Time spent bootstrapping tablet: real 0.003s	user 0.002s	sys 0.000s
I20260812 06:37:15.633406 28331 raft_consensus.cc:359] T f40755581a214616a51ff4021ef639c3 P bc7dfcfcb6d04ed6ab6f7edc856202d2 [term 0 FOLLOWER]: Replica starting. Triggering 0 pending ops. Active config: opid_index: -1 OBSOLETE_local: true peers { permanent_uuid: "bc7dfcfcb6d04ed6ab6f7edc856202d2" member_type: VOTER last_known_addr { host: "127.26.228.65" port: 32953 } }
I20260812 06:37:15.633522 28331 raft_consensus.cc:385] T f40755581a214616a51ff4021ef639c3 P bc7dfcfcb6d04ed6ab6f7edc856202d2 [term 0 FOLLOWER]: Consensus starting up: Expiring failure detector timer to make a prompt election more likely
I20260812 06:37:15.633558 28331 raft_consensus.cc:740] T f40755581a214616a51ff4021ef639c3 P bc7dfcfcb6d04ed6ab6f7edc856202d2 [term 0 FOLLOWER]: Becoming Follower/Learner. State: Replica: bc7dfcfcb6d04ed6ab6f7edc856202d2, State: Initialized, Role: FOLLOWER
I20260812 06:37:15.633687 28331 consensus_queue.cc:260] T f40755581a214616a51ff4021ef639c3 P bc7dfcfcb6d04ed6ab6f7edc856202d2 [NON_LEADER]: Queue going to NON_LEADER mode. State: All replicated index: 0, Majority replicated index: 0, Committed index: 0, Last appended: 0.0, Last appended by leader: 0, Current term: 0, Majority size: -1, State: 0, Mode: NON_LEADER, active raft config: opid_index: -1 OBSOLETE_local: true peers { permanent_uuid: "bc7dfcfcb6d04ed6ab6f7edc856202d2" member_type: VOTER last_known_addr { host: "127.26.228.65" port: 32953 } }
I20260812 06:37:15.633771 28331 raft_consensus.cc:399] T f40755581a214616a51ff4021ef639c3 P bc7dfcfcb6d04ed6ab6f7edc856202d2 [term 0 FOLLOWER]: Only one voter in the Raft config. Triggering election immediately
I20260812 06:37:15.633817 28331 raft_consensus.cc:493] T f40755581a214616a51ff4021ef639c3 P bc7dfcfcb6d04ed6ab6f7edc856202d2 [term 0 FOLLOWER]: Starting leader election (initial election of a single-replica configuration)
I20260812 06:37:15.633867 28331 raft_consensus.cc:3060] T f40755581a214616a51ff4021ef639c3 P bc7dfcfcb6d04ed6ab6f7edc856202d2 [term 0 FOLLOWER]: Advancing to term 1
I20260812 06:37:15.634615 28331 raft_consensus.cc:515] T f40755581a214616a51ff4021ef639c3 P bc7dfcfcb6d04ed6ab6f7edc856202d2 [term 1 FOLLOWER]: Starting leader election with config: opid_index: -1 OBSOLETE_local: true peers { permanent_uuid: "bc7dfcfcb6d04ed6ab6f7edc856202d2" member_type: VOTER last_known_addr { host: "127.26.228.65" port: 32953 } }
I20260812 06:37:15.634789 28331 leader_election.cc:304] T f40755581a214616a51ff4021ef639c3 P bc7dfcfcb6d04ed6ab6f7edc856202d2 [CANDIDATE]: Term 1 election: Election decided. Result: candidate won. Election summary: received 1 responses out of 1 voters: 1 yes votes; 0 no votes. yes voters: bc7dfcfcb6d04ed6ab6f7edc856202d2; no voters: 
I20260812 06:37:15.634907 28331 leader_election.cc:290] T f40755581a214616a51ff4021ef639c3 P bc7dfcfcb6d04ed6ab6f7edc856202d2 [CANDIDATE]: Term 1 election: Requested vote from peers 
I20260812 06:37:15.634989 28333 raft_consensus.cc:2804] T f40755581a214616a51ff4021ef639c3 P bc7dfcfcb6d04ed6ab6f7edc856202d2 [term 1 FOLLOWER]: Leader election won for term 1
I20260812 06:37:15.635097 28333 raft_consensus.cc:697] T f40755581a214616a51ff4021ef639c3 P bc7dfcfcb6d04ed6ab6f7edc856202d2 [term 1 LEADER]: Becoming Leader. State: Replica: bc7dfcfcb6d04ed6ab6f7edc856202d2, State: Running, Role: LEADER
I20260812 06:37:15.635200 28331 ts_tablet_manager.cc:1434] T f40755581a214616a51ff4021ef639c3 P bc7dfcfcb6d04ed6ab6f7edc856202d2: Time spent starting tablet: real 0.002s	user 0.002s	sys 0.000s
I20260812 06:37:15.635218 28333 consensus_queue.cc:237] T f40755581a214616a51ff4021ef639c3 P bc7dfcfcb6d04ed6ab6f7edc856202d2 [LEADER]: Queue going to LEADER mode. State: All replicated index: 0, Majority replicated index: 0, Committed index: 0, Last appended: 0.0, Last appended by leader: 0, Current term: 1, Majority size: 1, State: 0, Mode: LEADER, active raft config: opid_index: -1 OBSOLETE_local: true peers { permanent_uuid: "bc7dfcfcb6d04ed6ab6f7edc856202d2" member_type: VOTER last_known_addr { host: "127.26.228.65" port: 32953 } }
I20260812 06:37:15.635362 28331 tablet_bootstrap.cc:492] T 8dc65293f850418aae8d3b62ff5577a0 P bc7dfcfcb6d04ed6ab6f7edc856202d2: Bootstrap starting.
I20260812 06:37:15.636358 28331 tablet_bootstrap.cc:654] T 8dc65293f850418aae8d3b62ff5577a0 P bc7dfcfcb6d04ed6ab6f7edc856202d2: Neither blocks nor log segments found. Creating new log.
I20260812 06:37:15.636648 28006 catalog_manager.cc:5719] T f40755581a214616a51ff4021ef639c3 P bc7dfcfcb6d04ed6ab6f7edc856202d2 reported cstate change: term changed from 0 to 1, leader changed from <none> to bc7dfcfcb6d04ed6ab6f7edc856202d2 (127.26.228.65). New cstate: current_term: 1 leader_uuid: "bc7dfcfcb6d04ed6ab6f7edc856202d2" committed_config { opid_index: -1 OBSOLETE_local: true peers { permanent_uuid: "bc7dfcfcb6d04ed6ab6f7edc856202d2" member_type: VOTER last_known_addr { host: "127.26.228.65" port: 32953 } health_report { overall_health: HEALTHY } } }
I20260812 06:37:15.637421 28331 tablet_bootstrap.cc:492] T 8dc65293f850418aae8d3b62ff5577a0 P bc7dfcfcb6d04ed6ab6f7edc856202d2: No bootstrap required, opened a new log
I20260812 06:37:15.637528 28331 ts_tablet_manager.cc:1403] T 8dc65293f850418aae8d3b62ff5577a0 P bc7dfcfcb6d04ed6ab6f7edc856202d2: Time spent bootstrapping tablet: real 0.002s	user 0.002s	sys 0.000s
I20260812 06:37:15.637985 28331 raft_consensus.cc:359] T 8dc65293f850418aae8d3b62ff5577a0 P bc7dfcfcb6d04ed6ab6f7edc856202d2 [term 0 FOLLOWER]: Replica starting. Triggering 0 pending ops. Active config: opid_index: -1 OBSOLETE_local: true peers { permanent_uuid: "bc7dfcfcb6d04ed6ab6f7edc856202d2" member_type: VOTER last_known_addr { host: "127.26.228.65" port: 32953 } }
I20260812 06:37:15.638062 28331 raft_consensus.cc:385] T 8dc65293f850418aae8d3b62ff5577a0 P bc7dfcfcb6d04ed6ab6f7edc856202d2 [term 0 FOLLOWER]: Consensus starting up: Expiring failure detector timer to make a prompt election more likely
I20260812 06:37:15.638083 28331 raft_consensus.cc:740] T 8dc65293f850418aae8d3b62ff5577a0 P bc7dfcfcb6d04ed6ab6f7edc856202d2 [term 0 FOLLOWER]: Becoming Follower/Learner. State: Replica: bc7dfcfcb6d04ed6ab6f7edc856202d2, State: Initialized, Role: FOLLOWER
I20260812 06:37:15.638239 28331 consensus_queue.cc:260] T 8dc65293f850418aae8d3b62ff5577a0 P bc7dfcfcb6d04ed6ab6f7edc856202d2 [NON_LEADER]: Queue going to NON_LEADER mode. State: All replicated index: 0, Majority replicated index: 0, Committed index: 0, Last appended: 0.0, Last appended by leader: 0, Current term: 0, Majority size: -1, State: 0, Mode: NON_LEADER, active raft config: opid_index: -1 OBSOLETE_local: true peers { permanent_uuid: "bc7dfcfcb6d04ed6ab6f7edc856202d2" member_type: VOTER last_known_addr { host: "127.26.228.65" port: 32953 } }
I20260812 06:37:15.638326 28331 raft_consensus.cc:399] T 8dc65293f850418aae8d3b62ff5577a0 P bc7dfcfcb6d04ed6ab6f7edc856202d2 [term 0 FOLLOWER]: Only one voter in the Raft config. Triggering election immediately
I20260812 06:37:15.638351 28331 raft_consensus.cc:493] T 8dc65293f850418aae8d3b62ff5577a0 P bc7dfcfcb6d04ed6ab6f7edc856202d2 [term 0 FOLLOWER]: Starting leader election (initial election of a single-replica configuration)
I20260812 06:37:15.638423 28331 raft_consensus.cc:3060] T 8dc65293f850418aae8d3b62ff5577a0 P bc7dfcfcb6d04ed6ab6f7edc856202d2 [term 0 FOLLOWER]: Advancing to term 1
I20260812 06:37:15.639420 28331 raft_consensus.cc:515] T 8dc65293f850418aae8d3b62ff5577a0 P bc7dfcfcb6d04ed6ab6f7edc856202d2 [term 1 FOLLOWER]: Starting leader election with config: opid_index: -1 OBSOLETE_local: true peers { permanent_uuid: "bc7dfcfcb6d04ed6ab6f7edc856202d2" member_type: VOTER last_known_addr { host: "127.26.228.65" port: 32953 } }
I20260812 06:37:15.639585 28331 leader_election.cc:304] T 8dc65293f850418aae8d3b62ff5577a0 P bc7dfcfcb6d04ed6ab6f7edc856202d2 [CANDIDATE]: Term 1 election: Election decided. Result: candidate won. Election summary: received 1 responses out of 1 voters: 1 yes votes; 0 no votes. yes voters: bc7dfcfcb6d04ed6ab6f7edc856202d2; no voters: 
I20260812 06:37:15.639703 28331 leader_election.cc:290] T 8dc65293f850418aae8d3b62ff5577a0 P bc7dfcfcb6d04ed6ab6f7edc856202d2 [CANDIDATE]: Term 1 election: Requested vote from peers 
I20260812 06:37:15.639747 28335 raft_consensus.cc:2804] T 8dc65293f850418aae8d3b62ff5577a0 P bc7dfcfcb6d04ed6ab6f7edc856202d2 [term 1 FOLLOWER]: Leader election won for term 1
I20260812 06:37:15.639832 28335 raft_consensus.cc:697] T 8dc65293f850418aae8d3b62ff5577a0 P bc7dfcfcb6d04ed6ab6f7edc856202d2 [term 1 LEADER]: Becoming Leader. State: Replica: bc7dfcfcb6d04ed6ab6f7edc856202d2, State: Running, Role: LEADER
I20260812 06:37:15.639930 28331 ts_tablet_manager.cc:1434] T 8dc65293f850418aae8d3b62ff5577a0 P bc7dfcfcb6d04ed6ab6f7edc856202d2: Time spent starting tablet: real 0.002s	user 0.002s	sys 0.000s
I20260812 06:37:15.639945 28335 consensus_queue.cc:237] T 8dc65293f850418aae8d3b62ff5577a0 P bc7dfcfcb6d04ed6ab6f7edc856202d2 [LEADER]: Queue going to LEADER mode. State: All replicated index: 0, Majority replicated index: 0, Committed index: 0, Last appended: 0.0, Last appended by leader: 0, Current term: 1, Majority size: 1, State: 0, Mode: LEADER, active raft config: opid_index: -1 OBSOLETE_local: true peers { permanent_uuid: "bc7dfcfcb6d04ed6ab6f7edc856202d2" member_type: VOTER last_known_addr { host: "127.26.228.65" port: 32953 } }
I20260812 06:37:15.640084 28331 tablet_bootstrap.cc:492] T 03066bdb9fd241cc98eeeb2186ce17dd P bc7dfcfcb6d04ed6ab6f7edc856202d2: Bootstrap starting.
I20260812 06:37:15.641081 28331 tablet_bootstrap.cc:654] T 03066bdb9fd241cc98eeeb2186ce17dd P bc7dfcfcb6d04ed6ab6f7edc856202d2: Neither blocks nor log segments found. Creating new log.
I20260812 06:37:15.641631 28005 catalog_manager.cc:5719] T 8dc65293f850418aae8d3b62ff5577a0 P bc7dfcfcb6d04ed6ab6f7edc856202d2 reported cstate change: term changed from 0 to 1, leader changed from <none> to bc7dfcfcb6d04ed6ab6f7edc856202d2 (127.26.228.65). New cstate: current_term: 1 leader_uuid: "bc7dfcfcb6d04ed6ab6f7edc856202d2" committed_config { opid_index: -1 OBSOLETE_local: true peers { permanent_uuid: "bc7dfcfcb6d04ed6ab6f7edc856202d2" member_type: VOTER last_known_addr { host: "127.26.228.65" port: 32953 } health_report { overall_health: HEALTHY } } }
I20260812 06:37:15.642174 28331 tablet_bootstrap.cc:492] T 03066bdb9fd241cc98eeeb2186ce17dd P bc7dfcfcb6d04ed6ab6f7edc856202d2: No bootstrap required, opened a new log
I20260812 06:37:15.642287 28331 ts_tablet_manager.cc:1403] T 03066bdb9fd241cc98eeeb2186ce17dd P bc7dfcfcb6d04ed6ab6f7edc856202d2: Time spent bootstrapping tablet: real 0.002s	user 0.002s	sys 0.000s
I20260812 06:37:15.642762 28331 raft_consensus.cc:359] T 03066bdb9fd241cc98eeeb2186ce17dd P bc7dfcfcb6d04ed6ab6f7edc856202d2 [term 0 FOLLOWER]: Replica starting. Triggering 0 pending ops. Active config: opid_index: -1 OBSOLETE_local: true peers { permanent_uuid: "bc7dfcfcb6d04ed6ab6f7edc856202d2" member_type: VOTER last_known_addr { host: "127.26.228.65" port: 32953 } }
I20260812 06:37:15.642859 28331 raft_consensus.cc:385] T 03066bdb9fd241cc98eeeb2186ce17dd P bc7dfcfcb6d04ed6ab6f7edc856202d2 [term 0 FOLLOWER]: Consensus starting up: Expiring failure detector timer to make a prompt election more likely
I20260812 06:37:15.642904 28331 raft_consensus.cc:740] T 03066bdb9fd241cc98eeeb2186ce17dd P bc7dfcfcb6d04ed6ab6f7edc856202d2 [term 0 FOLLOWER]: Becoming Follower/Learner. State: Replica: bc7dfcfcb6d04ed6ab6f7edc856202d2, State: Initialized, Role: FOLLOWER
I20260812 06:37:15.643026 28331 consensus_queue.cc:260] T 03066bdb9fd241cc98eeeb2186ce17dd P bc7dfcfcb6d04ed6ab6f7edc856202d2 [NON_LEADER]: Queue going to NON_LEADER mode. State: All replicated index: 0, Majority replicated index: 0, Committed index: 0, Last appended: 0.0, Last appended by leader: 0, Current term: 0, Majority size: -1, State: 0, Mode: NON_LEADER, active raft config: opid_index: -1 OBSOLETE_local: true peers { permanent_uuid: "bc7dfcfcb6d04ed6ab6f7edc856202d2" member_type: VOTER last_known_addr { host: "127.26.228.65" port: 32953 } }
I20260812 06:37:15.643115 28331 raft_consensus.cc:399] T 03066bdb9fd241cc98eeeb2186ce17dd P bc7dfcfcb6d04ed6ab6f7edc856202d2 [term 0 FOLLOWER]: Only one voter in the Raft config. Triggering election immediately
I20260812 06:37:15.643149 28331 raft_consensus.cc:493] T 03066bdb9fd241cc98eeeb2186ce17dd P bc7dfcfcb6d04ed6ab6f7edc856202d2 [term 0 FOLLOWER]: Starting leader election (initial election of a single-replica configuration)
I20260812 06:37:15.643195 28331 raft_consensus.cc:3060] T 03066bdb9fd241cc98eeeb2186ce17dd P bc7dfcfcb6d04ed6ab6f7edc856202d2 [term 0 FOLLOWER]: Advancing to term 1
I20260812 06:37:15.643993 28331 raft_consensus.cc:515] T 03066bdb9fd241cc98eeeb2186ce17dd P bc7dfcfcb6d04ed6ab6f7edc856202d2 [term 1 FOLLOWER]: Starting leader election with config: opid_index: -1 OBSOLETE_local: true peers { permanent_uuid: "bc7dfcfcb6d04ed6ab6f7edc856202d2" member_type: VOTER last_known_addr { host: "127.26.228.65" port: 32953 } }
I20260812 06:37:15.644104 28331 leader_election.cc:304] T 03066bdb9fd241cc98eeeb2186ce17dd P bc7dfcfcb6d04ed6ab6f7edc856202d2 [CANDIDATE]: Term 1 election: Election decided. Result: candidate won. Election summary: received 1 responses out of 1 voters: 1 yes votes; 0 no votes. yes voters: bc7dfcfcb6d04ed6ab6f7edc856202d2; no voters: 
I20260812 06:37:15.644170 28331 leader_election.cc:290] T 03066bdb9fd241cc98eeeb2186ce17dd P bc7dfcfcb6d04ed6ab6f7edc856202d2 [CANDIDATE]: Term 1 election: Requested vote from peers 
I20260812 06:37:15.644232 28337 raft_consensus.cc:2804] T 03066bdb9fd241cc98eeeb2186ce17dd P bc7dfcfcb6d04ed6ab6f7edc856202d2 [term 1 FOLLOWER]: Leader election won for term 1
I20260812 06:37:15.644352 28337 raft_consensus.cc:697] T 03066bdb9fd241cc98eeeb2186ce17dd P bc7dfcfcb6d04ed6ab6f7edc856202d2 [term 1 LEADER]: Becoming Leader. State: Replica: bc7dfcfcb6d04ed6ab6f7edc856202d2, State: Running, Role: LEADER
I20260812 06:37:15.644400 28331 ts_tablet_manager.cc:1434] T 03066bdb9fd241cc98eeeb2186ce17dd P bc7dfcfcb6d04ed6ab6f7edc856202d2: Time spent starting tablet: real 0.002s	user 0.001s	sys 0.000s
I20260812 06:37:15.644477 28337 consensus_queue.cc:237] T 03066bdb9fd241cc98eeeb2186ce17dd P bc7dfcfcb6d04ed6ab6f7edc856202d2 [LEADER]: Queue going to LEADER mode. State: All replicated index: 0, Majority replicated index: 0, Committed index: 0, Last appended: 0.0, Last appended by leader: 0, Current term: 1, Majority size: 1, State: 0, Mode: LEADER, active raft config: opid_index: -1 OBSOLETE_local: true peers { permanent_uuid: "bc7dfcfcb6d04ed6ab6f7edc856202d2" member_type: VOTER last_known_addr { host: "127.26.228.65" port: 32953 } }
I20260812 06:37:15.644634 28331 tablet_bootstrap.cc:492] T 9701efdd20e64a58810b4e81f1dad8bd P bc7dfcfcb6d04ed6ab6f7edc856202d2: Bootstrap starting.
I20260812 06:37:15.645742 28331 tablet_bootstrap.cc:654] T 9701efdd20e64a58810b4e81f1dad8bd P bc7dfcfcb6d04ed6ab6f7edc856202d2: Neither blocks nor log segments found. Creating new log.
I20260812 06:37:15.645792 28005 catalog_manager.cc:5719] T 03066bdb9fd241cc98eeeb2186ce17dd P bc7dfcfcb6d04ed6ab6f7edc856202d2 reported cstate change: term changed from 0 to 1, leader changed from <none> to bc7dfcfcb6d04ed6ab6f7edc856202d2 (127.26.228.65). New cstate: current_term: 1 leader_uuid: "bc7dfcfcb6d04ed6ab6f7edc856202d2" committed_config { opid_index: -1 OBSOLETE_local: true peers { permanent_uuid: "bc7dfcfcb6d04ed6ab6f7edc856202d2" member_type: VOTER last_known_addr { host: "127.26.228.65" port: 32953 } health_report { overall_health: HEALTHY } } }
I20260812 06:37:15.646871 28331 tablet_bootstrap.cc:492] T 9701efdd20e64a58810b4e81f1dad8bd P bc7dfcfcb6d04ed6ab6f7edc856202d2: No bootstrap required, opened a new log
I20260812 06:37:15.646975 28331 ts_tablet_manager.cc:1403] T 9701efdd20e64a58810b4e81f1dad8bd P bc7dfcfcb6d04ed6ab6f7edc856202d2: Time spent bootstrapping tablet: real 0.002s	user 0.002s	sys 0.000s
