Total corrupted LBM metadata records in RocksDB: 0 (0 repaired)
I20260812 06:37:19.623016  1364 rpc_server.cc:225] running with OpenSSL 1.1.1  11 Sep 2018
I20260812 06:37:19.623498  1364 kserver.cc:163] Server-wide thread pool size limit: 3276
I20260812 06:37:19.628904  1364 rpc_server.cc:307] RPC server started. Bound to: 127.1.85.62:46685
I20260812 06:37:19.630810  8078 acceptor_pool.cc:272] collecting diagnostics on the listening RPC socket 127.1.85.62:46685 every 8 connection(s)
I20260812 06:37:19.631343  8081 data_dirs.cc:400] Could only allocate 1 dirs of requested 3 for tablet 00000000000000000000000000000000. 1 dirs total, 0 dirs full, 0 dirs failed
I20260812 06:37:19.633404  8081 tablet_bootstrap.cc:492] T 00000000000000000000000000000000 P 26a1c772292546ccaff688ad4a116dd6: Bootstrap starting.
I20260812 06:37:19.634276  8081 tablet_bootstrap.cc:654] T 00000000000000000000000000000000 P 26a1c772292546ccaff688ad4a116dd6: Neither blocks nor log segments found. Creating new log.
I20260812 06:37:19.635440  8081 tablet_bootstrap.cc:492] T 00000000000000000000000000000000 P 26a1c772292546ccaff688ad4a116dd6: No bootstrap required, opened a new log
I20260812 06:37:19.635905  8081 raft_consensus.cc:359] T 00000000000000000000000000000000 P 26a1c772292546ccaff688ad4a116dd6 [term 0 FOLLOWER]: Replica starting. Triggering 0 pending ops. Active config: opid_index: -1 OBSOLETE_local: true peers { permanent_uuid: "26a1c772292546ccaff688ad4a116dd6" member_type: VOTER }
I20260812 06:37:19.635998  8081 raft_consensus.cc:385] T 00000000000000000000000000000000 P 26a1c772292546ccaff688ad4a116dd6 [term 0 FOLLOWER]: Consensus starting up: Expiring failure detector timer to make a prompt election more likely
I20260812 06:37:19.636021  8081 raft_consensus.cc:740] T 00000000000000000000000000000000 P 26a1c772292546ccaff688ad4a116dd6 [term 0 FOLLOWER]: Becoming Follower/Learner. State: Replica: 26a1c772292546ccaff688ad4a116dd6, State: Initialized, Role: FOLLOWER
I20260812 06:37:19.636198  8081 consensus_queue.cc:260] T 00000000000000000000000000000000 P 26a1c772292546ccaff688ad4a116dd6 [NON_LEADER]: Queue going to NON_LEADER mode. State: All replicated index: 0, Majority replicated index: 0, Committed index: 0, Last appended: 0.0, Last appended by leader: 0, Current term: 0, Majority size: -1, State: 0, Mode: NON_LEADER, active raft config: opid_index: -1 OBSOLETE_local: true peers { permanent_uuid: "26a1c772292546ccaff688ad4a116dd6" member_type: VOTER }
I20260812 06:37:19.636273  8081 raft_consensus.cc:399] T 00000000000000000000000000000000 P 26a1c772292546ccaff688ad4a116dd6 [term 0 FOLLOWER]: Only one voter in the Raft config. Triggering election immediately
I20260812 06:37:19.636335  8081 raft_consensus.cc:493] T 00000000000000000000000000000000 P 26a1c772292546ccaff688ad4a116dd6 [term 0 FOLLOWER]: Starting leader election (initial election of a single-replica configuration)
I20260812 06:37:19.636399  8081 raft_consensus.cc:3060] T 00000000000000000000000000000000 P 26a1c772292546ccaff688ad4a116dd6 [term 0 FOLLOWER]: Advancing to term 1
I20260812 06:37:19.637240  8081 raft_consensus.cc:515] T 00000000000000000000000000000000 P 26a1c772292546ccaff688ad4a116dd6 [term 1 FOLLOWER]: Starting leader election with config: opid_index: -1 OBSOLETE_local: true peers { permanent_uuid: "26a1c772292546ccaff688ad4a116dd6" member_type: VOTER }
I20260812 06:37:19.637384  8081 leader_election.cc:304] T 00000000000000000000000000000000 P 26a1c772292546ccaff688ad4a116dd6 [CANDIDATE]: Term 1 election: Election decided. Result: candidate won. Election summary: received 1 responses out of 1 voters: 1 yes votes; 0 no votes. yes voters: 26a1c772292546ccaff688ad4a116dd6; no voters: 
I20260812 06:37:19.637620  8081 leader_election.cc:290] T 00000000000000000000000000000000 P 26a1c772292546ccaff688ad4a116dd6 [CANDIDATE]: Term 1 election: Requested vote from peers 
I20260812 06:37:19.637765  8084 raft_consensus.cc:2804] T 00000000000000000000000000000000 P 26a1c772292546ccaff688ad4a116dd6 [term 1 FOLLOWER]: Leader election won for term 1
I20260812 06:37:19.638041  8084 raft_consensus.cc:697] T 00000000000000000000000000000000 P 26a1c772292546ccaff688ad4a116dd6 [term 1 LEADER]: Becoming Leader. State: Replica: 26a1c772292546ccaff688ad4a116dd6, State: Running, Role: LEADER
I20260812 06:37:19.638150  8081 sys_catalog.cc:565] T 00000000000000000000000000000000 P 26a1c772292546ccaff688ad4a116dd6 [sys.catalog]: configured and running, proceeding with master startup.
I20260812 06:37:19.638228  8084 consensus_queue.cc:237] T 00000000000000000000000000000000 P 26a1c772292546ccaff688ad4a116dd6 [LEADER]: Queue going to LEADER mode. State: All replicated index: 0, Majority replicated index: 0, Committed index: 0, Last appended: 0.0, Last appended by leader: 0, Current term: 1, Majority size: 1, State: 0, Mode: LEADER, active raft config: opid_index: -1 OBSOLETE_local: true peers { permanent_uuid: "26a1c772292546ccaff688ad4a116dd6" member_type: VOTER }
I20260812 06:37:19.638690  8087 sys_catalog.cc:455] T 00000000000000000000000000000000 P 26a1c772292546ccaff688ad4a116dd6 [sys.catalog]: SysCatalogTable state changed. Reason: RaftConsensus started. Latest consensus state: current_term: 1 leader_uuid: "26a1c772292546ccaff688ad4a116dd6" committed_config { opid_index: -1 OBSOLETE_local: true peers { permanent_uuid: "26a1c772292546ccaff688ad4a116dd6" member_type: VOTER } }
I20260812 06:37:19.638804  8087 sys_catalog.cc:458] T 00000000000000000000000000000000 P 26a1c772292546ccaff688ad4a116dd6 [sys.catalog]: This master's current role is: LEADER
I20260812 06:37:19.638703  8088 sys_catalog.cc:455] T 00000000000000000000000000000000 P 26a1c772292546ccaff688ad4a116dd6 [sys.catalog]: SysCatalogTable state changed. Reason: New leader 26a1c772292546ccaff688ad4a116dd6. Latest consensus state: current_term: 1 leader_uuid: "26a1c772292546ccaff688ad4a116dd6" committed_config { opid_index: -1 OBSOLETE_local: true peers { permanent_uuid: "26a1c772292546ccaff688ad4a116dd6" member_type: VOTER } }
I20260812 06:37:19.638906  8088 sys_catalog.cc:458] T 00000000000000000000000000000000 P 26a1c772292546ccaff688ad4a116dd6 [sys.catalog]: This master's current role is: LEADER
I20260812 06:37:19.639494  8093 catalog_manager.cc:1511] Loading table and tablet metadata into memory...
I20260812 06:37:19.640190  8093 catalog_manager.cc:1520] Initializing Kudu cluster ID...
I20260812 06:37:19.640370  1364 internal_mini_cluster.cc:184] Waiting to initialize catalog manager on master 0
I20260812 06:37:19.642488  8093 catalog_manager.cc:1383] Generated new cluster ID: eaf2d99c40f64b2e885eb3d173689b2b
I20260812 06:37:19.642549  8093 catalog_manager.cc:1531] Initializing Kudu internal certificate authority...
I20260812 06:37:19.666216  8093 catalog_manager.cc:1406] Generated new certificate authority record
I20260812 06:37:19.666832  8093 catalog_manager.cc:1540] Loading token signing keys...
I20260812 06:37:19.673585  8093 catalog_manager.cc:6092] T 00000000000000000000000000000000 P 26a1c772292546ccaff688ad4a116dd6: Generated new TSK 0
I20260812 06:37:19.673801  8093 catalog_manager.cc:1550] Initializing in-progress tserver states...
I20260812 06:37:19.680881  7997 catalog_manager.cc:2283] Servicing CreateTable request from {username='slave'} at 127.0.0.1:57042:
name: "kudu_system.kudu_transactions"
schema {
  columns {
    name: "txn_id"
    type: INT64
    is_key: true
    is_nullable: false
    encoding: AUTO_ENCODING
    compression: DEFAULT_COMPRESSION
    cfile_block_size: 0
    immutable: false
  }
  columns {
    name: "entry_type"
    type: INT8
    is_key: true
    is_nullable: false
    encoding: AUTO_ENCODING
    compression: DEFAULT_COMPRESSION
    cfile_block_size: 0
    immutable: false
  }
  columns {
    name: "identifier"
    type: STRING
    is_key: true
    is_nullable: false
    encoding: AUTO_ENCODING
    compression: DEFAULT_COMPRESSION
    cfile_block_size: 0
    immutable: false
  }
  columns {
    name: "metadata"
    type: STRING
    is_key: false
    is_nullable: false
    encoding: AUTO_ENCODING
    compression: DEFAULT_COMPRESSION
    cfile_block_size: 0
    immutable: false
  }
}
num_replicas: 1
split_rows_range_bounds {
  rows: "\006\001\000\000\000\000\000\000\000\000\007\001@B\017\000\000\000\000\000""\006\001\000\000\000\000\000\000\000\000\007\001@B\017\000\000\000\000\000"
  indirect_data: """"
}
partition_schema {
  range_schema {
    columns {
      name: "txn_id"
    }
  }
}
table_type: TXN_STATUS_TABLE
I20260812 06:37:19.705134  1364 file_cache.cc:504] Constructed file cache file cache with capacity 419430
W20260812 06:37:19.707427  8128 instance_detector.cc:116] could not retrieve OpenStack instance metadata: Network error: curl error: HTTP response code said error: The requested URL returned error: 404
W20260812 06:37:19.707504  8124 instance_detector.cc:116] could not retrieve Azure instance metadata: Network error: curl error: HTTP response code said error: The requested URL returned error: 404
W20260812 06:37:19.707516  8123 instance_detector.cc:116] could not retrieve AWS instance metadata: Network error: curl error: HTTP response code said error: The requested URL returned error: 404
I20260812 06:37:19.707746  1364 server_base.cc:1061] running on GCE node
I20260812 06:37:19.707942  1364 hybrid_clock.cc:584] initializing the hybrid clock with 'system_unsync' time source
W20260812 06:37:19.708046  1364 system_unsync_time.cc:38] NTP support is disabled. Clock error bounds will not be accurate. This configuration is not suitable for distributed clusters.
I20260812 06:37:19.708088  1364 hybrid_clock.cc:648] HybridClock initialized: now 1786516639708086 us; error 0 us; skew 500 ppm
I20260812 06:37:19.709215  1364 webserver.cc:533] Webserver started at http://127.1.85.1:35263/ using document root <none> and password file <none>
I20260812 06:37:19.709429  1364 fs_manager.cc:362] Metadata directory not provided
I20260812 06:37:19.709512  1364 fs_manager.cc:368] Using write-ahead log directory (fs_wal_dir) as metadata directory
I20260812 06:37:19.709610  1364 server_base.cc:909] This appears to be a new deployment of Kudu; creating new FS layout
I20260812 06:37:19.710099  1364 fs_manager.cc:1068] Generated new instance metadata in path /tmp/dist-test-taskEWpj2b/test-tmp/txn_commit-itest.0.TxnCommitITest.TestConcurrentRepeatedCommitCalls.1786516564588442-1364-0/minicluster-data/ts-0-root/instance:
uuid: "07794bbc534d4fd3a1587bcf3e6fed42"
format_stamp: "Formatted at 2026-08-12 06:37:19 on dist-test-slave-tfpf"
I20260812 06:37:19.711822  1364 fs_manager.cc:696] Time spent creating directory manager: real 0.001s	user 0.000s	sys 0.002s
I20260812 06:37:19.713213  8135 log_block_manager.cc:4127] Time spent loading block containers with low live blocks: real 0.000s	user 0.000s	sys 0.000s
I20260812 06:37:19.713532  1364 fs_manager.cc:730] Time spent opening block manager: real 0.001s	user 0.001s	sys 0.000s
I20260812 06:37:19.713624  1364 fs_manager.cc:647] Opened local filesystem: /tmp/dist-test-taskEWpj2b/test-tmp/txn_commit-itest.0.TxnCommitITest.TestConcurrentRepeatedCommitCalls.1786516564588442-1364-0/minicluster-data/ts-0-root
uuid: "07794bbc534d4fd3a1587bcf3e6fed42"
format_stamp: "Formatted at 2026-08-12 06:37:19 on dist-test-slave-tfpf"
I20260812 06:37:19.713689  1364 fs_report.cc:389] FS layout report
--------------------
wal directory: /tmp/dist-test-taskEWpj2b/test-tmp/txn_commit-itest.0.TxnCommitITest.TestConcurrentRepeatedCommitCalls.1786516564588442-1364-0/minicluster-data/ts-0-root
metadata directory: /tmp/dist-test-taskEWpj2b/test-tmp/txn_commit-itest.0.TxnCommitITest.TestConcurrentRepeatedCommitCalls.1786516564588442-1364-0/minicluster-data/ts-0-root
1 data directories: /tmp/dist-test-taskEWpj2b/test-tmp/txn_commit-itest.0.TxnCommitITest.TestConcurrentRepeatedCommitCalls.1786516564588442-1364-0/minicluster-data/ts-0-root/data
Total live blocks: 0
Total live bytes: 0
Total live bytes (after alignment): 0
Total number of LBM containers: 0 (0 full)
Did not check for missing blocks
Did not check for orphaned blocks
Total full LBM containers with extra space: 0 (0 repaired)
Total full LBM container extra space in bytes: 0 (0 repaired)
Total incomplete LBM containers: 0 (0 repaired)
Total LBM partial records: 0 (0 repaired)
Total corrupted LBM metadata records in RocksDB: 0 (0 repaired)
I20260812 06:37:19.723353  1364 rpc_server.cc:225] running with OpenSSL 1.1.1  11 Sep 2018
I20260812 06:37:19.723762  1364 kserver.cc:163] Server-wide thread pool size limit: 3276
I20260812 06:37:19.724875  1364 ts_tablet_manager.cc:585] Loaded tablet metadata (0 total tablets, 0 live tablets)
I20260812 06:37:19.724962  1364 ts_tablet_manager.cc:531] Time spent load tablet metadata: real 0.000s	user 0.000s	sys 0.000s
I20260812 06:37:19.725042  1364 ts_tablet_manager.cc:616] Registered 0 tablets
I20260812 06:37:19.725113  1364 ts_tablet_manager.cc:595] Time spent register tablets: real 0.000s	user 0.000s	sys 0.000s
I20260812 06:37:19.731731  8266 acceptor_pool.cc:272] collecting diagnostics on the listening RPC socket 127.1.85.1:36357 every 8 connection(s)
I20260812 06:37:19.731645  1364 rpc_server.cc:307] RPC server started. Bound to: 127.1.85.1:36357
I20260812 06:37:19.733111  8270 heartbeater.cc:344] Connected to a master server at 127.1.85.62:46685
I20260812 06:37:19.733239  8270 heartbeater.cc:461] Registering TS with master...
I20260812 06:37:19.733459  8270 heartbeater.cc:507] Master 127.1.85.62:46685 requested a full tablet report, sending...
I20260812 06:37:19.734182  7997 ts_manager.cc:194] Registered new tserver with Master: 07794bbc534d4fd3a1587bcf3e6fed42 (127.1.85.1:36357)
I20260812 06:37:19.735351  7997 master_service.cc:502] Signed X509 certificate for tserver {username='slave'} at 127.0.0.1:57056
I20260812 06:37:19.735728  1364 internal_mini_cluster.cc:371] 1 TS(s) registered with all masters after 0.003404952s
I20260812 06:37:20.693522  7997 catalog_manager.cc:2283] Servicing CreateTable request from {username='slave'} at 127.0.0.1:57074:
name: "kudu_system.kudu_transactions"
schema {
  columns {
    name: "txn_id"
    type: INT64
    is_key: true
    is_nullable: false
    encoding: AUTO_ENCODING
    compression: DEFAULT_COMPRESSION
    cfile_block_size: 0
    immutable: false
  }
  columns {
    name: "entry_type"
    type: INT8
    is_key: true
    is_nullable: false
    encoding: AUTO_ENCODING
    compression: DEFAULT_COMPRESSION
    cfile_block_size: 0
    immutable: false
  }
  columns {
    name: "identifier"
    type: STRING
    is_key: true
    is_nullable: false
    encoding: AUTO_ENCODING
    compression: DEFAULT_COMPRESSION
    cfile_block_size: 0
    immutable: false
  }
  columns {
    name: "metadata"
    type: STRING
    is_key: false
    is_nullable: false
    encoding: AUTO_ENCODING
    compression: DEFAULT_COMPRESSION
    cfile_block_size: 0
    immutable: false
  }
}
num_replicas: 1
split_rows_range_bounds {
  rows: "\006\001\000\000\000\000\000\000\000\000\007\001@B\017\000\000\000\000\000""\006\001\000\000\000\000\000\000\000\000\007\001@B\017\000\000\000\000\000"
  indirect_data: """"
}
partition_schema {
  range_schema {
    columns {
      name: "txn_id"
    }
  }
}
table_type: TXN_STATUS_TABLE
I20260812 06:37:20.702795  8193 tablet_service.cc:1511] Processing CreateTablet for tablet 28f058b623654134808d707ea3872801 (TXN_STATUS_TABLE table=kudu_system.kudu_transactions [id=b83ac7b359a34e319e31e47b946560f4]), partition=RANGE (txn_id) PARTITION 0 <= VALUES < 1000000
I20260812 06:37:20.703163  8193 data_dirs.cc:400] Could only allocate 1 dirs of requested 3 for tablet 28f058b623654134808d707ea3872801. 1 dirs total, 0 dirs full, 0 dirs failed
I20260812 06:37:20.705578  8289 tablet_bootstrap.cc:492] T 28f058b623654134808d707ea3872801 P 07794bbc534d4fd3a1587bcf3e6fed42: Bootstrap starting.
I20260812 06:37:20.706630  8289 tablet_bootstrap.cc:654] T 28f058b623654134808d707ea3872801 P 07794bbc534d4fd3a1587bcf3e6fed42: Neither blocks nor log segments found. Creating new log.
I20260812 06:37:20.707858  8289 tablet_bootstrap.cc:492] T 28f058b623654134808d707ea3872801 P 07794bbc534d4fd3a1587bcf3e6fed42: No bootstrap required, opened a new log
I20260812 06:37:20.707947  8289 ts_tablet_manager.cc:1403] T 28f058b623654134808d707ea3872801 P 07794bbc534d4fd3a1587bcf3e6fed42: Time spent bootstrapping tablet: real 0.002s	user 0.002s	sys 0.000s
I20260812 06:37:20.708567  8289 raft_consensus.cc:359] T 28f058b623654134808d707ea3872801 P 07794bbc534d4fd3a1587bcf3e6fed42 [term 0 FOLLOWER]: Replica starting. Triggering 0 pending ops. Active config: opid_index: -1 OBSOLETE_local: true peers { permanent_uuid: "07794bbc534d4fd3a1587bcf3e6fed42" member_type: VOTER last_known_addr { host: "127.1.85.1" port: 36357 } }
I20260812 06:37:20.708695  8289 raft_consensus.cc:385] T 28f058b623654134808d707ea3872801 P 07794bbc534d4fd3a1587bcf3e6fed42 [term 0 FOLLOWER]: Consensus starting up: Expiring failure detector timer to make a prompt election more likely
I20260812 06:37:20.708747  8289 raft_consensus.cc:740] T 28f058b623654134808d707ea3872801 P 07794bbc534d4fd3a1587bcf3e6fed42 [term 0 FOLLOWER]: Becoming Follower/Learner. State: Replica: 07794bbc534d4fd3a1587bcf3e6fed42, State: Initialized, Role: FOLLOWER
I20260812 06:37:20.708920  8289 consensus_queue.cc:260] T 28f058b623654134808d707ea3872801 P 07794bbc534d4fd3a1587bcf3e6fed42 [NON_LEADER]: Queue going to NON_LEADER mode. State: All replicated index: 0, Majority replicated index: 0, Committed index: 0, Last appended: 0.0, Last appended by leader: 0, Current term: 0, Majority size: -1, State: 0, Mode: NON_LEADER, active raft config: opid_index: -1 OBSOLETE_local: true peers { permanent_uuid: "07794bbc534d4fd3a1587bcf3e6fed42" member_type: VOTER last_known_addr { host: "127.1.85.1" port: 36357 } }
I20260812 06:37:20.709022  8289 raft_consensus.cc:399] T 28f058b623654134808d707ea3872801 P 07794bbc534d4fd3a1587bcf3e6fed42 [term 0 FOLLOWER]: Only one voter in the Raft config. Triggering election immediately
I20260812 06:37:20.709118  8289 raft_consensus.cc:493] T 28f058b623654134808d707ea3872801 P 07794bbc534d4fd3a1587bcf3e6fed42 [term 0 FOLLOWER]: Starting leader election (initial election of a single-replica configuration)
I20260812 06:37:20.709183  8289 raft_consensus.cc:3060] T 28f058b623654134808d707ea3872801 P 07794bbc534d4fd3a1587bcf3e6fed42 [term 0 FOLLOWER]: Advancing to term 1
I20260812 06:37:20.710103  8289 raft_consensus.cc:515] T 28f058b623654134808d707ea3872801 P 07794bbc534d4fd3a1587bcf3e6fed42 [term 1 FOLLOWER]: Starting leader election with config: opid_index: -1 OBSOLETE_local: true peers { permanent_uuid: "07794bbc534d4fd3a1587bcf3e6fed42" member_type: VOTER last_known_addr { host: "127.1.85.1" port: 36357 } }
I20260812 06:37:20.710261  8289 leader_election.cc:304] T 28f058b623654134808d707ea3872801 P 07794bbc534d4fd3a1587bcf3e6fed42 [CANDIDATE]: Term 1 election: Election decided. Result: candidate won. Election summary: received 1 responses out of 1 voters: 1 yes votes; 0 no votes. yes voters: 07794bbc534d4fd3a1587bcf3e6fed42; no voters: 
I20260812 06:37:20.710515  8289 leader_election.cc:290] T 28f058b623654134808d707ea3872801 P 07794bbc534d4fd3a1587bcf3e6fed42 [CANDIDATE]: Term 1 election: Requested vote from peers 
I20260812 06:37:20.710687  8294 raft_consensus.cc:2804] T 28f058b623654134808d707ea3872801 P 07794bbc534d4fd3a1587bcf3e6fed42 [term 1 FOLLOWER]: Leader election won for term 1
I20260812 06:37:20.710932  8270 heartbeater.cc:499] Master 127.1.85.62:46685 was elected leader, sending a full tablet report...
I20260812 06:37:20.710971  8294 raft_consensus.cc:697] T 28f058b623654134808d707ea3872801 P 07794bbc534d4fd3a1587bcf3e6fed42 [term 1 LEADER]: Becoming Leader. State: Replica: 07794bbc534d4fd3a1587bcf3e6fed42, State: Running, Role: LEADER
I20260812 06:37:20.711122  8294 consensus_queue.cc:237] T 28f058b623654134808d707ea3872801 P 07794bbc534d4fd3a1587bcf3e6fed42 [LEADER]: Queue going to LEADER mode. State: All replicated index: 0, Majority replicated index: 0, Committed index: 0, Last appended: 0.0, Last appended by leader: 0, Current term: 1, Majority size: 1, State: 0, Mode: LEADER, active raft config: opid_index: -1 OBSOLETE_local: true peers { permanent_uuid: "07794bbc534d4fd3a1587bcf3e6fed42" member_type: VOTER last_known_addr { host: "127.1.85.1" port: 36357 } }
I20260812 06:37:20.711258  8289 ts_tablet_manager.cc:1434] T 28f058b623654134808d707ea3872801 P 07794bbc534d4fd3a1587bcf3e6fed42: Time spent starting tablet: real 0.003s	user 0.003s	sys 0.000s
I20260812 06:37:20.711707  8297 tablet_replica.cc:442] T 28f058b623654134808d707ea3872801 P 07794bbc534d4fd3a1587bcf3e6fed42: TxnStatusTablet state changed. Reason: New leader 07794bbc534d4fd3a1587bcf3e6fed42. Latest consensus state: current_term: 1 leader_uuid: "07794bbc534d4fd3a1587bcf3e6fed42" committed_config { opid_index: -1 OBSOLETE_local: true peers { permanent_uuid: "07794bbc534d4fd3a1587bcf3e6fed42" member_type: VOTER last_known_addr { host: "127.1.85.1" port: 36357 } } }
I20260812 06:37:20.711730  8295 tablet_replica.cc:442] T 28f058b623654134808d707ea3872801 P 07794bbc534d4fd3a1587bcf3e6fed42: TxnStatusTablet state changed. Reason: RaftConsensus started. Latest consensus state: current_term: 1 leader_uuid: "07794bbc534d4fd3a1587bcf3e6fed42" committed_config { opid_index: -1 OBSOLETE_local: true peers { permanent_uuid: "07794bbc534d4fd3a1587bcf3e6fed42" member_type: VOTER last_known_addr { host: "127.1.85.1" port: 36357 } } }
I20260812 06:37:20.711814  8297 tablet_replica.cc:445] T 28f058b623654134808d707ea3872801 P 07794bbc534d4fd3a1587bcf3e6fed42: This TxnStatusTablet replica's current role is: LEADER
I20260812 06:37:20.711822  8295 tablet_replica.cc:445] T 28f058b623654134808d707ea3872801 P 07794bbc534d4fd3a1587bcf3e6fed42: This TxnStatusTablet replica's current role is: LEADER
I20260812 06:37:20.712087  8303 txn_status_manager.cc:874] Waiting until node catch up with all replicated operations in previous term...
I20260812 06:37:20.712174  8303 txn_status_manager.cc:930] Loading transaction status metadata into memory...
I20260812 06:37:20.712662  7997 catalog_manager.cc:5719] T 28f058b623654134808d707ea3872801 P 07794bbc534d4fd3a1587bcf3e6fed42 reported cstate change: term changed from 0 to 1, leader changed from <none> to 07794bbc534d4fd3a1587bcf3e6fed42 (127.1.85.1). New cstate: current_term: 1 leader_uuid: "07794bbc534d4fd3a1587bcf3e6fed42" committed_config { opid_index: -1 OBSOLETE_local: true peers { permanent_uuid: "07794bbc534d4fd3a1587bcf3e6fed42" member_type: VOTER last_known_addr { host: "127.1.85.1" port: 36357 } health_report { overall_health: HEALTHY } } }
I20260812 06:37:20.786509  7997 catalog_manager.cc:2283] Servicing CreateTable request from {username='slave'} at 127.0.0.1:57098:
name: "test-workload"
schema {
  columns {
    name: "key"
    type: INT32
    is_key: true
    is_nullable: false
    encoding: AUTO_ENCODING
    compression: DEFAULT_COMPRESSION
    cfile_block_size: 0
    immutable: false
  }
  columns {
    name: "int_val"
    type: INT32
    is_key: false
    is_nullable: false
    encoding: AUTO_ENCODING
    compression: DEFAULT_COMPRESSION
    cfile_block_size: 0
    immutable: false
  }
  columns {
    name: "string_val"
    type: STRING
    is_key: false
    is_nullable: true
    encoding: AUTO_ENCODING
    compression: DEFAULT_COMPRESSION
    cfile_block_size: 0
    immutable: false
  }
}
num_replicas: 1
split_rows_range_bounds {
}
partition_schema {
  hash_schema {
    columns {
      name: "key"
    }
    num_buckets: 2
    seed: 0
  }
}
I20260812 06:37:20.792613  8193 tablet_service.cc:1511] Processing CreateTablet for tablet 903b2fcd248c435787e02bf176d6e3bf (DEFAULT_TABLE table=test-workload [id=29c561b3496947ac9c7853be8aae0179]), partition=HASH (key) PARTITION 0, RANGE (key) PARTITION UNBOUNDED
I20260812 06:37:20.792675  8192 tablet_service.cc:1511] Processing CreateTablet for tablet 9e57dfe9401b42328502cfc8185267a2 (DEFAULT_TABLE table=test-workload [id=29c561b3496947ac9c7853be8aae0179]), partition=HASH (key) PARTITION 1, RANGE (key) PARTITION UNBOUNDED
I20260812 06:37:20.793128  8193 data_dirs.cc:400] Could only allocate 1 dirs of requested 3 for tablet 903b2fcd248c435787e02bf176d6e3bf. 1 dirs total, 0 dirs full, 0 dirs failed
I20260812 06:37:20.793345  8192 data_dirs.cc:400] Could only allocate 1 dirs of requested 3 for tablet 9e57dfe9401b42328502cfc8185267a2. 1 dirs total, 0 dirs full, 0 dirs failed
I20260812 06:37:20.795639  8289 tablet_bootstrap.cc:492] T 903b2fcd248c435787e02bf176d6e3bf P 07794bbc534d4fd3a1587bcf3e6fed42: Bootstrap starting.
I20260812 06:37:20.796573  8289 tablet_bootstrap.cc:654] T 903b2fcd248c435787e02bf176d6e3bf P 07794bbc534d4fd3a1587bcf3e6fed42: Neither blocks nor log segments found. Creating new log.
I20260812 06:37:20.798022  8289 tablet_bootstrap.cc:492] T 903b2fcd248c435787e02bf176d6e3bf P 07794bbc534d4fd3a1587bcf3e6fed42: No bootstrap required, opened a new log
I20260812 06:37:20.798178  8289 ts_tablet_manager.cc:1403] T 903b2fcd248c435787e02bf176d6e3bf P 07794bbc534d4fd3a1587bcf3e6fed42: Time spent bootstrapping tablet: real 0.003s	user 0.000s	sys 0.002s
I20260812 06:37:20.798627  8289 raft_consensus.cc:359] T 903b2fcd248c435787e02bf176d6e3bf P 07794bbc534d4fd3a1587bcf3e6fed42 [term 0 FOLLOWER]: Replica starting. Triggering 0 pending ops. Active config: opid_index: -1 OBSOLETE_local: true peers { permanent_uuid: "07794bbc534d4fd3a1587bcf3e6fed42" member_type: VOTER last_known_addr { host: "127.1.85.1" port: 36357 } }
I20260812 06:37:20.798745  8289 raft_consensus.cc:385] T 903b2fcd248c435787e02bf176d6e3bf P 07794bbc534d4fd3a1587bcf3e6fed42 [term 0 FOLLOWER]: Consensus starting up: Expiring failure detector timer to make a prompt election more likely
I20260812 06:37:20.798792  8289 raft_consensus.cc:740] T 903b2fcd248c435787e02bf176d6e3bf P 07794bbc534d4fd3a1587bcf3e6fed42 [term 0 FOLLOWER]: Becoming Follower/Learner. State: Replica: 07794bbc534d4fd3a1587bcf3e6fed42, State: Initialized, Role: FOLLOWER
I20260812 06:37:20.798954  8289 consensus_queue.cc:260] T 903b2fcd248c435787e02bf176d6e3bf P 07794bbc534d4fd3a1587bcf3e6fed42 [NON_LEADER]: Queue going to NON_LEADER mode. State: All replicated index: 0, Majority replicated index: 0, Committed index: 0, Last appended: 0.0, Last appended by leader: 0, Current term: 0, Majority size: -1, State: 0, Mode: NON_LEADER, active raft config: opid_index: -1 OBSOLETE_local: true peers { permanent_uuid: "07794bbc534d4fd3a1587bcf3e6fed42" member_type: VOTER last_known_addr { host: "127.1.85.1" port: 36357 } }
I20260812 06:37:20.799057  8289 raft_consensus.cc:399] T 903b2fcd248c435787e02bf176d6e3bf P 07794bbc534d4fd3a1587bcf3e6fed42 [term 0 FOLLOWER]: Only one voter in the Raft config. Triggering election immediately
I20260812 06:37:20.799101  8289 raft_consensus.cc:493] T 903b2fcd248c435787e02bf176d6e3bf P 07794bbc534d4fd3a1587bcf3e6fed42 [term 0 FOLLOWER]: Starting leader election (initial election of a single-replica configuration)
I20260812 06:37:20.799157  8289 raft_consensus.cc:3060] T 903b2fcd248c435787e02bf176d6e3bf P 07794bbc534d4fd3a1587bcf3e6fed42 [term 0 FOLLOWER]: Advancing to term 1
I20260812 06:37:20.799883  8289 raft_consensus.cc:515] T 903b2fcd248c435787e02bf176d6e3bf P 07794bbc534d4fd3a1587bcf3e6fed42 [term 1 FOLLOWER]: Starting leader election with config: opid_index: -1 OBSOLETE_local: true peers { permanent_uuid: "07794bbc534d4fd3a1587bcf3e6fed42" member_type: VOTER last_known_addr { host: "127.1.85.1" port: 36357 } }
I20260812 06:37:20.800040  8289 leader_election.cc:304] T 903b2fcd248c435787e02bf176d6e3bf P 07794bbc534d4fd3a1587bcf3e6fed42 [CANDIDATE]: Term 1 election: Election decided. Result: candidate won. Election summary: received 1 responses out of 1 voters: 1 yes votes; 0 no votes. yes voters: 07794bbc534d4fd3a1587bcf3e6fed42; no voters: 
I20260812 06:37:20.800168  8289 leader_election.cc:290] T 903b2fcd248c435787e02bf176d6e3bf P 07794bbc534d4fd3a1587bcf3e6fed42 [CANDIDATE]: Term 1 election: Requested vote from peers 
I20260812 06:37:20.800213  8297 raft_consensus.cc:2804] T 903b2fcd248c435787e02bf176d6e3bf P 07794bbc534d4fd3a1587bcf3e6fed42 [term 1 FOLLOWER]: Leader election won for term 1
I20260812 06:37:20.800305  8297 raft_consensus.cc:697] T 903b2fcd248c435787e02bf176d6e3bf P 07794bbc534d4fd3a1587bcf3e6fed42 [term 1 LEADER]: Becoming Leader. State: Replica: 07794bbc534d4fd3a1587bcf3e6fed42, State: Running, Role: LEADER
I20260812 06:37:20.800418  8297 consensus_queue.cc:237] T 903b2fcd248c435787e02bf176d6e3bf P 07794bbc534d4fd3a1587bcf3e6fed42 [LEADER]: Queue going to LEADER mode. State: All replicated index: 0, Majority replicated index: 0, Committed index: 0, Last appended: 0.0, Last appended by leader: 0, Current term: 1, Majority size: 1, State: 0, Mode: LEADER, active raft config: opid_index: -1 OBSOLETE_local: true peers { permanent_uuid: "07794bbc534d4fd3a1587bcf3e6fed42" member_type: VOTER last_known_addr { host: "127.1.85.1" port: 36357 } }
I20260812 06:37:20.800472  8289 ts_tablet_manager.cc:1434] T 903b2fcd248c435787e02bf176d6e3bf P 07794bbc534d4fd3a1587bcf3e6fed42: Time spent starting tablet: real 0.002s	user 0.000s	sys 0.003s
I20260812 06:37:20.800668  8289 tablet_bootstrap.cc:492] T 9e57dfe9401b42328502cfc8185267a2 P 07794bbc534d4fd3a1587bcf3e6fed42: Bootstrap starting.
I20260812 06:37:20.801955  7994 catalog_manager.cc:5719] T 903b2fcd248c435787e02bf176d6e3bf P 07794bbc534d4fd3a1587bcf3e6fed42 reported cstate change: term changed from 0 to 1, leader changed from <none> to 07794bbc534d4fd3a1587bcf3e6fed42 (127.1.85.1). New cstate: current_term: 1 leader_uuid: "07794bbc534d4fd3a1587bcf3e6fed42" committed_config { opid_index: -1 OBSOLETE_local: true peers { permanent_uuid: "07794bbc534d4fd3a1587bcf3e6fed42" member_type: VOTER last_known_addr { host: "127.1.85.1" port: 36357 } health_report { overall_health: HEALTHY } } }
I20260812 06:37:20.802687  8289 tablet_bootstrap.cc:654] T 9e57dfe9401b42328502cfc8185267a2 P 07794bbc534d4fd3a1587bcf3e6fed42: Neither blocks nor log segments found. Creating new log.
I20260812 06:37:20.803972  8289 tablet_bootstrap.cc:492] T 9e57dfe9401b42328502cfc8185267a2 P 07794bbc534d4fd3a1587bcf3e6fed42: No bootstrap required, opened a new log
I20260812 06:37:20.804080  8289 ts_tablet_manager.cc:1403] T 9e57dfe9401b42328502cfc8185267a2 P 07794bbc534d4fd3a1587bcf3e6fed42: Time spent bootstrapping tablet: real 0.003s	user 0.002s	sys 0.000s
I20260812 06:37:20.804553  8289 raft_consensus.cc:359] T 9e57dfe9401b42328502cfc8185267a2 P 07794bbc534d4fd3a1587bcf3e6fed42 [term 0 FOLLOWER]: Replica starting. Triggering 0 pending ops. Active config: opid_index: -1 OBSOLETE_local: true peers { permanent_uuid: "07794bbc534d4fd3a1587bcf3e6fed42" member_type: VOTER last_known_addr { host: "127.1.85.1" port: 36357 } }
I20260812 06:37:20.804638  8289 raft_consensus.cc:385] T 9e57dfe9401b42328502cfc8185267a2 P 07794bbc534d4fd3a1587bcf3e6fed42 [term 0 FOLLOWER]: Consensus starting up: Expiring failure detector timer to make a prompt election more likely
I20260812 06:37:20.804661  8289 raft_consensus.cc:740] T 9e57dfe9401b42328502cfc8185267a2 P 07794bbc534d4fd3a1587bcf3e6fed42 [term 0 FOLLOWER]: Becoming Follower/Learner. State: Replica: 07794bbc534d4fd3a1587bcf3e6fed42, State: Initialized, Role: FOLLOWER
I20260812 06:37:20.804795  8289 consensus_queue.cc:260] T 9e57dfe9401b42328502cfc8185267a2 P 07794bbc534d4fd3a1587bcf3e6fed42 [NON_LEADER]: Queue going to NON_LEADER mode. State: All replicated index: 0, Majority replicated index: 0, Committed index: 0, Last appended: 0.0, Last appended by leader: 0, Current term: 0, Majority size: -1, State: 0, Mode: NON_LEADER, active raft config: opid_index: -1 OBSOLETE_local: true peers { permanent_uuid: "07794bbc534d4fd3a1587bcf3e6fed42" member_type: VOTER last_known_addr { host: "127.1.85.1" port: 36357 } }
I20260812 06:37:20.804883  8289 raft_consensus.cc:399] T 9e57dfe9401b42328502cfc8185267a2 P 07794bbc534d4fd3a1587bcf3e6fed42 [term 0 FOLLOWER]: Only one voter in the Raft config. Triggering election immediately
I20260812 06:37:20.804909  8289 raft_consensus.cc:493] T 9e57dfe9401b42328502cfc8185267a2 P 07794bbc534d4fd3a1587bcf3e6fed42 [term 0 FOLLOWER]: Starting leader election (initial election of a single-replica configuration)
I20260812 06:37:20.804939  8289 raft_consensus.cc:3060] T 9e57dfe9401b42328502cfc8185267a2 P 07794bbc534d4fd3a1587bcf3e6fed42 [term 0 FOLLOWER]: Advancing to term 1
I20260812 06:37:20.805982  8289 raft_consensus.cc:515] T 9e57dfe9401b42328502cfc8185267a2 P 07794bbc534d4fd3a1587bcf3e6fed42 [term 1 FOLLOWER]: Starting leader election with config: opid_index: -1 OBSOLETE_local: true peers { permanent_uuid: "07794bbc534d4fd3a1587bcf3e6fed42" member_type: VOTER last_known_addr { host: "127.1.85.1" port: 36357 } }
I20260812 06:37:20.806118  8289 leader_election.cc:304] T 9e57dfe9401b42328502cfc8185267a2 P 07794bbc534d4fd3a1587bcf3e6fed42 [CANDIDATE]: Term 1 election: Election decided. Result: candidate won. Election summary: received 1 responses out of 1 voters: 1 yes votes; 0 no votes. yes voters: 07794bbc534d4fd3a1587bcf3e6fed42; no voters: 
I20260812 06:37:20.806217  8289 leader_election.cc:290] T 9e57dfe9401b42328502cfc8185267a2 P 07794bbc534d4fd3a1587bcf3e6fed42 [CANDIDATE]: Term 1 election: Requested vote from peers 
I20260812 06:37:20.806267  8297 raft_consensus.cc:2804] T 9e57dfe9401b42328502cfc8185267a2 P 07794bbc534d4fd3a1587bcf3e6fed42 [term 1 FOLLOWER]: Leader election won for term 1
I20260812 06:37:20.806356  8297 raft_consensus.cc:697] T 9e57dfe9401b42328502cfc8185267a2 P 07794bbc534d4fd3a1587bcf3e6fed42 [term 1 LEADER]: Becoming Leader. State: Replica: 07794bbc534d4fd3a1587bcf3e6fed42, State: Running, Role: LEADER
I20260812 06:37:20.806501  8289 ts_tablet_manager.cc:1434] T 9e57dfe9401b42328502cfc8185267a2 P 07794bbc534d4fd3a1587bcf3e6fed42: Time spent starting tablet: real 0.002s	user 0.000s	sys 0.003s
I20260812 06:37:20.806469  8297 consensus_queue.cc:237] T 9e57dfe9401b42328502cfc8185267a2 P 07794bbc534d4fd3a1587bcf3e6fed42 [LEADER]: Queue going to LEADER mode. State: All replicated index: 0, Majority replicated index: 0, Committed index: 0, Last appended: 0.0, Last appended by leader: 0, Current term: 1, Majority size: 1, State: 0, Mode: LEADER, active raft config: opid_index: -1 OBSOLETE_local: true peers { permanent_uuid: "07794bbc534d4fd3a1587bcf3e6fed42" member_type: VOTER last_known_addr { host: "127.1.85.1" port: 36357 } }
I20260812 06:37:20.807869  7994 catalog_manager.cc:5719] T 9e57dfe9401b42328502cfc8185267a2 P 07794bbc534d4fd3a1587bcf3e6fed42 reported cstate change: term changed from 0 to 1, leader changed from <none> to 07794bbc534d4fd3a1587bcf3e6fed42 (127.1.85.1). New cstate: current_term: 1 leader_uuid: "07794bbc534d4fd3a1587bcf3e6fed42" committed_config { opid_index: -1 OBSOLETE_local: true peers { permanent_uuid: "07794bbc534d4fd3a1587bcf3e6fed42" member_type: VOTER last_known_addr { host: "127.1.85.1" port: 36357 } health_report { overall_health: HEALTHY } } }
I20260812 06:37:20.943977  1364 tablet_server.cc:179] TabletServer@127.1.85.1:0 shutting down...
I20260812 06:37:20.948339  1364 ts_tablet_manager.cc:1507] Shutting down tablet manager...
I20260812 06:37:20.948663  1364 tablet_replica.cc:333] T 9e57dfe9401b42328502cfc8185267a2 P 07794bbc534d4fd3a1587bcf3e6fed42: stopping tablet replica
I20260812 06:37:20.948824  1364 raft_consensus.cc:2243] T 9e57dfe9401b42328502cfc8185267a2 P 07794bbc534d4fd3a1587bcf3e6fed42 [term 1 LEADER]: Raft consensus shutting down.
I20260812 06:37:20.949003  1364 raft_consensus.cc:2272] T 9e57dfe9401b42328502cfc8185267a2 P 07794bbc534d4fd3a1587bcf3e6fed42 [term 1 FOLLOWER]: Raft consensus is shut down!
I20260812 06:37:20.949733  1364 tablet_replica.cc:333] T 28f058b623654134808d707ea3872801 P 07794bbc534d4fd3a1587bcf3e6fed42: stopping tablet replica
I20260812 06:37:20.949844  1364 raft_consensus.cc:2243] T 28f058b623654134808d707ea3872801 P 07794bbc534d4fd3a1587bcf3e6fed42 [term 1 LEADER]: Raft consensus shutting down.
I20260812 06:37:20.949960  1364 raft_consensus.cc:2272] T 28f058b623654134808d707ea3872801 P 07794bbc534d4fd3a1587bcf3e6fed42 [term 1 FOLLOWER]: Raft consensus is shut down!
I20260812 06:37:20.950527  1364 tablet_replica.cc:333] T 903b2fcd248c435787e02bf176d6e3bf P 07794bbc534d4fd3a1587bcf3e6fed42: stopping tablet replica
I20260812 06:37:20.950699  1364 raft_consensus.cc:2243] T 903b2fcd248c435787e02bf176d6e3bf P 07794bbc534d4fd3a1587bcf3e6fed42 [term 1 LEADER]: Raft consensus shutting down.
I20260812 06:37:20.950834  1364 raft_consensus.cc:2272] T 903b2fcd248c435787e02bf176d6e3bf P 07794bbc534d4fd3a1587bcf3e6fed42 [term 1 FOLLOWER]: Raft consensus is shut down!
I20260812 06:37:20.965211  1364 tablet_server.cc:196] TabletServer@127.1.85.1:0 shutdown complete.
I20260812 06:37:20.974125  1364 master.cc:562] Master@127.1.85.62:46685 shutting down...
I20260812 06:37:20.981247  1364 raft_consensus.cc:2243] T 00000000000000000000000000000000 P 26a1c772292546ccaff688ad4a116dd6 [term 1 LEADER]: Raft consensus shutting down.
I20260812 06:37:20.981503  1364 raft_consensus.cc:2272] T 00000000000000000000000000000000 P 26a1c772292546ccaff688ad4a116dd6 [term 1 FOLLOWER]: Raft consensus is shut down!
I20260812 06:37:20.981614  1364 tablet_replica.cc:333] T 00000000000000000000000000000000 P 26a1c772292546ccaff688ad4a116dd6: stopping tablet replica
I20260812 06:37:20.994972  1364 master.cc:584] Master@127.1.85.62:46685 shutdown complete.
[       OK ] TxnCommitITest.TestConcurrentRepeatedCommitCalls (1405 ms)
[ RUN      ] TxnCommitITest.TestDontBackgroundAbortIfCommitInProgress
I20260812 06:37:21.002221  1364 internal_mini_cluster.cc:156] Creating distributed mini masters. Addrs: 127.1.85.62:43311
I20260812 06:37:21.002631  1364 file_cache.cc:504] Constructed file cache file cache with capacity 419430
W20260812 06:37:21.004653  8375 instance_detector.cc:116] could not retrieve Azure instance metadata: Network error: curl error: HTTP response code said error: The requested URL returned error: 404
W20260812 06:37:21.004755  8377 instance_detector.cc:116] could not retrieve OpenStack instance metadata: Network error: curl error: HTTP response code said error: The requested URL returned error: 404
W20260812 06:37:21.004796  8374 instance_detector.cc:116] could not retrieve AWS instance metadata: Network error: curl error: HTTP response code said error: The requested URL returned error: 404
I20260812 06:37:21.004921  1364 server_base.cc:1061] running on GCE node
I20260812 06:37:21.005144  1364 hybrid_clock.cc:584] initializing the hybrid clock with 'system_unsync' time source
W20260812 06:37:21.005205  1364 system_unsync_time.cc:38] NTP support is disabled. Clock error bounds will not be accurate. This configuration is not suitable for distributed clusters.
I20260812 06:37:21.005229  1364 hybrid_clock.cc:648] HybridClock initialized: now 1786516641005228 us; error 0 us; skew 500 ppm
I20260812 06:37:21.006136  1364 webserver.cc:533] Webserver started at http://127.1.85.62:40847/ using document root <none> and password file <none>
I20260812 06:37:21.006326  1364 fs_manager.cc:362] Metadata directory not provided
I20260812 06:37:21.006395  1364 fs_manager.cc:368] Using write-ahead log directory (fs_wal_dir) as metadata directory
I20260812 06:37:21.006482  1364 server_base.cc:909] This appears to be a new deployment of Kudu; creating new FS layout
I20260812 06:37:21.006953  1364 fs_manager.cc:1068] Generated new instance metadata in path /tmp/dist-test-taskEWpj2b/test-tmp/txn_commit-itest.0.TxnCommitITest.TestDontBackgroundAbortIfCommitInProgress.1786516564588442-1364-0/minicluster-data/master-0-root/instance:
uuid: "f0dd12c5270343ecba83d35716cd6248"
format_stamp: "Formatted at 2026-08-12 06:37:21 on dist-test-slave-tfpf"
I20260812 06:37:21.008530  1364 fs_manager.cc:696] Time spent creating directory manager: real 0.001s	user 0.002s	sys 0.000s
I20260812 06:37:21.009606  8383 log_block_manager.cc:4127] Time spent loading block containers with low live blocks: real 0.000s	user 0.000s	sys 0.000s
I20260812 06:37:21.009867  1364 fs_manager.cc:730] Time spent opening block manager: real 0.001s	user 0.000s	sys 0.000s
I20260812 06:37:21.009956  1364 fs_manager.cc:647] Opened local filesystem: /tmp/dist-test-taskEWpj2b/test-tmp/txn_commit-itest.0.TxnCommitITest.TestDontBackgroundAbortIfCommitInProgress.1786516564588442-1364-0/minicluster-data/master-0-root
uuid: "f0dd12c5270343ecba83d35716cd6248"
format_stamp: "Formatted at 2026-08-12 06:37:21 on dist-test-slave-tfpf"
I20260812 06:37:21.010053  1364 fs_report.cc:389] FS layout report
--------------------
wal directory: /tmp/dist-test-taskEWpj2b/test-tmp/txn_commit-itest.0.TxnCommitITest.TestDontBackgroundAbortIfCommitInProgress.1786516564588442-1364-0/minicluster-data/master-0-root
metadata directory: /tmp/dist-test-taskEWpj2b/test-tmp/txn_commit-itest.0.TxnCommitITest.TestDontBackgroundAbortIfCommitInProgress.1786516564588442-1364-0/minicluster-data/master-0-root
1 data directories: /tmp/dist-test-taskEWpj2b/test-tmp/txn_commit-itest.0.TxnCommitITest.TestDontBackgroundAbortIfCommitInProgress.1786516564588442-1364-0/minicluster-data/master-0-root/data
Total live blocks: 0
Total live bytes: 0
Total live bytes (after alignment): 0
Total number of LBM containers: 0 (0 full)
Did not check for missing blocks
Did not check for orphaned blocks
Total full LBM containers with extra space: 0 (0 repaired)
Total full LBM container extra space in bytes: 0 (0 repaired)
Total incomplete LBM containers: 0 (0 repaired)
Total LBM partial records: 0 (0 repaired)
Total corrupted LBM metadata records in RocksDB: 0 (0 repaired)
I20260812 06:37:21.021656  1364 rpc_server.cc:225] running with OpenSSL 1.1.1  11 Sep 2018
I20260812 06:37:21.022113  1364 kserver.cc:163] Server-wide thread pool size limit: 3276
I20260812 06:37:21.027292  1364 rpc_server.cc:307] RPC server started. Bound to: 127.1.85.62:43311
I20260812 06:37:21.029217  8493 acceptor_pool.cc:272] collecting diagnostics on the listening RPC socket 127.1.85.62:43311 every 8 connection(s)
I20260812 06:37:21.029693  8494 data_dirs.cc:400] Could only allocate 1 dirs of requested 3 for tablet 00000000000000000000000000000000. 1 dirs total, 0 dirs full, 0 dirs failed
I20260812 06:37:21.031576  8494 tablet_bootstrap.cc:492] T 00000000000000000000000000000000 P f0dd12c5270343ecba83d35716cd6248: Bootstrap starting.
I20260812 06:37:21.032423  8494 tablet_bootstrap.cc:654] T 00000000000000000000000000000000 P f0dd12c5270343ecba83d35716cd6248: Neither blocks nor log segments found. Creating new log.
I20260812 06:37:21.033526  8494 tablet_bootstrap.cc:492] T 00000000000000000000000000000000 P f0dd12c5270343ecba83d35716cd6248: No bootstrap required, opened a new log
I20260812 06:37:21.033957  8494 raft_consensus.cc:359] T 00000000000000000000000000000000 P f0dd12c5270343ecba83d35716cd6248 [term 0 FOLLOWER]: Replica starting. Triggering 0 pending ops. Active config: opid_index: -1 OBSOLETE_local: true peers { permanent_uuid: "f0dd12c5270343ecba83d35716cd6248" member_type: VOTER }
I20260812 06:37:21.034061  8494 raft_consensus.cc:385] T 00000000000000000000000000000000 P f0dd12c5270343ecba83d35716cd6248 [term 0 FOLLOWER]: Consensus starting up: Expiring failure detector timer to make a prompt election more likely
I20260812 06:37:21.034085  8494 raft_consensus.cc:740] T 00000000000000000000000000000000 P f0dd12c5270343ecba83d35716cd6248 [term 0 FOLLOWER]: Becoming Follower/Learner. State: Replica: f0dd12c5270343ecba83d35716cd6248, State: Initialized, Role: FOLLOWER
I20260812 06:37:21.034297  8494 consensus_queue.cc:260] T 00000000000000000000000000000000 P f0dd12c5270343ecba83d35716cd6248 [NON_LEADER]: Queue going to NON_LEADER mode. State: All replicated index: 0, Majority replicated index: 0, Committed index: 0, Last appended: 0.0, Last appended by leader: 0, Current term: 0, Majority size: -1, State: 0, Mode: NON_LEADER, active raft config: opid_index: -1 OBSOLETE_local: true peers { permanent_uuid: "f0dd12c5270343ecba83d35716cd6248" member_type: VOTER }
I20260812 06:37:21.034372  8494 raft_consensus.cc:399] T 00000000000000000000000000000000 P f0dd12c5270343ecba83d35716cd6248 [term 0 FOLLOWER]: Only one voter in the Raft config. Triggering election immediately
I20260812 06:37:21.034396  8494 raft_consensus.cc:493] T 00000000000000000000000000000000 P f0dd12c5270343ecba83d35716cd6248 [term 0 FOLLOWER]: Starting leader election (initial election of a single-replica configuration)
I20260812 06:37:21.034476  8494 raft_consensus.cc:3060] T 00000000000000000000000000000000 P f0dd12c5270343ecba83d35716cd6248 [term 0 FOLLOWER]: Advancing to term 1
I20260812 06:37:21.035265  8494 raft_consensus.cc:515] T 00000000000000000000000000000000 P f0dd12c5270343ecba83d35716cd6248 [term 1 FOLLOWER]: Starting leader election with config: opid_index: -1 OBSOLETE_local: true peers { permanent_uuid: "f0dd12c5270343ecba83d35716cd6248" member_type: VOTER }
I20260812 06:37:21.035418  8494 leader_election.cc:304] T 00000000000000000000000000000000 P f0dd12c5270343ecba83d35716cd6248 [CANDIDATE]: Term 1 election: Election decided. Result: candidate won. Election summary: received 1 responses out of 1 voters: 1 yes votes; 0 no votes. yes voters: f0dd12c5270343ecba83d35716cd6248; no voters: 
I20260812 06:37:21.035641  8494 leader_election.cc:290] T 00000000000000000000000000000000 P f0dd12c5270343ecba83d35716cd6248 [CANDIDATE]: Term 1 election: Requested vote from peers 
I20260812 06:37:21.035820  8499 raft_consensus.cc:2804] T 00000000000000000000000000000000 P f0dd12c5270343ecba83d35716cd6248 [term 1 FOLLOWER]: Leader election won for term 1
I20260812 06:37:21.036058  8499 raft_consensus.cc:697] T 00000000000000000000000000000000 P f0dd12c5270343ecba83d35716cd6248 [term 1 LEADER]: Becoming Leader. State: Replica: f0dd12c5270343ecba83d35716cd6248, State: Running, Role: LEADER
I20260812 06:37:21.036144  8494 sys_catalog.cc:565] T 00000000000000000000000000000000 P f0dd12c5270343ecba83d35716cd6248 [sys.catalog]: configured and running, proceeding with master startup.
I20260812 06:37:21.036226  8499 consensus_queue.cc:237] T 00000000000000000000000000000000 P f0dd12c5270343ecba83d35716cd6248 [LEADER]: Queue going to LEADER mode. State: All replicated index: 0, Majority replicated index: 0, Committed index: 0, Last appended: 0.0, Last appended by leader: 0, Current term: 1, Majority size: 1, State: 0, Mode: LEADER, active raft config: opid_index: -1 OBSOLETE_local: true peers { permanent_uuid: "f0dd12c5270343ecba83d35716cd6248" member_type: VOTER }
I20260812 06:37:21.036738  8504 sys_catalog.cc:455] T 00000000000000000000000000000000 P f0dd12c5270343ecba83d35716cd6248 [sys.catalog]: SysCatalogTable state changed. Reason: RaftConsensus started. Latest consensus state: current_term: 1 leader_uuid: "f0dd12c5270343ecba83d35716cd6248" committed_config { opid_index: -1 OBSOLETE_local: true peers { permanent_uuid: "f0dd12c5270343ecba83d35716cd6248" member_type: VOTER } }
I20260812 06:37:21.036769  8505 sys_catalog.cc:455] T 00000000000000000000000000000000 P f0dd12c5270343ecba83d35716cd6248 [sys.catalog]: SysCatalogTable state changed. Reason: New leader f0dd12c5270343ecba83d35716cd6248. Latest consensus state: current_term: 1 leader_uuid: "f0dd12c5270343ecba83d35716cd6248" committed_config { opid_index: -1 OBSOLETE_local: true peers { permanent_uuid: "f0dd12c5270343ecba83d35716cd6248" member_type: VOTER } }
I20260812 06:37:21.036866  8504 sys_catalog.cc:458] T 00000000000000000000000000000000 P f0dd12c5270343ecba83d35716cd6248 [sys.catalog]: This master's current role is: LEADER
I20260812 06:37:21.036893  8505 sys_catalog.cc:458] T 00000000000000000000000000000000 P f0dd12c5270343ecba83d35716cd6248 [sys.catalog]: This master's current role is: LEADER
I20260812 06:37:21.037176  8513 catalog_manager.cc:1511] Loading table and tablet metadata into memory...
I20260812 06:37:21.038048  8513 catalog_manager.cc:1520] Initializing Kudu cluster ID...
I20260812 06:37:21.038327  1364 internal_mini_cluster.cc:184] Waiting to initialize catalog manager on master 0
I20260812 06:37:21.040052  8513 catalog_manager.cc:1383] Generated new cluster ID: dae7edc8b367403da97915a78a2c8496
I20260812 06:37:21.040115  8513 catalog_manager.cc:1531] Initializing Kudu internal certificate authority...
I20260812 06:37:21.052783  8513 catalog_manager.cc:1406] Generated new certificate authority record
I20260812 06:37:21.053428  8513 catalog_manager.cc:1540] Loading token signing keys...
I20260812 06:37:21.061219  8513 catalog_manager.cc:6092] T 00000000000000000000000000000000 P f0dd12c5270343ecba83d35716cd6248: Generated new TSK 0
I20260812 06:37:21.061447  8513 catalog_manager.cc:1550] Initializing in-progress tserver states...
I20260812 06:37:21.064718  8406 catalog_manager.cc:2283] Servicing CreateTable request from {username='slave'} at 127.0.0.1:55556:
name: "kudu_system.kudu_transactions"
schema {
  columns {
    name: "txn_id"
    type: INT64
    is_key: true
    is_nullable: false
    encoding: AUTO_ENCODING
    compression: DEFAULT_COMPRESSION
    cfile_block_size: 0
    immutable: false
  }
  columns {
    name: "entry_type"
    type: INT8
    is_key: true
    is_nullable: false
    encoding: AUTO_ENCODING
    compression: DEFAULT_COMPRESSION
    cfile_block_size: 0
    immutable: false
  }
  columns {
    name: "identifier"
    type: STRING
    is_key: true
    is_nullable: false
    encoding: AUTO_ENCODING
    compression: DEFAULT_COMPRESSION
    cfile_block_size: 0
    immutable: false
  }
  columns {
    name: "metadata"
    type: STRING
    is_key: false
    is_nullable: false
    encoding: AUTO_ENCODING
    compression: DEFAULT_COMPRESSION
    cfile_block_size: 0
    immutable: false
  }
}
num_replicas: 1
split_rows_range_bounds {
