I20260812 06:36:53.445515 13227 leader_election.cc:304] T 42a2edb1e2cd402f9aba0bc290694689 P 9b3175c4c6c143a68c7bad4a16fe6efd [CANDIDATE]: Term 1 election: Election decided. Result: candidate won. Election summary: received 1 responses out of 1 voters: 1 yes votes; 0 no votes. yes voters: 9b3175c4c6c143a68c7bad4a16fe6efd; no voters: 
I20260812 06:36:53.445611 13227 leader_election.cc:290] T 42a2edb1e2cd402f9aba0bc290694689 P 9b3175c4c6c143a68c7bad4a16fe6efd [CANDIDATE]: Term 1 election: Requested vote from peers 
I20260812 06:36:53.445659 13229 raft_consensus.cc:2804] T 42a2edb1e2cd402f9aba0bc290694689 P 9b3175c4c6c143a68c7bad4a16fe6efd [term 1 FOLLOWER]: Leader election won for term 1
I20260812 06:36:53.445868 13227 ts_tablet_manager.cc:1434] T 42a2edb1e2cd402f9aba0bc290694689 P 9b3175c4c6c143a68c7bad4a16fe6efd: Time spent starting tablet: real 0.002s	user 0.000s	sys 0.000s
I20260812 06:36:53.445861 13229 raft_consensus.cc:697] T 42a2edb1e2cd402f9aba0bc290694689 P 9b3175c4c6c143a68c7bad4a16fe6efd [term 1 LEADER]: Becoming Leader. State: Replica: 9b3175c4c6c143a68c7bad4a16fe6efd, State: Running, Role: LEADER
I20260812 06:36:53.446063 13227 tablet_bootstrap.cc:492] T 67017f872d4a4d8787233918276930c2 P 9b3175c4c6c143a68c7bad4a16fe6efd: Bootstrap starting.
I20260812 06:36:53.446028 13229 consensus_queue.cc:237] T 42a2edb1e2cd402f9aba0bc290694689 P 9b3175c4c6c143a68c7bad4a16fe6efd [LEADER]: Queue going to LEADER mode. State: All replicated index: 0, Majority replicated index: 0, Committed index: 0, Last appended: 0.0, Last appended by leader: 0, Current term: 1, Majority size: 1, State: 0, Mode: LEADER, active raft config: opid_index: -1 OBSOLETE_local: true peers { permanent_uuid: "9b3175c4c6c143a68c7bad4a16fe6efd" member_type: VOTER last_known_addr { host: "127.0.0.1" port: 40243 } }
I20260812 06:36:53.447160 13227 tablet_bootstrap.cc:654] T 67017f872d4a4d8787233918276930c2 P 9b3175c4c6c143a68c7bad4a16fe6efd: Neither blocks nor log segments found. Creating new log.
I20260812 06:36:53.447566 13068 catalog_manager.cc:5719] T 42a2edb1e2cd402f9aba0bc290694689 P 9b3175c4c6c143a68c7bad4a16fe6efd reported cstate change: term changed from 0 to 1, leader changed from <none> to 9b3175c4c6c143a68c7bad4a16fe6efd (127.0.0.1). New cstate: current_term: 1 leader_uuid: "9b3175c4c6c143a68c7bad4a16fe6efd" committed_config { opid_index: -1 OBSOLETE_local: true peers { permanent_uuid: "9b3175c4c6c143a68c7bad4a16fe6efd" member_type: VOTER last_known_addr { host: "127.0.0.1" port: 40243 } health_report { overall_health: HEALTHY } } }
I20260812 06:36:53.448228 13227 tablet_bootstrap.cc:492] T 67017f872d4a4d8787233918276930c2 P 9b3175c4c6c143a68c7bad4a16fe6efd: No bootstrap required, opened a new log
I20260812 06:36:53.448321 13227 ts_tablet_manager.cc:1403] T 67017f872d4a4d8787233918276930c2 P 9b3175c4c6c143a68c7bad4a16fe6efd: Time spent bootstrapping tablet: real 0.002s	user 0.002s	sys 0.000s
I20260812 06:36:53.448778 13227 raft_consensus.cc:359] T 67017f872d4a4d8787233918276930c2 P 9b3175c4c6c143a68c7bad4a16fe6efd [term 0 FOLLOWER]: Replica starting. Triggering 0 pending ops. Active config: opid_index: -1 OBSOLETE_local: true peers { permanent_uuid: "9b3175c4c6c143a68c7bad4a16fe6efd" member_type: VOTER last_known_addr { host: "127.0.0.1" port: 40243 } }
I20260812 06:36:53.448879 13227 raft_consensus.cc:385] T 67017f872d4a4d8787233918276930c2 P 9b3175c4c6c143a68c7bad4a16fe6efd [term 0 FOLLOWER]: Consensus starting up: Expiring failure detector timer to make a prompt election more likely
I20260812 06:36:53.448915 13227 raft_consensus.cc:740] T 67017f872d4a4d8787233918276930c2 P 9b3175c4c6c143a68c7bad4a16fe6efd [term 0 FOLLOWER]: Becoming Follower/Learner. State: Replica: 9b3175c4c6c143a68c7bad4a16fe6efd, State: Initialized, Role: FOLLOWER
I20260812 06:36:53.449060 13227 consensus_queue.cc:260] T 67017f872d4a4d8787233918276930c2 P 9b3175c4c6c143a68c7bad4a16fe6efd [NON_LEADER]: Queue going to NON_LEADER mode. State: All replicated index: 0, Majority replicated index: 0, Committed index: 0, Last appended: 0.0, Last appended by leader: 0, Current term: 0, Majority size: -1, State: 0, Mode: NON_LEADER, active raft config: opid_index: -1 OBSOLETE_local: true peers { permanent_uuid: "9b3175c4c6c143a68c7bad4a16fe6efd" member_type: VOTER last_known_addr { host: "127.0.0.1" port: 40243 } }
I20260812 06:36:53.449169 13227 raft_consensus.cc:399] T 67017f872d4a4d8787233918276930c2 P 9b3175c4c6c143a68c7bad4a16fe6efd [term 0 FOLLOWER]: Only one voter in the Raft config. Triggering election immediately
I20260812 06:36:53.449222 13227 raft_consensus.cc:493] T 67017f872d4a4d8787233918276930c2 P 9b3175c4c6c143a68c7bad4a16fe6efd [term 0 FOLLOWER]: Starting leader election (initial election of a single-replica configuration)
I20260812 06:36:53.449283 13227 raft_consensus.cc:3060] T 67017f872d4a4d8787233918276930c2 P 9b3175c4c6c143a68c7bad4a16fe6efd [term 0 FOLLOWER]: Advancing to term 1
I20260812 06:36:53.450171 13227 raft_consensus.cc:515] T 67017f872d4a4d8787233918276930c2 P 9b3175c4c6c143a68c7bad4a16fe6efd [term 1 FOLLOWER]: Starting leader election with config: opid_index: -1 OBSOLETE_local: true peers { permanent_uuid: "9b3175c4c6c143a68c7bad4a16fe6efd" member_type: VOTER last_known_addr { host: "127.0.0.1" port: 40243 } }
I20260812 06:36:53.450310 13227 leader_election.cc:304] T 67017f872d4a4d8787233918276930c2 P 9b3175c4c6c143a68c7bad4a16fe6efd [CANDIDATE]: Term 1 election: Election decided. Result: candidate won. Election summary: received 1 responses out of 1 voters: 1 yes votes; 0 no votes. yes voters: 9b3175c4c6c143a68c7bad4a16fe6efd; no voters: 
I20260812 06:36:53.450441 13227 leader_election.cc:290] T 67017f872d4a4d8787233918276930c2 P 9b3175c4c6c143a68c7bad4a16fe6efd [CANDIDATE]: Term 1 election: Requested vote from peers 
I20260812 06:36:53.450507 13229 raft_consensus.cc:2804] T 67017f872d4a4d8787233918276930c2 P 9b3175c4c6c143a68c7bad4a16fe6efd [term 1 FOLLOWER]: Leader election won for term 1
I20260812 06:36:53.450606 13229 raft_consensus.cc:697] T 67017f872d4a4d8787233918276930c2 P 9b3175c4c6c143a68c7bad4a16fe6efd [term 1 LEADER]: Becoming Leader. State: Replica: 9b3175c4c6c143a68c7bad4a16fe6efd, State: Running, Role: LEADER
I20260812 06:36:53.450709 13227 ts_tablet_manager.cc:1434] T 67017f872d4a4d8787233918276930c2 P 9b3175c4c6c143a68c7bad4a16fe6efd: Time spent starting tablet: real 0.002s	user 0.000s	sys 0.000s
I20260812 06:36:53.450733 13229 consensus_queue.cc:237] T 67017f872d4a4d8787233918276930c2 P 9b3175c4c6c143a68c7bad4a16fe6efd [LEADER]: Queue going to LEADER mode. State: All replicated index: 0, Majority replicated index: 0, Committed index: 0, Last appended: 0.0, Last appended by leader: 0, Current term: 1, Majority size: 1, State: 0, Mode: LEADER, active raft config: opid_index: -1 OBSOLETE_local: true peers { permanent_uuid: "9b3175c4c6c143a68c7bad4a16fe6efd" member_type: VOTER last_known_addr { host: "127.0.0.1" port: 40243 } }
I20260812 06:36:53.450892 13227 tablet_bootstrap.cc:492] T ba6617b1041c4e8ab8c60a973faf1ffa P 9b3175c4c6c143a68c7bad4a16fe6efd: Bootstrap starting.
I20260812 06:36:53.452111 13227 tablet_bootstrap.cc:654] T ba6617b1041c4e8ab8c60a973faf1ffa P 9b3175c4c6c143a68c7bad4a16fe6efd: Neither blocks nor log segments found. Creating new log.
I20260812 06:36:53.452133 13068 catalog_manager.cc:5719] T 67017f872d4a4d8787233918276930c2 P 9b3175c4c6c143a68c7bad4a16fe6efd reported cstate change: term changed from 0 to 1, leader changed from <none> to 9b3175c4c6c143a68c7bad4a16fe6efd (127.0.0.1). New cstate: current_term: 1 leader_uuid: "9b3175c4c6c143a68c7bad4a16fe6efd" committed_config { opid_index: -1 OBSOLETE_local: true peers { permanent_uuid: "9b3175c4c6c143a68c7bad4a16fe6efd" member_type: VOTER last_known_addr { host: "127.0.0.1" port: 40243 } health_report { overall_health: HEALTHY } } }
I20260812 06:36:53.453529 13227 tablet_bootstrap.cc:492] T ba6617b1041c4e8ab8c60a973faf1ffa P 9b3175c4c6c143a68c7bad4a16fe6efd: No bootstrap required, opened a new log
I20260812 06:36:53.453629 13227 ts_tablet_manager.cc:1403] T ba6617b1041c4e8ab8c60a973faf1ffa P 9b3175c4c6c143a68c7bad4a16fe6efd: Time spent bootstrapping tablet: real 0.003s	user 0.002s	sys 0.000s
I20260812 06:36:53.454028 13227 raft_consensus.cc:359] T ba6617b1041c4e8ab8c60a973faf1ffa P 9b3175c4c6c143a68c7bad4a16fe6efd [term 0 FOLLOWER]: Replica starting. Triggering 0 pending ops. Active config: opid_index: -1 OBSOLETE_local: true peers { permanent_uuid: "9b3175c4c6c143a68c7bad4a16fe6efd" member_type: VOTER last_known_addr { host: "127.0.0.1" port: 40243 } }
I20260812 06:36:53.454133 13227 raft_consensus.cc:385] T ba6617b1041c4e8ab8c60a973faf1ffa P 9b3175c4c6c143a68c7bad4a16fe6efd [term 0 FOLLOWER]: Consensus starting up: Expiring failure detector timer to make a prompt election more likely
I20260812 06:36:53.454186 13227 raft_consensus.cc:740] T ba6617b1041c4e8ab8c60a973faf1ffa P 9b3175c4c6c143a68c7bad4a16fe6efd [term 0 FOLLOWER]: Becoming Follower/Learner. State: Replica: 9b3175c4c6c143a68c7bad4a16fe6efd, State: Initialized, Role: FOLLOWER
I20260812 06:36:53.454329 13227 consensus_queue.cc:260] T ba6617b1041c4e8ab8c60a973faf1ffa P 9b3175c4c6c143a68c7bad4a16fe6efd [NON_LEADER]: Queue going to NON_LEADER mode. State: All replicated index: 0, Majority replicated index: 0, Committed index: 0, Last appended: 0.0, Last appended by leader: 0, Current term: 0, Majority size: -1, State: 0, Mode: NON_LEADER, active raft config: opid_index: -1 OBSOLETE_local: true peers { permanent_uuid: "9b3175c4c6c143a68c7bad4a16fe6efd" member_type: VOTER last_known_addr { host: "127.0.0.1" port: 40243 } }
I20260812 06:36:53.454444 13227 raft_consensus.cc:399] T ba6617b1041c4e8ab8c60a973faf1ffa P 9b3175c4c6c143a68c7bad4a16fe6efd [term 0 FOLLOWER]: Only one voter in the Raft config. Triggering election immediately
I20260812 06:36:53.454489 13227 raft_consensus.cc:493] T ba6617b1041c4e8ab8c60a973faf1ffa P 9b3175c4c6c143a68c7bad4a16fe6efd [term 0 FOLLOWER]: Starting leader election (initial election of a single-replica configuration)
I20260812 06:36:53.454541 13227 raft_consensus.cc:3060] T ba6617b1041c4e8ab8c60a973faf1ffa P 9b3175c4c6c143a68c7bad4a16fe6efd [term 0 FOLLOWER]: Advancing to term 1
I20260812 06:36:53.455350 13227 raft_consensus.cc:515] T ba6617b1041c4e8ab8c60a973faf1ffa P 9b3175c4c6c143a68c7bad4a16fe6efd [term 1 FOLLOWER]: Starting leader election with config: opid_index: -1 OBSOLETE_local: true peers { permanent_uuid: "9b3175c4c6c143a68c7bad4a16fe6efd" member_type: VOTER last_known_addr { host: "127.0.0.1" port: 40243 } }
I20260812 06:36:53.455524 13227 leader_election.cc:304] T ba6617b1041c4e8ab8c60a973faf1ffa P 9b3175c4c6c143a68c7bad4a16fe6efd [CANDIDATE]: Term 1 election: Election decided. Result: candidate won. Election summary: received 1 responses out of 1 voters: 1 yes votes; 0 no votes. yes voters: 9b3175c4c6c143a68c7bad4a16fe6efd; no voters: 
I20260812 06:36:53.455643 13227 leader_election.cc:290] T ba6617b1041c4e8ab8c60a973faf1ffa P 9b3175c4c6c143a68c7bad4a16fe6efd [CANDIDATE]: Term 1 election: Requested vote from peers 
I20260812 06:36:53.455721 13229 raft_consensus.cc:2804] T ba6617b1041c4e8ab8c60a973faf1ffa P 9b3175c4c6c143a68c7bad4a16fe6efd [term 1 FOLLOWER]: Leader election won for term 1
I20260812 06:36:53.455813 13229 raft_consensus.cc:697] T ba6617b1041c4e8ab8c60a973faf1ffa P 9b3175c4c6c143a68c7bad4a16fe6efd [term 1 LEADER]: Becoming Leader. State: Replica: 9b3175c4c6c143a68c7bad4a16fe6efd, State: Running, Role: LEADER
I20260812 06:36:53.455873 13227 ts_tablet_manager.cc:1434] T ba6617b1041c4e8ab8c60a973faf1ffa P 9b3175c4c6c143a68c7bad4a16fe6efd: Time spent starting tablet: real 0.002s	user 0.002s	sys 0.000s
I20260812 06:36:53.455942 13229 consensus_queue.cc:237] T ba6617b1041c4e8ab8c60a973faf1ffa P 9b3175c4c6c143a68c7bad4a16fe6efd [LEADER]: Queue going to LEADER mode. State: All replicated index: 0, Majority replicated index: 0, Committed index: 0, Last appended: 0.0, Last appended by leader: 0, Current term: 1, Majority size: 1, State: 0, Mode: LEADER, active raft config: opid_index: -1 OBSOLETE_local: true peers { permanent_uuid: "9b3175c4c6c143a68c7bad4a16fe6efd" member_type: VOTER last_known_addr { host: "127.0.0.1" port: 40243 } }
I20260812 06:36:53.457280 13067 catalog_manager.cc:5719] T ba6617b1041c4e8ab8c60a973faf1ffa P 9b3175c4c6c143a68c7bad4a16fe6efd reported cstate change: term changed from 0 to 1, leader changed from <none> to 9b3175c4c6c143a68c7bad4a16fe6efd (127.0.0.1). New cstate: current_term: 1 leader_uuid: "9b3175c4c6c143a68c7bad4a16fe6efd" committed_config { opid_index: -1 OBSOLETE_local: true peers { permanent_uuid: "9b3175c4c6c143a68c7bad4a16fe6efd" member_type: VOTER last_known_addr { host: "127.0.0.1" port: 40243 } health_report { overall_health: HEALTHY } } }
Aug 12 06:36:53 dist-test-slave-2w3w krb5kdc[13029](info): TGS_REQ (2 etypes {17 16}) 127.0.0.1: ISSUE: authtime 1786516613, etypes {rep=17 tkt=17 ses=17}, alice@KRBTEST.COM for HTTP/127.0.0.1@KRBTEST.COM
I20260812 06:36:53.482928 13253 catalog_manager.cc:3579] Servicing AlterTable request from alice:
table { table_name: "test_table" } alter_schema_steps { type: ADD_COLUMN add_column { schema { name: "new_column" type: STRING is_nullable: true } } }
I20260812 06:36:53.488691 13259 tablet.cc:1724] T ec41c78db3bc4ea0ac6086ad4df044b7 P 9b3175c4c6c143a68c7bad4a16fe6efd: Alter schema from (
    10:key INT32 NOT NULL,
    11:int_val INT32 NOT NULL,
    PRIMARY KEY (key)
) version 0 to (
    10:key INT32 NOT NULL,
    11:int_val INT32 NOT NULL,
    12:new_column STRING NULLABLE,
    PRIMARY KEY (key)
) version 1
I20260812 06:36:53.489070 13260 tablet.cc:1724] T 4875c588b41a4104aaa10b1f34227c5f P 9b3175c4c6c143a68c7bad4a16fe6efd: Alter schema from (
    10:key INT32 NOT NULL,
    11:int_val INT32 NOT NULL,
    PRIMARY KEY (key)
) version 0 to (
    10:key INT32 NOT NULL,
    11:int_val INT32 NOT NULL,
    12:new_column STRING NULLABLE,
    PRIMARY KEY (key)
) version 1
I20260812 06:36:53.489691 13262 tablet.cc:1724] T 83f45e9d9629417898b1118514097524 P 9b3175c4c6c143a68c7bad4a16fe6efd: Alter schema from (
    10:key INT32 NOT NULL,
    11:int_val INT32 NOT NULL,
    PRIMARY KEY (key)
) version 0 to (
    10:key INT32 NOT NULL,
    11:int_val INT32 NOT NULL,
    12:new_column STRING NULLABLE,
    PRIMARY KEY (key)
) version 1
I20260812 06:36:53.489903 13260 tablet.cc:1622] T 4875c588b41a4104aaa10b1f34227c5f P 9b3175c4c6c143a68c7bad4a16fe6efd: MemRowSet was empty: no flush needed.
I20260812 06:36:53.489913 13259 tablet.cc:1622] T ec41c78db3bc4ea0ac6086ad4df044b7 P 9b3175c4c6c143a68c7bad4a16fe6efd: MemRowSet was empty: no flush needed.
I20260812 06:36:53.490105 13261 tablet.cc:1724] T 347fb35335d246a6b3e17e5683adefe8 P 9b3175c4c6c143a68c7bad4a16fe6efd: Alter schema from (
    10:key INT32 NOT NULL,
    11:int_val INT32 NOT NULL,
    PRIMARY KEY (key)
) version 0 to (
    10:key INT32 NOT NULL,
    11:int_val INT32 NOT NULL,
    12:new_column STRING NULLABLE,
    PRIMARY KEY (key)
) version 1
I20260812 06:36:53.490418 13261 tablet.cc:1622] T 347fb35335d246a6b3e17e5683adefe8 P 9b3175c4c6c143a68c7bad4a16fe6efd: MemRowSet was empty: no flush needed.
I20260812 06:36:53.489969 13262 tablet.cc:1622] T 83f45e9d9629417898b1118514097524 P 9b3175c4c6c143a68c7bad4a16fe6efd: MemRowSet was empty: no flush needed.
I20260812 06:36:53.493119 13261 tablet.cc:1724] T ba6617b1041c4e8ab8c60a973faf1ffa P 9b3175c4c6c143a68c7bad4a16fe6efd: Alter schema from (
    10:key INT32 NOT NULL,
    11:int_val INT32 NOT NULL,
    PRIMARY KEY (key)
) version 0 to (
    10:key INT32 NOT NULL,
    11:int_val INT32 NOT NULL,
    12:new_column STRING NULLABLE,
    PRIMARY KEY (key)
) version 1
I20260812 06:36:53.493438 13261 tablet.cc:1622] T ba6617b1041c4e8ab8c60a973faf1ffa P 9b3175c4c6c143a68c7bad4a16fe6efd: MemRowSet was empty: no flush needed.
I20260812 06:36:53.493654 13262 tablet.cc:1724] T 3c9eb45927af43b7b8f66fd0af81d27e P 9b3175c4c6c143a68c7bad4a16fe6efd: Alter schema from (
    10:key INT32 NOT NULL,
    11:int_val INT32 NOT NULL,
    PRIMARY KEY (key)
) version 0 to (
    10:key INT32 NOT NULL,
    11:int_val INT32 NOT NULL,
    12:new_column STRING NULLABLE,
    PRIMARY KEY (key)
) version 1
I20260812 06:36:53.493752 13259 tablet.cc:1724] T 42a2edb1e2cd402f9aba0bc290694689 P 9b3175c4c6c143a68c7bad4a16fe6efd: Alter schema from (
    10:key INT32 NOT NULL,
    11:int_val INT32 NOT NULL,
    PRIMARY KEY (key)
) version 0 to (
    10:key INT32 NOT NULL,
    11:int_val INT32 NOT NULL,
    12:new_column STRING NULLABLE,
    PRIMARY KEY (key)
) version 1
I20260812 06:36:53.493969 13262 tablet.cc:1622] T 3c9eb45927af43b7b8f66fd0af81d27e P 9b3175c4c6c143a68c7bad4a16fe6efd: MemRowSet was empty: no flush needed.
I20260812 06:36:53.494220 13259 tablet.cc:1622] T 42a2edb1e2cd402f9aba0bc290694689 P 9b3175c4c6c143a68c7bad4a16fe6efd: MemRowSet was empty: no flush needed.
I20260812 06:36:53.495220 13261 tablet.cc:1724] T f956926a405b43c38d91e591e0b40cdc P 9b3175c4c6c143a68c7bad4a16fe6efd: Alter schema from (
    10:key INT32 NOT NULL,
    11:int_val INT32 NOT NULL,
    PRIMARY KEY (key)
) version 0 to (
    10:key INT32 NOT NULL,
    11:int_val INT32 NOT NULL,
    12:new_column STRING NULLABLE,
    PRIMARY KEY (key)
) version 1
I20260812 06:36:53.495524 13261 tablet.cc:1622] T f956926a405b43c38d91e591e0b40cdc P 9b3175c4c6c143a68c7bad4a16fe6efd: MemRowSet was empty: no flush needed.
I20260812 06:36:53.496199 13259 tablet.cc:1724] T a3b5ca3eb84842e7a83fc0baf90e2e26 P 9b3175c4c6c143a68c7bad4a16fe6efd: Alter schema from (
    10:key INT32 NOT NULL,
    11:int_val INT32 NOT NULL,
    PRIMARY KEY (key)
) version 0 to (
    10:key INT32 NOT NULL,
    11:int_val INT32 NOT NULL,
    12:new_column STRING NULLABLE,
    PRIMARY KEY (key)
) version 1
I20260812 06:36:53.496273 13260 tablet.cc:1724] T 67017f872d4a4d8787233918276930c2 P 9b3175c4c6c143a68c7bad4a16fe6efd: Alter schema from (
    10:key INT32 NOT NULL,
    11:int_val INT32 NOT NULL,
    PRIMARY KEY (key)
) version 0 to (
    10:key INT32 NOT NULL,
    11:int_val INT32 NOT NULL,
    12:new_column STRING NULLABLE,
    PRIMARY KEY (key)
) version 1
I20260812 06:36:53.496634 13260 tablet.cc:1622] T 67017f872d4a4d8787233918276930c2 P 9b3175c4c6c143a68c7bad4a16fe6efd: MemRowSet was empty: no flush needed.
I20260812 06:36:53.496644 13259 tablet.cc:1622] T a3b5ca3eb84842e7a83fc0baf90e2e26 P 9b3175c4c6c143a68c7bad4a16fe6efd: MemRowSet was empty: no flush needed.
I20260812 06:36:53.502926 13067 catalog_manager.cc:6264] T 00000000000000000000000000000000 P 2dae1962e67e42979e685b60e510a367: test_table [id=28fe1a3fa50c4d78b5f89825be653bd7] alter complete (version 1)
I20260812 06:36:53.696086 12111 tablet_server.cc:179] TabletServer@127.0.0.1:0 shutting down...
I20260812 06:36:53.700640 12111 ts_tablet_manager.cc:1507] Shutting down tablet manager...
I20260812 06:36:53.701040 12111 tablet_replica.cc:333] T ba6617b1041c4e8ab8c60a973faf1ffa P 9b3175c4c6c143a68c7bad4a16fe6efd: stopping tablet replica
I20260812 06:36:53.701205 12111 raft_consensus.cc:2243] T ba6617b1041c4e8ab8c60a973faf1ffa P 9b3175c4c6c143a68c7bad4a16fe6efd [term 1 LEADER]: Raft consensus shutting down.
I20260812 06:36:53.701393 12111 raft_consensus.cc:2272] T ba6617b1041c4e8ab8c60a973faf1ffa P 9b3175c4c6c143a68c7bad4a16fe6efd [term 1 FOLLOWER]: Raft consensus is shut down!
I20260812 06:36:53.702180 12111 tablet_replica.cc:333] T 67017f872d4a4d8787233918276930c2 P 9b3175c4c6c143a68c7bad4a16fe6efd: stopping tablet replica
I20260812 06:36:53.702299 12111 raft_consensus.cc:2243] T 67017f872d4a4d8787233918276930c2 P 9b3175c4c6c143a68c7bad4a16fe6efd [term 1 LEADER]: Raft consensus shutting down.
I20260812 06:36:53.702431 12111 raft_consensus.cc:2272] T 67017f872d4a4d8787233918276930c2 P 9b3175c4c6c143a68c7bad4a16fe6efd [term 1 FOLLOWER]: Raft consensus is shut down!
I20260812 06:36:53.703090 12111 tablet_replica.cc:333] T 42a2edb1e2cd402f9aba0bc290694689 P 9b3175c4c6c143a68c7bad4a16fe6efd: stopping tablet replica
I20260812 06:36:53.703341 12111 raft_consensus.cc:2243] T 42a2edb1e2cd402f9aba0bc290694689 P 9b3175c4c6c143a68c7bad4a16fe6efd [term 1 LEADER]: Raft consensus shutting down.
I20260812 06:36:53.703472 12111 raft_consensus.cc:2272] T 42a2edb1e2cd402f9aba0bc290694689 P 9b3175c4c6c143a68c7bad4a16fe6efd [term 1 FOLLOWER]: Raft consensus is shut down!
I20260812 06:36:53.704185 12111 tablet_replica.cc:333] T 347fb35335d246a6b3e17e5683adefe8 P 9b3175c4c6c143a68c7bad4a16fe6efd: stopping tablet replica
I20260812 06:36:53.704269 12111 raft_consensus.cc:2243] T 347fb35335d246a6b3e17e5683adefe8 P 9b3175c4c6c143a68c7bad4a16fe6efd [term 1 LEADER]: Raft consensus shutting down.
I20260812 06:36:53.704396 12111 raft_consensus.cc:2272] T 347fb35335d246a6b3e17e5683adefe8 P 9b3175c4c6c143a68c7bad4a16fe6efd [term 1 FOLLOWER]: Raft consensus is shut down!
I20260812 06:36:53.705087 12111 tablet_replica.cc:333] T f956926a405b43c38d91e591e0b40cdc P 9b3175c4c6c143a68c7bad4a16fe6efd: stopping tablet replica
I20260812 06:36:53.705169 12111 raft_consensus.cc:2243] T f956926a405b43c38d91e591e0b40cdc P 9b3175c4c6c143a68c7bad4a16fe6efd [term 1 LEADER]: Raft consensus shutting down.
I20260812 06:36:53.705295 12111 raft_consensus.cc:2272] T f956926a405b43c38d91e591e0b40cdc P 9b3175c4c6c143a68c7bad4a16fe6efd [term 1 FOLLOWER]: Raft consensus is shut down!
I20260812 06:36:53.705878 12111 tablet_replica.cc:333] T 4875c588b41a4104aaa10b1f34227c5f P 9b3175c4c6c143a68c7bad4a16fe6efd: stopping tablet replica
I20260812 06:36:53.706005 12111 raft_consensus.cc:2243] T 4875c588b41a4104aaa10b1f34227c5f P 9b3175c4c6c143a68c7bad4a16fe6efd [term 1 LEADER]: Raft consensus shutting down.
I20260812 06:36:53.706131 12111 raft_consensus.cc:2272] T 4875c588b41a4104aaa10b1f34227c5f P 9b3175c4c6c143a68c7bad4a16fe6efd [term 1 FOLLOWER]: Raft consensus is shut down!
I20260812 06:36:53.706708 12111 tablet_replica.cc:333] T a3b5ca3eb84842e7a83fc0baf90e2e26 P 9b3175c4c6c143a68c7bad4a16fe6efd: stopping tablet replica
I20260812 06:36:53.706817 12111 raft_consensus.cc:2243] T a3b5ca3eb84842e7a83fc0baf90e2e26 P 9b3175c4c6c143a68c7bad4a16fe6efd [term 1 LEADER]: Raft consensus shutting down.
I20260812 06:36:53.706920 12111 raft_consensus.cc:2272] T a3b5ca3eb84842e7a83fc0baf90e2e26 P 9b3175c4c6c143a68c7bad4a16fe6efd [term 1 FOLLOWER]: Raft consensus is shut down!
I20260812 06:36:53.707466 12111 tablet_replica.cc:333] T 3c9eb45927af43b7b8f66fd0af81d27e P 9b3175c4c6c143a68c7bad4a16fe6efd: stopping tablet replica
I20260812 06:36:53.707568 12111 raft_consensus.cc:2243] T 3c9eb45927af43b7b8f66fd0af81d27e P 9b3175c4c6c143a68c7bad4a16fe6efd [term 1 LEADER]: Raft consensus shutting down.
I20260812 06:36:53.707669 12111 raft_consensus.cc:2272] T 3c9eb45927af43b7b8f66fd0af81d27e P 9b3175c4c6c143a68c7bad4a16fe6efd [term 1 FOLLOWER]: Raft consensus is shut down!
I20260812 06:36:53.708180 12111 tablet_replica.cc:333] T ec41c78db3bc4ea0ac6086ad4df044b7 P 9b3175c4c6c143a68c7bad4a16fe6efd: stopping tablet replica
I20260812 06:36:53.708277 12111 raft_consensus.cc:2243] T ec41c78db3bc4ea0ac6086ad4df044b7 P 9b3175c4c6c143a68c7bad4a16fe6efd [term 1 LEADER]: Raft consensus shutting down.
I20260812 06:36:53.708384 12111 raft_consensus.cc:2272] T ec41c78db3bc4ea0ac6086ad4df044b7 P 9b3175c4c6c143a68c7bad4a16fe6efd [term 1 FOLLOWER]: Raft consensus is shut down!
I20260812 06:36:53.708910 12111 tablet_replica.cc:333] T 83f45e9d9629417898b1118514097524 P 9b3175c4c6c143a68c7bad4a16fe6efd: stopping tablet replica
I20260812 06:36:53.708987 12111 raft_consensus.cc:2243] T 83f45e9d9629417898b1118514097524 P 9b3175c4c6c143a68c7bad4a16fe6efd [term 1 LEADER]: Raft consensus shutting down.
I20260812 06:36:53.709105 12111 raft_consensus.cc:2272] T 83f45e9d9629417898b1118514097524 P 9b3175c4c6c143a68c7bad4a16fe6efd [term 1 FOLLOWER]: Raft consensus is shut down!
I20260812 06:36:53.724092 12111 tablet_server.cc:196] TabletServer@127.0.0.1:0 shutdown complete.
I20260812 06:36:53.727569 12111 master.cc:562] Master@127.0.0.1:32997 shutting down...
I20260812 06:36:53.732102 12111 raft_consensus.cc:2243] T 00000000000000000000000000000000 P 2dae1962e67e42979e685b60e510a367 [term 1 LEADER]: Raft consensus shutting down.
I20260812 06:36:53.732307 12111 raft_consensus.cc:2272] T 00000000000000000000000000000000 P 2dae1962e67e42979e685b60e510a367 [term 1 FOLLOWER]: Raft consensus is shut down!
I20260812 06:36:53.732460 12111 tablet_replica.cc:333] T 00000000000000000000000000000000 P 2dae1962e67e42979e685b60e510a367: stopping tablet replica
I20260812 06:36:53.745911 12111 master.cc:584] Master@127.0.0.1:32997 shutdown complete.
[       OK ] SpnegoRestCatalogTest.TestAlterTableWithUser (2721 ms)
[ RUN      ] SpnegoRestCatalogTest.TestInvalidHeaders
Loading random data
Initializing database '/tmp/dist-test-task4Q3MwC/test-tmp/spnego_rest_catalog-test.0.SpnegoRestCatalogTest.TestInvalidHeaders.1786516600860065-12111-0/krb5kdc/principal' for realm 'KRBTEST.COM',
master key name 'K/M@KRBTEST.COM'
Aug 12 06:36:53 dist-test-slave-2w3w krb5kdc[13265](info): setting up network...
krb5kdc: setsockopt(10,IPV6_V6ONLY,1) worked
Aug 12 06:36:53 dist-test-slave-2w3w krb5kdc[13265](info): set up 2 sockets
Aug 12 06:36:53 dist-test-slave-2w3w krb5kdc[13265](info): commencing operation
krb5kdc: starting...
W20260812 06:36:55.858628 12111 mini_kdc.cc:121] Time spent starting KDC: real 2.104s	user 0.004s	sys 0.010s
WARNING: no policy specified for HTTP/127.0.0.1@KRBTEST.COM; defaulting to no policy
Authenticating as principal slave/admin@KRBTEST.COM with password.
Principal "HTTP/127.0.0.1@KRBTEST.COM" created.
Authenticating as principal slave/admin@KRBTEST.COM with password.
Entry for principal HTTP/127.0.0.1 with kvno 2, encryption type aes256-cts-hmac-sha1-96 added to keytab WRFILE:/tmp/dist-test-task4Q3MwC/test-tmp/spnego_rest_catalog-test.0.SpnegoRestCatalogTest.TestInvalidHeaders.1786516600860065-12111-0/krb5kdc/spnego.dedicated.keytab.
Entry for principal HTTP/127.0.0.1 with kvno 2, encryption type aes128-cts-hmac-sha1-96 added to keytab WRFILE:/tmp/dist-test-task4Q3MwC/test-tmp/spnego_rest_catalog-test.0.SpnegoRestCatalogTest.TestInvalidHeaders.1786516600860065-12111-0/krb5kdc/spnego.dedicated.keytab.
WARNING: no policy specified for alice@KRBTEST.COM; defaulting to no policy
Authenticating as principal slave/admin@KRBTEST.COM with password.
Principal "alice@KRBTEST.COM" created.
I20260812 06:36:55.916118 12111 internal_mini_cluster.cc:156] Creating distributed mini masters. Addrs: 127.0.0.1:39965
I20260812 06:36:55.916666 12111 file_cache.cc:504] Constructed file cache file cache with capacity 419430
W20260812 06:36:55.919178 13275 instance_detector.cc:116] could not retrieve Azure instance metadata: Network error: curl error: HTTP response code said error: The requested URL returned error: 404
W20260812 06:36:55.919178 13274 instance_detector.cc:116] could not retrieve AWS instance metadata: Network error: curl error: HTTP response code said error: The requested URL returned error: 404
I20260812 06:36:55.919255 12111 server_base.cc:1061] running on GCE node
W20260812 06:36:55.919262 13277 instance_detector.cc:116] could not retrieve OpenStack instance metadata: Network error: curl error: HTTP response code said error: The requested URL returned error: 404
I20260812 06:36:55.919697 12111 hybrid_clock.cc:584] initializing the hybrid clock with 'system_unsync' time source
W20260812 06:36:55.919746 12111 system_unsync_time.cc:38] NTP support is disabled. Clock error bounds will not be accurate. This configuration is not suitable for distributed clusters.
I20260812 06:36:55.919762 12111 hybrid_clock.cc:648] HybridClock initialized: now 1786516615919762 us; error 0 us; skew 500 ppm
I20260812 06:36:55.920750 12111 webserver.cc:533] Webserver started at http://127.0.0.1:41981/ using document root <none> and password file <none>
I20260812 06:36:55.920948 12111 fs_manager.cc:362] Metadata directory not provided
I20260812 06:36:55.921021 12111 fs_manager.cc:368] Using write-ahead log directory (fs_wal_dir) as metadata directory
I20260812 06:36:55.921100 12111 server_base.cc:909] This appears to be a new deployment of Kudu; creating new FS layout
I20260812 06:36:55.921564 12111 fs_manager.cc:1068] Generated new instance metadata in path /tmp/dist-test-task4Q3MwC/test-tmp/spnego_rest_catalog-test.0.SpnegoRestCatalogTest.TestInvalidHeaders.1786516600860065-12111-0/minicluster-data/master-0-root/instance:
uuid: "3a85ef786e934611984da31915b6cf08"
format_stamp: "Formatted at 2026-08-12 06:36:55 on dist-test-slave-2w3w"
I20260812 06:36:55.923341 12111 fs_manager.cc:696] Time spent creating directory manager: real 0.002s	user 0.001s	sys 0.001s
I20260812 06:36:55.924517 13283 log_block_manager.cc:4127] Time spent loading block containers with low live blocks: real 0.000s	user 0.000s	sys 0.000s
I20260812 06:36:55.924799 12111 fs_manager.cc:730] Time spent opening block manager: real 0.001s	user 0.001s	sys 0.000s
I20260812 06:36:55.924906 12111 fs_manager.cc:647] Opened local filesystem: /tmp/dist-test-task4Q3MwC/test-tmp/spnego_rest_catalog-test.0.SpnegoRestCatalogTest.TestInvalidHeaders.1786516600860065-12111-0/minicluster-data/master-0-root
uuid: "3a85ef786e934611984da31915b6cf08"
format_stamp: "Formatted at 2026-08-12 06:36:55 on dist-test-slave-2w3w"
I20260812 06:36:55.925004 12111 fs_report.cc:389] FS layout report
--------------------
wal directory: /tmp/dist-test-task4Q3MwC/test-tmp/spnego_rest_catalog-test.0.SpnegoRestCatalogTest.TestInvalidHeaders.1786516600860065-12111-0/minicluster-data/master-0-root
metadata directory: /tmp/dist-test-task4Q3MwC/test-tmp/spnego_rest_catalog-test.0.SpnegoRestCatalogTest.TestInvalidHeaders.1786516600860065-12111-0/minicluster-data/master-0-root
1 data directories: /tmp/dist-test-task4Q3MwC/test-tmp/spnego_rest_catalog-test.0.SpnegoRestCatalogTest.TestInvalidHeaders.1786516600860065-12111-0/minicluster-data/master-0-root/data
Total live blocks: 0
Total live bytes: 0
Total live bytes (after alignment): 0
Total number of LBM containers: 0 (0 full)
Did not check for missing blocks
Did not check for orphaned blocks
Total full LBM containers with extra space: 0 (0 repaired)
Total full LBM container extra space in bytes: 0 (0 repaired)
Total incomplete LBM containers: 0 (0 repaired)
Total LBM partial records: 0 (0 repaired)
Total corrupted LBM metadata records in RocksDB: 0 (0 repaired)
I20260812 06:36:55.944815 12111 rpc_server.cc:225] running with OpenSSL 1.1.1  11 Sep 2018
I20260812 06:36:55.945317 12111 kserver.cc:163] Server-wide thread pool size limit: 3276
I20260812 06:36:55.950614 12111 rpc_server.cc:307] RPC server started. Bound to: 127.0.0.1:39965
I20260812 06:36:55.952898 13343 acceptor_pool.cc:272] collecting diagnostics on the listening RPC socket 127.0.0.1:39965 every 8 connection(s)
I20260812 06:36:55.953420 13344 data_dirs.cc:400] Could only allocate 1 dirs of requested 3 for tablet 00000000000000000000000000000000. 1 dirs total, 0 dirs full, 0 dirs failed
I20260812 06:36:55.955441 13344 tablet_bootstrap.cc:492] T 00000000000000000000000000000000 P 3a85ef786e934611984da31915b6cf08: Bootstrap starting.
I20260812 06:36:55.956336 13344 tablet_bootstrap.cc:654] T 00000000000000000000000000000000 P 3a85ef786e934611984da31915b6cf08: Neither blocks nor log segments found. Creating new log.
I20260812 06:36:55.957492 13344 tablet_bootstrap.cc:492] T 00000000000000000000000000000000 P 3a85ef786e934611984da31915b6cf08: No bootstrap required, opened a new log
I20260812 06:36:55.957952 13344 raft_consensus.cc:359] T 00000000000000000000000000000000 P 3a85ef786e934611984da31915b6cf08 [term 0 FOLLOWER]: Replica starting. Triggering 0 pending ops. Active config: opid_index: -1 OBSOLETE_local: true peers { permanent_uuid: "3a85ef786e934611984da31915b6cf08" member_type: VOTER }
I20260812 06:36:55.958050 13344 raft_consensus.cc:385] T 00000000000000000000000000000000 P 3a85ef786e934611984da31915b6cf08 [term 0 FOLLOWER]: Consensus starting up: Expiring failure detector timer to make a prompt election more likely
I20260812 06:36:55.958072 13344 raft_consensus.cc:740] T 00000000000000000000000000000000 P 3a85ef786e934611984da31915b6cf08 [term 0 FOLLOWER]: Becoming Follower/Learner. State: Replica: 3a85ef786e934611984da31915b6cf08, State: Initialized, Role: FOLLOWER
I20260812 06:36:55.958236 13344 consensus_queue.cc:260] T 00000000000000000000000000000000 P 3a85ef786e934611984da31915b6cf08 [NON_LEADER]: Queue going to NON_LEADER mode. State: All replicated index: 0, Majority replicated index: 0, Committed index: 0, Last appended: 0.0, Last appended by leader: 0, Current term: 0, Majority size: -1, State: 0, Mode: NON_LEADER, active raft config: opid_index: -1 OBSOLETE_local: true peers { permanent_uuid: "3a85ef786e934611984da31915b6cf08" member_type: VOTER }
I20260812 06:36:55.958321 13344 raft_consensus.cc:399] T 00000000000000000000000000000000 P 3a85ef786e934611984da31915b6cf08 [term 0 FOLLOWER]: Only one voter in the Raft config. Triggering election immediately
I20260812 06:36:55.958360 13344 raft_consensus.cc:493] T 00000000000000000000000000000000 P 3a85ef786e934611984da31915b6cf08 [term 0 FOLLOWER]: Starting leader election (initial election of a single-replica configuration)
I20260812 06:36:55.958395 13344 raft_consensus.cc:3060] T 00000000000000000000000000000000 P 3a85ef786e934611984da31915b6cf08 [term 0 FOLLOWER]: Advancing to term 1
I20260812 06:36:55.959296 13344 raft_consensus.cc:515] T 00000000000000000000000000000000 P 3a85ef786e934611984da31915b6cf08 [term 1 FOLLOWER]: Starting leader election with config: opid_index: -1 OBSOLETE_local: true peers { permanent_uuid: "3a85ef786e934611984da31915b6cf08" member_type: VOTER }
I20260812 06:36:55.959429 13344 leader_election.cc:304] T 00000000000000000000000000000000 P 3a85ef786e934611984da31915b6cf08 [CANDIDATE]: Term 1 election: Election decided. Result: candidate won. Election summary: received 1 responses out of 1 voters: 1 yes votes; 0 no votes. yes voters: 3a85ef786e934611984da31915b6cf08; no voters: 
I20260812 06:36:55.959686 13344 leader_election.cc:290] T 00000000000000000000000000000000 P 3a85ef786e934611984da31915b6cf08 [CANDIDATE]: Term 1 election: Requested vote from peers 
I20260812 06:36:55.959889 13347 raft_consensus.cc:2804] T 00000000000000000000000000000000 P 3a85ef786e934611984da31915b6cf08 [term 1 FOLLOWER]: Leader election won for term 1
I20260812 06:36:55.960140 13347 raft_consensus.cc:697] T 00000000000000000000000000000000 P 3a85ef786e934611984da31915b6cf08 [term 1 LEADER]: Becoming Leader. State: Replica: 3a85ef786e934611984da31915b6cf08, State: Running, Role: LEADER
I20260812 06:36:55.960148 13344 sys_catalog.cc:565] T 00000000000000000000000000000000 P 3a85ef786e934611984da31915b6cf08 [sys.catalog]: configured and running, proceeding with master startup.
I20260812 06:36:55.960354 13347 consensus_queue.cc:237] T 00000000000000000000000000000000 P 3a85ef786e934611984da31915b6cf08 [LEADER]: Queue going to LEADER mode. State: All replicated index: 0, Majority replicated index: 0, Committed index: 0, Last appended: 0.0, Last appended by leader: 0, Current term: 1, Majority size: 1, State: 0, Mode: LEADER, active raft config: opid_index: -1 OBSOLETE_local: true peers { permanent_uuid: "3a85ef786e934611984da31915b6cf08" member_type: VOTER }
I20260812 06:36:55.960927 13349 sys_catalog.cc:455] T 00000000000000000000000000000000 P 3a85ef786e934611984da31915b6cf08 [sys.catalog]: SysCatalogTable state changed. Reason: New leader 3a85ef786e934611984da31915b6cf08. Latest consensus state: current_term: 1 leader_uuid: "3a85ef786e934611984da31915b6cf08" committed_config { opid_index: -1 OBSOLETE_local: true peers { permanent_uuid: "3a85ef786e934611984da31915b6cf08" member_type: VOTER } }
I20260812 06:36:55.961024 13349 sys_catalog.cc:458] T 00000000000000000000000000000000 P 3a85ef786e934611984da31915b6cf08 [sys.catalog]: This master's current role is: LEADER
I20260812 06:36:55.961131 13348 sys_catalog.cc:455] T 00000000000000000000000000000000 P 3a85ef786e934611984da31915b6cf08 [sys.catalog]: SysCatalogTable state changed. Reason: RaftConsensus started. Latest consensus state: current_term: 1 leader_uuid: "3a85ef786e934611984da31915b6cf08" committed_config { opid_index: -1 OBSOLETE_local: true peers { permanent_uuid: "3a85ef786e934611984da31915b6cf08" member_type: VOTER } }
I20260812 06:36:55.961297 13348 sys_catalog.cc:458] T 00000000000000000000000000000000 P 3a85ef786e934611984da31915b6cf08 [sys.catalog]: This master's current role is: LEADER
I20260812 06:36:55.961596 13353 catalog_manager.cc:1511] Loading table and tablet metadata into memory...
I20260812 06:36:55.962282 13353 catalog_manager.cc:1520] Initializing Kudu cluster ID...
I20260812 06:36:55.962558 12111 internal_mini_cluster.cc:184] Waiting to initialize catalog manager on master 0
I20260812 06:36:55.964555 13353 catalog_manager.cc:1383] Generated new cluster ID: 9a6bb840df6d4471bd2a4bd365f5725d
I20260812 06:36:55.964689 13353 catalog_manager.cc:1531] Initializing Kudu internal certificate authority...
I20260812 06:36:55.979882 13353 catalog_manager.cc:1406] Generated new certificate authority record
I20260812 06:36:55.980496 13353 catalog_manager.cc:1540] Loading token signing keys...
I20260812 06:36:55.985713 13353 catalog_manager.cc:6092] T 00000000000000000000000000000000 P 3a85ef786e934611984da31915b6cf08: Generated new TSK 0
I20260812 06:36:55.985895 13353 catalog_manager.cc:1550] Initializing in-progress tserver states...
I20260812 06:36:55.995334 12111 file_cache.cc:504] Constructed file cache file cache with capacity 419430
W20260812 06:36:55.997529 13367 instance_detector.cc:116] could not retrieve Azure instance metadata: Network error: curl error: HTTP response code said error: The requested URL returned error: 404
W20260812 06:36:55.997532 13369 instance_detector.cc:116] could not retrieve OpenStack instance metadata: Network error: curl error: HTTP response code said error: The requested URL returned error: 404
I20260812 06:36:55.997682 12111 server_base.cc:1061] running on GCE node
W20260812 06:36:55.997711 13366 instance_detector.cc:116] could not retrieve AWS instance metadata: Network error: curl error: HTTP response code said error: The requested URL returned error: 404
I20260812 06:36:55.998128 12111 hybrid_clock.cc:584] initializing the hybrid clock with 'system_unsync' time source
W20260812 06:36:55.998180 12111 system_unsync_time.cc:38] NTP support is disabled. Clock error bounds will not be accurate. This configuration is not suitable for distributed clusters.
I20260812 06:36:55.998198 12111 hybrid_clock.cc:648] HybridClock initialized: now 1786516615998197 us; error 0 us; skew 500 ppm
I20260812 06:36:55.999293 12111 webserver.cc:533] Webserver started at http://127.0.0.1:38073/ using document root <none> and password file <none>
I20260812 06:36:55.999437 12111 fs_manager.cc:362] Metadata directory not provided
I20260812 06:36:55.999482 12111 fs_manager.cc:368] Using write-ahead log directory (fs_wal_dir) as metadata directory
I20260812 06:36:55.999537 12111 server_base.cc:909] This appears to be a new deployment of Kudu; creating new FS layout
I20260812 06:36:55.999903 12111 fs_manager.cc:1068] Generated new instance metadata in path /tmp/dist-test-task4Q3MwC/test-tmp/spnego_rest_catalog-test.0.SpnegoRestCatalogTest.TestInvalidHeaders.1786516600860065-12111-0/minicluster-data/ts-0-root/instance:
uuid: "7c1637cccf51483b8f1d3b27948d31e4"
format_stamp: "Formatted at 2026-08-12 06:36:55 on dist-test-slave-2w3w"
I20260812 06:36:56.001466 12111 fs_manager.cc:696] Time spent creating directory manager: real 0.001s	user 0.000s	sys 0.002s
I20260812 06:36:56.002434 13374 log_block_manager.cc:4127] Time spent loading block containers with low live blocks: real 0.000s	user 0.000s	sys 0.000s
I20260812 06:36:56.002781 12111 fs_manager.cc:730] Time spent opening block manager: real 0.001s	user 0.000s	sys 0.001s
I20260812 06:36:56.002846 12111 fs_manager.cc:647] Opened local filesystem: /tmp/dist-test-task4Q3MwC/test-tmp/spnego_rest_catalog-test.0.SpnegoRestCatalogTest.TestInvalidHeaders.1786516600860065-12111-0/minicluster-data/ts-0-root
uuid: "7c1637cccf51483b8f1d3b27948d31e4"
format_stamp: "Formatted at 2026-08-12 06:36:55 on dist-test-slave-2w3w"
I20260812 06:36:56.002916 12111 fs_report.cc:389] FS layout report
--------------------
wal directory: /tmp/dist-test-task4Q3MwC/test-tmp/spnego_rest_catalog-test.0.SpnegoRestCatalogTest.TestInvalidHeaders.1786516600860065-12111-0/minicluster-data/ts-0-root
metadata directory: /tmp/dist-test-task4Q3MwC/test-tmp/spnego_rest_catalog-test.0.SpnegoRestCatalogTest.TestInvalidHeaders.1786516600860065-12111-0/minicluster-data/ts-0-root
1 data directories: /tmp/dist-test-task4Q3MwC/test-tmp/spnego_rest_catalog-test.0.SpnegoRestCatalogTest.TestInvalidHeaders.1786516600860065-12111-0/minicluster-data/ts-0-root/data
Total live blocks: 0
Total live bytes: 0
Total live bytes (after alignment): 0
Total number of LBM containers: 0 (0 full)
Did not check for missing blocks
Did not check for orphaned blocks
Total full LBM containers with extra space: 0 (0 repaired)
Total full LBM container extra space in bytes: 0 (0 repaired)
Total incomplete LBM containers: 0 (0 repaired)
Total LBM partial records: 0 (0 repaired)
Total corrupted LBM metadata records in RocksDB: 0 (0 repaired)
I20260812 06:36:56.013278 12111 rpc_server.cc:225] running with OpenSSL 1.1.1  11 Sep 2018
I20260812 06:36:56.013803 12111 kserver.cc:163] Server-wide thread pool size limit: 3276
I20260812 06:36:56.014137 12111 txn_system_client.cc:432] TxnSystemClient initialization is disabled...
I20260812 06:36:56.014650 12111 ts_tablet_manager.cc:585] Loaded tablet metadata (0 total tablets, 0 live tablets)
I20260812 06:36:56.014712 12111 ts_tablet_manager.cc:531] Time spent load tablet metadata: real 0.000s	user 0.000s	sys 0.000s
I20260812 06:36:56.014825 12111 ts_tablet_manager.cc:616] Registered 0 tablets
I20260812 06:36:56.014878 12111 ts_tablet_manager.cc:595] Time spent register tablets: real 0.000s	user 0.000s	sys 0.000s
I20260812 06:36:56.019940 12111 rpc_server.cc:307] RPC server started. Bound to: 127.0.0.1:37359
I20260812 06:36:56.019966 13446 acceptor_pool.cc:272] collecting diagnostics on the listening RPC socket 127.0.0.1:37359 every 8 connection(s)
I20260812 06:36:56.025442 13447 heartbeater.cc:344] Connected to a master server at 127.0.0.1:39965
I20260812 06:36:56.025579 13447 heartbeater.cc:461] Registering TS with master...
I20260812 06:36:56.025831 13447 heartbeater.cc:507] Master 127.0.0.1:39965 requested a full tablet report, sending...
I20260812 06:36:56.026660 13303 ts_manager.cc:194] Registered new tserver with Master: 7c1637cccf51483b8f1d3b27948d31e4 (127.0.0.1:37359)
I20260812 06:36:56.027175 12111 internal_mini_cluster.cc:371] 1 TS(s) registered with all masters after 0.006749797s
I20260812 06:36:56.027724 13303 master_service.cc:502] Signed X509 certificate for tserver {username='slave'} at 127.0.0.1:42924
I20260812 06:36:56.035797 13303 catalog_manager.cc:2283] Servicing CreateTable request from {username='slave'} at 127.0.0.1:42930:
name: "test_table"
schema {
  columns {
    name: "key"
    type: INT32
    is_key: true
    is_nullable: false
    encoding: AUTO_ENCODING
    compression: DEFAULT_COMPRESSION
    cfile_block_size: 0
    immutable: false
  }
  columns {
    name: "int_val"
    type: INT32
    is_key: false
    is_nullable: false
    encoding: AUTO_ENCODING
    compression: DEFAULT_COMPRESSION
    cfile_block_size: 0
    immutable: false
  }
}
num_replicas: 1
split_rows_range_bounds {
  rows: "\004\001d\000\000\000\004\001\310\000\000\000\004\001,\001\000\000\004\001\220\001\000\000\004\001\364\001\000\000\004\001X\002\000\000\004\001\274\002\000\000\004\001 \003\000\000\004\001\204\003\000\000""\004\001d\000\000\000\004\001\310\000\000\000\004\001,\001\000\000\004\001\220\001\000\000\004\001\364\001\000\000\004\001X\002\000\000\004\001\274\002\000\000\004\001 \003\000\000\004\001\204\003\000\000"
  indirect_data: """"
}
partition_schema {
  range_schema {
    columns {
      name: "key"
    }
  }
}
I20260812 06:36:56.048630 13404 tablet_service.cc:1511] Processing CreateTablet for tablet dfd9ade76d7c456d9f813db22ac240cd (DEFAULT_TABLE table=test_table [id=903af78d3eaa4627990681136f03b5f7]), partition=RANGE (key) PARTITION VALUES < 100
I20260812 06:36:56.048630 13403 tablet_service.cc:1511] Processing CreateTablet for tablet 468d8d4a72994d2589ba6a2ce5509ebe (DEFAULT_TABLE table=test_table [id=903af78d3eaa4627990681136f03b5f7]), partition=RANGE (key) PARTITION 100 <= VALUES < 200
I20260812 06:36:56.049113 13403 data_dirs.cc:400] Could only allocate 1 dirs of requested 3 for tablet 468d8d4a72994d2589ba6a2ce5509ebe. 1 dirs total, 0 dirs full, 0 dirs failed
I20260812 06:36:56.049353 13404 data_dirs.cc:400] Could only allocate 1 dirs of requested 3 for tablet dfd9ade76d7c456d9f813db22ac240cd. 1 dirs total, 0 dirs full, 0 dirs failed
I20260812 06:36:56.049291 13395 tablet_service.cc:1511] Processing CreateTablet for tablet e60aa9371ceb4e8a9f77676afb61746f (DEFAULT_TABLE table=test_table [id=903af78d3eaa4627990681136f03b5f7]), partition=RANGE (key) PARTITION 900 <= VALUES
I20260812 06:36:56.049604 13396 tablet_service.cc:1511] Processing CreateTablet for tablet 0594f9303b694067997248486e2f9161 (DEFAULT_TABLE table=test_table [id=903af78d3eaa4627990681136f03b5f7]), partition=RANGE (key) PARTITION 800 <= VALUES < 900
I20260812 06:36:56.049706 13395 data_dirs.cc:400] Could only allocate 1 dirs of requested 3 for tablet e60aa9371ceb4e8a9f77676afb61746f. 1 dirs total, 0 dirs full, 0 dirs failed
I20260812 06:36:56.049842 13396 data_dirs.cc:400] Could only allocate 1 dirs of requested 3 for tablet 0594f9303b694067997248486e2f9161. 1 dirs total, 0 dirs full, 0 dirs failed
I20260812 06:36:56.052011 13460 tablet_bootstrap.cc:492] T dfd9ade76d7c456d9f813db22ac240cd P 7c1637cccf51483b8f1d3b27948d31e4: Bootstrap starting.
I20260812 06:36:56.052026 13397 tablet_service.cc:1511] Processing CreateTablet for tablet 5ed6371c44764d7bb3ac58efb3695259 (DEFAULT_TABLE table=test_table [id=903af78d3eaa4627990681136f03b5f7]), partition=RANGE (key) PARTITION 700 <= VALUES < 800
I20260812 06:36:56.052371 13397 data_dirs.cc:400] Could only allocate 1 dirs of requested 3 for tablet 5ed6371c44764d7bb3ac58efb3695259. 1 dirs total, 0 dirs full, 0 dirs failed
I20260812 06:36:56.053089 13460 tablet_bootstrap.cc:654] T dfd9ade76d7c456d9f813db22ac240cd P 7c1637cccf51483b8f1d3b27948d31e4: Neither blocks nor log segments found. Creating new log.
I20260812 06:36:56.054388 13460 tablet_bootstrap.cc:492] T dfd9ade76d7c456d9f813db22ac240cd P 7c1637cccf51483b8f1d3b27948d31e4: No bootstrap required, opened a new log
I20260812 06:36:56.054390 13398 tablet_service.cc:1511] Processing CreateTablet for tablet 1b80ae45455f4ea7b5c6b717ab66c55e (DEFAULT_TABLE table=test_table [id=903af78d3eaa4627990681136f03b5f7]), partition=RANGE (key) PARTITION 600 <= VALUES < 700
I20260812 06:36:56.054553 13460 ts_tablet_manager.cc:1403] T dfd9ade76d7c456d9f813db22ac240cd P 7c1637cccf51483b8f1d3b27948d31e4: Time spent bootstrapping tablet: real 0.003s	user 0.002s	sys 0.000s
I20260812 06:36:56.054715 13398 data_dirs.cc:400] Could only allocate 1 dirs of requested 3 for tablet 1b80ae45455f4ea7b5c6b717ab66c55e. 1 dirs total, 0 dirs full, 0 dirs failed
I20260812 06:36:56.055183 13460 raft_consensus.cc:359] T dfd9ade76d7c456d9f813db22ac240cd P 7c1637cccf51483b8f1d3b27948d31e4 [term 0 FOLLOWER]: Replica starting. Triggering 0 pending ops. Active config: opid_index: -1 OBSOLETE_local: true peers { permanent_uuid: "7c1637cccf51483b8f1d3b27948d31e4" member_type: VOTER last_known_addr { host: "127.0.0.1" port: 37359 } }
I20260812 06:36:56.055276 13460 raft_consensus.cc:385] T dfd9ade76d7c456d9f813db22ac240cd P 7c1637cccf51483b8f1d3b27948d31e4 [term 0 FOLLOWER]: Consensus starting up: Expiring failure detector timer to make a prompt election more likely
I20260812 06:36:56.055299 13460 raft_consensus.cc:740] T dfd9ade76d7c456d9f813db22ac240cd P 7c1637cccf51483b8f1d3b27948d31e4 [term 0 FOLLOWER]: Becoming Follower/Learner. State: Replica: 7c1637cccf51483b8f1d3b27948d31e4, State: Initialized, Role: FOLLOWER
I20260812 06:36:56.055235 13402 tablet_service.cc:1511] Processing CreateTablet for tablet 8c951b7d6d1e445db60e79a664e4210f (DEFAULT_TABLE table=test_table [id=903af78d3eaa4627990681136f03b5f7]), partition=RANGE (key) PARTITION 200 <= VALUES < 300
I20260812 06:36:56.055459 13460 consensus_queue.cc:260] T dfd9ade76d7c456d9f813db22ac240cd P 7c1637cccf51483b8f1d3b27948d31e4 [NON_LEADER]: Queue going to NON_LEADER mode. State: All replicated index: 0, Majority replicated index: 0, Committed index: 0, Last appended: 0.0, Last appended by leader: 0, Current term: 0, Majority size: -1, State: 0, Mode: NON_LEADER, active raft config: opid_index: -1 OBSOLETE_local: true peers { permanent_uuid: "7c1637cccf51483b8f1d3b27948d31e4" member_type: VOTER last_known_addr { host: "127.0.0.1" port: 37359 } }
I20260812 06:36:56.055490 13401 tablet_service.cc:1511] Processing CreateTablet for tablet 2a1aebe384e74cacbe035928195375c6 (DEFAULT_TABLE table=test_table [id=903af78d3eaa4627990681136f03b5f7]), partition=RANGE (key) PARTITION 300 <= VALUES < 400
I20260812 06:36:56.055549 13402 data_dirs.cc:400] Could only allocate 1 dirs of requested 3 for tablet 8c951b7d6d1e445db60e79a664e4210f. 1 dirs total, 0 dirs full, 0 dirs failed
I20260812 06:36:56.055558 13460 raft_consensus.cc:399] T dfd9ade76d7c456d9f813db22ac240cd P 7c1637cccf51483b8f1d3b27948d31e4 [term 0 FOLLOWER]: Only one voter in the Raft config. Triggering election immediately
I20260812 06:36:56.055630 13460 raft_consensus.cc:493] T dfd9ade76d7c456d9f813db22ac240cd P 7c1637cccf51483b8f1d3b27948d31e4 [term 0 FOLLOWER]: Starting leader election (initial election of a single-replica configuration)
