I20260713 09:12:19.256650  6171 ts_tablet_manager.cc:1403] T 6dec80e6912f477e93d8bfaf6338e642 P 1aaa143f5ed34a54a8de186ee38db1c2: Time spent bootstrapping tablet: real 0.055s	user 0.006s	sys 0.006s
I20260713 09:12:19.257592  6172 tablet_bootstrap.cc:654] T fe67911855b14fffa25e163136cff772 P a759e41b496a4498aa424d8ce94bb680: Neither blocks nor log segments found. Creating new log.
I20260713 09:12:19.267946  6171 raft_consensus.cc:359] T 6dec80e6912f477e93d8bfaf6338e642 P 1aaa143f5ed34a54a8de186ee38db1c2 [term 0 FOLLOWER]: Replica starting. Triggering 0 pending ops. Active config: opid_index: -1 OBSOLETE_local: false peers { permanent_uuid: "1aaa143f5ed34a54a8de186ee38db1c2" member_type: VOTER last_known_addr { host: "127.5.180.193" port: 32857 } } peers { permanent_uuid: "a759e41b496a4498aa424d8ce94bb680" member_type: VOTER last_known_addr { host: "127.5.180.194" port: 37813 } } peers { permanent_uuid: "81be7dba5cc746ecace2e2fdcaf503d6" member_type: VOTER last_known_addr { host: "127.5.180.195" port: 33989 } }
I20260713 09:12:19.268702  6171 raft_consensus.cc:385] T 6dec80e6912f477e93d8bfaf6338e642 P 1aaa143f5ed34a54a8de186ee38db1c2 [term 0 FOLLOWER]: Consensus starting up: Expiring failure detector timer to make a prompt election more likely
I20260713 09:12:19.268990  6171 raft_consensus.cc:740] T 6dec80e6912f477e93d8bfaf6338e642 P 1aaa143f5ed34a54a8de186ee38db1c2 [term 0 FOLLOWER]: Becoming Follower/Learner. State: Replica: 1aaa143f5ed34a54a8de186ee38db1c2, State: Initialized, Role: FOLLOWER
I20260713 09:12:19.269714  6171 consensus_queue.cc:260] T 6dec80e6912f477e93d8bfaf6338e642 P 1aaa143f5ed34a54a8de186ee38db1c2 [NON_LEADER]: Queue going to NON_LEADER mode. State: All replicated index: 0, Majority replicated index: 0, Committed index: 0, Last appended: 0.0, Last appended by leader: 0, Current term: 0, Majority size: -1, State: 0, Mode: NON_LEADER, active raft config: opid_index: -1 OBSOLETE_local: false peers { permanent_uuid: "1aaa143f5ed34a54a8de186ee38db1c2" member_type: VOTER last_known_addr { host: "127.5.180.193" port: 32857 } } peers { permanent_uuid: "a759e41b496a4498aa424d8ce94bb680" member_type: VOTER last_known_addr { host: "127.5.180.194" port: 37813 } } peers { permanent_uuid: "81be7dba5cc746ecace2e2fdcaf503d6" member_type: VOTER last_known_addr { host: "127.5.180.195" port: 33989 } }
I20260713 09:12:19.271983  6171 ts_tablet_manager.cc:1434] T 6dec80e6912f477e93d8bfaf6338e642 P 1aaa143f5ed34a54a8de186ee38db1c2: Time spent starting tablet: real 0.015s	user 0.000s	sys 0.006s
I20260713 09:12:19.272828  6171 tablet_bootstrap.cc:492] T c45ca26f3e0844f5a9f2a6a62db025e1 P 1aaa143f5ed34a54a8de186ee38db1c2: Bootstrap starting.
W20260713 09:12:19.278597  6080 tablet.cc:2406] T 6dec80e6912f477e93d8bfaf6338e642 P a759e41b496a4498aa424d8ce94bb680: Can't schedule compaction. Clean time has not been advanced past its initial value.
I20260713 09:12:19.278993  6171 tablet_bootstrap.cc:654] T c45ca26f3e0844f5a9f2a6a62db025e1 P 1aaa143f5ed34a54a8de186ee38db1c2: Neither blocks nor log segments found. Creating new log.
I20260713 09:12:19.279727  6172 tablet_bootstrap.cc:492] T fe67911855b14fffa25e163136cff772 P a759e41b496a4498aa424d8ce94bb680: No bootstrap required, opened a new log
I20260713 09:12:19.280079  6172 ts_tablet_manager.cc:1403] T fe67911855b14fffa25e163136cff772 P a759e41b496a4498aa424d8ce94bb680: Time spent bootstrapping tablet: real 0.029s	user 0.017s	sys 0.008s
I20260713 09:12:19.282389  6172 raft_consensus.cc:359] T fe67911855b14fffa25e163136cff772 P a759e41b496a4498aa424d8ce94bb680 [term 0 FOLLOWER]: Replica starting. Triggering 0 pending ops. Active config: opid_index: -1 OBSOLETE_local: false peers { permanent_uuid: "1aaa143f5ed34a54a8de186ee38db1c2" member_type: VOTER last_known_addr { host: "127.5.180.193" port: 32857 } } peers { permanent_uuid: "a759e41b496a4498aa424d8ce94bb680" member_type: VOTER last_known_addr { host: "127.5.180.194" port: 37813 } } peers { permanent_uuid: "81be7dba5cc746ecace2e2fdcaf503d6" member_type: VOTER last_known_addr { host: "127.5.180.195" port: 33989 } }
I20260713 09:12:19.282974  6174 tablet_bootstrap.cc:492] T f9bacf6d447d4b24bfc393b3c49b820c P 81be7dba5cc746ecace2e2fdcaf503d6: No bootstrap required, opened a new log
I20260713 09:12:19.283079  6172 raft_consensus.cc:385] T fe67911855b14fffa25e163136cff772 P a759e41b496a4498aa424d8ce94bb680 [term 0 FOLLOWER]: Consensus starting up: Expiring failure detector timer to make a prompt election more likely
I20260713 09:12:19.283440  6174 ts_tablet_manager.cc:1403] T f9bacf6d447d4b24bfc393b3c49b820c P 81be7dba5cc746ecace2e2fdcaf503d6: Time spent bootstrapping tablet: real 0.073s	user 0.015s	sys 0.008s
I20260713 09:12:19.283432  6172 raft_consensus.cc:740] T fe67911855b14fffa25e163136cff772 P a759e41b496a4498aa424d8ce94bb680 [term 0 FOLLOWER]: Becoming Follower/Learner. State: Replica: a759e41b496a4498aa424d8ce94bb680, State: Initialized, Role: FOLLOWER
I20260713 09:12:19.284279  6172 consensus_queue.cc:260] T fe67911855b14fffa25e163136cff772 P a759e41b496a4498aa424d8ce94bb680 [NON_LEADER]: Queue going to NON_LEADER mode. State: All replicated index: 0, Majority replicated index: 0, Committed index: 0, Last appended: 0.0, Last appended by leader: 0, Current term: 0, Majority size: -1, State: 0, Mode: NON_LEADER, active raft config: opid_index: -1 OBSOLETE_local: false peers { permanent_uuid: "1aaa143f5ed34a54a8de186ee38db1c2" member_type: VOTER last_known_addr { host: "127.5.180.193" port: 32857 } } peers { permanent_uuid: "a759e41b496a4498aa424d8ce94bb680" member_type: VOTER last_known_addr { host: "127.5.180.194" port: 37813 } } peers { permanent_uuid: "81be7dba5cc746ecace2e2fdcaf503d6" member_type: VOTER last_known_addr { host: "127.5.180.195" port: 33989 } }
I20260713 09:12:19.286280  6172 ts_tablet_manager.cc:1434] T fe67911855b14fffa25e163136cff772 P a759e41b496a4498aa424d8ce94bb680: Time spent starting tablet: real 0.006s	user 0.007s	sys 0.000s
I20260713 09:12:19.287181  6172 tablet_bootstrap.cc:492] T ae07b69cc6b84ea09649c16b262d4a6d P a759e41b496a4498aa424d8ce94bb680: Bootstrap starting.
I20260713 09:12:19.287012  6174 raft_consensus.cc:359] T f9bacf6d447d4b24bfc393b3c49b820c P 81be7dba5cc746ecace2e2fdcaf503d6 [term 0 FOLLOWER]: Replica starting. Triggering 0 pending ops. Active config: opid_index: -1 OBSOLETE_local: false peers { permanent_uuid: "1aaa143f5ed34a54a8de186ee38db1c2" member_type: VOTER last_known_addr { host: "127.5.180.193" port: 32857 } } peers { permanent_uuid: "a759e41b496a4498aa424d8ce94bb680" member_type: VOTER last_known_addr { host: "127.5.180.194" port: 37813 } } peers { permanent_uuid: "81be7dba5cc746ecace2e2fdcaf503d6" member_type: VOTER last_known_addr { host: "127.5.180.195" port: 33989 } }
I20260713 09:12:19.287725  6174 raft_consensus.cc:385] T f9bacf6d447d4b24bfc393b3c49b820c P 81be7dba5cc746ecace2e2fdcaf503d6 [term 0 FOLLOWER]: Consensus starting up: Expiring failure detector timer to make a prompt election more likely
I20260713 09:12:19.288021  6174 raft_consensus.cc:740] T f9bacf6d447d4b24bfc393b3c49b820c P 81be7dba5cc746ecace2e2fdcaf503d6 [term 0 FOLLOWER]: Becoming Follower/Learner. State: Replica: 81be7dba5cc746ecace2e2fdcaf503d6, State: Initialized, Role: FOLLOWER
I20260713 09:12:19.288681  6174 consensus_queue.cc:260] T f9bacf6d447d4b24bfc393b3c49b820c P 81be7dba5cc746ecace2e2fdcaf503d6 [NON_LEADER]: Queue going to NON_LEADER mode. State: All replicated index: 0, Majority replicated index: 0, Committed index: 0, Last appended: 0.0, Last appended by leader: 0, Current term: 0, Majority size: -1, State: 0, Mode: NON_LEADER, active raft config: opid_index: -1 OBSOLETE_local: false peers { permanent_uuid: "1aaa143f5ed34a54a8de186ee38db1c2" member_type: VOTER last_known_addr { host: "127.5.180.193" port: 32857 } } peers { permanent_uuid: "a759e41b496a4498aa424d8ce94bb680" member_type: VOTER last_known_addr { host: "127.5.180.194" port: 37813 } } peers { permanent_uuid: "81be7dba5cc746ecace2e2fdcaf503d6" member_type: VOTER last_known_addr { host: "127.5.180.195" port: 33989 } }
I20260713 09:12:19.293460  6172 tablet_bootstrap.cc:654] T ae07b69cc6b84ea09649c16b262d4a6d P a759e41b496a4498aa424d8ce94bb680: Neither blocks nor log segments found. Creating new log.
I20260713 09:12:19.295979  6171 tablet_bootstrap.cc:492] T c45ca26f3e0844f5a9f2a6a62db025e1 P 1aaa143f5ed34a54a8de186ee38db1c2: No bootstrap required, opened a new log
I20260713 09:12:19.296373  6171 ts_tablet_manager.cc:1403] T c45ca26f3e0844f5a9f2a6a62db025e1 P 1aaa143f5ed34a54a8de186ee38db1c2: Time spent bootstrapping tablet: real 0.024s	user 0.007s	sys 0.006s
I20260713 09:12:19.298986  6171 raft_consensus.cc:359] T c45ca26f3e0844f5a9f2a6a62db025e1 P 1aaa143f5ed34a54a8de186ee38db1c2 [term 0 FOLLOWER]: Replica starting. Triggering 0 pending ops. Active config: opid_index: -1 OBSOLETE_local: false peers { permanent_uuid: "1aaa143f5ed34a54a8de186ee38db1c2" member_type: VOTER last_known_addr { host: "127.5.180.193" port: 32857 } } peers { permanent_uuid: "a759e41b496a4498aa424d8ce94bb680" member_type: VOTER last_known_addr { host: "127.5.180.194" port: 37813 } } peers { permanent_uuid: "81be7dba5cc746ecace2e2fdcaf503d6" member_type: VOTER last_known_addr { host: "127.5.180.195" port: 33989 } }
I20260713 09:12:19.299671  6171 raft_consensus.cc:385] T c45ca26f3e0844f5a9f2a6a62db025e1 P 1aaa143f5ed34a54a8de186ee38db1c2 [term 0 FOLLOWER]: Consensus starting up: Expiring failure detector timer to make a prompt election more likely
I20260713 09:12:19.299959  6171 raft_consensus.cc:740] T c45ca26f3e0844f5a9f2a6a62db025e1 P 1aaa143f5ed34a54a8de186ee38db1c2 [term 0 FOLLOWER]: Becoming Follower/Learner. State: Replica: 1aaa143f5ed34a54a8de186ee38db1c2, State: Initialized, Role: FOLLOWER
I20260713 09:12:19.300654  6171 consensus_queue.cc:260] T c45ca26f3e0844f5a9f2a6a62db025e1 P 1aaa143f5ed34a54a8de186ee38db1c2 [NON_LEADER]: Queue going to NON_LEADER mode. State: All replicated index: 0, Majority replicated index: 0, Committed index: 0, Last appended: 0.0, Last appended by leader: 0, Current term: 0, Majority size: -1, State: 0, Mode: NON_LEADER, active raft config: opid_index: -1 OBSOLETE_local: false peers { permanent_uuid: "1aaa143f5ed34a54a8de186ee38db1c2" member_type: VOTER last_known_addr { host: "127.5.180.193" port: 32857 } } peers { permanent_uuid: "a759e41b496a4498aa424d8ce94bb680" member_type: VOTER last_known_addr { host: "127.5.180.194" port: 37813 } } peers { permanent_uuid: "81be7dba5cc746ecace2e2fdcaf503d6" member_type: VOTER last_known_addr { host: "127.5.180.195" port: 33989 } }
I20260713 09:12:19.301867  6153 heartbeater.cc:499] Master 127.5.180.254:33935 was elected leader, sending a full tablet report...
I20260713 09:12:19.303244  6171 ts_tablet_manager.cc:1434] T c45ca26f3e0844f5a9f2a6a62db025e1 P 1aaa143f5ed34a54a8de186ee38db1c2: Time spent starting tablet: real 0.007s	user 0.005s	sys 0.000s
I20260713 09:12:19.304172  6171 tablet_bootstrap.cc:492] T fa24070bd5a94a9e9bd898370ff6a3ce P 1aaa143f5ed34a54a8de186ee38db1c2: Bootstrap starting.
I20260713 09:12:19.310310  6171 tablet_bootstrap.cc:654] T fa24070bd5a94a9e9bd898370ff6a3ce P 1aaa143f5ed34a54a8de186ee38db1c2: Neither blocks nor log segments found. Creating new log.
I20260713 09:12:19.310608  6174 ts_tablet_manager.cc:1434] T f9bacf6d447d4b24bfc393b3c49b820c P 81be7dba5cc746ecace2e2fdcaf503d6: Time spent starting tablet: real 0.027s	user 0.005s	sys 0.004s
I20260713 09:12:19.315512  6174 tablet_bootstrap.cc:492] T fe67911855b14fffa25e163136cff772 P 81be7dba5cc746ecace2e2fdcaf503d6: Bootstrap starting.
I20260713 09:12:19.321913  6171 tablet_bootstrap.cc:492] T fa24070bd5a94a9e9bd898370ff6a3ce P 1aaa143f5ed34a54a8de186ee38db1c2: No bootstrap required, opened a new log
I20260713 09:12:19.322377  6171 ts_tablet_manager.cc:1403] T fa24070bd5a94a9e9bd898370ff6a3ce P 1aaa143f5ed34a54a8de186ee38db1c2: Time spent bootstrapping tablet: real 0.018s	user 0.013s	sys 0.004s
I20260713 09:12:19.325066  6171 raft_consensus.cc:359] T fa24070bd5a94a9e9bd898370ff6a3ce P 1aaa143f5ed34a54a8de186ee38db1c2 [term 0 FOLLOWER]: Replica starting. Triggering 0 pending ops. Active config: opid_index: -1 OBSOLETE_local: false peers { permanent_uuid: "1aaa143f5ed34a54a8de186ee38db1c2" member_type: VOTER last_known_addr { host: "127.5.180.193" port: 32857 } } peers { permanent_uuid: "a759e41b496a4498aa424d8ce94bb680" member_type: VOTER last_known_addr { host: "127.5.180.194" port: 37813 } } peers { permanent_uuid: "81be7dba5cc746ecace2e2fdcaf503d6" member_type: VOTER last_known_addr { host: "127.5.180.195" port: 33989 } }
I20260713 09:12:19.325892  6171 raft_consensus.cc:385] T fa24070bd5a94a9e9bd898370ff6a3ce P 1aaa143f5ed34a54a8de186ee38db1c2 [term 0 FOLLOWER]: Consensus starting up: Expiring failure detector timer to make a prompt election more likely
I20260713 09:12:19.326180  6171 raft_consensus.cc:740] T fa24070bd5a94a9e9bd898370ff6a3ce P 1aaa143f5ed34a54a8de186ee38db1c2 [term 0 FOLLOWER]: Becoming Follower/Learner. State: Replica: 1aaa143f5ed34a54a8de186ee38db1c2, State: Initialized, Role: FOLLOWER
I20260713 09:12:19.326838  6171 consensus_queue.cc:260] T fa24070bd5a94a9e9bd898370ff6a3ce P 1aaa143f5ed34a54a8de186ee38db1c2 [NON_LEADER]: Queue going to NON_LEADER mode. State: All replicated index: 0, Majority replicated index: 0, Committed index: 0, Last appended: 0.0, Last appended by leader: 0, Current term: 0, Majority size: -1, State: 0, Mode: NON_LEADER, active raft config: opid_index: -1 OBSOLETE_local: false peers { permanent_uuid: "1aaa143f5ed34a54a8de186ee38db1c2" member_type: VOTER last_known_addr { host: "127.5.180.193" port: 32857 } } peers { permanent_uuid: "a759e41b496a4498aa424d8ce94bb680" member_type: VOTER last_known_addr { host: "127.5.180.194" port: 37813 } } peers { permanent_uuid: "81be7dba5cc746ecace2e2fdcaf503d6" member_type: VOTER last_known_addr { host: "127.5.180.195" port: 33989 } }
I20260713 09:12:19.328902  6172 tablet_bootstrap.cc:492] T ae07b69cc6b84ea09649c16b262d4a6d P a759e41b496a4498aa424d8ce94bb680: No bootstrap required, opened a new log
I20260713 09:12:19.329121  6171 ts_tablet_manager.cc:1434] T fa24070bd5a94a9e9bd898370ff6a3ce P 1aaa143f5ed34a54a8de186ee38db1c2: Time spent starting tablet: real 0.006s	user 0.004s	sys 0.002s
I20260713 09:12:19.329327  6172 ts_tablet_manager.cc:1403] T ae07b69cc6b84ea09649c16b262d4a6d P a759e41b496a4498aa424d8ce94bb680: Time spent bootstrapping tablet: real 0.042s	user 0.010s	sys 0.018s
I20260713 09:12:19.330053  6171 tablet_bootstrap.cc:492] T ae07b69cc6b84ea09649c16b262d4a6d P 1aaa143f5ed34a54a8de186ee38db1c2: Bootstrap starting.
I20260713 09:12:19.332849  6172 raft_consensus.cc:359] T ae07b69cc6b84ea09649c16b262d4a6d P a759e41b496a4498aa424d8ce94bb680 [term 0 FOLLOWER]: Replica starting. Triggering 0 pending ops. Active config: opid_index: -1 OBSOLETE_local: false peers { permanent_uuid: "1aaa143f5ed34a54a8de186ee38db1c2" member_type: VOTER last_known_addr { host: "127.5.180.193" port: 32857 } } peers { permanent_uuid: "a759e41b496a4498aa424d8ce94bb680" member_type: VOTER last_known_addr { host: "127.5.180.194" port: 37813 } } peers { permanent_uuid: "81be7dba5cc746ecace2e2fdcaf503d6" member_type: VOTER last_known_addr { host: "127.5.180.195" port: 33989 } }
I20260713 09:12:19.333847  6172 raft_consensus.cc:385] T ae07b69cc6b84ea09649c16b262d4a6d P a759e41b496a4498aa424d8ce94bb680 [term 0 FOLLOWER]: Consensus starting up: Expiring failure detector timer to make a prompt election more likely
I20260713 09:12:19.334179  6172 raft_consensus.cc:740] T ae07b69cc6b84ea09649c16b262d4a6d P a759e41b496a4498aa424d8ce94bb680 [term 0 FOLLOWER]: Becoming Follower/Learner. State: Replica: a759e41b496a4498aa424d8ce94bb680, State: Initialized, Role: FOLLOWER
I20260713 09:12:19.334933  6172 consensus_queue.cc:260] T ae07b69cc6b84ea09649c16b262d4a6d P a759e41b496a4498aa424d8ce94bb680 [NON_LEADER]: Queue going to NON_LEADER mode. State: All replicated index: 0, Majority replicated index: 0, Committed index: 0, Last appended: 0.0, Last appended by leader: 0, Current term: 0, Majority size: -1, State: 0, Mode: NON_LEADER, active raft config: opid_index: -1 OBSOLETE_local: false peers { permanent_uuid: "1aaa143f5ed34a54a8de186ee38db1c2" member_type: VOTER last_known_addr { host: "127.5.180.193" port: 32857 } } peers { permanent_uuid: "a759e41b496a4498aa424d8ce94bb680" member_type: VOTER last_known_addr { host: "127.5.180.194" port: 37813 } } peers { permanent_uuid: "81be7dba5cc746ecace2e2fdcaf503d6" member_type: VOTER last_known_addr { host: "127.5.180.195" port: 33989 } }
I20260713 09:12:19.336769  6171 tablet_bootstrap.cc:654] T ae07b69cc6b84ea09649c16b262d4a6d P 1aaa143f5ed34a54a8de186ee38db1c2: Neither blocks nor log segments found. Creating new log.
I20260713 09:12:19.337121  6172 ts_tablet_manager.cc:1434] T ae07b69cc6b84ea09649c16b262d4a6d P a759e41b496a4498aa424d8ce94bb680: Time spent starting tablet: real 0.007s	user 0.007s	sys 0.000s
I20260713 09:12:19.338167  6172 tablet_bootstrap.cc:492] T c45ca26f3e0844f5a9f2a6a62db025e1 P a759e41b496a4498aa424d8ce94bb680: Bootstrap starting.
I20260713 09:12:19.344062  6172 tablet_bootstrap.cc:654] T c45ca26f3e0844f5a9f2a6a62db025e1 P a759e41b496a4498aa424d8ce94bb680: Neither blocks nor log segments found. Creating new log.
I20260713 09:12:19.347726  6171 tablet_bootstrap.cc:492] T ae07b69cc6b84ea09649c16b262d4a6d P 1aaa143f5ed34a54a8de186ee38db1c2: No bootstrap required, opened a new log
I20260713 09:12:19.348161  6171 ts_tablet_manager.cc:1403] T ae07b69cc6b84ea09649c16b262d4a6d P 1aaa143f5ed34a54a8de186ee38db1c2: Time spent bootstrapping tablet: real 0.018s	user 0.015s	sys 0.000s
I20260713 09:12:19.350859  6171 raft_consensus.cc:359] T ae07b69cc6b84ea09649c16b262d4a6d P 1aaa143f5ed34a54a8de186ee38db1c2 [term 0 FOLLOWER]: Replica starting. Triggering 0 pending ops. Active config: opid_index: -1 OBSOLETE_local: false peers { permanent_uuid: "1aaa143f5ed34a54a8de186ee38db1c2" member_type: VOTER last_known_addr { host: "127.5.180.193" port: 32857 } } peers { permanent_uuid: "a759e41b496a4498aa424d8ce94bb680" member_type: VOTER last_known_addr { host: "127.5.180.194" port: 37813 } } peers { permanent_uuid: "81be7dba5cc746ecace2e2fdcaf503d6" member_type: VOTER last_known_addr { host: "127.5.180.195" port: 33989 } }
I20260713 09:12:19.351557  6171 raft_consensus.cc:385] T ae07b69cc6b84ea09649c16b262d4a6d P 1aaa143f5ed34a54a8de186ee38db1c2 [term 0 FOLLOWER]: Consensus starting up: Expiring failure detector timer to make a prompt election more likely
I20260713 09:12:19.351831  6171 raft_consensus.cc:740] T ae07b69cc6b84ea09649c16b262d4a6d P 1aaa143f5ed34a54a8de186ee38db1c2 [term 0 FOLLOWER]: Becoming Follower/Learner. State: Replica: 1aaa143f5ed34a54a8de186ee38db1c2, State: Initialized, Role: FOLLOWER
I20260713 09:12:19.352499  6171 consensus_queue.cc:260] T ae07b69cc6b84ea09649c16b262d4a6d P 1aaa143f5ed34a54a8de186ee38db1c2 [NON_LEADER]: Queue going to NON_LEADER mode. State: All replicated index: 0, Majority replicated index: 0, Committed index: 0, Last appended: 0.0, Last appended by leader: 0, Current term: 0, Majority size: -1, State: 0, Mode: NON_LEADER, active raft config: opid_index: -1 OBSOLETE_local: false peers { permanent_uuid: "1aaa143f5ed34a54a8de186ee38db1c2" member_type: VOTER last_known_addr { host: "127.5.180.193" port: 32857 } } peers { permanent_uuid: "a759e41b496a4498aa424d8ce94bb680" member_type: VOTER last_known_addr { host: "127.5.180.194" port: 37813 } } peers { permanent_uuid: "81be7dba5cc746ecace2e2fdcaf503d6" member_type: VOTER last_known_addr { host: "127.5.180.195" port: 33989 } }
I20260713 09:12:19.354905  6171 ts_tablet_manager.cc:1434] T ae07b69cc6b84ea09649c16b262d4a6d P 1aaa143f5ed34a54a8de186ee38db1c2: Time spent starting tablet: real 0.006s	user 0.007s	sys 0.000s
I20260713 09:12:19.355723  6171 tablet_bootstrap.cc:492] T 7fc8f4da076545f59b8d0cf6e3dba169 P 1aaa143f5ed34a54a8de186ee38db1c2: Bootstrap starting.
I20260713 09:12:19.361960  6171 tablet_bootstrap.cc:654] T 7fc8f4da076545f59b8d0cf6e3dba169 P 1aaa143f5ed34a54a8de186ee38db1c2: Neither blocks nor log segments found. Creating new log.
I20260713 09:12:19.363214  6172 tablet_bootstrap.cc:492] T c45ca26f3e0844f5a9f2a6a62db025e1 P a759e41b496a4498aa424d8ce94bb680: No bootstrap required, opened a new log
I20260713 09:12:19.363672  6172 ts_tablet_manager.cc:1403] T c45ca26f3e0844f5a9f2a6a62db025e1 P a759e41b496a4498aa424d8ce94bb680: Time spent bootstrapping tablet: real 0.026s	user 0.013s	sys 0.007s
I20260713 09:12:19.366389  6172 raft_consensus.cc:359] T c45ca26f3e0844f5a9f2a6a62db025e1 P a759e41b496a4498aa424d8ce94bb680 [term 0 FOLLOWER]: Replica starting. Triggering 0 pending ops. Active config: opid_index: -1 OBSOLETE_local: false peers { permanent_uuid: "1aaa143f5ed34a54a8de186ee38db1c2" member_type: VOTER last_known_addr { host: "127.5.180.193" port: 32857 } } peers { permanent_uuid: "a759e41b496a4498aa424d8ce94bb680" member_type: VOTER last_known_addr { host: "127.5.180.194" port: 37813 } } peers { permanent_uuid: "81be7dba5cc746ecace2e2fdcaf503d6" member_type: VOTER last_known_addr { host: "127.5.180.195" port: 33989 } }
I20260713 09:12:19.367054  6172 raft_consensus.cc:385] T c45ca26f3e0844f5a9f2a6a62db025e1 P a759e41b496a4498aa424d8ce94bb680 [term 0 FOLLOWER]: Consensus starting up: Expiring failure detector timer to make a prompt election more likely
I20260713 09:12:19.367240  6175 raft_consensus.cc:493] T c45ca26f3e0844f5a9f2a6a62db025e1 P 1aaa143f5ed34a54a8de186ee38db1c2 [term 0 FOLLOWER]: Starting pre-election (no leader contacted us within the election timeout)
I20260713 09:12:19.367388  6172 raft_consensus.cc:740] T c45ca26f3e0844f5a9f2a6a62db025e1 P a759e41b496a4498aa424d8ce94bb680 [term 0 FOLLOWER]: Becoming Follower/Learner. State: Replica: a759e41b496a4498aa424d8ce94bb680, State: Initialized, Role: FOLLOWER
I20260713 09:12:19.367149  6174 tablet_bootstrap.cc:654] T fe67911855b14fffa25e163136cff772 P 81be7dba5cc746ecace2e2fdcaf503d6: Neither blocks nor log segments found. Creating new log.
I20260713 09:12:19.367743  6175 raft_consensus.cc:515] T c45ca26f3e0844f5a9f2a6a62db025e1 P 1aaa143f5ed34a54a8de186ee38db1c2 [term 0 FOLLOWER]: Starting pre-election with config: opid_index: -1 OBSOLETE_local: false peers { permanent_uuid: "1aaa143f5ed34a54a8de186ee38db1c2" member_type: VOTER last_known_addr { host: "127.5.180.193" port: 32857 } } peers { permanent_uuid: "a759e41b496a4498aa424d8ce94bb680" member_type: VOTER last_known_addr { host: "127.5.180.194" port: 37813 } } peers { permanent_uuid: "81be7dba5cc746ecace2e2fdcaf503d6" member_type: VOTER last_known_addr { host: "127.5.180.195" port: 33989 } }
I20260713 09:12:19.368141  6172 consensus_queue.cc:260] T c45ca26f3e0844f5a9f2a6a62db025e1 P a759e41b496a4498aa424d8ce94bb680 [NON_LEADER]: Queue going to NON_LEADER mode. State: All replicated index: 0, Majority replicated index: 0, Committed index: 0, Last appended: 0.0, Last appended by leader: 0, Current term: 0, Majority size: -1, State: 0, Mode: NON_LEADER, active raft config: opid_index: -1 OBSOLETE_local: false peers { permanent_uuid: "1aaa143f5ed34a54a8de186ee38db1c2" member_type: VOTER last_known_addr { host: "127.5.180.193" port: 32857 } } peers { permanent_uuid: "a759e41b496a4498aa424d8ce94bb680" member_type: VOTER last_known_addr { host: "127.5.180.194" port: 37813 } } peers { permanent_uuid: "81be7dba5cc746ecace2e2fdcaf503d6" member_type: VOTER last_known_addr { host: "127.5.180.195" port: 33989 } }
I20260713 09:12:19.370602  6175 leader_election.cc:290] T c45ca26f3e0844f5a9f2a6a62db025e1 P 1aaa143f5ed34a54a8de186ee38db1c2 [CANDIDATE]: Term 1 pre-election: Requested pre-vote from peers a759e41b496a4498aa424d8ce94bb680 (127.5.180.194:37813), 81be7dba5cc746ecace2e2fdcaf503d6 (127.5.180.195:33989)
I20260713 09:12:19.371191  6172 ts_tablet_manager.cc:1434] T c45ca26f3e0844f5a9f2a6a62db025e1 P a759e41b496a4498aa424d8ce94bb680: Time spent starting tablet: real 0.007s	user 0.007s	sys 0.000s
I20260713 09:12:19.372102  6172 tablet_bootstrap.cc:492] T f9bacf6d447d4b24bfc393b3c49b820c P a759e41b496a4498aa424d8ce94bb680: Bootstrap starting.
I20260713 09:12:19.377095  6171 tablet_bootstrap.cc:492] T 7fc8f4da076545f59b8d0cf6e3dba169 P 1aaa143f5ed34a54a8de186ee38db1c2: No bootstrap required, opened a new log
I20260713 09:12:19.377602  6171 ts_tablet_manager.cc:1403] T 7fc8f4da076545f59b8d0cf6e3dba169 P 1aaa143f5ed34a54a8de186ee38db1c2: Time spent bootstrapping tablet: real 0.022s	user 0.009s	sys 0.008s
I20260713 09:12:19.378383  6172 tablet_bootstrap.cc:654] T f9bacf6d447d4b24bfc393b3c49b820c P a759e41b496a4498aa424d8ce94bb680: Neither blocks nor log segments found. Creating new log.
I20260713 09:12:19.380232  6171 raft_consensus.cc:359] T 7fc8f4da076545f59b8d0cf6e3dba169 P 1aaa143f5ed34a54a8de186ee38db1c2 [term 0 FOLLOWER]: Replica starting. Triggering 0 pending ops. Active config: opid_index: -1 OBSOLETE_local: false peers { permanent_uuid: "1aaa143f5ed34a54a8de186ee38db1c2" member_type: VOTER last_known_addr { host: "127.5.180.193" port: 32857 } } peers { permanent_uuid: "a759e41b496a4498aa424d8ce94bb680" member_type: VOTER last_known_addr { host: "127.5.180.194" port: 37813 } } peers { permanent_uuid: "81be7dba5cc746ecace2e2fdcaf503d6" member_type: VOTER last_known_addr { host: "127.5.180.195" port: 33989 } }
I20260713 09:12:19.380944  6171 raft_consensus.cc:385] T 7fc8f4da076545f59b8d0cf6e3dba169 P 1aaa143f5ed34a54a8de186ee38db1c2 [term 0 FOLLOWER]: Consensus starting up: Expiring failure detector timer to make a prompt election more likely
I20260713 09:12:19.381234  6171 raft_consensus.cc:740] T 7fc8f4da076545f59b8d0cf6e3dba169 P 1aaa143f5ed34a54a8de186ee38db1c2 [term 0 FOLLOWER]: Becoming Follower/Learner. State: Replica: 1aaa143f5ed34a54a8de186ee38db1c2, State: Initialized, Role: FOLLOWER
I20260713 09:12:19.381946  6171 consensus_queue.cc:260] T 7fc8f4da076545f59b8d0cf6e3dba169 P 1aaa143f5ed34a54a8de186ee38db1c2 [NON_LEADER]: Queue going to NON_LEADER mode. State: All replicated index: 0, Majority replicated index: 0, Committed index: 0, Last appended: 0.0, Last appended by leader: 0, Current term: 0, Majority size: -1, State: 0, Mode: NON_LEADER, active raft config: opid_index: -1 OBSOLETE_local: false peers { permanent_uuid: "1aaa143f5ed34a54a8de186ee38db1c2" member_type: VOTER last_known_addr { host: "127.5.180.193" port: 32857 } } peers { permanent_uuid: "a759e41b496a4498aa424d8ce94bb680" member_type: VOTER last_known_addr { host: "127.5.180.194" port: 37813 } } peers { permanent_uuid: "81be7dba5cc746ecace2e2fdcaf503d6" member_type: VOTER last_known_addr { host: "127.5.180.195" port: 33989 } }
I20260713 09:12:19.384388  6171 ts_tablet_manager.cc:1434] T 7fc8f4da076545f59b8d0cf6e3dba169 P 1aaa143f5ed34a54a8de186ee38db1c2: Time spent starting tablet: real 0.006s	user 0.005s	sys 0.000s
I20260713 09:12:19.385308  6171 tablet_bootstrap.cc:492] T 064c32f5cf5b4c3c95e684c6b9441139 P 1aaa143f5ed34a54a8de186ee38db1c2: Bootstrap starting.
I20260713 09:12:19.391573  6171 tablet_bootstrap.cc:654] T 064c32f5cf5b4c3c95e684c6b9441139 P 1aaa143f5ed34a54a8de186ee38db1c2: Neither blocks nor log segments found. Creating new log.
I20260713 09:12:19.400643  6177 raft_consensus.cc:493] T ae07b69cc6b84ea09649c16b262d4a6d P a759e41b496a4498aa424d8ce94bb680 [term 0 FOLLOWER]: Starting pre-election (no leader contacted us within the election timeout)
I20260713 09:12:19.401245  6177 raft_consensus.cc:515] T ae07b69cc6b84ea09649c16b262d4a6d P a759e41b496a4498aa424d8ce94bb680 [term 0 FOLLOWER]: Starting pre-election with config: opid_index: -1 OBSOLETE_local: false peers { permanent_uuid: "1aaa143f5ed34a54a8de186ee38db1c2" member_type: VOTER last_known_addr { host: "127.5.180.193" port: 32857 } } peers { permanent_uuid: "a759e41b496a4498aa424d8ce94bb680" member_type: VOTER last_known_addr { host: "127.5.180.194" port: 37813 } } peers { permanent_uuid: "81be7dba5cc746ecace2e2fdcaf503d6" member_type: VOTER last_known_addr { host: "127.5.180.195" port: 33989 } }
I20260713 09:12:19.403020  6171 tablet_bootstrap.cc:492] T 064c32f5cf5b4c3c95e684c6b9441139 P 1aaa143f5ed34a54a8de186ee38db1c2: No bootstrap required, opened a new log
I20260713 09:12:19.403476  6171 ts_tablet_manager.cc:1403] T 064c32f5cf5b4c3c95e684c6b9441139 P 1aaa143f5ed34a54a8de186ee38db1c2: Time spent bootstrapping tablet: real 0.018s	user 0.012s	sys 0.004s
I20260713 09:12:19.403892  6177 leader_election.cc:290] T ae07b69cc6b84ea09649c16b262d4a6d P a759e41b496a4498aa424d8ce94bb680 [CANDIDATE]: Term 1 pre-election: Requested pre-vote from peers 1aaa143f5ed34a54a8de186ee38db1c2 (127.5.180.193:32857), 81be7dba5cc746ecace2e2fdcaf503d6 (127.5.180.195:33989)
I20260713 09:12:19.406435  6171 raft_consensus.cc:359] T 064c32f5cf5b4c3c95e684c6b9441139 P 1aaa143f5ed34a54a8de186ee38db1c2 [term 0 FOLLOWER]: Replica starting. Triggering 0 pending ops. Active config: opid_index: -1 OBSOLETE_local: false peers { permanent_uuid: "1aaa143f5ed34a54a8de186ee38db1c2" member_type: VOTER last_known_addr { host: "127.5.180.193" port: 32857 } } peers { permanent_uuid: "a759e41b496a4498aa424d8ce94bb680" member_type: VOTER last_known_addr { host: "127.5.180.194" port: 37813 } } peers { permanent_uuid: "81be7dba5cc746ecace2e2fdcaf503d6" member_type: VOTER last_known_addr { host: "127.5.180.195" port: 33989 } }
I20260713 09:12:19.407155  6171 raft_consensus.cc:385] T 064c32f5cf5b4c3c95e684c6b9441139 P 1aaa143f5ed34a54a8de186ee38db1c2 [term 0 FOLLOWER]: Consensus starting up: Expiring failure detector timer to make a prompt election more likely
I20260713 09:12:19.407449  6171 raft_consensus.cc:740] T 064c32f5cf5b4c3c95e684c6b9441139 P 1aaa143f5ed34a54a8de186ee38db1c2 [term 0 FOLLOWER]: Becoming Follower/Learner. State: Replica: 1aaa143f5ed34a54a8de186ee38db1c2, State: Initialized, Role: FOLLOWER
I20260713 09:12:19.408178  6171 consensus_queue.cc:260] T 064c32f5cf5b4c3c95e684c6b9441139 P 1aaa143f5ed34a54a8de186ee38db1c2 [NON_LEADER]: Queue going to NON_LEADER mode. State: All replicated index: 0, Majority replicated index: 0, Committed index: 0, Last appended: 0.0, Last appended by leader: 0, Current term: 0, Majority size: -1, State: 0, Mode: NON_LEADER, active raft config: opid_index: -1 OBSOLETE_local: false peers { permanent_uuid: "1aaa143f5ed34a54a8de186ee38db1c2" member_type: VOTER last_known_addr { host: "127.5.180.193" port: 32857 } } peers { permanent_uuid: "a759e41b496a4498aa424d8ce94bb680" member_type: VOTER last_known_addr { host: "127.5.180.194" port: 37813 } } peers { permanent_uuid: "81be7dba5cc746ecace2e2fdcaf503d6" member_type: VOTER last_known_addr { host: "127.5.180.195" port: 33989 } }
I20260713 09:12:19.410311  6171 ts_tablet_manager.cc:1434] T 064c32f5cf5b4c3c95e684c6b9441139 P 1aaa143f5ed34a54a8de186ee38db1c2: Time spent starting tablet: real 0.007s	user 0.008s	sys 0.000s
I20260713 09:12:19.411229  6171 tablet_bootstrap.cc:492] T 5ba88d218fea4fdc931595f0dfd31f55 P 1aaa143f5ed34a54a8de186ee38db1c2: Bootstrap starting.
I20260713 09:12:19.411586  6172 tablet_bootstrap.cc:492] T f9bacf6d447d4b24bfc393b3c49b820c P a759e41b496a4498aa424d8ce94bb680: No bootstrap required, opened a new log
I20260713 09:12:19.412083  6172 ts_tablet_manager.cc:1403] T f9bacf6d447d4b24bfc393b3c49b820c P a759e41b496a4498aa424d8ce94bb680: Time spent bootstrapping tablet: real 0.040s	user 0.009s	sys 0.017s
I20260713 09:12:19.414984  6172 raft_consensus.cc:359] T f9bacf6d447d4b24bfc393b3c49b820c P a759e41b496a4498aa424d8ce94bb680 [term 0 FOLLOWER]: Replica starting. Triggering 0 pending ops. Active config: opid_index: -1 OBSOLETE_local: false peers { permanent_uuid: "1aaa143f5ed34a54a8de186ee38db1c2" member_type: VOTER last_known_addr { host: "127.5.180.193" port: 32857 } } peers { permanent_uuid: "a759e41b496a4498aa424d8ce94bb680" member_type: VOTER last_known_addr { host: "127.5.180.194" port: 37813 } } peers { permanent_uuid: "81be7dba5cc746ecace2e2fdcaf503d6" member_type: VOTER last_known_addr { host: "127.5.180.195" port: 33989 } }
I20260713 09:12:19.415803  6172 raft_consensus.cc:385] T f9bacf6d447d4b24bfc393b3c49b820c P a759e41b496a4498aa424d8ce94bb680 [term 0 FOLLOWER]: Consensus starting up: Expiring failure detector timer to make a prompt election more likely
I20260713 09:12:19.416141  6172 raft_consensus.cc:740] T f9bacf6d447d4b24bfc393b3c49b820c P a759e41b496a4498aa424d8ce94bb680 [term 0 FOLLOWER]: Becoming Follower/Learner. State: Replica: a759e41b496a4498aa424d8ce94bb680, State: Initialized, Role: FOLLOWER
I20260713 09:12:19.416937  6172 consensus_queue.cc:260] T f9bacf6d447d4b24bfc393b3c49b820c P a759e41b496a4498aa424d8ce94bb680 [NON_LEADER]: Queue going to NON_LEADER mode. State: All replicated index: 0, Majority replicated index: 0, Committed index: 0, Last appended: 0.0, Last appended by leader: 0, Current term: 0, Majority size: -1, State: 0, Mode: NON_LEADER, active raft config: opid_index: -1 OBSOLETE_local: false peers { permanent_uuid: "1aaa143f5ed34a54a8de186ee38db1c2" member_type: VOTER last_known_addr { host: "127.5.180.193" port: 32857 } } peers { permanent_uuid: "a759e41b496a4498aa424d8ce94bb680" member_type: VOTER last_known_addr { host: "127.5.180.194" port: 37813 } } peers { permanent_uuid: "81be7dba5cc746ecace2e2fdcaf503d6" member_type: VOTER last_known_addr { host: "127.5.180.195" port: 33989 } }
I20260713 09:12:19.417459  6171 tablet_bootstrap.cc:654] T 5ba88d218fea4fdc931595f0dfd31f55 P 1aaa143f5ed34a54a8de186ee38db1c2: Neither blocks nor log segments found. Creating new log.
I20260713 09:12:19.420059  6172 ts_tablet_manager.cc:1434] T f9bacf6d447d4b24bfc393b3c49b820c P a759e41b496a4498aa424d8ce94bb680: Time spent starting tablet: real 0.008s	user 0.003s	sys 0.003s
I20260713 09:12:19.421051  6172 tablet_bootstrap.cc:492] T 064c32f5cf5b4c3c95e684c6b9441139 P a759e41b496a4498aa424d8ce94bb680: Bootstrap starting.
I20260713 09:12:19.424178  6177 raft_consensus.cc:493] T fe67911855b14fffa25e163136cff772 P a759e41b496a4498aa424d8ce94bb680 [term 0 FOLLOWER]: Starting pre-election (no leader contacted us within the election timeout)
I20260713 09:12:19.424645  6177 raft_consensus.cc:515] T fe67911855b14fffa25e163136cff772 P a759e41b496a4498aa424d8ce94bb680 [term 0 FOLLOWER]: Starting pre-election with config: opid_index: -1 OBSOLETE_local: false peers { permanent_uuid: "1aaa143f5ed34a54a8de186ee38db1c2" member_type: VOTER last_known_addr { host: "127.5.180.193" port: 32857 } } peers { permanent_uuid: "a759e41b496a4498aa424d8ce94bb680" member_type: VOTER last_known_addr { host: "127.5.180.194" port: 37813 } } peers { permanent_uuid: "81be7dba5cc746ecace2e2fdcaf503d6" member_type: VOTER last_known_addr { host: "127.5.180.195" port: 33989 } }
I20260713 09:12:19.426625  6177 leader_election.cc:290] T fe67911855b14fffa25e163136cff772 P a759e41b496a4498aa424d8ce94bb680 [CANDIDATE]: Term 1 pre-election: Requested pre-vote from peers 1aaa143f5ed34a54a8de186ee38db1c2 (127.5.180.193:32857), 81be7dba5cc746ecace2e2fdcaf503d6 (127.5.180.195:33989)
I20260713 09:12:19.429235  6171 tablet_bootstrap.cc:492] T 5ba88d218fea4fdc931595f0dfd31f55 P 1aaa143f5ed34a54a8de186ee38db1c2: No bootstrap required, opened a new log
I20260713 09:12:19.429704  6171 ts_tablet_manager.cc:1403] T 5ba88d218fea4fdc931595f0dfd31f55 P 1aaa143f5ed34a54a8de186ee38db1c2: Time spent bootstrapping tablet: real 0.019s	user 0.010s	sys 0.007s
I20260713 09:12:19.430532  6172 tablet_bootstrap.cc:654] T 064c32f5cf5b4c3c95e684c6b9441139 P a759e41b496a4498aa424d8ce94bb680: Neither blocks nor log segments found. Creating new log.
I20260713 09:12:19.432096  6171 raft_consensus.cc:359] T 5ba88d218fea4fdc931595f0dfd31f55 P 1aaa143f5ed34a54a8de186ee38db1c2 [term 0 FOLLOWER]: Replica starting. Triggering 0 pending ops. Active config: opid_index: -1 OBSOLETE_local: false peers { permanent_uuid: "1aaa143f5ed34a54a8de186ee38db1c2" member_type: VOTER last_known_addr { host: "127.5.180.193" port: 32857 } } peers { permanent_uuid: "a759e41b496a4498aa424d8ce94bb680" member_type: VOTER last_known_addr { host: "127.5.180.194" port: 37813 } } peers { permanent_uuid: "81be7dba5cc746ecace2e2fdcaf503d6" member_type: VOTER last_known_addr { host: "127.5.180.195" port: 33989 } }
I20260713 09:12:19.432732  6171 raft_consensus.cc:385] T 5ba88d218fea4fdc931595f0dfd31f55 P 1aaa143f5ed34a54a8de186ee38db1c2 [term 0 FOLLOWER]: Consensus starting up: Expiring failure detector timer to make a prompt election more likely
I20260713 09:12:19.432991  6171 raft_consensus.cc:740] T 5ba88d218fea4fdc931595f0dfd31f55 P 1aaa143f5ed34a54a8de186ee38db1c2 [term 0 FOLLOWER]: Becoming Follower/Learner. State: Replica: 1aaa143f5ed34a54a8de186ee38db1c2, State: Initialized, Role: FOLLOWER
I20260713 09:12:19.433741  6171 consensus_queue.cc:260] T 5ba88d218fea4fdc931595f0dfd31f55 P 1aaa143f5ed34a54a8de186ee38db1c2 [NON_LEADER]: Queue going to NON_LEADER mode. State: All replicated index: 0, Majority replicated index: 0, Committed index: 0, Last appended: 0.0, Last appended by leader: 0, Current term: 0, Majority size: -1, State: 0, Mode: NON_LEADER, active raft config: opid_index: -1 OBSOLETE_local: false peers { permanent_uuid: "1aaa143f5ed34a54a8de186ee38db1c2" member_type: VOTER last_known_addr { host: "127.5.180.193" port: 32857 } } peers { permanent_uuid: "a759e41b496a4498aa424d8ce94bb680" member_type: VOTER last_known_addr { host: "127.5.180.194" port: 37813 } } peers { permanent_uuid: "81be7dba5cc746ecace2e2fdcaf503d6" member_type: VOTER last_known_addr { host: "127.5.180.195" port: 33989 } }
I20260713 09:12:19.435937  6171 ts_tablet_manager.cc:1434] T 5ba88d218fea4fdc931595f0dfd31f55 P 1aaa143f5ed34a54a8de186ee38db1c2: Time spent starting tablet: real 0.006s	user 0.005s	sys 0.000s
I20260713 09:12:19.436753  6171 tablet_bootstrap.cc:492] T fe67911855b14fffa25e163136cff772 P 1aaa143f5ed34a54a8de186ee38db1c2: Bootstrap starting.
I20260713 09:12:19.442428  6171 tablet_bootstrap.cc:654] T fe67911855b14fffa25e163136cff772 P 1aaa143f5ed34a54a8de186ee38db1c2: Neither blocks nor log segments found. Creating new log.
I20260713 09:12:19.448596  5979 tablet_service.cc:1917] Received RequestConsensusVote() RPC: tablet_id: "ae07b69cc6b84ea09649c16b262d4a6d" candidate_uuid: "a759e41b496a4498aa424d8ce94bb680" candidate_term: 1 candidate_status { last_received { term: 0 index: 0 } } ignore_live_leader: false dest_uuid: "1aaa143f5ed34a54a8de186ee38db1c2" is_pre_election: true
I20260713 09:12:19.449576  5979 raft_consensus.cc:2468] T ae07b69cc6b84ea09649c16b262d4a6d P 1aaa143f5ed34a54a8de186ee38db1c2 [term 0 FOLLOWER]: Leader pre-election vote request: Granting yes vote for candidate a759e41b496a4498aa424d8ce94bb680 in term 0.
I20260713 09:12:19.451243  5979 tablet_service.cc:1917] Received RequestConsensusVote() RPC: tablet_id: "fe67911855b14fffa25e163136cff772" candidate_uuid: "a759e41b496a4498aa424d8ce94bb680" candidate_term: 1 candidate_status { last_received { term: 0 index: 0 } } ignore_live_leader: false dest_uuid: "1aaa143f5ed34a54a8de186ee38db1c2" is_pre_election: true
I20260713 09:12:19.454756  6019 leader_election.cc:304] T ae07b69cc6b84ea09649c16b262d4a6d P a759e41b496a4498aa424d8ce94bb680 [CANDIDATE]: Term 1 pre-election: Election decided. Result: candidate won. Election summary: received 2 responses out of 3 voters: 2 yes votes; 0 no votes. yes voters: 1aaa143f5ed34a54a8de186ee38db1c2, a759e41b496a4498aa424d8ce94bb680; no voters: 
I20260713 09:12:19.456378  6177 raft_consensus.cc:2804] T ae07b69cc6b84ea09649c16b262d4a6d P a759e41b496a4498aa424d8ce94bb680 [term 0 FOLLOWER]: Leader pre-election won for term 1
W20260713 09:12:19.456594  6019 leader_election.cc:343] T fe67911855b14fffa25e163136cff772 P a759e41b496a4498aa424d8ce94bb680 [CANDIDATE]: Term 1 pre-election: Tablet error from VoteRequest() call to peer 1aaa143f5ed34a54a8de186ee38db1c2 (127.5.180.193:32857): Illegal state: must be running to vote when last-logged opid is not known
I20260713 09:12:19.452806  6172 tablet_bootstrap.cc:492] T 064c32f5cf5b4c3c95e684c6b9441139 P a759e41b496a4498aa424d8ce94bb680: No bootstrap required, opened a new log
I20260713 09:12:19.456826  6177 raft_consensus.cc:493] T ae07b69cc6b84ea09649c16b262d4a6d P a759e41b496a4498aa424d8ce94bb680 [term 0 FOLLOWER]: Starting leader election (no leader contacted us within the election timeout)
I20260713 09:12:19.457634  6171 tablet_bootstrap.cc:492] T fe67911855b14fffa25e163136cff772 P 1aaa143f5ed34a54a8de186ee38db1c2: No bootstrap required, opened a new log
I20260713 09:12:19.457736  6177 raft_consensus.cc:3060] T ae07b69cc6b84ea09649c16b262d4a6d P a759e41b496a4498aa424d8ce94bb680 [term 0 FOLLOWER]: Advancing to term 1
I20260713 09:12:19.458145  6171 ts_tablet_manager.cc:1403] T fe67911855b14fffa25e163136cff772 P 1aaa143f5ed34a54a8de186ee38db1c2: Time spent bootstrapping tablet: real 0.022s	user 0.016s	sys 0.000s
I20260713 09:12:19.458921  6172 ts_tablet_manager.cc:1403] T 064c32f5cf5b4c3c95e684c6b9441139 P a759e41b496a4498aa424d8ce94bb680: Time spent bootstrapping tablet: real 0.038s	user 0.007s	sys 0.010s
I20260713 09:12:19.468604  6174 tablet_bootstrap.cc:492] T fe67911855b14fffa25e163136cff772 P 81be7dba5cc746ecace2e2fdcaf503d6: No bootstrap required, opened a new log
I20260713 09:12:19.469244  6174 ts_tablet_manager.cc:1403] T fe67911855b14fffa25e163136cff772 P 81be7dba5cc746ecace2e2fdcaf503d6: Time spent bootstrapping tablet: real 0.154s	user 0.010s	sys 0.002s
I20260713 09:12:19.468663  6172 raft_consensus.cc:359] T 064c32f5cf5b4c3c95e684c6b9441139 P a759e41b496a4498aa424d8ce94bb680 [term 0 FOLLOWER]: Replica starting. Triggering 0 pending ops. Active config: opid_index: -1 OBSOLETE_local: false peers { permanent_uuid: "1aaa143f5ed34a54a8de186ee38db1c2" member_type: VOTER last_known_addr { host: "127.5.180.193" port: 32857 } } peers { permanent_uuid: "a759e41b496a4498aa424d8ce94bb680" member_type: VOTER last_known_addr { host: "127.5.180.194" port: 37813 } } peers { permanent_uuid: "81be7dba5cc746ecace2e2fdcaf503d6" member_type: VOTER last_known_addr { host: "127.5.180.195" port: 33989 } }
I20260713 09:12:19.469673  6172 raft_consensus.cc:385] T 064c32f5cf5b4c3c95e684c6b9441139 P a759e41b496a4498aa424d8ce94bb680 [term 0 FOLLOWER]: Consensus starting up: Expiring failure detector timer to make a prompt election more likely
I20260713 09:12:19.471217  6172 raft_consensus.cc:740] T 064c32f5cf5b4c3c95e684c6b9441139 P a759e41b496a4498aa424d8ce94bb680 [term 0 FOLLOWER]: Becoming Follower/Learner. State: Replica: a759e41b496a4498aa424d8ce94bb680, State: Initialized, Role: FOLLOWER
I20260713 09:12:19.472582  6172 consensus_queue.cc:260] T 064c32f5cf5b4c3c95e684c6b9441139 P a759e41b496a4498aa424d8ce94bb680 [NON_LEADER]: Queue going to NON_LEADER mode. State: All replicated index: 0, Majority replicated index: 0, Committed index: 0, Last appended: 0.0, Last appended by leader: 0, Current term: 0, Majority size: -1, State: 0, Mode: NON_LEADER, active raft config: opid_index: -1 OBSOLETE_local: false peers { permanent_uuid: "1aaa143f5ed34a54a8de186ee38db1c2" member_type: VOTER last_known_addr { host: "127.5.180.193" port: 32857 } } peers { permanent_uuid: "a759e41b496a4498aa424d8ce94bb680" member_type: VOTER last_known_addr { host: "127.5.180.194" port: 37813 } } peers { permanent_uuid: "81be7dba5cc746ecace2e2fdcaf503d6" member_type: VOTER last_known_addr { host: "127.5.180.195" port: 33989 } }
I20260713 09:12:19.473932  6171 raft_consensus.cc:359] T fe67911855b14fffa25e163136cff772 P 1aaa143f5ed34a54a8de186ee38db1c2 [term 0 FOLLOWER]: Replica starting. Triggering 0 pending ops. Active config: opid_index: -1 OBSOLETE_local: false peers { permanent_uuid: "1aaa143f5ed34a54a8de186ee38db1c2" member_type: VOTER last_known_addr { host: "127.5.180.193" port: 32857 } } peers { permanent_uuid: "a759e41b496a4498aa424d8ce94bb680" member_type: VOTER last_known_addr { host: "127.5.180.194" port: 37813 } } peers { permanent_uuid: "81be7dba5cc746ecace2e2fdcaf503d6" member_type: VOTER last_known_addr { host: "127.5.180.195" port: 33989 } }
I20260713 09:12:19.474412  6171 raft_consensus.cc:385] T fe67911855b14fffa25e163136cff772 P 1aaa143f5ed34a54a8de186ee38db1c2 [term 0 FOLLOWER]: Consensus starting up: Expiring failure detector timer to make a prompt election more likely
I20260713 09:12:19.474612  6171 raft_consensus.cc:740] T fe67911855b14fffa25e163136cff772 P 1aaa143f5ed34a54a8de186ee38db1c2 [term 0 FOLLOWER]: Becoming Follower/Learner. State: Replica: 1aaa143f5ed34a54a8de186ee38db1c2, State: Initialized, Role: FOLLOWER
I20260713 09:12:19.477730  6174 raft_consensus.cc:359] T fe67911855b14fffa25e163136cff772 P 81be7dba5cc746ecace2e2fdcaf503d6 [term 0 FOLLOWER]: Replica starting. Triggering 0 pending ops. Active config: opid_index: -1 OBSOLETE_local: false peers { permanent_uuid: "1aaa143f5ed34a54a8de186ee38db1c2" member_type: VOTER last_known_addr { host: "127.5.180.193" port: 32857 } } peers { permanent_uuid: "a759e41b496a4498aa424d8ce94bb680" member_type: VOTER last_known_addr { host: "127.5.180.194" port: 37813 } } peers { permanent_uuid: "81be7dba5cc746ecace2e2fdcaf503d6" member_type: VOTER last_known_addr { host: "127.5.180.195" port: 33989 } }
I20260713 09:12:19.478428  6174 raft_consensus.cc:385] T fe67911855b14fffa25e163136cff772 P 81be7dba5cc746ecace2e2fdcaf503d6 [term 0 FOLLOWER]: Consensus starting up: Expiring failure detector timer to make a prompt election more likely
I20260713 09:12:19.478696  6174 raft_consensus.cc:740] T fe67911855b14fffa25e163136cff772 P 81be7dba5cc746ecace2e2fdcaf503d6 [term 0 FOLLOWER]: Becoming Follower/Learner. State: Replica: 81be7dba5cc746ecace2e2fdcaf503d6, State: Initialized, Role: FOLLOWER
I20260713 09:12:19.483320  6177 raft_consensus.cc:515] T ae07b69cc6b84ea09649c16b262d4a6d P a759e41b496a4498aa424d8ce94bb680 [term 1 FOLLOWER]: Starting leader election with config: opid_index: -1 OBSOLETE_local: false peers { permanent_uuid: "1aaa143f5ed34a54a8de186ee38db1c2" member_type: VOTER last_known_addr { host: "127.5.180.193" port: 32857 } } peers { permanent_uuid: "a759e41b496a4498aa424d8ce94bb680" member_type: VOTER last_known_addr { host: "127.5.180.194" port: 37813 } } peers { permanent_uuid: "81be7dba5cc746ecace2e2fdcaf503d6" member_type: VOTER last_known_addr { host: "127.5.180.195" port: 33989 } }
I20260713 09:12:19.484004  6175 raft_consensus.cc:493] T f9bacf6d447d4b24bfc393b3c49b820c P 1aaa143f5ed34a54a8de186ee38db1c2 [term 0 FOLLOWER]: Starting pre-election (no leader contacted us within the election timeout)
I20260713 09:12:19.484437  6175 raft_consensus.cc:515] T f9bacf6d447d4b24bfc393b3c49b820c P 1aaa143f5ed34a54a8de186ee38db1c2 [term 0 FOLLOWER]: Starting pre-election with config: opid_index: -1 OBSOLETE_local: false peers { permanent_uuid: "1aaa143f5ed34a54a8de186ee38db1c2" member_type: VOTER last_known_addr { host: "127.5.180.193" port: 32857 } } peers { permanent_uuid: "a759e41b496a4498aa424d8ce94bb680" member_type: VOTER last_known_addr { host: "127.5.180.194" port: 37813 } } peers { permanent_uuid: "81be7dba5cc746ecace2e2fdcaf503d6" member_type: VOTER last_known_addr { host: "127.5.180.195" port: 33989 } }
I20260713 09:12:19.485569  6177 leader_election.cc:290] T ae07b69cc6b84ea09649c16b262d4a6d P a759e41b496a4498aa424d8ce94bb680 [CANDIDATE]: Term 1 election: Requested vote from peers 1aaa143f5ed34a54a8de186ee38db1c2 (127.5.180.193:32857), 81be7dba5cc746ecace2e2fdcaf503d6 (127.5.180.195:33989)
I20260713 09:12:19.486089  6174 consensus_queue.cc:260] T fe67911855b14fffa25e163136cff772 P 81be7dba5cc746ecace2e2fdcaf503d6 [NON_LEADER]: Queue going to NON_LEADER mode. State: All replicated index: 0, Majority replicated index: 0, Committed index: 0, Last appended: 0.0, Last appended by leader: 0, Current term: 0, Majority size: -1, State: 0, Mode: NON_LEADER, active raft config: opid_index: -1 OBSOLETE_local: false peers { permanent_uuid: "1aaa143f5ed34a54a8de186ee38db1c2" member_type: VOTER last_known_addr { host: "127.5.180.193" port: 32857 } } peers { permanent_uuid: "a759e41b496a4498aa424d8ce94bb680" member_type: VOTER last_known_addr { host: "127.5.180.194" port: 37813 } } peers { permanent_uuid: "81be7dba5cc746ecace2e2fdcaf503d6" member_type: VOTER last_known_addr { host: "127.5.180.195" port: 33989 } }
I20260713 09:12:19.490855  6171 consensus_queue.cc:260] T fe67911855b14fffa25e163136cff772 P 1aaa143f5ed34a54a8de186ee38db1c2 [NON_LEADER]: Queue going to NON_LEADER mode. State: All replicated index: 0, Majority replicated index: 0, Committed index: 0, Last appended: 0.0, Last appended by leader: 0, Current term: 0, Majority size: -1, State: 0, Mode: NON_LEADER, active raft config: opid_index: -1 OBSOLETE_local: false peers { permanent_uuid: "1aaa143f5ed34a54a8de186ee38db1c2" member_type: VOTER last_known_addr { host: "127.5.180.193" port: 32857 } } peers { permanent_uuid: "a759e41b496a4498aa424d8ce94bb680" member_type: VOTER last_known_addr { host: "127.5.180.194" port: 37813 } } peers { permanent_uuid: "81be7dba5cc746ecace2e2fdcaf503d6" member_type: VOTER last_known_addr { host: "127.5.180.195" port: 33989 } }
I20260713 09:12:19.490757  6177 raft_consensus.cc:493] T f9bacf6d447d4b24bfc393b3c49b820c P a759e41b496a4498aa424d8ce94bb680 [term 0 FOLLOWER]: Starting pre-election (no leader contacted us within the election timeout)
I20260713 09:12:19.494213  6175 leader_election.cc:290] T f9bacf6d447d4b24bfc393b3c49b820c P 1aaa143f5ed34a54a8de186ee38db1c2 [CANDIDATE]: Term 1 pre-election: Requested pre-vote from peers a759e41b496a4498aa424d8ce94bb680 (127.5.180.194:37813), 81be7dba5cc746ecace2e2fdcaf503d6 (127.5.180.195:33989)
I20260713 09:12:19.500953  6174 ts_tablet_manager.cc:1434] T fe67911855b14fffa25e163136cff772 P 81be7dba5cc746ecace2e2fdcaf503d6: Time spent starting tablet: real 0.031s	user 0.005s	sys 0.003s
