I20260713 09:12:29.927793  6682 raft_consensus.cc:515] T 61df0c722e6b498f894f5753a627c917 P dc9fc5ea6e854879b119a9f878d9a49c [term 0 FOLLOWER]: Starting pre-election with config: opid_index: -1 OBSOLETE_local: false peers { permanent_uuid: "dc9fc5ea6e854879b119a9f878d9a49c" member_type: VOTER last_known_addr { host: "127.5.180.193" port: 42109 } } peers { permanent_uuid: "fc1fe708421c40678e48ff68d7527085" member_type: VOTER last_known_addr { host: "127.5.180.194" port: 38559 } } peers { permanent_uuid: "5ee6988b3c72417d9e436da63872cc73" member_type: VOTER last_known_addr { host: "127.5.180.195" port: 37271 } }
I20260713 09:12:29.929124  6665 raft_consensus.cc:359] T 2e0bbf5067594485a77d9c8a0569f612 P dc9fc5ea6e854879b119a9f878d9a49c [term 0 FOLLOWER]: Replica starting. Triggering 0 pending ops. Active config: opid_index: -1 OBSOLETE_local: false peers { permanent_uuid: "dc9fc5ea6e854879b119a9f878d9a49c" member_type: VOTER last_known_addr { host: "127.5.180.193" port: 42109 } } peers { permanent_uuid: "fc1fe708421c40678e48ff68d7527085" member_type: VOTER last_known_addr { host: "127.5.180.194" port: 38559 } } peers { permanent_uuid: "5ee6988b3c72417d9e436da63872cc73" member_type: VOTER last_known_addr { host: "127.5.180.195" port: 37271 } }
I20260713 09:12:29.929852  6665 raft_consensus.cc:385] T 2e0bbf5067594485a77d9c8a0569f612 P dc9fc5ea6e854879b119a9f878d9a49c [term 0 FOLLOWER]: Consensus starting up: Expiring failure detector timer to make a prompt election more likely
I20260713 09:12:29.930030  6682 leader_election.cc:290] T 61df0c722e6b498f894f5753a627c917 P dc9fc5ea6e854879b119a9f878d9a49c [CANDIDATE]: Term 1 pre-election: Requested pre-vote from peers fc1fe708421c40678e48ff68d7527085 (127.5.180.194:38559), 5ee6988b3c72417d9e436da63872cc73 (127.5.180.195:37271)
I20260713 09:12:29.930130  6665 raft_consensus.cc:740] T 2e0bbf5067594485a77d9c8a0569f612 P dc9fc5ea6e854879b119a9f878d9a49c [term 0 FOLLOWER]: Becoming Follower/Learner. State: Replica: dc9fc5ea6e854879b119a9f878d9a49c, State: Initialized, Role: FOLLOWER
I20260713 09:12:29.930960  6665 consensus_queue.cc:260] T 2e0bbf5067594485a77d9c8a0569f612 P dc9fc5ea6e854879b119a9f878d9a49c [NON_LEADER]: Queue going to NON_LEADER mode. State: All replicated index: 0, Majority replicated index: 0, Committed index: 0, Last appended: 0.0, Last appended by leader: 0, Current term: 0, Majority size: -1, State: 0, Mode: NON_LEADER, active raft config: opid_index: -1 OBSOLETE_local: false peers { permanent_uuid: "dc9fc5ea6e854879b119a9f878d9a49c" member_type: VOTER last_known_addr { host: "127.5.180.193" port: 42109 } } peers { permanent_uuid: "fc1fe708421c40678e48ff68d7527085" member_type: VOTER last_known_addr { host: "127.5.180.194" port: 38559 } } peers { permanent_uuid: "5ee6988b3c72417d9e436da63872cc73" member_type: VOTER last_known_addr { host: "127.5.180.195" port: 37271 } }
I20260713 09:12:29.931813  6625 tablet_service.cc:1917] Received RequestConsensusVote() RPC: tablet_id: "61df0c722e6b498f894f5753a627c917" candidate_uuid: "dc9fc5ea6e854879b119a9f878d9a49c" candidate_term: 1 candidate_status { last_received { term: 0 index: 0 } } ignore_live_leader: false dest_uuid: "5ee6988b3c72417d9e436da63872cc73" is_pre_election: true
I20260713 09:12:29.932997  6665 ts_tablet_manager.cc:1434] T 2e0bbf5067594485a77d9c8a0569f612 P dc9fc5ea6e854879b119a9f878d9a49c: Time spent starting tablet: real 0.006s	user 0.004s	sys 0.000s
W20260713 09:12:29.933832  6442 leader_election.cc:343] T 61df0c722e6b498f894f5753a627c917 P dc9fc5ea6e854879b119a9f878d9a49c [CANDIDATE]: Term 1 pre-election: Tablet error from VoteRequest() call to peer 5ee6988b3c72417d9e436da63872cc73 (127.5.180.195:37271): Illegal state: must be running to vote when last-logged opid is not known
I20260713 09:12:29.935603  6665 tablet_bootstrap.cc:492] T 3d508e91417747cb8aaa6830c1bad598 P dc9fc5ea6e854879b119a9f878d9a49c: Bootstrap starting.
I20260713 09:12:29.940622  6666 ts_tablet_manager.cc:1434] T 61df0c722e6b498f894f5753a627c917 P fc1fe708421c40678e48ff68d7527085: Time spent starting tablet: real 0.033s	user 0.004s	sys 0.004s
I20260713 09:12:29.942284  6665 tablet_bootstrap.cc:654] T 3d508e91417747cb8aaa6830c1bad598 P dc9fc5ea6e854879b119a9f878d9a49c: Neither blocks nor log segments found. Creating new log.
I20260713 09:12:29.945240  6666 tablet_bootstrap.cc:492] T 3d508e91417747cb8aaa6830c1bad598 P fc1fe708421c40678e48ff68d7527085: Bootstrap starting.
I20260713 09:12:29.954772  6589 leader_election.cc:304] T fcac1af32be84b9fbce2bcd3986986c0 P 5ee6988b3c72417d9e436da63872cc73 [CANDIDATE]: Term 1 election: Election decided. Result: candidate won. Election summary: received 3 responses out of 3 voters: 2 yes votes; 1 no votes. yes voters: 5ee6988b3c72417d9e436da63872cc73, fc1fe708421c40678e48ff68d7527085; no voters: dc9fc5ea6e854879b119a9f878d9a49c
I20260713 09:12:29.956043  6674 raft_consensus.cc:2804] T fcac1af32be84b9fbce2bcd3986986c0 P 5ee6988b3c72417d9e436da63872cc73 [term 1 FOLLOWER]: Leader election won for term 1
I20260713 09:12:29.957441  6674 raft_consensus.cc:697] T fcac1af32be84b9fbce2bcd3986986c0 P 5ee6988b3c72417d9e436da63872cc73 [term 1 LEADER]: Becoming Leader. State: Replica: 5ee6988b3c72417d9e436da63872cc73, State: Running, Role: LEADER
I20260713 09:12:29.958348  6674 consensus_queue.cc:237] T fcac1af32be84b9fbce2bcd3986986c0 P 5ee6988b3c72417d9e436da63872cc73 [LEADER]: Queue going to LEADER mode. State: All replicated index: 0, Majority replicated index: 0, Committed index: 0, Last appended: 0.0, Last appended by leader: 0, Current term: 1, Majority size: 2, State: 0, Mode: LEADER, active raft config: opid_index: -1 OBSOLETE_local: false peers { permanent_uuid: "dc9fc5ea6e854879b119a9f878d9a49c" member_type: VOTER last_known_addr { host: "127.5.180.193" port: 42109 } } peers { permanent_uuid: "fc1fe708421c40678e48ff68d7527085" member_type: VOTER last_known_addr { host: "127.5.180.194" port: 38559 } } peers { permanent_uuid: "5ee6988b3c72417d9e436da63872cc73" member_type: VOTER last_known_addr { host: "127.5.180.195" port: 37271 } }
I20260713 09:12:29.962832  6666 tablet_bootstrap.cc:654] T 3d508e91417747cb8aaa6830c1bad598 P fc1fe708421c40678e48ff68d7527085: Neither blocks nor log segments found. Creating new log.
I20260713 09:12:29.971387  6625 tablet_service.cc:1917] Received RequestConsensusVote() RPC: tablet_id: "4862ddd39c1f4f6e836111197b7fac60" candidate_uuid: "fc1fe708421c40678e48ff68d7527085" candidate_term: 1 candidate_status { last_received { term: 0 index: 0 } } ignore_live_leader: false dest_uuid: "5ee6988b3c72417d9e436da63872cc73" is_pre_election: true
I20260713 09:12:29.972018  6625 raft_consensus.cc:2468] T 4862ddd39c1f4f6e836111197b7fac60 P 5ee6988b3c72417d9e436da63872cc73 [term 0 FOLLOWER]: Leader pre-election vote request: Granting yes vote for candidate fc1fe708421c40678e48ff68d7527085 in term 0.
I20260713 09:12:29.962754  6551 tablet_service.cc:1917] Received RequestConsensusVote() RPC: tablet_id: "61df0c722e6b498f894f5753a627c917" candidate_uuid: "dc9fc5ea6e854879b119a9f878d9a49c" candidate_term: 1 candidate_status { last_received { term: 0 index: 0 } } ignore_live_leader: false dest_uuid: "fc1fe708421c40678e48ff68d7527085" is_pre_election: true
I20260713 09:12:29.969830  6665 tablet_bootstrap.cc:492] T 3d508e91417747cb8aaa6830c1bad598 P dc9fc5ea6e854879b119a9f878d9a49c: No bootstrap required, opened a new log
I20260713 09:12:29.972960  6551 raft_consensus.cc:2468] T 61df0c722e6b498f894f5753a627c917 P fc1fe708421c40678e48ff68d7527085 [term 0 FOLLOWER]: Leader pre-election vote request: Granting yes vote for candidate dc9fc5ea6e854879b119a9f878d9a49c in term 0.
I20260713 09:12:29.973115  6665 ts_tablet_manager.cc:1403] T 3d508e91417747cb8aaa6830c1bad598 P dc9fc5ea6e854879b119a9f878d9a49c: Time spent bootstrapping tablet: real 0.038s	user 0.010s	sys 0.016s
I20260713 09:12:29.973203  6517 leader_election.cc:304] T 4862ddd39c1f4f6e836111197b7fac60 P fc1fe708421c40678e48ff68d7527085 [CANDIDATE]: Term 1 pre-election: Election decided. Result: candidate won. Election summary: received 2 responses out of 3 voters: 2 yes votes; 0 no votes. yes voters: 5ee6988b3c72417d9e436da63872cc73, fc1fe708421c40678e48ff68d7527085; no voters: 
I20260713 09:12:29.974046  6671 raft_consensus.cc:2804] T 4862ddd39c1f4f6e836111197b7fac60 P fc1fe708421c40678e48ff68d7527085 [term 0 FOLLOWER]: Leader pre-election won for term 1
I20260713 09:12:29.974177  6440 leader_election.cc:304] T 61df0c722e6b498f894f5753a627c917 P dc9fc5ea6e854879b119a9f878d9a49c [CANDIDATE]: Term 1 pre-election: Election decided. Result: candidate won. Election summary: received 3 responses out of 3 voters: 2 yes votes; 1 no votes. yes voters: dc9fc5ea6e854879b119a9f878d9a49c, fc1fe708421c40678e48ff68d7527085; no voters: 5ee6988b3c72417d9e436da63872cc73
I20260713 09:12:29.970167  6668 tablet_bootstrap.cc:492] T cc5fbc862edc45ec9ee28b454336ec1b P 5ee6988b3c72417d9e436da63872cc73: No bootstrap required, opened a new log
I20260713 09:12:29.975212  6475 tablet_service.cc:1917] Received RequestConsensusVote() RPC: tablet_id: "4862ddd39c1f4f6e836111197b7fac60" candidate_uuid: "fc1fe708421c40678e48ff68d7527085" candidate_term: 1 candidate_status { last_received { term: 0 index: 0 } } ignore_live_leader: false dest_uuid: "dc9fc5ea6e854879b119a9f878d9a49c" is_pre_election: true
I20260713 09:12:29.975382  6682 raft_consensus.cc:2804] T 61df0c722e6b498f894f5753a627c917 P dc9fc5ea6e854879b119a9f878d9a49c [term 0 FOLLOWER]: Leader pre-election won for term 1
I20260713 09:12:29.975607  6668 ts_tablet_manager.cc:1403] T cc5fbc862edc45ec9ee28b454336ec1b P 5ee6988b3c72417d9e436da63872cc73: Time spent bootstrapping tablet: real 0.079s	user 0.028s	sys 0.034s
I20260713 09:12:29.975800  6682 raft_consensus.cc:493] T 61df0c722e6b498f894f5753a627c917 P dc9fc5ea6e854879b119a9f878d9a49c [term 0 FOLLOWER]: Starting leader election (no leader contacted us within the election timeout)
I20260713 09:12:29.976240  6682 raft_consensus.cc:3060] T 61df0c722e6b498f894f5753a627c917 P dc9fc5ea6e854879b119a9f878d9a49c [term 0 FOLLOWER]: Advancing to term 1
W20260713 09:12:29.976713  6515 leader_election.cc:343] T 4862ddd39c1f4f6e836111197b7fac60 P fc1fe708421c40678e48ff68d7527085 [CANDIDATE]: Term 1 pre-election: Tablet error from VoteRequest() call to peer dc9fc5ea6e854879b119a9f878d9a49c (127.5.180.193:42109): Illegal state: must be running to vote when last-logged opid is not known
I20260713 09:12:29.976991  6671 raft_consensus.cc:493] T 4862ddd39c1f4f6e836111197b7fac60 P fc1fe708421c40678e48ff68d7527085 [term 0 FOLLOWER]: Starting leader election (no leader contacted us within the election timeout)
I20260713 09:12:29.977414  6671 raft_consensus.cc:3060] T 4862ddd39c1f4f6e836111197b7fac60 P fc1fe708421c40678e48ff68d7527085 [term 0 FOLLOWER]: Advancing to term 1
I20260713 09:12:29.978986  6668 raft_consensus.cc:359] T cc5fbc862edc45ec9ee28b454336ec1b P 5ee6988b3c72417d9e436da63872cc73 [term 0 FOLLOWER]: Replica starting. Triggering 0 pending ops. Active config: opid_index: -1 OBSOLETE_local: false peers { permanent_uuid: "dc9fc5ea6e854879b119a9f878d9a49c" member_type: VOTER last_known_addr { host: "127.5.180.193" port: 42109 } } peers { permanent_uuid: "fc1fe708421c40678e48ff68d7527085" member_type: VOTER last_known_addr { host: "127.5.180.194" port: 38559 } } peers { permanent_uuid: "5ee6988b3c72417d9e436da63872cc73" member_type: VOTER last_known_addr { host: "127.5.180.195" port: 37271 } }
I20260713 09:12:29.979753  6668 raft_consensus.cc:385] T cc5fbc862edc45ec9ee28b454336ec1b P 5ee6988b3c72417d9e436da63872cc73 [term 0 FOLLOWER]: Consensus starting up: Expiring failure detector timer to make a prompt election more likely
I20260713 09:12:29.980079  6668 raft_consensus.cc:740] T cc5fbc862edc45ec9ee28b454336ec1b P 5ee6988b3c72417d9e436da63872cc73 [term 0 FOLLOWER]: Becoming Follower/Learner. State: Replica: 5ee6988b3c72417d9e436da63872cc73, State: Initialized, Role: FOLLOWER
I20260713 09:12:29.980845  6668 consensus_queue.cc:260] T cc5fbc862edc45ec9ee28b454336ec1b P 5ee6988b3c72417d9e436da63872cc73 [NON_LEADER]: Queue going to NON_LEADER mode. State: All replicated index: 0, Majority replicated index: 0, Committed index: 0, Last appended: 0.0, Last appended by leader: 0, Current term: 0, Majority size: -1, State: 0, Mode: NON_LEADER, active raft config: opid_index: -1 OBSOLETE_local: false peers { permanent_uuid: "dc9fc5ea6e854879b119a9f878d9a49c" member_type: VOTER last_known_addr { host: "127.5.180.193" port: 42109 } } peers { permanent_uuid: "fc1fe708421c40678e48ff68d7527085" member_type: VOTER last_known_addr { host: "127.5.180.194" port: 38559 } } peers { permanent_uuid: "5ee6988b3c72417d9e436da63872cc73" member_type: VOTER last_known_addr { host: "127.5.180.195" port: 37271 } }
I20260713 09:12:29.983090  6668 ts_tablet_manager.cc:1434] T cc5fbc862edc45ec9ee28b454336ec1b P 5ee6988b3c72417d9e436da63872cc73: Time spent starting tablet: real 0.007s	user 0.004s	sys 0.001s
I20260713 09:12:29.983393  6682 raft_consensus.cc:515] T 61df0c722e6b498f894f5753a627c917 P dc9fc5ea6e854879b119a9f878d9a49c [term 1 FOLLOWER]: Starting leader election with config: opid_index: -1 OBSOLETE_local: false peers { permanent_uuid: "dc9fc5ea6e854879b119a9f878d9a49c" member_type: VOTER last_known_addr { host: "127.5.180.193" port: 42109 } } peers { permanent_uuid: "fc1fe708421c40678e48ff68d7527085" member_type: VOTER last_known_addr { host: "127.5.180.194" port: 38559 } } peers { permanent_uuid: "5ee6988b3c72417d9e436da63872cc73" member_type: VOTER last_known_addr { host: "127.5.180.195" port: 37271 } }
I20260713 09:12:29.986266  6551 tablet_service.cc:1917] Received RequestConsensusVote() RPC: tablet_id: "61df0c722e6b498f894f5753a627c917" candidate_uuid: "dc9fc5ea6e854879b119a9f878d9a49c" candidate_term: 1 candidate_status { last_received { term: 0 index: 0 } } ignore_live_leader: false dest_uuid: "fc1fe708421c40678e48ff68d7527085"
I20260713 09:12:29.986567  6674 raft_consensus.cc:493] T 2e0bbf5067594485a77d9c8a0569f612 P 5ee6988b3c72417d9e436da63872cc73 [term 0 FOLLOWER]: Starting pre-election (no leader contacted us within the election timeout)
I20260713 09:12:29.986846  6551 raft_consensus.cc:3060] T 61df0c722e6b498f894f5753a627c917 P fc1fe708421c40678e48ff68d7527085 [term 0 FOLLOWER]: Advancing to term 1
I20260713 09:12:29.987025  6674 raft_consensus.cc:515] T 2e0bbf5067594485a77d9c8a0569f612 P 5ee6988b3c72417d9e436da63872cc73 [term 0 FOLLOWER]: Starting pre-election with config: opid_index: -1 OBSOLETE_local: false peers { permanent_uuid: "dc9fc5ea6e854879b119a9f878d9a49c" member_type: VOTER last_known_addr { host: "127.5.180.193" port: 42109 } } peers { permanent_uuid: "fc1fe708421c40678e48ff68d7527085" member_type: VOTER last_known_addr { host: "127.5.180.194" port: 38559 } } peers { permanent_uuid: "5ee6988b3c72417d9e436da63872cc73" member_type: VOTER last_known_addr { host: "127.5.180.195" port: 37271 } }
I20260713 09:12:29.987356  6625 tablet_service.cc:1917] Received RequestConsensusVote() RPC: tablet_id: "61df0c722e6b498f894f5753a627c917" candidate_uuid: "dc9fc5ea6e854879b119a9f878d9a49c" candidate_term: 1 candidate_status { last_received { term: 0 index: 0 } } ignore_live_leader: false dest_uuid: "5ee6988b3c72417d9e436da63872cc73"
I20260713 09:12:29.988948  6674 leader_election.cc:290] T 2e0bbf5067594485a77d9c8a0569f612 P 5ee6988b3c72417d9e436da63872cc73 [CANDIDATE]: Term 1 pre-election: Requested pre-vote from peers dc9fc5ea6e854879b119a9f878d9a49c (127.5.180.193:42109), fc1fe708421c40678e48ff68d7527085 (127.5.180.194:38559)
I20260713 09:12:29.989274  6668 tablet_bootstrap.cc:492] T 387e23f732254aed8087215e91326d7b P 5ee6988b3c72417d9e436da63872cc73: Bootstrap starting.
I20260713 09:12:29.990659  6475 tablet_service.cc:1917] Received RequestConsensusVote() RPC: tablet_id: "2e0bbf5067594485a77d9c8a0569f612" candidate_uuid: "5ee6988b3c72417d9e436da63872cc73" candidate_term: 1 candidate_status { last_received { term: 0 index: 0 } } ignore_live_leader: false dest_uuid: "dc9fc5ea6e854879b119a9f878d9a49c" is_pre_election: true
I20260713 09:12:29.991236  6475 raft_consensus.cc:2468] T 2e0bbf5067594485a77d9c8a0569f612 P dc9fc5ea6e854879b119a9f878d9a49c [term 0 FOLLOWER]: Leader pre-election vote request: Granting yes vote for candidate 5ee6988b3c72417d9e436da63872cc73 in term 0.
I20260713 09:12:29.991122  6372 catalog_manager.cc:5697] T fcac1af32be84b9fbce2bcd3986986c0 P 5ee6988b3c72417d9e436da63872cc73 reported cstate change: term changed from 0 to 1, leader changed from <none> to 5ee6988b3c72417d9e436da63872cc73 (127.5.180.195). New cstate: current_term: 1 leader_uuid: "5ee6988b3c72417d9e436da63872cc73" committed_config { opid_index: -1 OBSOLETE_local: false peers { permanent_uuid: "dc9fc5ea6e854879b119a9f878d9a49c" member_type: VOTER last_known_addr { host: "127.5.180.193" port: 42109 } health_report { overall_health: UNKNOWN } } peers { permanent_uuid: "fc1fe708421c40678e48ff68d7527085" member_type: VOTER last_known_addr { host: "127.5.180.194" port: 38559 } health_report { overall_health: UNKNOWN } } peers { permanent_uuid: "5ee6988b3c72417d9e436da63872cc73" member_type: VOTER last_known_addr { host: "127.5.180.195" port: 37271 } health_report { overall_health: HEALTHY } } }
I20260713 09:12:29.992841  6589 leader_election.cc:304] T 2e0bbf5067594485a77d9c8a0569f612 P 5ee6988b3c72417d9e436da63872cc73 [CANDIDATE]: Term 1 pre-election: Election decided. Result: candidate won. Election summary: received 2 responses out of 3 voters: 2 yes votes; 0 no votes. yes voters: 5ee6988b3c72417d9e436da63872cc73, dc9fc5ea6e854879b119a9f878d9a49c; no voters: 
I20260713 09:12:29.993003  6550 tablet_service.cc:1917] Received RequestConsensusVote() RPC: tablet_id: "2e0bbf5067594485a77d9c8a0569f612" candidate_uuid: "5ee6988b3c72417d9e436da63872cc73" candidate_term: 1 candidate_status { last_received { term: 0 index: 0 } } ignore_live_leader: false dest_uuid: "fc1fe708421c40678e48ff68d7527085" is_pre_election: true
I20260713 09:12:29.986912  6671 raft_consensus.cc:515] T 4862ddd39c1f4f6e836111197b7fac60 P fc1fe708421c40678e48ff68d7527085 [term 1 FOLLOWER]: Starting leader election with config: opid_index: -1 OBSOLETE_local: false peers { permanent_uuid: "dc9fc5ea6e854879b119a9f878d9a49c" member_type: VOTER last_known_addr { host: "127.5.180.193" port: 42109 } } peers { permanent_uuid: "fc1fe708421c40678e48ff68d7527085" member_type: VOTER last_known_addr { host: "127.5.180.194" port: 38559 } } peers { permanent_uuid: "5ee6988b3c72417d9e436da63872cc73" member_type: VOTER last_known_addr { host: "127.5.180.195" port: 37271 } }
I20260713 09:12:29.993638  6674 raft_consensus.cc:2804] T 2e0bbf5067594485a77d9c8a0569f612 P 5ee6988b3c72417d9e436da63872cc73 [term 0 FOLLOWER]: Leader pre-election won for term 1
I20260713 09:12:29.993638  6550 raft_consensus.cc:2468] T 2e0bbf5067594485a77d9c8a0569f612 P fc1fe708421c40678e48ff68d7527085 [term 0 FOLLOWER]: Leader pre-election vote request: Granting yes vote for candidate 5ee6988b3c72417d9e436da63872cc73 in term 0.
I20260713 09:12:29.994098  6674 raft_consensus.cc:493] T 2e0bbf5067594485a77d9c8a0569f612 P 5ee6988b3c72417d9e436da63872cc73 [term 0 FOLLOWER]: Starting leader election (no leader contacted us within the election timeout)
W20260713 09:12:29.994042  6442 leader_election.cc:343] T 61df0c722e6b498f894f5753a627c917 P dc9fc5ea6e854879b119a9f878d9a49c [CANDIDATE]: Term 1 election: Tablet error from VoteRequest() call to peer 5ee6988b3c72417d9e436da63872cc73 (127.5.180.195:37271): Illegal state: must be running to vote when last-logged opid is not known
I20260713 09:12:29.994560  6674 raft_consensus.cc:3060] T 2e0bbf5067594485a77d9c8a0569f612 P 5ee6988b3c72417d9e436da63872cc73 [term 0 FOLLOWER]: Advancing to term 1
I20260713 09:12:29.995652  6671 leader_election.cc:290] T 4862ddd39c1f4f6e836111197b7fac60 P fc1fe708421c40678e48ff68d7527085 [CANDIDATE]: Term 1 election: Requested vote from peers dc9fc5ea6e854879b119a9f878d9a49c (127.5.180.193:42109), 5ee6988b3c72417d9e436da63872cc73 (127.5.180.195:37271)
I20260713 09:12:29.995754  6665 raft_consensus.cc:359] T 3d508e91417747cb8aaa6830c1bad598 P dc9fc5ea6e854879b119a9f878d9a49c [term 0 FOLLOWER]: Replica starting. Triggering 0 pending ops. Active config: opid_index: -1 OBSOLETE_local: false peers { permanent_uuid: "dc9fc5ea6e854879b119a9f878d9a49c" member_type: VOTER last_known_addr { host: "127.5.180.193" port: 42109 } } peers { permanent_uuid: "fc1fe708421c40678e48ff68d7527085" member_type: VOTER last_known_addr { host: "127.5.180.194" port: 38559 } } peers { permanent_uuid: "5ee6988b3c72417d9e436da63872cc73" member_type: VOTER last_known_addr { host: "127.5.180.195" port: 37271 } }
I20260713 09:12:29.996479  6665 raft_consensus.cc:385] T 3d508e91417747cb8aaa6830c1bad598 P dc9fc5ea6e854879b119a9f878d9a49c [term 0 FOLLOWER]: Consensus starting up: Expiring failure detector timer to make a prompt election more likely
I20260713 09:12:29.996745  6665 raft_consensus.cc:740] T 3d508e91417747cb8aaa6830c1bad598 P dc9fc5ea6e854879b119a9f878d9a49c [term 0 FOLLOWER]: Becoming Follower/Learner. State: Replica: dc9fc5ea6e854879b119a9f878d9a49c, State: Initialized, Role: FOLLOWER
I20260713 09:12:29.997293  6625 tablet_service.cc:1917] Received RequestConsensusVote() RPC: tablet_id: "4862ddd39c1f4f6e836111197b7fac60" candidate_uuid: "fc1fe708421c40678e48ff68d7527085" candidate_term: 1 candidate_status { last_received { term: 0 index: 0 } } ignore_live_leader: false dest_uuid: "5ee6988b3c72417d9e436da63872cc73"
I20260713 09:12:29.997848  6625 raft_consensus.cc:3060] T 4862ddd39c1f4f6e836111197b7fac60 P 5ee6988b3c72417d9e436da63872cc73 [term 0 FOLLOWER]: Advancing to term 1
I20260713 09:12:29.998407  6668 tablet_bootstrap.cc:654] T 387e23f732254aed8087215e91326d7b P 5ee6988b3c72417d9e436da63872cc73: Neither blocks nor log segments found. Creating new log.
I20260713 09:12:29.998852  6665 consensus_queue.cc:260] T 3d508e91417747cb8aaa6830c1bad598 P dc9fc5ea6e854879b119a9f878d9a49c [NON_LEADER]: Queue going to NON_LEADER mode. State: All replicated index: 0, Majority replicated index: 0, Committed index: 0, Last appended: 0.0, Last appended by leader: 0, Current term: 0, Majority size: -1, State: 0, Mode: NON_LEADER, active raft config: opid_index: -1 OBSOLETE_local: false peers { permanent_uuid: "dc9fc5ea6e854879b119a9f878d9a49c" member_type: VOTER last_known_addr { host: "127.5.180.193" port: 42109 } } peers { permanent_uuid: "fc1fe708421c40678e48ff68d7527085" member_type: VOTER last_known_addr { host: "127.5.180.194" port: 38559 } } peers { permanent_uuid: "5ee6988b3c72417d9e436da63872cc73" member_type: VOTER last_known_addr { host: "127.5.180.195" port: 37271 } }
I20260713 09:12:30.000734  6674 raft_consensus.cc:515] T 2e0bbf5067594485a77d9c8a0569f612 P 5ee6988b3c72417d9e436da63872cc73 [term 1 FOLLOWER]: Starting leader election with config: opid_index: -1 OBSOLETE_local: false peers { permanent_uuid: "dc9fc5ea6e854879b119a9f878d9a49c" member_type: VOTER last_known_addr { host: "127.5.180.193" port: 42109 } } peers { permanent_uuid: "fc1fe708421c40678e48ff68d7527085" member_type: VOTER last_known_addr { host: "127.5.180.194" port: 38559 } } peers { permanent_uuid: "5ee6988b3c72417d9e436da63872cc73" member_type: VOTER last_known_addr { host: "127.5.180.195" port: 37271 } }
I20260713 09:12:29.995939  6475 tablet_service.cc:1917] Received RequestConsensusVote() RPC: tablet_id: "4862ddd39c1f4f6e836111197b7fac60" candidate_uuid: "fc1fe708421c40678e48ff68d7527085" candidate_term: 1 candidate_status { last_received { term: 0 index: 0 } } ignore_live_leader: false dest_uuid: "dc9fc5ea6e854879b119a9f878d9a49c"
I20260713 09:12:30.002601  6674 leader_election.cc:290] T 2e0bbf5067594485a77d9c8a0569f612 P 5ee6988b3c72417d9e436da63872cc73 [CANDIDATE]: Term 1 election: Requested vote from peers dc9fc5ea6e854879b119a9f878d9a49c (127.5.180.193:42109), fc1fe708421c40678e48ff68d7527085 (127.5.180.194:38559)
W20260713 09:12:30.002727  6515 leader_election.cc:343] T 4862ddd39c1f4f6e836111197b7fac60 P fc1fe708421c40678e48ff68d7527085 [CANDIDATE]: Term 1 election: Tablet error from VoteRequest() call to peer dc9fc5ea6e854879b119a9f878d9a49c (127.5.180.193:42109): Illegal state: must be running to vote when last-logged opid is not known
I20260713 09:12:30.004217  6682 leader_election.cc:290] T 61df0c722e6b498f894f5753a627c917 P dc9fc5ea6e854879b119a9f878d9a49c [CANDIDATE]: Term 1 election: Requested vote from peers fc1fe708421c40678e48ff68d7527085 (127.5.180.194:38559), 5ee6988b3c72417d9e436da63872cc73 (127.5.180.195:37271)
I20260713 09:12:30.004762  6666 tablet_bootstrap.cc:492] T 3d508e91417747cb8aaa6830c1bad598 P fc1fe708421c40678e48ff68d7527085: No bootstrap required, opened a new log
I20260713 09:12:30.005208  6666 ts_tablet_manager.cc:1403] T 3d508e91417747cb8aaa6830c1bad598 P fc1fe708421c40678e48ff68d7527085: Time spent bootstrapping tablet: real 0.060s	user 0.015s	sys 0.005s
I20260713 09:12:30.005380  6550 tablet_service.cc:1917] Received RequestConsensusVote() RPC: tablet_id: "2e0bbf5067594485a77d9c8a0569f612" candidate_uuid: "5ee6988b3c72417d9e436da63872cc73" candidate_term: 1 candidate_status { last_received { term: 0 index: 0 } } ignore_live_leader: false dest_uuid: "fc1fe708421c40678e48ff68d7527085"
I20260713 09:12:30.005906  6550 raft_consensus.cc:3060] T 2e0bbf5067594485a77d9c8a0569f612 P fc1fe708421c40678e48ff68d7527085 [term 0 FOLLOWER]: Advancing to term 1
I20260713 09:12:30.006186  6665 ts_tablet_manager.cc:1434] T 3d508e91417747cb8aaa6830c1bad598 P dc9fc5ea6e854879b119a9f878d9a49c: Time spent starting tablet: real 0.033s	user 0.004s	sys 0.002s
I20260713 09:12:30.008044  6666 raft_consensus.cc:359] T 3d508e91417747cb8aaa6830c1bad598 P fc1fe708421c40678e48ff68d7527085 [term 0 FOLLOWER]: Replica starting. Triggering 0 pending ops. Active config: opid_index: -1 OBSOLETE_local: false peers { permanent_uuid: "dc9fc5ea6e854879b119a9f878d9a49c" member_type: VOTER last_known_addr { host: "127.5.180.193" port: 42109 } } peers { permanent_uuid: "fc1fe708421c40678e48ff68d7527085" member_type: VOTER last_known_addr { host: "127.5.180.194" port: 38559 } } peers { permanent_uuid: "5ee6988b3c72417d9e436da63872cc73" member_type: VOTER last_known_addr { host: "127.5.180.195" port: 37271 } }
I20260713 09:12:30.008718  6666 raft_consensus.cc:385] T 3d508e91417747cb8aaa6830c1bad598 P fc1fe708421c40678e48ff68d7527085 [term 0 FOLLOWER]: Consensus starting up: Expiring failure detector timer to make a prompt election more likely
I20260713 09:12:30.008996  6666 raft_consensus.cc:740] T 3d508e91417747cb8aaa6830c1bad598 P fc1fe708421c40678e48ff68d7527085 [term 0 FOLLOWER]: Becoming Follower/Learner. State: Replica: fc1fe708421c40678e48ff68d7527085, State: Initialized, Role: FOLLOWER
I20260713 09:12:30.007138  6665 tablet_bootstrap.cc:492] T fcac1af32be84b9fbce2bcd3986986c0 P dc9fc5ea6e854879b119a9f878d9a49c: Bootstrap starting.
I20260713 09:12:30.009810  6666 consensus_queue.cc:260] T 3d508e91417747cb8aaa6830c1bad598 P fc1fe708421c40678e48ff68d7527085 [NON_LEADER]: Queue going to NON_LEADER mode. State: All replicated index: 0, Majority replicated index: 0, Committed index: 0, Last appended: 0.0, Last appended by leader: 0, Current term: 0, Majority size: -1, State: 0, Mode: NON_LEADER, active raft config: opid_index: -1 OBSOLETE_local: false peers { permanent_uuid: "dc9fc5ea6e854879b119a9f878d9a49c" member_type: VOTER last_known_addr { host: "127.5.180.193" port: 42109 } } peers { permanent_uuid: "fc1fe708421c40678e48ff68d7527085" member_type: VOTER last_known_addr { host: "127.5.180.194" port: 38559 } } peers { permanent_uuid: "5ee6988b3c72417d9e436da63872cc73" member_type: VOTER last_known_addr { host: "127.5.180.195" port: 37271 } }
I20260713 09:12:30.009922  6475 tablet_service.cc:1917] Received RequestConsensusVote() RPC: tablet_id: "2e0bbf5067594485a77d9c8a0569f612" candidate_uuid: "5ee6988b3c72417d9e436da63872cc73" candidate_term: 1 candidate_status { last_received { term: 0 index: 0 } } ignore_live_leader: false dest_uuid: "dc9fc5ea6e854879b119a9f878d9a49c"
I20260713 09:12:30.014061  6475 raft_consensus.cc:3060] T 2e0bbf5067594485a77d9c8a0569f612 P dc9fc5ea6e854879b119a9f878d9a49c [term 0 FOLLOWER]: Advancing to term 1
I20260713 09:12:30.014178  6666 ts_tablet_manager.cc:1434] T 3d508e91417747cb8aaa6830c1bad598 P fc1fe708421c40678e48ff68d7527085: Time spent starting tablet: real 0.009s	user 0.008s	sys 0.000s
I20260713 09:12:30.015134  6666 tablet_bootstrap.cc:492] T 5059f7b0f6af47dcbc54b1be9d6d0f00 P fc1fe708421c40678e48ff68d7527085: Bootstrap starting.
I20260713 09:12:30.020787  6550 raft_consensus.cc:2468] T 2e0bbf5067594485a77d9c8a0569f612 P fc1fe708421c40678e48ff68d7527085 [term 1 FOLLOWER]: Leader election vote request: Granting yes vote for candidate 5ee6988b3c72417d9e436da63872cc73 in term 1.
I20260713 09:12:30.026990  6665 tablet_bootstrap.cc:654] T fcac1af32be84b9fbce2bcd3986986c0 P dc9fc5ea6e854879b119a9f878d9a49c: Neither blocks nor log segments found. Creating new log.
I20260713 09:12:30.027837  6589 leader_election.cc:304] T 2e0bbf5067594485a77d9c8a0569f612 P 5ee6988b3c72417d9e436da63872cc73 [CANDIDATE]: Term 1 election: Election decided. Result: candidate won. Election summary: received 2 responses out of 3 voters: 2 yes votes; 0 no votes. yes voters: 5ee6988b3c72417d9e436da63872cc73, fc1fe708421c40678e48ff68d7527085; no voters: 
I20260713 09:12:30.021876  6551 raft_consensus.cc:2468] T 61df0c722e6b498f894f5753a627c917 P fc1fe708421c40678e48ff68d7527085 [term 1 FOLLOWER]: Leader election vote request: Granting yes vote for candidate dc9fc5ea6e854879b119a9f878d9a49c in term 1.
I20260713 09:12:30.028750  6674 raft_consensus.cc:2804] T 2e0bbf5067594485a77d9c8a0569f612 P 5ee6988b3c72417d9e436da63872cc73 [term 1 FOLLOWER]: Leader election won for term 1
I20260713 09:12:30.029237  6674 raft_consensus.cc:697] T 2e0bbf5067594485a77d9c8a0569f612 P 5ee6988b3c72417d9e436da63872cc73 [term 1 LEADER]: Becoming Leader. State: Replica: 5ee6988b3c72417d9e436da63872cc73, State: Running, Role: LEADER
I20260713 09:12:30.029736  6440 leader_election.cc:304] T 61df0c722e6b498f894f5753a627c917 P dc9fc5ea6e854879b119a9f878d9a49c [CANDIDATE]: Term 1 election: Election decided. Result: candidate won. Election summary: received 3 responses out of 3 voters: 2 yes votes; 1 no votes. yes voters: dc9fc5ea6e854879b119a9f878d9a49c, fc1fe708421c40678e48ff68d7527085; no voters: 5ee6988b3c72417d9e436da63872cc73
I20260713 09:12:30.030025  6674 consensus_queue.cc:237] T 2e0bbf5067594485a77d9c8a0569f612 P 5ee6988b3c72417d9e436da63872cc73 [LEADER]: Queue going to LEADER mode. State: All replicated index: 0, Majority replicated index: 0, Committed index: 0, Last appended: 0.0, Last appended by leader: 0, Current term: 1, Majority size: 2, State: 0, Mode: LEADER, active raft config: opid_index: -1 OBSOLETE_local: false peers { permanent_uuid: "dc9fc5ea6e854879b119a9f878d9a49c" member_type: VOTER last_known_addr { host: "127.5.180.193" port: 42109 } } peers { permanent_uuid: "fc1fe708421c40678e48ff68d7527085" member_type: VOTER last_known_addr { host: "127.5.180.194" port: 38559 } } peers { permanent_uuid: "5ee6988b3c72417d9e436da63872cc73" member_type: VOTER last_known_addr { host: "127.5.180.195" port: 37271 } }
I20260713 09:12:30.020818  6666 tablet_bootstrap.cc:654] T 5059f7b0f6af47dcbc54b1be9d6d0f00 P fc1fe708421c40678e48ff68d7527085: Neither blocks nor log segments found. Creating new log.
I20260713 09:12:30.026149  6475 raft_consensus.cc:2468] T 2e0bbf5067594485a77d9c8a0569f612 P dc9fc5ea6e854879b119a9f878d9a49c [term 1 FOLLOWER]: Leader election vote request: Granting yes vote for candidate 5ee6988b3c72417d9e436da63872cc73 in term 1.
I20260713 09:12:30.013334  6625 raft_consensus.cc:2468] T 4862ddd39c1f4f6e836111197b7fac60 P 5ee6988b3c72417d9e436da63872cc73 [term 1 FOLLOWER]: Leader election vote request: Granting yes vote for candidate fc1fe708421c40678e48ff68d7527085 in term 1.
I20260713 09:12:30.031087  6670 raft_consensus.cc:2804] T 61df0c722e6b498f894f5753a627c917 P dc9fc5ea6e854879b119a9f878d9a49c [term 1 FOLLOWER]: Leader election won for term 1
I20260713 09:12:30.033418  6517 leader_election.cc:304] T 4862ddd39c1f4f6e836111197b7fac60 P fc1fe708421c40678e48ff68d7527085 [CANDIDATE]: Term 1 election: Election decided. Result: candidate won. Election summary: received 3 responses out of 3 voters: 2 yes votes; 1 no votes. yes voters: 5ee6988b3c72417d9e436da63872cc73, fc1fe708421c40678e48ff68d7527085; no voters: dc9fc5ea6e854879b119a9f878d9a49c
I20260713 09:12:30.034574  6671 raft_consensus.cc:2804] T 4862ddd39c1f4f6e836111197b7fac60 P fc1fe708421c40678e48ff68d7527085 [term 1 FOLLOWER]: Leader election won for term 1
I20260713 09:12:30.022203  6682 raft_consensus.cc:493] T 3d508e91417747cb8aaa6830c1bad598 P dc9fc5ea6e854879b119a9f878d9a49c [term 0 FOLLOWER]: Starting pre-election (no leader contacted us within the election timeout)
I20260713 09:12:30.036116  6682 raft_consensus.cc:515] T 3d508e91417747cb8aaa6830c1bad598 P dc9fc5ea6e854879b119a9f878d9a49c [term 0 FOLLOWER]: Starting pre-election with config: opid_index: -1 OBSOLETE_local: false peers { permanent_uuid: "dc9fc5ea6e854879b119a9f878d9a49c" member_type: VOTER last_known_addr { host: "127.5.180.193" port: 42109 } } peers { permanent_uuid: "fc1fe708421c40678e48ff68d7527085" member_type: VOTER last_known_addr { host: "127.5.180.194" port: 38559 } } peers { permanent_uuid: "5ee6988b3c72417d9e436da63872cc73" member_type: VOTER last_known_addr { host: "127.5.180.195" port: 37271 } }
I20260713 09:12:30.041905  6682 leader_election.cc:290] T 3d508e91417747cb8aaa6830c1bad598 P dc9fc5ea6e854879b119a9f878d9a49c [CANDIDATE]: Term 1 pre-election: Requested pre-vote from peers fc1fe708421c40678e48ff68d7527085 (127.5.180.194:38559), 5ee6988b3c72417d9e436da63872cc73 (127.5.180.195:37271)
I20260713 09:12:30.042539  6550 tablet_service.cc:1917] Received RequestConsensusVote() RPC: tablet_id: "3d508e91417747cb8aaa6830c1bad598" candidate_uuid: "dc9fc5ea6e854879b119a9f878d9a49c" candidate_term: 1 candidate_status { last_received { term: 0 index: 0 } } ignore_live_leader: false dest_uuid: "fc1fe708421c40678e48ff68d7527085" is_pre_election: true
I20260713 09:12:30.043511  6550 raft_consensus.cc:2468] T 3d508e91417747cb8aaa6830c1bad598 P fc1fe708421c40678e48ff68d7527085 [term 0 FOLLOWER]: Leader pre-election vote request: Granting yes vote for candidate dc9fc5ea6e854879b119a9f878d9a49c in term 0.
I20260713 09:12:30.045722  6625 tablet_service.cc:1917] Received RequestConsensusVote() RPC: tablet_id: "3d508e91417747cb8aaa6830c1bad598" candidate_uuid: "dc9fc5ea6e854879b119a9f878d9a49c" candidate_term: 1 candidate_status { last_received { term: 0 index: 0 } } ignore_live_leader: false dest_uuid: "5ee6988b3c72417d9e436da63872cc73" is_pre_election: true
I20260713 09:12:30.046532  6440 leader_election.cc:304] T 3d508e91417747cb8aaa6830c1bad598 P dc9fc5ea6e854879b119a9f878d9a49c [CANDIDATE]: Term 1 pre-election: Election decided. Result: candidate won. Election summary: received 2 responses out of 3 voters: 2 yes votes; 0 no votes. yes voters: dc9fc5ea6e854879b119a9f878d9a49c, fc1fe708421c40678e48ff68d7527085; no voters: 
I20260713 09:12:30.046878  6668 tablet_bootstrap.cc:492] T 387e23f732254aed8087215e91326d7b P 5ee6988b3c72417d9e436da63872cc73: No bootstrap required, opened a new log
W20260713 09:12:30.047140  6442 leader_election.cc:343] T 3d508e91417747cb8aaa6830c1bad598 P dc9fc5ea6e854879b119a9f878d9a49c [CANDIDATE]: Term 1 pre-election: Tablet error from VoteRequest() call to peer 5ee6988b3c72417d9e436da63872cc73 (127.5.180.195:37271): Illegal state: must be running to vote when last-logged opid is not known
I20260713 09:12:30.047356  6668 ts_tablet_manager.cc:1403] T 387e23f732254aed8087215e91326d7b P 5ee6988b3c72417d9e436da63872cc73: Time spent bootstrapping tablet: real 0.058s	user 0.018s	sys 0.016s
I20260713 09:12:30.048022  6682 raft_consensus.cc:2804] T 3d508e91417747cb8aaa6830c1bad598 P dc9fc5ea6e854879b119a9f878d9a49c [term 0 FOLLOWER]: Leader pre-election won for term 1
I20260713 09:12:30.048368  6682 raft_consensus.cc:493] T 3d508e91417747cb8aaa6830c1bad598 P dc9fc5ea6e854879b119a9f878d9a49c [term 0 FOLLOWER]: Starting leader election (no leader contacted us within the election timeout)
I20260713 09:12:30.049404  6682 raft_consensus.cc:3060] T 3d508e91417747cb8aaa6830c1bad598 P dc9fc5ea6e854879b119a9f878d9a49c [term 0 FOLLOWER]: Advancing to term 1
I20260713 09:12:30.049422  6670 raft_consensus.cc:697] T 61df0c722e6b498f894f5753a627c917 P dc9fc5ea6e854879b119a9f878d9a49c [term 1 LEADER]: Becoming Leader. State: Replica: dc9fc5ea6e854879b119a9f878d9a49c, State: Running, Role: LEADER
I20260713 09:12:30.051395  6670 consensus_queue.cc:237] T 61df0c722e6b498f894f5753a627c917 P dc9fc5ea6e854879b119a9f878d9a49c [LEADER]: Queue going to LEADER mode. State: All replicated index: 0, Majority replicated index: 0, Committed index: 0, Last appended: 0.0, Last appended by leader: 0, Current term: 1, Majority size: 2, State: 0, Mode: LEADER, active raft config: opid_index: -1 OBSOLETE_local: false peers { permanent_uuid: "dc9fc5ea6e854879b119a9f878d9a49c" member_type: VOTER last_known_addr { host: "127.5.180.193" port: 42109 } } peers { permanent_uuid: "fc1fe708421c40678e48ff68d7527085" member_type: VOTER last_known_addr { host: "127.5.180.194" port: 38559 } } peers { permanent_uuid: "5ee6988b3c72417d9e436da63872cc73" member_type: VOTER last_known_addr { host: "127.5.180.195" port: 37271 } }
I20260713 09:12:30.052232  6668 raft_consensus.cc:359] T 387e23f732254aed8087215e91326d7b P 5ee6988b3c72417d9e436da63872cc73 [term 0 FOLLOWER]: Replica starting. Triggering 0 pending ops. Active config: opid_index: -1 OBSOLETE_local: false peers { permanent_uuid: "dc9fc5ea6e854879b119a9f878d9a49c" member_type: VOTER last_known_addr { host: "127.5.180.193" port: 42109 } } peers { permanent_uuid: "fc1fe708421c40678e48ff68d7527085" member_type: VOTER last_known_addr { host: "127.5.180.194" port: 38559 } } peers { permanent_uuid: "5ee6988b3c72417d9e436da63872cc73" member_type: VOTER last_known_addr { host: "127.5.180.195" port: 37271 } }
I20260713 09:12:30.052932  6668 raft_consensus.cc:385] T 387e23f732254aed8087215e91326d7b P 5ee6988b3c72417d9e436da63872cc73 [term 0 FOLLOWER]: Consensus starting up: Expiring failure detector timer to make a prompt election more likely
I20260713 09:12:30.053596  6668 raft_consensus.cc:740] T 387e23f732254aed8087215e91326d7b P 5ee6988b3c72417d9e436da63872cc73 [term 0 FOLLOWER]: Becoming Follower/Learner. State: Replica: 5ee6988b3c72417d9e436da63872cc73, State: Initialized, Role: FOLLOWER
I20260713 09:12:30.054385  6668 consensus_queue.cc:260] T 387e23f732254aed8087215e91326d7b P 5ee6988b3c72417d9e436da63872cc73 [NON_LEADER]: Queue going to NON_LEADER mode. State: All replicated index: 0, Majority replicated index: 0, Committed index: 0, Last appended: 0.0, Last appended by leader: 0, Current term: 0, Majority size: -1, State: 0, Mode: NON_LEADER, active raft config: opid_index: -1 OBSOLETE_local: false peers { permanent_uuid: "dc9fc5ea6e854879b119a9f878d9a49c" member_type: VOTER last_known_addr { host: "127.5.180.193" port: 42109 } } peers { permanent_uuid: "fc1fe708421c40678e48ff68d7527085" member_type: VOTER last_known_addr { host: "127.5.180.194" port: 38559 } } peers { permanent_uuid: "5ee6988b3c72417d9e436da63872cc73" member_type: VOTER last_known_addr { host: "127.5.180.195" port: 37271 } }
I20260713 09:12:30.057029  6668 ts_tablet_manager.cc:1434] T 387e23f732254aed8087215e91326d7b P 5ee6988b3c72417d9e436da63872cc73: Time spent starting tablet: real 0.009s	user 0.005s	sys 0.002s
I20260713 09:12:30.058398  6668 tablet_bootstrap.cc:492] T 3d508e91417747cb8aaa6830c1bad598 P 5ee6988b3c72417d9e436da63872cc73: Bootstrap starting.
I20260713 09:12:30.058951  6682 raft_consensus.cc:515] T 3d508e91417747cb8aaa6830c1bad598 P dc9fc5ea6e854879b119a9f878d9a49c [term 1 FOLLOWER]: Starting leader election with config: opid_index: -1 OBSOLETE_local: false peers { permanent_uuid: "dc9fc5ea6e854879b119a9f878d9a49c" member_type: VOTER last_known_addr { host: "127.5.180.193" port: 42109 } } peers { permanent_uuid: "fc1fe708421c40678e48ff68d7527085" member_type: VOTER last_known_addr { host: "127.5.180.194" port: 38559 } } peers { permanent_uuid: "5ee6988b3c72417d9e436da63872cc73" member_type: VOTER last_known_addr { host: "127.5.180.195" port: 37271 } }
I20260713 09:12:30.049998  6671 raft_consensus.cc:697] T 4862ddd39c1f4f6e836111197b7fac60 P fc1fe708421c40678e48ff68d7527085 [term 1 LEADER]: Becoming Leader. State: Replica: fc1fe708421c40678e48ff68d7527085, State: Running, Role: LEADER
W20260713 09:12:30.061586  6422 auto_rebalancer.cc:288] Could not retrieve cluster info: Service unavailable: Tablet not running
I20260713 09:12:30.062302  6671 consensus_queue.cc:237] T 4862ddd39c1f4f6e836111197b7fac60 P fc1fe708421c40678e48ff68d7527085 [LEADER]: Queue going to LEADER mode. State: All replicated index: 0, Majority replicated index: 0, Committed index: 0, Last appended: 0.0, Last appended by leader: 0, Current term: 1, Majority size: 2, State: 0, Mode: LEADER, active raft config: opid_index: -1 OBSOLETE_local: false peers { permanent_uuid: "dc9fc5ea6e854879b119a9f878d9a49c" member_type: VOTER last_known_addr { host: "127.5.180.193" port: 42109 } } peers { permanent_uuid: "fc1fe708421c40678e48ff68d7527085" member_type: VOTER last_known_addr { host: "127.5.180.194" port: 38559 } } peers { permanent_uuid: "5ee6988b3c72417d9e436da63872cc73" member_type: VOTER last_known_addr { host: "127.5.180.195" port: 37271 } }
I20260713 09:12:30.062851  6550 tablet_service.cc:1917] Received RequestConsensusVote() RPC: tablet_id: "3d508e91417747cb8aaa6830c1bad598" candidate_uuid: "dc9fc5ea6e854879b119a9f878d9a49c" candidate_term: 1 candidate_status { last_received { term: 0 index: 0 } } ignore_live_leader: false dest_uuid: "fc1fe708421c40678e48ff68d7527085"
I20260713 09:12:30.063434  6550 raft_consensus.cc:3060] T 3d508e91417747cb8aaa6830c1bad598 P fc1fe708421c40678e48ff68d7527085 [term 0 FOLLOWER]: Advancing to term 1
I20260713 09:12:30.068775  6625 tablet_service.cc:1917] Received RequestConsensusVote() RPC: tablet_id: "3d508e91417747cb8aaa6830c1bad598" candidate_uuid: "dc9fc5ea6e854879b119a9f878d9a49c" candidate_term: 1 candidate_status { last_received { term: 0 index: 0 } } ignore_live_leader: false dest_uuid: "5ee6988b3c72417d9e436da63872cc73"
I20260713 09:12:30.069417  6665 tablet_bootstrap.cc:492] T fcac1af32be84b9fbce2bcd3986986c0 P dc9fc5ea6e854879b119a9f878d9a49c: No bootstrap required, opened a new log
I20260713 09:12:30.069952  6665 ts_tablet_manager.cc:1403] T fcac1af32be84b9fbce2bcd3986986c0 P dc9fc5ea6e854879b119a9f878d9a49c: Time spent bootstrapping tablet: real 0.063s	user 0.009s	sys 0.012s
W20260713 09:12:30.070181  6442 leader_election.cc:343] T 3d508e91417747cb8aaa6830c1bad598 P dc9fc5ea6e854879b119a9f878d9a49c [CANDIDATE]: Term 1 election: Tablet error from VoteRequest() call to peer 5ee6988b3c72417d9e436da63872cc73 (127.5.180.195:37271): Illegal state: must be running to vote when last-logged opid is not known
I20260713 09:12:30.070709  6682 leader_election.cc:290] T 3d508e91417747cb8aaa6830c1bad598 P dc9fc5ea6e854879b119a9f878d9a49c [CANDIDATE]: Term 1 election: Requested vote from peers fc1fe708421c40678e48ff68d7527085 (127.5.180.194:38559), 5ee6988b3c72417d9e436da63872cc73 (127.5.180.195:37271)
I20260713 09:12:30.070842  6550 raft_consensus.cc:2468] T 3d508e91417747cb8aaa6830c1bad598 P fc1fe708421c40678e48ff68d7527085 [term 1 FOLLOWER]: Leader election vote request: Granting yes vote for candidate dc9fc5ea6e854879b119a9f878d9a49c in term 1.
I20260713 09:12:30.072665  6440 leader_election.cc:304] T 3d508e91417747cb8aaa6830c1bad598 P dc9fc5ea6e854879b119a9f878d9a49c [CANDIDATE]: Term 1 election: Election decided. Result: candidate won. Election summary: received 3 responses out of 3 voters: 2 yes votes; 1 no votes. yes voters: dc9fc5ea6e854879b119a9f878d9a49c, fc1fe708421c40678e48ff68d7527085; no voters: 5ee6988b3c72417d9e436da63872cc73
I20260713 09:12:30.075191  6665 raft_consensus.cc:359] T fcac1af32be84b9fbce2bcd3986986c0 P dc9fc5ea6e854879b119a9f878d9a49c [term 0 FOLLOWER]: Replica starting. Triggering 0 pending ops. Active config: opid_index: -1 OBSOLETE_local: false peers { permanent_uuid: "dc9fc5ea6e854879b119a9f878d9a49c" member_type: VOTER last_known_addr { host: "127.5.180.193" port: 42109 } } peers { permanent_uuid: "fc1fe708421c40678e48ff68d7527085" member_type: VOTER last_known_addr { host: "127.5.180.194" port: 38559 } } peers { permanent_uuid: "5ee6988b3c72417d9e436da63872cc73" member_type: VOTER last_known_addr { host: "127.5.180.195" port: 37271 } }
I20260713 09:12:30.075933  6665 raft_consensus.cc:385] T fcac1af32be84b9fbce2bcd3986986c0 P dc9fc5ea6e854879b119a9f878d9a49c [term 0 FOLLOWER]: Consensus starting up: Expiring failure detector timer to make a prompt election more likely
I20260713 09:12:30.076439  6682 raft_consensus.cc:2804] T 3d508e91417747cb8aaa6830c1bad598 P dc9fc5ea6e854879b119a9f878d9a49c [term 1 FOLLOWER]: Leader election won for term 1
I20260713 09:12:30.076992  6665 raft_consensus.cc:740] T fcac1af32be84b9fbce2bcd3986986c0 P dc9fc5ea6e854879b119a9f878d9a49c [term 0 FOLLOWER]: Becoming Follower/Learner. State: Replica: dc9fc5ea6e854879b119a9f878d9a49c, State: Initialized, Role: FOLLOWER
I20260713 09:12:30.077610  6682 raft_consensus.cc:697] T 3d508e91417747cb8aaa6830c1bad598 P dc9fc5ea6e854879b119a9f878d9a49c [term 1 LEADER]: Becoming Leader. State: Replica: dc9fc5ea6e854879b119a9f878d9a49c, State: Running, Role: LEADER
I20260713 09:12:30.077994  6665 consensus_queue.cc:260] T fcac1af32be84b9fbce2bcd3986986c0 P dc9fc5ea6e854879b119a9f878d9a49c [NON_LEADER]: Queue going to NON_LEADER mode. State: All replicated index: 0, Majority replicated index: 0, Committed index: 0, Last appended: 0.0, Last appended by leader: 0, Current term: 0, Majority size: -1, State: 0, Mode: NON_LEADER, active raft config: opid_index: -1 OBSOLETE_local: false peers { permanent_uuid: "dc9fc5ea6e854879b119a9f878d9a49c" member_type: VOTER last_known_addr { host: "127.5.180.193" port: 42109 } } peers { permanent_uuid: "fc1fe708421c40678e48ff68d7527085" member_type: VOTER last_known_addr { host: "127.5.180.194" port: 38559 } } peers { permanent_uuid: "5ee6988b3c72417d9e436da63872cc73" member_type: VOTER last_known_addr { host: "127.5.180.195" port: 37271 } }
I20260713 09:12:30.078398  6682 consensus_queue.cc:237] T 3d508e91417747cb8aaa6830c1bad598 P dc9fc5ea6e854879b119a9f878d9a49c [LEADER]: Queue going to LEADER mode. State: All replicated index: 0, Majority replicated index: 0, Committed index: 0, Last appended: 0.0, Last appended by leader: 0, Current term: 1, Majority size: 2, State: 0, Mode: LEADER, active raft config: opid_index: -1 OBSOLETE_local: false peers { permanent_uuid: "dc9fc5ea6e854879b119a9f878d9a49c" member_type: VOTER last_known_addr { host: "127.5.180.193" port: 42109 } } peers { permanent_uuid: "fc1fe708421c40678e48ff68d7527085" member_type: VOTER last_known_addr { host: "127.5.180.194" port: 38559 } } peers { permanent_uuid: "5ee6988b3c72417d9e436da63872cc73" member_type: VOTER last_known_addr { host: "127.5.180.195" port: 37271 } }
I20260713 09:12:30.079877  6666 tablet_bootstrap.cc:492] T 5059f7b0f6af47dcbc54b1be9d6d0f00 P fc1fe708421c40678e48ff68d7527085: No bootstrap required, opened a new log
I20260713 09:12:30.080114  6665 ts_tablet_manager.cc:1434] T fcac1af32be84b9fbce2bcd3986986c0 P dc9fc5ea6e854879b119a9f878d9a49c: Time spent starting tablet: real 0.010s	user 0.005s	sys 0.000s
I20260713 09:12:30.080540  6666 ts_tablet_manager.cc:1403] T 5059f7b0f6af47dcbc54b1be9d6d0f00 P fc1fe708421c40678e48ff68d7527085: Time spent bootstrapping tablet: real 0.066s	user 0.017s	sys 0.005s
I20260713 09:12:30.081120  6665 tablet_bootstrap.cc:492] T 4862ddd39c1f4f6e836111197b7fac60 P dc9fc5ea6e854879b119a9f878d9a49c: Bootstrap starting.
I20260713 09:12:30.076736  6372 catalog_manager.cc:5697] T 2e0bbf5067594485a77d9c8a0569f612 P 5ee6988b3c72417d9e436da63872cc73 reported cstate change: term changed from 0 to 1, leader changed from <none> to 5ee6988b3c72417d9e436da63872cc73 (127.5.180.195). New cstate: current_term: 1 leader_uuid: "5ee6988b3c72417d9e436da63872cc73" committed_config { opid_index: -1 OBSOLETE_local: false peers { permanent_uuid: "dc9fc5ea6e854879b119a9f878d9a49c" member_type: VOTER last_known_addr { host: "127.5.180.193" port: 42109 } health_report { overall_health: UNKNOWN } } peers { permanent_uuid: "fc1fe708421c40678e48ff68d7527085" member_type: VOTER last_known_addr { host: "127.5.180.194" port: 38559 } health_report { overall_health: UNKNOWN } } peers { permanent_uuid: "5ee6988b3c72417d9e436da63872cc73" member_type: VOTER last_known_addr { host: "127.5.180.195" port: 37271 } health_report { overall_health: HEALTHY } } }
I20260713 09:12:30.087704  6371 catalog_manager.cc:5697] T 61df0c722e6b498f894f5753a627c917 P dc9fc5ea6e854879b119a9f878d9a49c reported cstate change: term changed from 0 to 1, leader changed from <none> to dc9fc5ea6e854879b119a9f878d9a49c (127.5.180.193). New cstate: current_term: 1 leader_uuid: "dc9fc5ea6e854879b119a9f878d9a49c" committed_config { opid_index: -1 OBSOLETE_local: false peers { permanent_uuid: "dc9fc5ea6e854879b119a9f878d9a49c" member_type: VOTER last_known_addr { host: "127.5.180.193" port: 42109 } health_report { overall_health: HEALTHY } } peers { permanent_uuid: "fc1fe708421c40678e48ff68d7527085" member_type: VOTER last_known_addr { host: "127.5.180.194" port: 38559 } health_report { overall_health: UNKNOWN } } peers { permanent_uuid: "5ee6988b3c72417d9e436da63872cc73" member_type: VOTER last_known_addr { host: "127.5.180.195" port: 37271 } health_report { overall_health: UNKNOWN } } }
I20260713 09:12:30.088733  6665 tablet_bootstrap.cc:654] T 4862ddd39c1f4f6e836111197b7fac60 P dc9fc5ea6e854879b119a9f878d9a49c: Neither blocks nor log segments found. Creating new log.
