I20260713 09:12:22.380352 27674 consensus_queue.cc:260] T 7e89dbfe963f4e788174f4cb42e2a47c P bd5c61994bf343b8a02445f9d3d5047b [NON_LEADER]: Queue going to NON_LEADER mode. State: All replicated index: 0, Majority replicated index: 2, Committed index: 2, Last appended: 2.2, Last appended by leader: 2, Current term: 2, Majority size: -1, State: 0, Mode: NON_LEADER, active raft config: opid_index: -1 OBSOLETE_local: false peers { permanent_uuid: "4c79ec63e0c249239356aed4bbcce301" member_type: VOTER last_known_addr { host: "127.26.210.65" port: 46593 } } peers { permanent_uuid: "bd5c61994bf343b8a02445f9d3d5047b" member_type: VOTER last_known_addr { host: "127.26.210.66" port: 39865 } } peers { permanent_uuid: "d793be6c2ec040bfbc5a18eea71ccda6" member_type: VOTER last_known_addr { host: "127.26.210.67" port: 40697 } }
I20260713 09:12:22.381390 27674 raft_consensus.cc:3060] T 7e89dbfe963f4e788174f4cb42e2a47c P bd5c61994bf343b8a02445f9d3d5047b [term 2 FOLLOWER]: Advancing to term 3
I20260713 09:12:22.385066 27597 raft_consensus.cc:2468] T 7e89dbfe963f4e788174f4cb42e2a47c P 4c79ec63e0c249239356aed4bbcce301 [term 3 FOLLOWER]: Leader election vote request: Granting yes vote for candidate d793be6c2ec040bfbc5a18eea71ccda6 in term 3.
I20260713 09:12:22.386438 27714 leader_election.cc:304] T 7e89dbfe963f4e788174f4cb42e2a47c P d793be6c2ec040bfbc5a18eea71ccda6 [CANDIDATE]: Term 3 election: Election decided. Result: candidate won. Election summary: received 2 responses out of 3 voters: 2 yes votes; 0 no votes. yes voters: 4c79ec63e0c249239356aed4bbcce301, d793be6c2ec040bfbc5a18eea71ccda6; no voters: 
I20260713 09:12:22.386868 27674 raft_consensus.cc:2468] T 7e89dbfe963f4e788174f4cb42e2a47c P bd5c61994bf343b8a02445f9d3d5047b [term 3 FOLLOWER]: Leader election vote request: Granting yes vote for candidate d793be6c2ec040bfbc5a18eea71ccda6 in term 3.
I20260713 09:12:22.387447 27898 raft_consensus.cc:2804] T 7e89dbfe963f4e788174f4cb42e2a47c P d793be6c2ec040bfbc5a18eea71ccda6 [term 3 FOLLOWER]: Leader election won for term 3
I20260713 09:12:22.388959 27898 raft_consensus.cc:697] T 7e89dbfe963f4e788174f4cb42e2a47c P d793be6c2ec040bfbc5a18eea71ccda6 [term 3 LEADER]: Becoming Leader. State: Replica: d793be6c2ec040bfbc5a18eea71ccda6, State: Running, Role: LEADER
I20260713 09:12:22.389696 27898 consensus_queue.cc:237] T 7e89dbfe963f4e788174f4cb42e2a47c P d793be6c2ec040bfbc5a18eea71ccda6 [LEADER]: Queue going to LEADER mode. State: All replicated index: 0, Majority replicated index: 2, Committed index: 2, Last appended: 2.2, Last appended by leader: 2, Current term: 3, Majority size: 2, State: 0, Mode: LEADER, active raft config: opid_index: -1 OBSOLETE_local: false peers { permanent_uuid: "4c79ec63e0c249239356aed4bbcce301" member_type: VOTER last_known_addr { host: "127.26.210.65" port: 46593 } } peers { permanent_uuid: "bd5c61994bf343b8a02445f9d3d5047b" member_type: VOTER last_known_addr { host: "127.26.210.66" port: 39865 } } peers { permanent_uuid: "d793be6c2ec040bfbc5a18eea71ccda6" member_type: VOTER last_known_addr { host: "127.26.210.67" port: 40697 } }
I20260713 09:12:22.399398 27496 catalog_manager.cc:5697] T 7e89dbfe963f4e788174f4cb42e2a47c P d793be6c2ec040bfbc5a18eea71ccda6 reported cstate change: term changed from 2 to 3, leader changed from bd5c61994bf343b8a02445f9d3d5047b (127.26.210.66) to d793be6c2ec040bfbc5a18eea71ccda6 (127.26.210.67). New cstate: current_term: 3 leader_uuid: "d793be6c2ec040bfbc5a18eea71ccda6" committed_config { opid_index: -1 OBSOLETE_local: false peers { permanent_uuid: "4c79ec63e0c249239356aed4bbcce301" member_type: VOTER last_known_addr { host: "127.26.210.65" port: 46593 } health_report { overall_health: UNKNOWN } } peers { permanent_uuid: "bd5c61994bf343b8a02445f9d3d5047b" member_type: VOTER last_known_addr { host: "127.26.210.66" port: 39865 } health_report { overall_health: UNKNOWN } } peers { permanent_uuid: "d793be6c2ec040bfbc5a18eea71ccda6" member_type: VOTER last_known_addr { host: "127.26.210.67" port: 40697 } health_report { overall_health: HEALTHY } } }
I20260713 09:12:22.421705 27899 raft_consensus.cc:993] T a2d1e10e66cb4da6bc91fff3d4797101 P 4c79ec63e0c249239356aed4bbcce301: : Instructing follower d793be6c2ec040bfbc5a18eea71ccda6 to start an election
I20260713 09:12:22.422184 27911 raft_consensus.cc:1081] T a2d1e10e66cb4da6bc91fff3d4797101 P 4c79ec63e0c249239356aed4bbcce301 [term 2 LEADER]: Signalling peer d793be6c2ec040bfbc5a18eea71ccda6 to start an election
I20260713 09:12:22.423949 27748 tablet_service.cc:2044] Received Run Leader Election RPC: tablet_id: "a2d1e10e66cb4da6bc91fff3d4797101"
dest_uuid: "d793be6c2ec040bfbc5a18eea71ccda6"
 from {username='slave'} at 127.0.0.1:50822
I20260713 09:12:22.424477 27748 raft_consensus.cc:493] T a2d1e10e66cb4da6bc91fff3d4797101 P d793be6c2ec040bfbc5a18eea71ccda6 [term 2 FOLLOWER]: Starting forced leader election (received explicit request)
I20260713 09:12:22.424799 27748 raft_consensus.cc:3060] T a2d1e10e66cb4da6bc91fff3d4797101 P d793be6c2ec040bfbc5a18eea71ccda6 [term 2 FOLLOWER]: Advancing to term 3
I20260713 09:12:22.429507 27748 raft_consensus.cc:515] T a2d1e10e66cb4da6bc91fff3d4797101 P d793be6c2ec040bfbc5a18eea71ccda6 [term 3 FOLLOWER]: Starting forced leader election with config: opid_index: -1 OBSOLETE_local: false peers { permanent_uuid: "4c79ec63e0c249239356aed4bbcce301" member_type: VOTER last_known_addr { host: "127.26.210.65" port: 46593 } } peers { permanent_uuid: "bd5c61994bf343b8a02445f9d3d5047b" member_type: VOTER last_known_addr { host: "127.26.210.66" port: 39865 } } peers { permanent_uuid: "d793be6c2ec040bfbc5a18eea71ccda6" member_type: VOTER last_known_addr { host: "127.26.210.67" port: 40697 } }
I20260713 09:12:22.431210 27748 leader_election.cc:290] T a2d1e10e66cb4da6bc91fff3d4797101 P d793be6c2ec040bfbc5a18eea71ccda6 [CANDIDATE]: Term 3 election: Requested vote from peers 4c79ec63e0c249239356aed4bbcce301 (127.26.210.65:46593), bd5c61994bf343b8a02445f9d3d5047b (127.26.210.66:39865)
I20260713 09:12:22.432128 27597 tablet_service.cc:1917] Received RequestConsensusVote() RPC: tablet_id: "a2d1e10e66cb4da6bc91fff3d4797101" candidate_uuid: "d793be6c2ec040bfbc5a18eea71ccda6" candidate_term: 3 candidate_status { last_received { term: 2 index: 2 } } ignore_live_leader: true dest_uuid: "4c79ec63e0c249239356aed4bbcce301"
I20260713 09:12:22.432500 27674 tablet_service.cc:1917] Received RequestConsensusVote() RPC: tablet_id: "a2d1e10e66cb4da6bc91fff3d4797101" candidate_uuid: "d793be6c2ec040bfbc5a18eea71ccda6" candidate_term: 3 candidate_status { last_received { term: 2 index: 2 } } ignore_live_leader: true dest_uuid: "bd5c61994bf343b8a02445f9d3d5047b"
I20260713 09:12:22.432775 27597 raft_consensus.cc:3055] T a2d1e10e66cb4da6bc91fff3d4797101 P 4c79ec63e0c249239356aed4bbcce301 [term 2 LEADER]: Stepping down as leader of term 2
I20260713 09:12:22.433046 27674 raft_consensus.cc:3060] T a2d1e10e66cb4da6bc91fff3d4797101 P bd5c61994bf343b8a02445f9d3d5047b [term 2 FOLLOWER]: Advancing to term 3
I20260713 09:12:22.433097 27597 raft_consensus.cc:740] T a2d1e10e66cb4da6bc91fff3d4797101 P 4c79ec63e0c249239356aed4bbcce301 [term 2 LEADER]: Becoming Follower/Learner. State: Replica: 4c79ec63e0c249239356aed4bbcce301, State: Running, Role: LEADER
I20260713 09:12:22.433895 27597 consensus_queue.cc:260] T a2d1e10e66cb4da6bc91fff3d4797101 P 4c79ec63e0c249239356aed4bbcce301 [NON_LEADER]: Queue going to NON_LEADER mode. State: All replicated index: 0, Majority replicated index: 2, Committed index: 2, Last appended: 2.2, Last appended by leader: 2, Current term: 2, Majority size: -1, State: 0, Mode: NON_LEADER, active raft config: opid_index: -1 OBSOLETE_local: false peers { permanent_uuid: "4c79ec63e0c249239356aed4bbcce301" member_type: VOTER last_known_addr { host: "127.26.210.65" port: 46593 } } peers { permanent_uuid: "bd5c61994bf343b8a02445f9d3d5047b" member_type: VOTER last_known_addr { host: "127.26.210.66" port: 39865 } } peers { permanent_uuid: "d793be6c2ec040bfbc5a18eea71ccda6" member_type: VOTER last_known_addr { host: "127.26.210.67" port: 40697 } }
I20260713 09:12:22.434860 27597 raft_consensus.cc:3060] T a2d1e10e66cb4da6bc91fff3d4797101 P 4c79ec63e0c249239356aed4bbcce301 [term 2 FOLLOWER]: Advancing to term 3
I20260713 09:12:22.438589 27674 raft_consensus.cc:2468] T a2d1e10e66cb4da6bc91fff3d4797101 P bd5c61994bf343b8a02445f9d3d5047b [term 3 FOLLOWER]: Leader election vote request: Granting yes vote for candidate d793be6c2ec040bfbc5a18eea71ccda6 in term 3.
I20260713 09:12:22.439924 27715 leader_election.cc:304] T a2d1e10e66cb4da6bc91fff3d4797101 P d793be6c2ec040bfbc5a18eea71ccda6 [CANDIDATE]: Term 3 election: Election decided. Result: candidate won. Election summary: received 2 responses out of 3 voters: 2 yes votes; 0 no votes. yes voters: bd5c61994bf343b8a02445f9d3d5047b, d793be6c2ec040bfbc5a18eea71ccda6; no voters: 
I20260713 09:12:22.440790 27898 raft_consensus.cc:2804] T a2d1e10e66cb4da6bc91fff3d4797101 P d793be6c2ec040bfbc5a18eea71ccda6 [term 3 FOLLOWER]: Leader election won for term 3
I20260713 09:12:22.440402 27597 raft_consensus.cc:2468] T a2d1e10e66cb4da6bc91fff3d4797101 P 4c79ec63e0c249239356aed4bbcce301 [term 3 FOLLOWER]: Leader election vote request: Granting yes vote for candidate d793be6c2ec040bfbc5a18eea71ccda6 in term 3.
I20260713 09:12:22.441316 27898 raft_consensus.cc:697] T a2d1e10e66cb4da6bc91fff3d4797101 P d793be6c2ec040bfbc5a18eea71ccda6 [term 3 LEADER]: Becoming Leader. State: Replica: d793be6c2ec040bfbc5a18eea71ccda6, State: Running, Role: LEADER
I20260713 09:12:22.442207 27898 consensus_queue.cc:237] T a2d1e10e66cb4da6bc91fff3d4797101 P d793be6c2ec040bfbc5a18eea71ccda6 [LEADER]: Queue going to LEADER mode. State: All replicated index: 0, Majority replicated index: 2, Committed index: 2, Last appended: 2.2, Last appended by leader: 2, Current term: 3, Majority size: 2, State: 0, Mode: LEADER, active raft config: opid_index: -1 OBSOLETE_local: false peers { permanent_uuid: "4c79ec63e0c249239356aed4bbcce301" member_type: VOTER last_known_addr { host: "127.26.210.65" port: 46593 } } peers { permanent_uuid: "bd5c61994bf343b8a02445f9d3d5047b" member_type: VOTER last_known_addr { host: "127.26.210.66" port: 39865 } } peers { permanent_uuid: "d793be6c2ec040bfbc5a18eea71ccda6" member_type: VOTER last_known_addr { host: "127.26.210.67" port: 40697 } }
I20260713 09:12:22.450079 27496 catalog_manager.cc:5697] T a2d1e10e66cb4da6bc91fff3d4797101 P d793be6c2ec040bfbc5a18eea71ccda6 reported cstate change: term changed from 2 to 3, leader changed from 4c79ec63e0c249239356aed4bbcce301 (127.26.210.65) to d793be6c2ec040bfbc5a18eea71ccda6 (127.26.210.67). New cstate: current_term: 3 leader_uuid: "d793be6c2ec040bfbc5a18eea71ccda6" committed_config { opid_index: -1 OBSOLETE_local: false peers { permanent_uuid: "4c79ec63e0c249239356aed4bbcce301" member_type: VOTER last_known_addr { host: "127.26.210.65" port: 46593 } health_report { overall_health: UNKNOWN } } peers { permanent_uuid: "bd5c61994bf343b8a02445f9d3d5047b" member_type: VOTER last_known_addr { host: "127.26.210.66" port: 39865 } health_report { overall_health: UNKNOWN } } peers { permanent_uuid: "d793be6c2ec040bfbc5a18eea71ccda6" member_type: VOTER last_known_addr { host: "127.26.210.67" port: 40697 } health_report { overall_health: HEALTHY } } }
I20260713 09:12:22.835263 27597 raft_consensus.cc:1275] T 7e89dbfe963f4e788174f4cb42e2a47c P 4c79ec63e0c249239356aed4bbcce301 [term 3 FOLLOWER]: Refusing update from remote peer d793be6c2ec040bfbc5a18eea71ccda6: Log matching property violated. Preceding OpId in replica: term: 2 index: 2. Preceding OpId from leader: term: 3 index: 3. (index mismatch)
I20260713 09:12:22.836699 27898 consensus_queue.cc:1048] T 7e89dbfe963f4e788174f4cb42e2a47c P d793be6c2ec040bfbc5a18eea71ccda6 [LEADER]: Connected to new peer: Peer: permanent_uuid: "4c79ec63e0c249239356aed4bbcce301" member_type: VOTER last_known_addr { host: "127.26.210.65" port: 46593 }, Status: LMP_MISMATCH, Last received: 0.0, Next index: 3, Last known committed idx: 2, Time since last communication: 0.000s
I20260713 09:12:22.846676 27674 raft_consensus.cc:1275] T 7e89dbfe963f4e788174f4cb42e2a47c P bd5c61994bf343b8a02445f9d3d5047b [term 3 FOLLOWER]: Refusing update from remote peer d793be6c2ec040bfbc5a18eea71ccda6: Log matching property violated. Preceding OpId in replica: term: 2 index: 2. Preceding OpId from leader: term: 3 index: 3. (index mismatch)
I20260713 09:12:22.849310 27898 consensus_queue.cc:1048] T 7e89dbfe963f4e788174f4cb42e2a47c P d793be6c2ec040bfbc5a18eea71ccda6 [LEADER]: Connected to new peer: Peer: permanent_uuid: "bd5c61994bf343b8a02445f9d3d5047b" member_type: VOTER last_known_addr { host: "127.26.210.66" port: 39865 }, Status: LMP_MISMATCH, Last received: 0.0, Next index: 3, Last known committed idx: 2, Time since last communication: 0.000s
I20260713 09:12:22.982669 27597 raft_consensus.cc:1275] T a2d1e10e66cb4da6bc91fff3d4797101 P 4c79ec63e0c249239356aed4bbcce301 [term 3 FOLLOWER]: Refusing update from remote peer d793be6c2ec040bfbc5a18eea71ccda6: Log matching property violated. Preceding OpId in replica: term: 2 index: 2. Preceding OpId from leader: term: 3 index: 3. (index mismatch)
I20260713 09:12:22.984112 27905 consensus_queue.cc:1048] T a2d1e10e66cb4da6bc91fff3d4797101 P d793be6c2ec040bfbc5a18eea71ccda6 [LEADER]: Connected to new peer: Peer: permanent_uuid: "4c79ec63e0c249239356aed4bbcce301" member_type: VOTER last_known_addr { host: "127.26.210.65" port: 46593 }, Status: LMP_MISMATCH, Last received: 0.0, Next index: 3, Last known committed idx: 2, Time since last communication: 0.000s
I20260713 09:12:22.993657 27674 raft_consensus.cc:1275] T a2d1e10e66cb4da6bc91fff3d4797101 P bd5c61994bf343b8a02445f9d3d5047b [term 3 FOLLOWER]: Refusing update from remote peer d793be6c2ec040bfbc5a18eea71ccda6: Log matching property violated. Preceding OpId in replica: term: 2 index: 2. Preceding OpId from leader: term: 3 index: 3. (index mismatch)
I20260713 09:12:22.995579 27915 consensus_queue.cc:1048] T a2d1e10e66cb4da6bc91fff3d4797101 P d793be6c2ec040bfbc5a18eea71ccda6 [LEADER]: Connected to new peer: Peer: permanent_uuid: "bd5c61994bf343b8a02445f9d3d5047b" member_type: VOTER last_known_addr { host: "127.26.210.66" port: 39865 }, Status: LMP_MISMATCH, Last received: 0.0, Next index: 3, Last known committed idx: 2, Time since last communication: 0.001s
I20260713 09:12:23.163215 27465 auto_leader_rebalancer.cc:141] leader rebalance for table test-workload
I20260713 09:12:23.184427 27597 tablet_service.cc:2072] Received LeaderStepDown RPC: tablet_id: "a3ed2a9da0254bec9b6a7331737b6851"
dest_uuid: "4c79ec63e0c249239356aed4bbcce301"
mode: GRACEFUL
new_leader_uuid: "bd5c61994bf343b8a02445f9d3d5047b"
 from {username='slave'} at 127.0.0.1:37952
I20260713 09:12:23.185045 27597 raft_consensus.cc:606] T a3ed2a9da0254bec9b6a7331737b6851 P 4c79ec63e0c249239356aed4bbcce301 [term 2 LEADER]: Received request to transfer leadership to TS bd5c61994bf343b8a02445f9d3d5047b
I20260713 09:12:23.190655 27748 tablet_service.cc:2072] Received LeaderStepDown RPC: tablet_id: "a2d1e10e66cb4da6bc91fff3d4797101"
dest_uuid: "d793be6c2ec040bfbc5a18eea71ccda6"
mode: GRACEFUL
new_leader_uuid: "bd5c61994bf343b8a02445f9d3d5047b"
 from {username='slave'} at 127.0.0.1:50834
I20260713 09:12:23.191203 27748 raft_consensus.cc:606] T a2d1e10e66cb4da6bc91fff3d4797101 P d793be6c2ec040bfbc5a18eea71ccda6 [term 3 LEADER]: Received request to transfer leadership to TS bd5c61994bf343b8a02445f9d3d5047b
I20260713 09:12:23.196218 27597 tablet_service.cc:2072] Received LeaderStepDown RPC: tablet_id: "911bc097b7c440639e28257084462266"
dest_uuid: "4c79ec63e0c249239356aed4bbcce301"
mode: GRACEFUL
new_leader_uuid: "bd5c61994bf343b8a02445f9d3d5047b"
 from {username='slave'} at 127.0.0.1:37952
I20260713 09:12:23.196790 27597 raft_consensus.cc:606] T 911bc097b7c440639e28257084462266 P 4c79ec63e0c249239356aed4bbcce301 [term 2 LEADER]: Received request to transfer leadership to TS bd5c61994bf343b8a02445f9d3d5047b
I20260713 09:12:23.202210 27597 tablet_service.cc:2072] Received LeaderStepDown RPC: tablet_id: "9dc15e5381a14e2b9a7c196972782a6b"
dest_uuid: "4c79ec63e0c249239356aed4bbcce301"
mode: GRACEFUL
new_leader_uuid: "bd5c61994bf343b8a02445f9d3d5047b"
 from {username='slave'} at 127.0.0.1:37952
I20260713 09:12:23.202703 27597 raft_consensus.cc:606] T 9dc15e5381a14e2b9a7c196972782a6b P 4c79ec63e0c249239356aed4bbcce301 [term 2 LEADER]: Received request to transfer leadership to TS bd5c61994bf343b8a02445f9d3d5047b
I20260713 09:12:23.220392 27748 tablet_service.cc:2072] Received LeaderStepDown RPC: tablet_id: "7e89dbfe963f4e788174f4cb42e2a47c"
dest_uuid: "d793be6c2ec040bfbc5a18eea71ccda6"
mode: GRACEFUL
new_leader_uuid: "bd5c61994bf343b8a02445f9d3d5047b"
 from {username='slave'} at 127.0.0.1:50834
I20260713 09:12:23.221086 27748 raft_consensus.cc:606] T 7e89dbfe963f4e788174f4cb42e2a47c P d793be6c2ec040bfbc5a18eea71ccda6 [term 3 LEADER]: Received request to transfer leadership to TS bd5c61994bf343b8a02445f9d3d5047b
I20260713 09:12:23.258392 27923 raft_consensus.cc:993] T 9dc15e5381a14e2b9a7c196972782a6b P 4c79ec63e0c249239356aed4bbcce301: : Instructing follower bd5c61994bf343b8a02445f9d3d5047b to start an election
I20260713 09:12:23.258901 27899 raft_consensus.cc:1081] T 9dc15e5381a14e2b9a7c196972782a6b P 4c79ec63e0c249239356aed4bbcce301 [term 2 LEADER]: Signalling peer bd5c61994bf343b8a02445f9d3d5047b to start an election
I20260713 09:12:23.261104 27674 tablet_service.cc:2044] Received Run Leader Election RPC: tablet_id: "9dc15e5381a14e2b9a7c196972782a6b"
dest_uuid: "bd5c61994bf343b8a02445f9d3d5047b"
 from {username='slave'} at 127.0.0.1:57524
I20260713 09:12:23.261629 27674 raft_consensus.cc:493] T 9dc15e5381a14e2b9a7c196972782a6b P bd5c61994bf343b8a02445f9d3d5047b [term 2 FOLLOWER]: Starting forced leader election (received explicit request)
I20260713 09:12:23.261960 27674 raft_consensus.cc:3060] T 9dc15e5381a14e2b9a7c196972782a6b P bd5c61994bf343b8a02445f9d3d5047b [term 2 FOLLOWER]: Advancing to term 3
I20260713 09:12:23.267418 27674 raft_consensus.cc:515] T 9dc15e5381a14e2b9a7c196972782a6b P bd5c61994bf343b8a02445f9d3d5047b [term 3 FOLLOWER]: Starting forced leader election with config: opid_index: -1 OBSOLETE_local: false peers { permanent_uuid: "4c79ec63e0c249239356aed4bbcce301" member_type: VOTER last_known_addr { host: "127.26.210.65" port: 46593 } } peers { permanent_uuid: "bd5c61994bf343b8a02445f9d3d5047b" member_type: VOTER last_known_addr { host: "127.26.210.66" port: 39865 } } peers { permanent_uuid: "d793be6c2ec040bfbc5a18eea71ccda6" member_type: VOTER last_known_addr { host: "127.26.210.67" port: 40697 } }
I20260713 09:12:23.269132 27674 leader_election.cc:290] T 9dc15e5381a14e2b9a7c196972782a6b P bd5c61994bf343b8a02445f9d3d5047b [CANDIDATE]: Term 3 election: Requested vote from peers 4c79ec63e0c249239356aed4bbcce301 (127.26.210.65:46593), d793be6c2ec040bfbc5a18eea71ccda6 (127.26.210.67:40697)
I20260713 09:12:23.270174 27597 tablet_service.cc:1917] Received RequestConsensusVote() RPC: tablet_id: "9dc15e5381a14e2b9a7c196972782a6b" candidate_uuid: "bd5c61994bf343b8a02445f9d3d5047b" candidate_term: 3 candidate_status { last_received { term: 2 index: 2 } } ignore_live_leader: true dest_uuid: "4c79ec63e0c249239356aed4bbcce301"
I20260713 09:12:23.270318 27748 tablet_service.cc:1917] Received RequestConsensusVote() RPC: tablet_id: "9dc15e5381a14e2b9a7c196972782a6b" candidate_uuid: "bd5c61994bf343b8a02445f9d3d5047b" candidate_term: 3 candidate_status { last_received { term: 2 index: 2 } } ignore_live_leader: true dest_uuid: "d793be6c2ec040bfbc5a18eea71ccda6"
I20260713 09:12:23.270692 27597 raft_consensus.cc:3055] T 9dc15e5381a14e2b9a7c196972782a6b P 4c79ec63e0c249239356aed4bbcce301 [term 2 LEADER]: Stepping down as leader of term 2
I20260713 09:12:23.270816 27748 raft_consensus.cc:3060] T 9dc15e5381a14e2b9a7c196972782a6b P d793be6c2ec040bfbc5a18eea71ccda6 [term 2 FOLLOWER]: Advancing to term 3
I20260713 09:12:23.270980 27597 raft_consensus.cc:740] T 9dc15e5381a14e2b9a7c196972782a6b P 4c79ec63e0c249239356aed4bbcce301 [term 2 LEADER]: Becoming Follower/Learner. State: Replica: 4c79ec63e0c249239356aed4bbcce301, State: Running, Role: LEADER
I20260713 09:12:23.271682 27597 consensus_queue.cc:260] T 9dc15e5381a14e2b9a7c196972782a6b P 4c79ec63e0c249239356aed4bbcce301 [NON_LEADER]: Queue going to NON_LEADER mode. State: All replicated index: 0, Majority replicated index: 2, Committed index: 2, Last appended: 2.2, Last appended by leader: 2, Current term: 2, Majority size: -1, State: 0, Mode: NON_LEADER, active raft config: opid_index: -1 OBSOLETE_local: false peers { permanent_uuid: "4c79ec63e0c249239356aed4bbcce301" member_type: VOTER last_known_addr { host: "127.26.210.65" port: 46593 } } peers { permanent_uuid: "bd5c61994bf343b8a02445f9d3d5047b" member_type: VOTER last_known_addr { host: "127.26.210.66" port: 39865 } } peers { permanent_uuid: "d793be6c2ec040bfbc5a18eea71ccda6" member_type: VOTER last_known_addr { host: "127.26.210.67" port: 40697 } }
I20260713 09:12:23.272555 27597 raft_consensus.cc:3060] T 9dc15e5381a14e2b9a7c196972782a6b P 4c79ec63e0c249239356aed4bbcce301 [term 2 FOLLOWER]: Advancing to term 3
I20260713 09:12:23.275705 27748 raft_consensus.cc:2468] T 9dc15e5381a14e2b9a7c196972782a6b P d793be6c2ec040bfbc5a18eea71ccda6 [term 3 FOLLOWER]: Leader election vote request: Granting yes vote for candidate bd5c61994bf343b8a02445f9d3d5047b in term 3.
I20260713 09:12:23.276968 27640 leader_election.cc:304] T 9dc15e5381a14e2b9a7c196972782a6b P bd5c61994bf343b8a02445f9d3d5047b [CANDIDATE]: Term 3 election: Election decided. Result: candidate won. Election summary: received 2 responses out of 3 voters: 2 yes votes; 0 no votes. yes voters: bd5c61994bf343b8a02445f9d3d5047b, d793be6c2ec040bfbc5a18eea71ccda6; no voters: 
I20260713 09:12:23.277370 27597 raft_consensus.cc:2468] T 9dc15e5381a14e2b9a7c196972782a6b P 4c79ec63e0c249239356aed4bbcce301 [term 3 FOLLOWER]: Leader election vote request: Granting yes vote for candidate bd5c61994bf343b8a02445f9d3d5047b in term 3.
I20260713 09:12:23.277691 27904 raft_consensus.cc:2804] T 9dc15e5381a14e2b9a7c196972782a6b P bd5c61994bf343b8a02445f9d3d5047b [term 3 FOLLOWER]: Leader election won for term 3
I20260713 09:12:23.278908 27904 raft_consensus.cc:697] T 9dc15e5381a14e2b9a7c196972782a6b P bd5c61994bf343b8a02445f9d3d5047b [term 3 LEADER]: Becoming Leader. State: Replica: bd5c61994bf343b8a02445f9d3d5047b, State: Running, Role: LEADER
I20260713 09:12:23.279605 27904 consensus_queue.cc:237] T 9dc15e5381a14e2b9a7c196972782a6b P bd5c61994bf343b8a02445f9d3d5047b [LEADER]: Queue going to LEADER mode. State: All replicated index: 0, Majority replicated index: 2, Committed index: 2, Last appended: 2.2, Last appended by leader: 2, Current term: 3, Majority size: 2, State: 0, Mode: LEADER, active raft config: opid_index: -1 OBSOLETE_local: false peers { permanent_uuid: "4c79ec63e0c249239356aed4bbcce301" member_type: VOTER last_known_addr { host: "127.26.210.65" port: 46593 } } peers { permanent_uuid: "bd5c61994bf343b8a02445f9d3d5047b" member_type: VOTER last_known_addr { host: "127.26.210.66" port: 39865 } } peers { permanent_uuid: "d793be6c2ec040bfbc5a18eea71ccda6" member_type: VOTER last_known_addr { host: "127.26.210.67" port: 40697 } }
I20260713 09:12:23.287103 27496 catalog_manager.cc:5697] T 9dc15e5381a14e2b9a7c196972782a6b P bd5c61994bf343b8a02445f9d3d5047b reported cstate change: term changed from 2 to 3, leader changed from 4c79ec63e0c249239356aed4bbcce301 (127.26.210.65) to bd5c61994bf343b8a02445f9d3d5047b (127.26.210.66). New cstate: current_term: 3 leader_uuid: "bd5c61994bf343b8a02445f9d3d5047b" committed_config { opid_index: -1 OBSOLETE_local: false peers { permanent_uuid: "4c79ec63e0c249239356aed4bbcce301" member_type: VOTER last_known_addr { host: "127.26.210.65" port: 46593 } health_report { overall_health: UNKNOWN } } peers { permanent_uuid: "bd5c61994bf343b8a02445f9d3d5047b" member_type: VOTER last_known_addr { host: "127.26.210.66" port: 39865 } health_report { overall_health: HEALTHY } } peers { permanent_uuid: "d793be6c2ec040bfbc5a18eea71ccda6" member_type: VOTER last_known_addr { host: "127.26.210.67" port: 40697 } health_report { overall_health: UNKNOWN } } }
I20260713 09:12:23.475042 27915 raft_consensus.cc:993] T 7e89dbfe963f4e788174f4cb42e2a47c P d793be6c2ec040bfbc5a18eea71ccda6: : Instructing follower bd5c61994bf343b8a02445f9d3d5047b to start an election
I20260713 09:12:23.475500 27898 raft_consensus.cc:1081] T 7e89dbfe963f4e788174f4cb42e2a47c P d793be6c2ec040bfbc5a18eea71ccda6 [term 3 LEADER]: Signalling peer bd5c61994bf343b8a02445f9d3d5047b to start an election
I20260713 09:12:23.477335 27674 tablet_service.cc:2044] Received Run Leader Election RPC: tablet_id: "7e89dbfe963f4e788174f4cb42e2a47c"
dest_uuid: "bd5c61994bf343b8a02445f9d3d5047b"
 from {username='slave'} at 127.0.0.1:57510
I20260713 09:12:23.477958 27674 raft_consensus.cc:493] T 7e89dbfe963f4e788174f4cb42e2a47c P bd5c61994bf343b8a02445f9d3d5047b [term 3 FOLLOWER]: Starting forced leader election (received explicit request)
I20260713 09:12:23.478253 27674 raft_consensus.cc:3060] T 7e89dbfe963f4e788174f4cb42e2a47c P bd5c61994bf343b8a02445f9d3d5047b [term 3 FOLLOWER]: Advancing to term 4
I20260713 09:12:23.483595 27674 raft_consensus.cc:515] T 7e89dbfe963f4e788174f4cb42e2a47c P bd5c61994bf343b8a02445f9d3d5047b [term 4 FOLLOWER]: Starting forced leader election with config: opid_index: -1 OBSOLETE_local: false peers { permanent_uuid: "4c79ec63e0c249239356aed4bbcce301" member_type: VOTER last_known_addr { host: "127.26.210.65" port: 46593 } } peers { permanent_uuid: "bd5c61994bf343b8a02445f9d3d5047b" member_type: VOTER last_known_addr { host: "127.26.210.66" port: 39865 } } peers { permanent_uuid: "d793be6c2ec040bfbc5a18eea71ccda6" member_type: VOTER last_known_addr { host: "127.26.210.67" port: 40697 } }
I20260713 09:12:23.485164 27674 leader_election.cc:290] T 7e89dbfe963f4e788174f4cb42e2a47c P bd5c61994bf343b8a02445f9d3d5047b [CANDIDATE]: Term 4 election: Requested vote from peers 4c79ec63e0c249239356aed4bbcce301 (127.26.210.65:46593), d793be6c2ec040bfbc5a18eea71ccda6 (127.26.210.67:40697)
I20260713 09:12:23.486088 27597 tablet_service.cc:1917] Received RequestConsensusVote() RPC: tablet_id: "7e89dbfe963f4e788174f4cb42e2a47c" candidate_uuid: "bd5c61994bf343b8a02445f9d3d5047b" candidate_term: 4 candidate_status { last_received { term: 3 index: 3 } } ignore_live_leader: true dest_uuid: "4c79ec63e0c249239356aed4bbcce301"
I20260713 09:12:23.486353 27748 tablet_service.cc:1917] Received RequestConsensusVote() RPC: tablet_id: "7e89dbfe963f4e788174f4cb42e2a47c" candidate_uuid: "bd5c61994bf343b8a02445f9d3d5047b" candidate_term: 4 candidate_status { last_received { term: 3 index: 3 } } ignore_live_leader: true dest_uuid: "d793be6c2ec040bfbc5a18eea71ccda6"
I20260713 09:12:23.486691 27597 raft_consensus.cc:3060] T 7e89dbfe963f4e788174f4cb42e2a47c P 4c79ec63e0c249239356aed4bbcce301 [term 3 FOLLOWER]: Advancing to term 4
I20260713 09:12:23.486848 27748 raft_consensus.cc:3055] T 7e89dbfe963f4e788174f4cb42e2a47c P d793be6c2ec040bfbc5a18eea71ccda6 [term 3 LEADER]: Stepping down as leader of term 3
I20260713 09:12:23.487174 27748 raft_consensus.cc:740] T 7e89dbfe963f4e788174f4cb42e2a47c P d793be6c2ec040bfbc5a18eea71ccda6 [term 3 LEADER]: Becoming Follower/Learner. State: Replica: d793be6c2ec040bfbc5a18eea71ccda6, State: Running, Role: LEADER
I20260713 09:12:23.487915 27748 consensus_queue.cc:260] T 7e89dbfe963f4e788174f4cb42e2a47c P d793be6c2ec040bfbc5a18eea71ccda6 [NON_LEADER]: Queue going to NON_LEADER mode. State: All replicated index: 0, Majority replicated index: 3, Committed index: 3, Last appended: 3.3, Last appended by leader: 3, Current term: 3, Majority size: -1, State: 0, Mode: NON_LEADER, active raft config: opid_index: -1 OBSOLETE_local: false peers { permanent_uuid: "4c79ec63e0c249239356aed4bbcce301" member_type: VOTER last_known_addr { host: "127.26.210.65" port: 46593 } } peers { permanent_uuid: "bd5c61994bf343b8a02445f9d3d5047b" member_type: VOTER last_known_addr { host: "127.26.210.66" port: 39865 } } peers { permanent_uuid: "d793be6c2ec040bfbc5a18eea71ccda6" member_type: VOTER last_known_addr { host: "127.26.210.67" port: 40697 } }
I20260713 09:12:23.489151 27748 raft_consensus.cc:3060] T 7e89dbfe963f4e788174f4cb42e2a47c P d793be6c2ec040bfbc5a18eea71ccda6 [term 3 FOLLOWER]: Advancing to term 4
I20260713 09:12:23.494668 27597 raft_consensus.cc:2468] T 7e89dbfe963f4e788174f4cb42e2a47c P 4c79ec63e0c249239356aed4bbcce301 [term 4 FOLLOWER]: Leader election vote request: Granting yes vote for candidate bd5c61994bf343b8a02445f9d3d5047b in term 4.
I20260713 09:12:23.496085 27640 leader_election.cc:304] T 7e89dbfe963f4e788174f4cb42e2a47c P bd5c61994bf343b8a02445f9d3d5047b [CANDIDATE]: Term 4 election: Election decided. Result: candidate won. Election summary: received 2 responses out of 3 voters: 2 yes votes; 0 no votes. yes voters: 4c79ec63e0c249239356aed4bbcce301, bd5c61994bf343b8a02445f9d3d5047b; no voters: 
I20260713 09:12:23.496215 27748 raft_consensus.cc:2468] T 7e89dbfe963f4e788174f4cb42e2a47c P d793be6c2ec040bfbc5a18eea71ccda6 [term 4 FOLLOWER]: Leader election vote request: Granting yes vote for candidate bd5c61994bf343b8a02445f9d3d5047b in term 4.
I20260713 09:12:23.497079 27904 raft_consensus.cc:2804] T 7e89dbfe963f4e788174f4cb42e2a47c P bd5c61994bf343b8a02445f9d3d5047b [term 4 FOLLOWER]: Leader election won for term 4
I20260713 09:12:23.497587 27904 raft_consensus.cc:697] T 7e89dbfe963f4e788174f4cb42e2a47c P bd5c61994bf343b8a02445f9d3d5047b [term 4 LEADER]: Becoming Leader. State: Replica: bd5c61994bf343b8a02445f9d3d5047b, State: Running, Role: LEADER
I20260713 09:12:23.498426 27904 consensus_queue.cc:237] T 7e89dbfe963f4e788174f4cb42e2a47c P bd5c61994bf343b8a02445f9d3d5047b [LEADER]: Queue going to LEADER mode. State: All replicated index: 0, Majority replicated index: 3, Committed index: 3, Last appended: 3.3, Last appended by leader: 3, Current term: 4, Majority size: 2, State: 0, Mode: LEADER, active raft config: opid_index: -1 OBSOLETE_local: false peers { permanent_uuid: "4c79ec63e0c249239356aed4bbcce301" member_type: VOTER last_known_addr { host: "127.26.210.65" port: 46593 } } peers { permanent_uuid: "bd5c61994bf343b8a02445f9d3d5047b" member_type: VOTER last_known_addr { host: "127.26.210.66" port: 39865 } } peers { permanent_uuid: "d793be6c2ec040bfbc5a18eea71ccda6" member_type: VOTER last_known_addr { host: "127.26.210.67" port: 40697 } }
I20260713 09:12:23.505095 27915 raft_consensus.cc:993] T a2d1e10e66cb4da6bc91fff3d4797101 P d793be6c2ec040bfbc5a18eea71ccda6: : Instructing follower bd5c61994bf343b8a02445f9d3d5047b to start an election
I20260713 09:12:23.505613 27905 raft_consensus.cc:1081] T a2d1e10e66cb4da6bc91fff3d4797101 P d793be6c2ec040bfbc5a18eea71ccda6 [term 3 LEADER]: Signalling peer bd5c61994bf343b8a02445f9d3d5047b to start an election
I20260713 09:12:23.505959 27496 catalog_manager.cc:5697] T 7e89dbfe963f4e788174f4cb42e2a47c P bd5c61994bf343b8a02445f9d3d5047b reported cstate change: term changed from 3 to 4, leader changed from d793be6c2ec040bfbc5a18eea71ccda6 (127.26.210.67) to bd5c61994bf343b8a02445f9d3d5047b (127.26.210.66). New cstate: current_term: 4 leader_uuid: "bd5c61994bf343b8a02445f9d3d5047b" committed_config { opid_index: -1 OBSOLETE_local: false peers { permanent_uuid: "4c79ec63e0c249239356aed4bbcce301" member_type: VOTER last_known_addr { host: "127.26.210.65" port: 46593 } health_report { overall_health: UNKNOWN } } peers { permanent_uuid: "bd5c61994bf343b8a02445f9d3d5047b" member_type: VOTER last_known_addr { host: "127.26.210.66" port: 39865 } health_report { overall_health: HEALTHY } } peers { permanent_uuid: "d793be6c2ec040bfbc5a18eea71ccda6" member_type: VOTER last_known_addr { host: "127.26.210.67" port: 40697 } health_report { overall_health: UNKNOWN } } }
I20260713 09:12:23.507189 27674 tablet_service.cc:2044] Received Run Leader Election RPC: tablet_id: "a2d1e10e66cb4da6bc91fff3d4797101"
dest_uuid: "bd5c61994bf343b8a02445f9d3d5047b"
 from {username='slave'} at 127.0.0.1:57510
I20260713 09:12:23.507731 27674 raft_consensus.cc:493] T a2d1e10e66cb4da6bc91fff3d4797101 P bd5c61994bf343b8a02445f9d3d5047b [term 3 FOLLOWER]: Starting forced leader election (received explicit request)
I20260713 09:12:23.508085 27674 raft_consensus.cc:3060] T a2d1e10e66cb4da6bc91fff3d4797101 P bd5c61994bf343b8a02445f9d3d5047b [term 3 FOLLOWER]: Advancing to term 4
I20260713 09:12:23.514951 27674 raft_consensus.cc:515] T a2d1e10e66cb4da6bc91fff3d4797101 P bd5c61994bf343b8a02445f9d3d5047b [term 4 FOLLOWER]: Starting forced leader election with config: opid_index: -1 OBSOLETE_local: false peers { permanent_uuid: "4c79ec63e0c249239356aed4bbcce301" member_type: VOTER last_known_addr { host: "127.26.210.65" port: 46593 } } peers { permanent_uuid: "bd5c61994bf343b8a02445f9d3d5047b" member_type: VOTER last_known_addr { host: "127.26.210.66" port: 39865 } } peers { permanent_uuid: "d793be6c2ec040bfbc5a18eea71ccda6" member_type: VOTER last_known_addr { host: "127.26.210.67" port: 40697 } }
I20260713 09:12:23.516712 27674 leader_election.cc:290] T a2d1e10e66cb4da6bc91fff3d4797101 P bd5c61994bf343b8a02445f9d3d5047b [CANDIDATE]: Term 4 election: Requested vote from peers 4c79ec63e0c249239356aed4bbcce301 (127.26.210.65:46593), d793be6c2ec040bfbc5a18eea71ccda6 (127.26.210.67:40697)
I20260713 09:12:23.517660 27597 tablet_service.cc:1917] Received RequestConsensusVote() RPC: tablet_id: "a2d1e10e66cb4da6bc91fff3d4797101" candidate_uuid: "bd5c61994bf343b8a02445f9d3d5047b" candidate_term: 4 candidate_status { last_received { term: 3 index: 3 } } ignore_live_leader: true dest_uuid: "4c79ec63e0c249239356aed4bbcce301"
I20260713 09:12:23.518069 27748 tablet_service.cc:1917] Received RequestConsensusVote() RPC: tablet_id: "a2d1e10e66cb4da6bc91fff3d4797101" candidate_uuid: "bd5c61994bf343b8a02445f9d3d5047b" candidate_term: 4 candidate_status { last_received { term: 3 index: 3 } } ignore_live_leader: true dest_uuid: "d793be6c2ec040bfbc5a18eea71ccda6"
I20260713 09:12:23.518280 27597 raft_consensus.cc:3060] T a2d1e10e66cb4da6bc91fff3d4797101 P 4c79ec63e0c249239356aed4bbcce301 [term 3 FOLLOWER]: Advancing to term 4
I20260713 09:12:23.518600 27748 raft_consensus.cc:3055] T a2d1e10e66cb4da6bc91fff3d4797101 P d793be6c2ec040bfbc5a18eea71ccda6 [term 3 LEADER]: Stepping down as leader of term 3
I20260713 09:12:23.518884 27748 raft_consensus.cc:740] T a2d1e10e66cb4da6bc91fff3d4797101 P d793be6c2ec040bfbc5a18eea71ccda6 [term 3 LEADER]: Becoming Follower/Learner. State: Replica: d793be6c2ec040bfbc5a18eea71ccda6, State: Running, Role: LEADER
I20260713 09:12:23.519620 27748 consensus_queue.cc:260] T a2d1e10e66cb4da6bc91fff3d4797101 P d793be6c2ec040bfbc5a18eea71ccda6 [NON_LEADER]: Queue going to NON_LEADER mode. State: All replicated index: 0, Majority replicated index: 3, Committed index: 3, Last appended: 3.3, Last appended by leader: 3, Current term: 3, Majority size: -1, State: 0, Mode: NON_LEADER, active raft config: opid_index: -1 OBSOLETE_local: false peers { permanent_uuid: "4c79ec63e0c249239356aed4bbcce301" member_type: VOTER last_known_addr { host: "127.26.210.65" port: 46593 } } peers { permanent_uuid: "bd5c61994bf343b8a02445f9d3d5047b" member_type: VOTER last_known_addr { host: "127.26.210.66" port: 39865 } } peers { permanent_uuid: "d793be6c2ec040bfbc5a18eea71ccda6" member_type: VOTER last_known_addr { host: "127.26.210.67" port: 40697 } }
I20260713 09:12:23.520824 27748 raft_consensus.cc:3060] T a2d1e10e66cb4da6bc91fff3d4797101 P d793be6c2ec040bfbc5a18eea71ccda6 [term 3 FOLLOWER]: Advancing to term 4
I20260713 09:12:23.525288 27597 raft_consensus.cc:2468] T a2d1e10e66cb4da6bc91fff3d4797101 P 4c79ec63e0c249239356aed4bbcce301 [term 4 FOLLOWER]: Leader election vote request: Granting yes vote for candidate bd5c61994bf343b8a02445f9d3d5047b in term 4.
I20260713 09:12:23.526422 27640 leader_election.cc:304] T a2d1e10e66cb4da6bc91fff3d4797101 P bd5c61994bf343b8a02445f9d3d5047b [CANDIDATE]: Term 4 election: Election decided. Result: candidate won. Election summary: received 2 responses out of 3 voters: 2 yes votes; 0 no votes. yes voters: 4c79ec63e0c249239356aed4bbcce301, bd5c61994bf343b8a02445f9d3d5047b; no voters: 
I20260713 09:12:23.526587 27923 raft_consensus.cc:993] T 911bc097b7c440639e28257084462266 P 4c79ec63e0c249239356aed4bbcce301: : Instructing follower bd5c61994bf343b8a02445f9d3d5047b to start an election
I20260713 09:12:23.527141 27899 raft_consensus.cc:1081] T 911bc097b7c440639e28257084462266 P 4c79ec63e0c249239356aed4bbcce301 [term 2 LEADER]: Signalling peer bd5c61994bf343b8a02445f9d3d5047b to start an election
I20260713 09:12:23.527632 27904 raft_consensus.cc:2804] T a2d1e10e66cb4da6bc91fff3d4797101 P bd5c61994bf343b8a02445f9d3d5047b [term 4 FOLLOWER]: Leader election won for term 4
I20260713 09:12:23.527602 27748 raft_consensus.cc:2468] T a2d1e10e66cb4da6bc91fff3d4797101 P d793be6c2ec040bfbc5a18eea71ccda6 [term 4 FOLLOWER]: Leader election vote request: Granting yes vote for candidate bd5c61994bf343b8a02445f9d3d5047b in term 4.
I20260713 09:12:23.528239 27904 raft_consensus.cc:697] T a2d1e10e66cb4da6bc91fff3d4797101 P bd5c61994bf343b8a02445f9d3d5047b [term 4 LEADER]: Becoming Leader. State: Replica: bd5c61994bf343b8a02445f9d3d5047b, State: Running, Role: LEADER
I20260713 09:12:23.529122 27904 consensus_queue.cc:237] T a2d1e10e66cb4da6bc91fff3d4797101 P bd5c61994bf343b8a02445f9d3d5047b [LEADER]: Queue going to LEADER mode. State: All replicated index: 0, Majority replicated index: 3, Committed index: 3, Last appended: 3.3, Last appended by leader: 3, Current term: 4, Majority size: 2, State: 0, Mode: LEADER, active raft config: opid_index: -1 OBSOLETE_local: false peers { permanent_uuid: "4c79ec63e0c249239356aed4bbcce301" member_type: VOTER last_known_addr { host: "127.26.210.65" port: 46593 } } peers { permanent_uuid: "bd5c61994bf343b8a02445f9d3d5047b" member_type: VOTER last_known_addr { host: "127.26.210.66" port: 39865 } } peers { permanent_uuid: "d793be6c2ec040bfbc5a18eea71ccda6" member_type: VOTER last_known_addr { host: "127.26.210.67" port: 40697 } }
I20260713 09:12:23.529433 27674 tablet_service.cc:2044] Received Run Leader Election RPC: tablet_id: "911bc097b7c440639e28257084462266"
dest_uuid: "bd5c61994bf343b8a02445f9d3d5047b"
 from {username='slave'} at 127.0.0.1:57524
I20260713 09:12:23.529896 27674 raft_consensus.cc:493] T 911bc097b7c440639e28257084462266 P bd5c61994bf343b8a02445f9d3d5047b [term 2 FOLLOWER]: Starting forced leader election (received explicit request)
I20260713 09:12:23.530161 27674 raft_consensus.cc:3060] T 911bc097b7c440639e28257084462266 P bd5c61994bf343b8a02445f9d3d5047b [term 2 FOLLOWER]: Advancing to term 3
I20260713 09:12:23.537855 27496 catalog_manager.cc:5697] T a2d1e10e66cb4da6bc91fff3d4797101 P bd5c61994bf343b8a02445f9d3d5047b reported cstate change: term changed from 3 to 4, leader changed from d793be6c2ec040bfbc5a18eea71ccda6 (127.26.210.67) to bd5c61994bf343b8a02445f9d3d5047b (127.26.210.66). New cstate: current_term: 4 leader_uuid: "bd5c61994bf343b8a02445f9d3d5047b" committed_config { opid_index: -1 OBSOLETE_local: false peers { permanent_uuid: "4c79ec63e0c249239356aed4bbcce301" member_type: VOTER last_known_addr { host: "127.26.210.65" port: 46593 } health_report { overall_health: UNKNOWN } } peers { permanent_uuid: "bd5c61994bf343b8a02445f9d3d5047b" member_type: VOTER last_known_addr { host: "127.26.210.66" port: 39865 } health_report { overall_health: HEALTHY } } peers { permanent_uuid: "d793be6c2ec040bfbc5a18eea71ccda6" member_type: VOTER last_known_addr { host: "127.26.210.67" port: 40697 } health_report { overall_health: UNKNOWN } } }
I20260713 09:12:23.538655 27674 raft_consensus.cc:515] T 911bc097b7c440639e28257084462266 P bd5c61994bf343b8a02445f9d3d5047b [term 3 FOLLOWER]: Starting forced leader election with config: opid_index: -1 OBSOLETE_local: false peers { permanent_uuid: "4c79ec63e0c249239356aed4bbcce301" member_type: VOTER last_known_addr { host: "127.26.210.65" port: 46593 } } peers { permanent_uuid: "bd5c61994bf343b8a02445f9d3d5047b" member_type: VOTER last_known_addr { host: "127.26.210.66" port: 39865 } } peers { permanent_uuid: "d793be6c2ec040bfbc5a18eea71ccda6" member_type: VOTER last_known_addr { host: "127.26.210.67" port: 40697 } }
I20260713 09:12:23.541411 27674 leader_election.cc:290] T 911bc097b7c440639e28257084462266 P bd5c61994bf343b8a02445f9d3d5047b [CANDIDATE]: Term 3 election: Requested vote from peers 4c79ec63e0c249239356aed4bbcce301 (127.26.210.65:46593), d793be6c2ec040bfbc5a18eea71ccda6 (127.26.210.67:40697)
I20260713 09:12:23.542588 27748 tablet_service.cc:1917] Received RequestConsensusVote() RPC: tablet_id: "911bc097b7c440639e28257084462266" candidate_uuid: "bd5c61994bf343b8a02445f9d3d5047b" candidate_term: 3 candidate_status { last_received { term: 2 index: 2 } } ignore_live_leader: true dest_uuid: "d793be6c2ec040bfbc5a18eea71ccda6"
I20260713 09:12:23.543224 27748 raft_consensus.cc:3060] T 911bc097b7c440639e28257084462266 P d793be6c2ec040bfbc5a18eea71ccda6 [term 2 FOLLOWER]: Advancing to term 3
I20260713 09:12:23.543779 27597 tablet_service.cc:1917] Received RequestConsensusVote() RPC: tablet_id: "911bc097b7c440639e28257084462266" candidate_uuid: "bd5c61994bf343b8a02445f9d3d5047b" candidate_term: 3 candidate_status { last_received { term: 2 index: 2 } } ignore_live_leader: true dest_uuid: "4c79ec63e0c249239356aed4bbcce301"
I20260713 09:12:23.544497 27597 raft_consensus.cc:3055] T 911bc097b7c440639e28257084462266 P 4c79ec63e0c249239356aed4bbcce301 [term 2 LEADER]: Stepping down as leader of term 2
I20260713 09:12:23.544865 27597 raft_consensus.cc:740] T 911bc097b7c440639e28257084462266 P 4c79ec63e0c249239356aed4bbcce301 [term 2 LEADER]: Becoming Follower/Learner. State: Replica: 4c79ec63e0c249239356aed4bbcce301, State: Running, Role: LEADER
I20260713 09:12:23.545775 27597 consensus_queue.cc:260] T 911bc097b7c440639e28257084462266 P 4c79ec63e0c249239356aed4bbcce301 [NON_LEADER]: Queue going to NON_LEADER mode. State: All replicated index: 0, Majority replicated index: 2, Committed index: 2, Last appended: 2.2, Last appended by leader: 2, Current term: 2, Majority size: -1, State: 0, Mode: NON_LEADER, active raft config: opid_index: -1 OBSOLETE_local: false peers { permanent_uuid: "4c79ec63e0c249239356aed4bbcce301" member_type: VOTER last_known_addr { host: "127.26.210.65" port: 46593 } } peers { permanent_uuid: "bd5c61994bf343b8a02445f9d3d5047b" member_type: VOTER last_known_addr { host: "127.26.210.66" port: 39865 } } peers { permanent_uuid: "d793be6c2ec040bfbc5a18eea71ccda6" member_type: VOTER last_known_addr { host: "127.26.210.67" port: 40697 } }
I20260713 09:12:23.547223 27597 raft_consensus.cc:3060] T 911bc097b7c440639e28257084462266 P 4c79ec63e0c249239356aed4bbcce301 [term 2 FOLLOWER]: Advancing to term 3
I20260713 09:12:23.550864 27748 raft_consensus.cc:2468] T 911bc097b7c440639e28257084462266 P d793be6c2ec040bfbc5a18eea71ccda6 [term 3 FOLLOWER]: Leader election vote request: Granting yes vote for candidate bd5c61994bf343b8a02445f9d3d5047b in term 3.
I20260713 09:12:23.552106 27640 leader_election.cc:304] T 911bc097b7c440639e28257084462266 P bd5c61994bf343b8a02445f9d3d5047b [CANDIDATE]: Term 3 election: Election decided. Result: candidate won. Election summary: received 2 responses out of 3 voters: 2 yes votes; 0 no votes. yes voters: bd5c61994bf343b8a02445f9d3d5047b, d793be6c2ec040bfbc5a18eea71ccda6; no voters: 
I20260713 09:12:23.552812 27904 raft_consensus.cc:2804] T 911bc097b7c440639e28257084462266 P bd5c61994bf343b8a02445f9d3d5047b [term 3 FOLLOWER]: Leader election won for term 3
I20260713 09:12:23.553212 27904 raft_consensus.cc:697] T 911bc097b7c440639e28257084462266 P bd5c61994bf343b8a02445f9d3d5047b [term 3 LEADER]: Becoming Leader. State: Replica: bd5c61994bf343b8a02445f9d3d5047b, State: Running, Role: LEADER
I20260713 09:12:23.553982 27597 raft_consensus.cc:2468] T 911bc097b7c440639e28257084462266 P 4c79ec63e0c249239356aed4bbcce301 [term 3 FOLLOWER]: Leader election vote request: Granting yes vote for candidate bd5c61994bf343b8a02445f9d3d5047b in term 3.
I20260713 09:12:23.553977 27904 consensus_queue.cc:237] T 911bc097b7c440639e28257084462266 P bd5c61994bf343b8a02445f9d3d5047b [LEADER]: Queue going to LEADER mode. State: All replicated index: 0, Majority replicated index: 2, Committed index: 2, Last appended: 2.2, Last appended by leader: 2, Current term: 3, Majority size: 2, State: 0, Mode: LEADER, active raft config: opid_index: -1 OBSOLETE_local: false peers { permanent_uuid: "4c79ec63e0c249239356aed4bbcce301" member_type: VOTER last_known_addr { host: "127.26.210.65" port: 46593 } } peers { permanent_uuid: "bd5c61994bf343b8a02445f9d3d5047b" member_type: VOTER last_known_addr { host: "127.26.210.66" port: 39865 } } peers { permanent_uuid: "d793be6c2ec040bfbc5a18eea71ccda6" member_type: VOTER last_known_addr { host: "127.26.210.67" port: 40697 } }
I20260713 09:12:23.561422 27496 catalog_manager.cc:5697] T 911bc097b7c440639e28257084462266 P bd5c61994bf343b8a02445f9d3d5047b reported cstate change: term changed from 2 to 3, leader changed from 4c79ec63e0c249239356aed4bbcce301 (127.26.210.65) to bd5c61994bf343b8a02445f9d3d5047b (127.26.210.66). New cstate: current_term: 3 leader_uuid: "bd5c61994bf343b8a02445f9d3d5047b" committed_config { opid_index: -1 OBSOLETE_local: false peers { permanent_uuid: "4c79ec63e0c249239356aed4bbcce301" member_type: VOTER last_known_addr { host: "127.26.210.65" port: 46593 } health_report { overall_health: UNKNOWN } } peers { permanent_uuid: "bd5c61994bf343b8a02445f9d3d5047b" member_type: VOTER last_known_addr { host: "127.26.210.66" port: 39865 } health_report { overall_health: HEALTHY } } peers { permanent_uuid: "d793be6c2ec040bfbc5a18eea71ccda6" member_type: VOTER last_known_addr { host: "127.26.210.67" port: 40697 } health_report { overall_health: UNKNOWN } } }
I20260713 09:12:23.586719 27923 raft_consensus.cc:993] T a3ed2a9da0254bec9b6a7331737b6851 P 4c79ec63e0c249239356aed4bbcce301: : Instructing follower bd5c61994bf343b8a02445f9d3d5047b to start an election
I20260713 09:12:23.587222 27899 raft_consensus.cc:1081] T a3ed2a9da0254bec9b6a7331737b6851 P 4c79ec63e0c249239356aed4bbcce301 [term 2 LEADER]: Signalling peer bd5c61994bf343b8a02445f9d3d5047b to start an election
I20260713 09:12:23.588716 27674 tablet_service.cc:2044] Received Run Leader Election RPC: tablet_id: "a3ed2a9da0254bec9b6a7331737b6851"
dest_uuid: "bd5c61994bf343b8a02445f9d3d5047b"
 from {username='slave'} at 127.0.0.1:57524
I20260713 09:12:23.589262 27674 raft_consensus.cc:493] T a3ed2a9da0254bec9b6a7331737b6851 P bd5c61994bf343b8a02445f9d3d5047b [term 2 FOLLOWER]: Starting forced leader election (received explicit request)
I20260713 09:12:23.589537 27674 raft_consensus.cc:3060] T a3ed2a9da0254bec9b6a7331737b6851 P bd5c61994bf343b8a02445f9d3d5047b [term 2 FOLLOWER]: Advancing to term 3
I20260713 09:12:23.594929 27674 raft_consensus.cc:515] T a3ed2a9da0254bec9b6a7331737b6851 P bd5c61994bf343b8a02445f9d3d5047b [term 3 FOLLOWER]: Starting forced leader election with config: opid_index: -1 OBSOLETE_local: false peers { permanent_uuid: "d793be6c2ec040bfbc5a18eea71ccda6" member_type: VOTER last_known_addr { host: "127.26.210.67" port: 40697 } } peers { permanent_uuid: "4c79ec63e0c249239356aed4bbcce301" member_type: VOTER last_known_addr { host: "127.26.210.65" port: 46593 } } peers { permanent_uuid: "bd5c61994bf343b8a02445f9d3d5047b" member_type: VOTER last_known_addr { host: "127.26.210.66" port: 39865 } }
I20260713 09:12:23.596517 27674 leader_election.cc:290] T a3ed2a9da0254bec9b6a7331737b6851 P bd5c61994bf343b8a02445f9d3d5047b [CANDIDATE]: Term 3 election: Requested vote from peers d793be6c2ec040bfbc5a18eea71ccda6 (127.26.210.67:40697), 4c79ec63e0c249239356aed4bbcce301 (127.26.210.65:46593)
I20260713 09:12:23.597533 27748 tablet_service.cc:1917] Received RequestConsensusVote() RPC: tablet_id: "a3ed2a9da0254bec9b6a7331737b6851" candidate_uuid: "bd5c61994bf343b8a02445f9d3d5047b" candidate_term: 3 candidate_status { last_received { term: 2 index: 2 } } ignore_live_leader: true dest_uuid: "d793be6c2ec040bfbc5a18eea71ccda6"
I20260713 09:12:23.597558 27597 tablet_service.cc:1917] Received RequestConsensusVote() RPC: tablet_id: "a3ed2a9da0254bec9b6a7331737b6851" candidate_uuid: "bd5c61994bf343b8a02445f9d3d5047b" candidate_term: 3 candidate_status { last_received { term: 2 index: 2 } } ignore_live_leader: true dest_uuid: "4c79ec63e0c249239356aed4bbcce301"
I20260713 09:12:23.598343 27748 raft_consensus.cc:3060] T a3ed2a9da0254bec9b6a7331737b6851 P d793be6c2ec040bfbc5a18eea71ccda6 [term 2 FOLLOWER]: Advancing to term 3
I20260713 09:12:23.598392 27597 raft_consensus.cc:3055] T a3ed2a9da0254bec9b6a7331737b6851 P 4c79ec63e0c249239356aed4bbcce301 [term 2 LEADER]: Stepping down as leader of term 2
I20260713 09:12:23.598786 27597 raft_consensus.cc:740] T a3ed2a9da0254bec9b6a7331737b6851 P 4c79ec63e0c249239356aed4bbcce301 [term 2 LEADER]: Becoming Follower/Learner. State: Replica: 4c79ec63e0c249239356aed4bbcce301, State: Running, Role: LEADER
I20260713 09:12:23.599455 27597 consensus_queue.cc:260] T a3ed2a9da0254bec9b6a7331737b6851 P 4c79ec63e0c249239356aed4bbcce301 [NON_LEADER]: Queue going to NON_LEADER mode. State: All replicated index: 0, Majority replicated index: 2, Committed index: 2, Last appended: 2.2, Last appended by leader: 2, Current term: 2, Majority size: -1, State: 0, Mode: NON_LEADER, active raft config: opid_index: -1 OBSOLETE_local: false peers { permanent_uuid: "d793be6c2ec040bfbc5a18eea71ccda6" member_type: VOTER last_known_addr { host: "127.26.210.67" port: 40697 } } peers { permanent_uuid: "4c79ec63e0c249239356aed4bbcce301" member_type: VOTER last_known_addr { host: "127.26.210.65" port: 46593 } } peers { permanent_uuid: "bd5c61994bf343b8a02445f9d3d5047b" member_type: VOTER last_known_addr { host: "127.26.210.66" port: 39865 } }
