I20260713 09:12:25.467319 32263 webserver.cc:533] Webserver started at http://127.31.129.194:33265/ using document root <none> and password file <none>
I20260713 09:12:25.467438   445 heartbeater.cc:344] Connected to a master server at 127.31.129.254:39373
I20260713 09:12:25.467803   445 heartbeater.cc:461] Registering TS with master...
I20260713 09:12:25.467929 32263 fs_manager.cc:362] Metadata directory not provided
I20260713 09:12:25.468174 32263 fs_manager.cc:368] Using write-ahead log directory (fs_wal_dir) as metadata directory
I20260713 09:12:25.468479 32263 server_base.cc:909] This appears to be a new deployment of Kudu; creating new FS layout
I20260713 09:12:25.468611   445 heartbeater.cc:507] Master 127.31.129.254:39373 requested a full tablet report, sending...
I20260713 09:12:25.469826 32263 fs_manager.cc:1068] Generated new instance metadata in path /tmp/dist-test-taskro8jnn/test-tmp/auto_leader_rebalancer-test.0.LeaderRebalancerTest.FunctionalTestForNotDivided.1783933932945074-32263-0/minicluster-data/ts-1-root/instance:
uuid: "67455984f37c422ba426c6f90ab1d236"
format_stamp: "Formatted at 2026-07-13 09:12:25 on dist-test-slave-hr1v"
I20260713 09:12:25.470679   317 ts_manager.cc:194] Registered new tserver with Master: 67cbd8773d114882a17c197f9f821808 (127.31.129.193:37455)
I20260713 09:12:25.472230   317 master_service.cc:502] Signed X509 certificate for tserver {username='slave'} at 127.0.0.1:48134
I20260713 09:12:25.474138 32263 fs_manager.cc:696] Time spent creating directory manager: real 0.004s	user 0.003s	sys 0.000s
I20260713 09:12:25.477173   457 log_block_manager.cc:4127] Time spent loading block containers with low live blocks: real 0.000s	user 0.000s	sys 0.000s
I20260713 09:12:25.477905 32263 fs_manager.cc:730] Time spent opening block manager: real 0.002s	user 0.003s	sys 0.000s
I20260713 09:12:25.478183 32263 fs_manager.cc:647] Opened local filesystem: /tmp/dist-test-taskro8jnn/test-tmp/auto_leader_rebalancer-test.0.LeaderRebalancerTest.FunctionalTestForNotDivided.1783933932945074-32263-0/minicluster-data/ts-1-root
uuid: "67455984f37c422ba426c6f90ab1d236"
format_stamp: "Formatted at 2026-07-13 09:12:25 on dist-test-slave-hr1v"
I20260713 09:12:25.478449 32263 fs_report.cc:389] FS layout report
--------------------
wal directory: /tmp/dist-test-taskro8jnn/test-tmp/auto_leader_rebalancer-test.0.LeaderRebalancerTest.FunctionalTestForNotDivided.1783933932945074-32263-0/minicluster-data/ts-1-root
metadata directory: /tmp/dist-test-taskro8jnn/test-tmp/auto_leader_rebalancer-test.0.LeaderRebalancerTest.FunctionalTestForNotDivided.1783933932945074-32263-0/minicluster-data/ts-1-root
1 data directories: /tmp/dist-test-taskro8jnn/test-tmp/auto_leader_rebalancer-test.0.LeaderRebalancerTest.FunctionalTestForNotDivided.1783933932945074-32263-0/minicluster-data/ts-1-root/data
Total live blocks: 0
Total live bytes: 0
Total live bytes (after alignment): 0
Total number of LBM containers: 0 (0 full)
Did not check for missing blocks
Did not check for orphaned blocks
Total full LBM containers with extra space: 0 (0 repaired)
Total full LBM container extra space in bytes: 0 (0 repaired)
Total incomplete LBM containers: 0 (0 repaired)
Total LBM partial records: 0 (0 repaired)
Total corrupted LBM metadata records in RocksDB: 0 (0 repaired)
I20260713 09:12:25.490953 32263 rpc_server.cc:225] running with OpenSSL 1.1.1  11 Sep 2018
I20260713 09:12:25.491969 32263 kserver.cc:163] Server-wide thread pool size limit: 3276
I20260713 09:12:25.493232 32263 txn_system_client.cc:432] TxnSystemClient initialization is disabled...
I20260713 09:12:25.495220 32263 ts_tablet_manager.cc:585] Loaded tablet metadata (0 total tablets, 0 live tablets)
I20260713 09:12:25.495397 32263 ts_tablet_manager.cc:531] Time spent load tablet metadata: real 0.000s	user 0.000s	sys 0.000s
I20260713 09:12:25.495594 32263 ts_tablet_manager.cc:616] Registered 0 tablets
I20260713 09:12:25.495734 32263 ts_tablet_manager.cc:595] Time spent register tablets: real 0.000s	user 0.000s	sys 0.000s
I20260713 09:12:25.531414 32263 rpc_server.cc:307] RPC server started. Bound to: 127.31.129.194:43627
I20260713 09:12:25.531493   519 acceptor_pool.cc:272] collecting diagnostics on the listening RPC socket 127.31.129.194:43627 every 8 connection(s)
I20260713 09:12:25.535693 32263 file_cache.cc:504] Constructed file cache file cache with capacity 419430
W20260713 09:12:25.542672   523 instance_detector.cc:116] could not retrieve AWS instance metadata: Network error: curl error: HTTP response code said error: The requested URL returned error: 404
W20260713 09:12:25.543468   524 instance_detector.cc:116] could not retrieve Azure instance metadata: Network error: curl error: HTTP response code said error: The requested URL returned error: 404
W20260713 09:12:25.546550   526 instance_detector.cc:116] could not retrieve OpenStack instance metadata: Network error: curl error: HTTP response code said error: The requested URL returned error: 404
I20260713 09:12:25.546957   520 heartbeater.cc:344] Connected to a master server at 127.31.129.254:39373
I20260713 09:12:25.546994 32263 server_base.cc:1061] running on GCE node
I20260713 09:12:25.547443   520 heartbeater.cc:461] Registering TS with master...
I20260713 09:12:25.547940 32263 hybrid_clock.cc:584] initializing the hybrid clock with 'system_unsync' time source
W20260713 09:12:25.548128 32263 system_unsync_time.cc:38] NTP support is disabled. Clock error bounds will not be accurate. This configuration is not suitable for distributed clusters.
I20260713 09:12:25.548137   520 heartbeater.cc:507] Master 127.31.129.254:39373 requested a full tablet report, sending...
I20260713 09:12:25.548372 32263 hybrid_clock.cc:648] HybridClock initialized: now 1783933945548352 us; error 0 us; skew 500 ppm
I20260713 09:12:25.548977 32263 server_base.cc:861] Flag tcmalloc_max_total_thread_cache_bytes is not working since tcmalloc is not enabled.
I20260713 09:12:25.550308   317 ts_manager.cc:194] Registered new tserver with Master: 67455984f37c422ba426c6f90ab1d236 (127.31.129.194:43627)
I20260713 09:12:25.551419 32263 webserver.cc:533] Webserver started at http://127.31.129.195:43293/ using document root <none> and password file <none>
I20260713 09:12:25.551936   317 master_service.cc:502] Signed X509 certificate for tserver {username='slave'} at 127.0.0.1:48136
I20260713 09:12:25.552024 32263 fs_manager.cc:362] Metadata directory not provided
I20260713 09:12:25.552376 32263 fs_manager.cc:368] Using write-ahead log directory (fs_wal_dir) as metadata directory
I20260713 09:12:25.552687 32263 server_base.cc:909] This appears to be a new deployment of Kudu; creating new FS layout
I20260713 09:12:25.553746 32263 fs_manager.cc:1068] Generated new instance metadata in path /tmp/dist-test-taskro8jnn/test-tmp/auto_leader_rebalancer-test.0.LeaderRebalancerTest.FunctionalTestForNotDivided.1783933932945074-32263-0/minicluster-data/ts-2-root/instance:
uuid: "557768f70f7a46ac98f79a3fa0ab4a61"
format_stamp: "Formatted at 2026-07-13 09:12:25 on dist-test-slave-hr1v"
I20260713 09:12:25.557766 32263 fs_manager.cc:696] Time spent creating directory manager: real 0.004s	user 0.003s	sys 0.000s
I20260713 09:12:25.560513   531 log_block_manager.cc:4127] Time spent loading block containers with low live blocks: real 0.000s	user 0.000s	sys 0.000s
I20260713 09:12:25.561165 32263 fs_manager.cc:730] Time spent opening block manager: real 0.002s	user 0.000s	sys 0.002s
I20260713 09:12:25.561419 32263 fs_manager.cc:647] Opened local filesystem: /tmp/dist-test-taskro8jnn/test-tmp/auto_leader_rebalancer-test.0.LeaderRebalancerTest.FunctionalTestForNotDivided.1783933932945074-32263-0/minicluster-data/ts-2-root
uuid: "557768f70f7a46ac98f79a3fa0ab4a61"
format_stamp: "Formatted at 2026-07-13 09:12:25 on dist-test-slave-hr1v"
I20260713 09:12:25.561659 32263 fs_report.cc:389] FS layout report
--------------------
wal directory: /tmp/dist-test-taskro8jnn/test-tmp/auto_leader_rebalancer-test.0.LeaderRebalancerTest.FunctionalTestForNotDivided.1783933932945074-32263-0/minicluster-data/ts-2-root
metadata directory: /tmp/dist-test-taskro8jnn/test-tmp/auto_leader_rebalancer-test.0.LeaderRebalancerTest.FunctionalTestForNotDivided.1783933932945074-32263-0/minicluster-data/ts-2-root
1 data directories: /tmp/dist-test-taskro8jnn/test-tmp/auto_leader_rebalancer-test.0.LeaderRebalancerTest.FunctionalTestForNotDivided.1783933932945074-32263-0/minicluster-data/ts-2-root/data
Total live blocks: 0
Total live bytes: 0
Total live bytes (after alignment): 0
Total number of LBM containers: 0 (0 full)
Did not check for missing blocks
Did not check for orphaned blocks
Total full LBM containers with extra space: 0 (0 repaired)
Total full LBM container extra space in bytes: 0 (0 repaired)
Total incomplete LBM containers: 0 (0 repaired)
Total LBM partial records: 0 (0 repaired)
Total corrupted LBM metadata records in RocksDB: 0 (0 repaired)
I20260713 09:12:25.573247 32263 rpc_server.cc:225] running with OpenSSL 1.1.1  11 Sep 2018
I20260713 09:12:25.574328 32263 kserver.cc:163] Server-wide thread pool size limit: 3276
I20260713 09:12:25.575560 32263 txn_system_client.cc:432] TxnSystemClient initialization is disabled...
I20260713 09:12:25.577459 32263 ts_tablet_manager.cc:585] Loaded tablet metadata (0 total tablets, 0 live tablets)
I20260713 09:12:25.577643 32263 ts_tablet_manager.cc:531] Time spent load tablet metadata: real 0.000s	user 0.000s	sys 0.000s
I20260713 09:12:25.577877 32263 ts_tablet_manager.cc:616] Registered 0 tablets
I20260713 09:12:25.578023 32263 ts_tablet_manager.cc:595] Time spent register tablets: real 0.000s	user 0.000s	sys 0.000s
I20260713 09:12:25.613881 32263 rpc_server.cc:307] RPC server started. Bound to: 127.31.129.195:44993
I20260713 09:12:25.613967   593 acceptor_pool.cc:272] collecting diagnostics on the listening RPC socket 127.31.129.195:44993 every 8 connection(s)
I20260713 09:12:25.625903   594 heartbeater.cc:344] Connected to a master server at 127.31.129.254:39373
I20260713 09:12:25.626235   594 heartbeater.cc:461] Registering TS with master...
I20260713 09:12:25.626873   594 heartbeater.cc:507] Master 127.31.129.254:39373 requested a full tablet report, sending...
I20260713 09:12:25.628589   317 ts_manager.cc:194] Registered new tserver with Master: 557768f70f7a46ac98f79a3fa0ab4a61 (127.31.129.195:44993)
I20260713 09:12:25.628729 32263 internal_mini_cluster.cc:371] 3 TS(s) registered with all masters after 0.012115121s
I20260713 09:12:25.630347   317 master_service.cc:502] Signed X509 certificate for tserver {username='slave'} at 127.0.0.1:48140
I20260713 09:12:25.650401   317 catalog_manager.cc:2283] Servicing CreateTable request from {username='slave'} at 127.0.0.1:48148:
name: "test-workload"
schema {
  columns {
    name: "key"
    type: INT32
    is_key: true
    is_nullable: false
    encoding: AUTO_ENCODING
    compression: DEFAULT_COMPRESSION
    cfile_block_size: 0
    immutable: false
  }
  columns {
    name: "int_val"
    type: INT32
    is_key: false
    is_nullable: false
    encoding: AUTO_ENCODING
    compression: DEFAULT_COMPRESSION
    cfile_block_size: 0
    immutable: false
  }
  columns {
    name: "string_val"
    type: STRING
    is_key: false
    is_nullable: true
    encoding: AUTO_ENCODING
    compression: DEFAULT_COMPRESSION
    cfile_block_size: 0
    immutable: false
  }
}
num_replicas: 3
split_rows_range_bounds {
  rows: "\004\001\000\314\314\314\014\004\001\000\230\231\231\031\004\001\000dff&\004\001\0000333\004\001\000\374\377\377?\004\001\000\310\314\314L\004\001\000\224\231\231Y\004\001\000`fff\004\001\000,33s""\004\001\000\314\314\314\014\004\001\000\230\231\231\031\004\001\000dff&\004\001\0000333\004\001\000\374\377\377?\004\001\000\310\314\314L\004\001\000\224\231\231Y\004\001\000`fff\004\001\000,33s"
  indirect_data: """"
}
partition_schema {
  range_schema {
    columns {
      name: "key"
    }
  }
}
W20260713 09:12:25.652951   317 catalog_manager.cc:7077] The number of live tablet servers is not enough to re-replicate a tablet replica of the newly created table test-workload in case of a server failure: 4 tablet servers would be needed, 3 are available. Consider bringing up more tablet servers.
I20260713 09:12:25.721498   409 tablet_service.cc:1511] Processing CreateTablet for tablet 7aa5814c148b42fc8ca63ea4336fb0c0 (DEFAULT_TABLE table=test-workload [id=6b0185c319ba4c408218c959ebed79c0]), partition=RANGE (key) PARTITION VALUES < 214748364
I20260713 09:12:25.722853   409 data_dirs.cc:400] Could only allocate 1 dirs of requested 3 for tablet 7aa5814c148b42fc8ca63ea4336fb0c0. 1 dirs total, 0 dirs full, 0 dirs failed
I20260713 09:12:25.727172   408 tablet_service.cc:1511] Processing CreateTablet for tablet e0784f4e7d544e52bc6b016124ee54f6 (DEFAULT_TABLE table=test-workload [id=6b0185c319ba4c408218c959ebed79c0]), partition=RANGE (key) PARTITION 214748364 <= VALUES < 429496728
I20260713 09:12:25.727716   485 tablet_service.cc:1511] Processing CreateTablet for tablet 7aa5814c148b42fc8ca63ea4336fb0c0 (DEFAULT_TABLE table=test-workload [id=6b0185c319ba4c408218c959ebed79c0]), partition=RANGE (key) PARTITION VALUES < 214748364
I20260713 09:12:25.728914   485 data_dirs.cc:400] Could only allocate 1 dirs of requested 3 for tablet 7aa5814c148b42fc8ca63ea4336fb0c0. 1 dirs total, 0 dirs full, 0 dirs failed
I20260713 09:12:25.729343   407 tablet_service.cc:1511] Processing CreateTablet for tablet 57a615c7995241e4853875c67e23dc4d (DEFAULT_TABLE table=test-workload [id=6b0185c319ba4c408218c959ebed79c0]), partition=RANGE (key) PARTITION 429496728 <= VALUES < 644245092
I20260713 09:12:25.730544   407 data_dirs.cc:400] Could only allocate 1 dirs of requested 3 for tablet 57a615c7995241e4853875c67e23dc4d. 1 dirs total, 0 dirs full, 0 dirs failed
I20260713 09:12:25.730180   406 tablet_service.cc:1511] Processing CreateTablet for tablet 99843291360c480ba0a05feb7135609e (DEFAULT_TABLE table=test-workload [id=6b0185c319ba4c408218c959ebed79c0]), partition=RANGE (key) PARTITION 644245092 <= VALUES < 858993456
I20260713 09:12:25.731443   406 data_dirs.cc:400] Could only allocate 1 dirs of requested 3 for tablet 99843291360c480ba0a05feb7135609e. 1 dirs total, 0 dirs full, 0 dirs failed
I20260713 09:12:25.736922   405 tablet_service.cc:1511] Processing CreateTablet for tablet a54e837f766a4afda4faf3d97d55c361 (DEFAULT_TABLE table=test-workload [id=6b0185c319ba4c408218c959ebed79c0]), partition=RANGE (key) PARTITION 858993456 <= VALUES < 1073741820
I20260713 09:12:25.738164   405 data_dirs.cc:400] Could only allocate 1 dirs of requested 3 for tablet a54e837f766a4afda4faf3d97d55c361. 1 dirs total, 0 dirs full, 0 dirs failed
I20260713 09:12:25.738879   408 data_dirs.cc:400] Could only allocate 1 dirs of requested 3 for tablet e0784f4e7d544e52bc6b016124ee54f6. 1 dirs total, 0 dirs full, 0 dirs failed
I20260713 09:12:25.739559   484 tablet_service.cc:1511] Processing CreateTablet for tablet e0784f4e7d544e52bc6b016124ee54f6 (DEFAULT_TABLE table=test-workload [id=6b0185c319ba4c408218c959ebed79c0]), partition=RANGE (key) PARTITION 214748364 <= VALUES < 429496728
I20260713 09:12:25.740744   484 data_dirs.cc:400] Could only allocate 1 dirs of requested 3 for tablet e0784f4e7d544e52bc6b016124ee54f6. 1 dirs total, 0 dirs full, 0 dirs failed
I20260713 09:12:25.747877   404 tablet_service.cc:1511] Processing CreateTablet for tablet 7b7197d14e6443ee957263c9734eb54e (DEFAULT_TABLE table=test-workload [id=6b0185c319ba4c408218c959ebed79c0]), partition=RANGE (key) PARTITION 1073741820 <= VALUES < 1288490184
I20260713 09:12:25.749032   483 tablet_service.cc:1511] Processing CreateTablet for tablet 57a615c7995241e4853875c67e23dc4d (DEFAULT_TABLE table=test-workload [id=6b0185c319ba4c408218c959ebed79c0]), partition=RANGE (key) PARTITION 429496728 <= VALUES < 644245092
I20260713 09:12:25.750288   483 data_dirs.cc:400] Could only allocate 1 dirs of requested 3 for tablet 57a615c7995241e4853875c67e23dc4d. 1 dirs total, 0 dirs full, 0 dirs failed
I20260713 09:12:25.750212   403 tablet_service.cc:1511] Processing CreateTablet for tablet 380dba6fcfa441e68501c5af4f400677 (DEFAULT_TABLE table=test-workload [id=6b0185c319ba4c408218c959ebed79c0]), partition=RANGE (key) PARTITION 1288490184 <= VALUES < 1503238548
I20260713 09:12:25.749087   404 data_dirs.cc:400] Could only allocate 1 dirs of requested 3 for tablet 7b7197d14e6443ee957263c9734eb54e. 1 dirs total, 0 dirs full, 0 dirs failed
I20260713 09:12:25.751689   559 tablet_service.cc:1511] Processing CreateTablet for tablet 7aa5814c148b42fc8ca63ea4336fb0c0 (DEFAULT_TABLE table=test-workload [id=6b0185c319ba4c408218c959ebed79c0]), partition=RANGE (key) PARTITION VALUES < 214748364
I20260713 09:12:25.752877   559 data_dirs.cc:400] Could only allocate 1 dirs of requested 3 for tablet 7aa5814c148b42fc8ca63ea4336fb0c0. 1 dirs total, 0 dirs full, 0 dirs failed
I20260713 09:12:25.753360   403 data_dirs.cc:400] Could only allocate 1 dirs of requested 3 for tablet 380dba6fcfa441e68501c5af4f400677. 1 dirs total, 0 dirs full, 0 dirs failed
I20260713 09:12:25.755566   482 tablet_service.cc:1511] Processing CreateTablet for tablet 99843291360c480ba0a05feb7135609e (DEFAULT_TABLE table=test-workload [id=6b0185c319ba4c408218c959ebed79c0]), partition=RANGE (key) PARTITION 644245092 <= VALUES < 858993456
I20260713 09:12:25.756778   482 data_dirs.cc:400] Could only allocate 1 dirs of requested 3 for tablet 99843291360c480ba0a05feb7135609e. 1 dirs total, 0 dirs full, 0 dirs failed
I20260713 09:12:25.759539   402 tablet_service.cc:1511] Processing CreateTablet for tablet 8f5f62e6132740e8b947c2df06f95f61 (DEFAULT_TABLE table=test-workload [id=6b0185c319ba4c408218c959ebed79c0]), partition=RANGE (key) PARTITION 1503238548 <= VALUES < 1717986912
I20260713 09:12:25.760710   402 data_dirs.cc:400] Could only allocate 1 dirs of requested 3 for tablet 8f5f62e6132740e8b947c2df06f95f61. 1 dirs total, 0 dirs full, 0 dirs failed
I20260713 09:12:25.761981   558 tablet_service.cc:1511] Processing CreateTablet for tablet e0784f4e7d544e52bc6b016124ee54f6 (DEFAULT_TABLE table=test-workload [id=6b0185c319ba4c408218c959ebed79c0]), partition=RANGE (key) PARTITION 214748364 <= VALUES < 429496728
I20260713 09:12:25.763166   558 data_dirs.cc:400] Could only allocate 1 dirs of requested 3 for tablet e0784f4e7d544e52bc6b016124ee54f6. 1 dirs total, 0 dirs full, 0 dirs failed
I20260713 09:12:25.765225   481 tablet_service.cc:1511] Processing CreateTablet for tablet a54e837f766a4afda4faf3d97d55c361 (DEFAULT_TABLE table=test-workload [id=6b0185c319ba4c408218c959ebed79c0]), partition=RANGE (key) PARTITION 858993456 <= VALUES < 1073741820
I20260713 09:12:25.766492   481 data_dirs.cc:400] Could only allocate 1 dirs of requested 3 for tablet a54e837f766a4afda4faf3d97d55c361. 1 dirs total, 0 dirs full, 0 dirs failed
I20260713 09:12:25.766259   557 tablet_service.cc:1511] Processing CreateTablet for tablet 57a615c7995241e4853875c67e23dc4d (DEFAULT_TABLE table=test-workload [id=6b0185c319ba4c408218c959ebed79c0]), partition=RANGE (key) PARTITION 429496728 <= VALUES < 644245092
I20260713 09:12:25.766381   480 tablet_service.cc:1511] Processing CreateTablet for tablet 7b7197d14e6443ee957263c9734eb54e (DEFAULT_TABLE table=test-workload [id=6b0185c319ba4c408218c959ebed79c0]), partition=RANGE (key) PARTITION 1073741820 <= VALUES < 1288490184
I20260713 09:12:25.767498   557 data_dirs.cc:400] Could only allocate 1 dirs of requested 3 for tablet 57a615c7995241e4853875c67e23dc4d. 1 dirs total, 0 dirs full, 0 dirs failed
I20260713 09:12:25.767608   480 data_dirs.cc:400] Could only allocate 1 dirs of requested 3 for tablet 7b7197d14e6443ee957263c9734eb54e. 1 dirs total, 0 dirs full, 0 dirs failed
I20260713 09:12:25.776893   479 tablet_service.cc:1511] Processing CreateTablet for tablet 380dba6fcfa441e68501c5af4f400677 (DEFAULT_TABLE table=test-workload [id=6b0185c319ba4c408218c959ebed79c0]), partition=RANGE (key) PARTITION 1288490184 <= VALUES < 1503238548
I20260713 09:12:25.778120   479 data_dirs.cc:400] Could only allocate 1 dirs of requested 3 for tablet 380dba6fcfa441e68501c5af4f400677. 1 dirs total, 0 dirs full, 0 dirs failed
I20260713 09:12:25.788396   556 tablet_service.cc:1511] Processing CreateTablet for tablet 99843291360c480ba0a05feb7135609e (DEFAULT_TABLE table=test-workload [id=6b0185c319ba4c408218c959ebed79c0]), partition=RANGE (key) PARTITION 644245092 <= VALUES < 858993456
I20260713 09:12:25.789637   556 data_dirs.cc:400] Could only allocate 1 dirs of requested 3 for tablet 99843291360c480ba0a05feb7135609e. 1 dirs total, 0 dirs full, 0 dirs failed
I20260713 09:12:25.799103   609 tablet_bootstrap.cc:492] T 7aa5814c148b42fc8ca63ea4336fb0c0 P 67cbd8773d114882a17c197f9f821808: Bootstrap starting.
I20260713 09:12:25.798893   555 tablet_service.cc:1511] Processing CreateTablet for tablet a54e837f766a4afda4faf3d97d55c361 (DEFAULT_TABLE table=test-workload [id=6b0185c319ba4c408218c959ebed79c0]), partition=RANGE (key) PARTITION 858993456 <= VALUES < 1073741820
I20260713 09:12:25.800335   478 tablet_service.cc:1511] Processing CreateTablet for tablet 8f5f62e6132740e8b947c2df06f95f61 (DEFAULT_TABLE table=test-workload [id=6b0185c319ba4c408218c959ebed79c0]), partition=RANGE (key) PARTITION 1503238548 <= VALUES < 1717986912
I20260713 09:12:25.801597   478 data_dirs.cc:400] Could only allocate 1 dirs of requested 3 for tablet 8f5f62e6132740e8b947c2df06f95f61. 1 dirs total, 0 dirs full, 0 dirs failed
I20260713 09:12:25.803869   554 tablet_service.cc:1511] Processing CreateTablet for tablet 7b7197d14e6443ee957263c9734eb54e (DEFAULT_TABLE table=test-workload [id=6b0185c319ba4c408218c959ebed79c0]), partition=RANGE (key) PARTITION 1073741820 <= VALUES < 1288490184
I20260713 09:12:25.806752   553 tablet_service.cc:1511] Processing CreateTablet for tablet 380dba6fcfa441e68501c5af4f400677 (DEFAULT_TABLE table=test-workload [id=6b0185c319ba4c408218c959ebed79c0]), partition=RANGE (key) PARTITION 1288490184 <= VALUES < 1503238548
I20260713 09:12:25.811949   610 tablet_bootstrap.cc:492] T 57a615c7995241e4853875c67e23dc4d P 557768f70f7a46ac98f79a3fa0ab4a61: Bootstrap starting.
I20260713 09:12:25.813294   555 data_dirs.cc:400] Could only allocate 1 dirs of requested 3 for tablet a54e837f766a4afda4faf3d97d55c361. 1 dirs total, 0 dirs full, 0 dirs failed
I20260713 09:12:25.815893   609 tablet_bootstrap.cc:654] T 7aa5814c148b42fc8ca63ea4336fb0c0 P 67cbd8773d114882a17c197f9f821808: Neither blocks nor log segments found. Creating new log.
I20260713 09:12:25.821857   553 data_dirs.cc:400] Could only allocate 1 dirs of requested 3 for tablet 380dba6fcfa441e68501c5af4f400677. 1 dirs total, 0 dirs full, 0 dirs failed
I20260713 09:12:25.826562   554 data_dirs.cc:400] Could only allocate 1 dirs of requested 3 for tablet 7b7197d14e6443ee957263c9734eb54e. 1 dirs total, 0 dirs full, 0 dirs failed
I20260713 09:12:25.832907   552 tablet_service.cc:1511] Processing CreateTablet for tablet 8f5f62e6132740e8b947c2df06f95f61 (DEFAULT_TABLE table=test-workload [id=6b0185c319ba4c408218c959ebed79c0]), partition=RANGE (key) PARTITION 1503238548 <= VALUES < 1717986912
I20260713 09:12:25.836063   552 data_dirs.cc:400] Could only allocate 1 dirs of requested 3 for tablet 8f5f62e6132740e8b947c2df06f95f61. 1 dirs total, 0 dirs full, 0 dirs failed
I20260713 09:12:25.856905   479 tablet_service.cc:1511] Processing CreateTablet for tablet 5cb8826456d942d393f38f373c9719ba (DEFAULT_TABLE table=test-workload [id=6b0185c319ba4c408218c959ebed79c0]), partition=RANGE (key) PARTITION 1717986912 <= VALUES < 1932735276
I20260713 09:12:25.858044   479 data_dirs.cc:400] Could only allocate 1 dirs of requested 3 for tablet 5cb8826456d942d393f38f373c9719ba. 1 dirs total, 0 dirs full, 0 dirs failed
I20260713 09:12:25.858633   407 tablet_service.cc:1511] Processing CreateTablet for tablet b89db17122c64c92bdc5122fc31fe519 (DEFAULT_TABLE table=test-workload [id=6b0185c319ba4c408218c959ebed79c0]), partition=RANGE (key) PARTITION 1932735276 <= VALUES
I20260713 09:12:25.859786   407 data_dirs.cc:400] Could only allocate 1 dirs of requested 3 for tablet b89db17122c64c92bdc5122fc31fe519. 1 dirs total, 0 dirs full, 0 dirs failed
I20260713 09:12:25.860775   408 tablet_service.cc:1511] Processing CreateTablet for tablet 5cb8826456d942d393f38f373c9719ba (DEFAULT_TABLE table=test-workload [id=6b0185c319ba4c408218c959ebed79c0]), partition=RANGE (key) PARTITION 1717986912 <= VALUES < 1932735276
I20260713 09:12:25.861912   408 data_dirs.cc:400] Could only allocate 1 dirs of requested 3 for tablet 5cb8826456d942d393f38f373c9719ba. 1 dirs total, 0 dirs full, 0 dirs failed
I20260713 09:12:25.863683   485 tablet_service.cc:1511] Processing CreateTablet for tablet b89db17122c64c92bdc5122fc31fe519 (DEFAULT_TABLE table=test-workload [id=6b0185c319ba4c408218c959ebed79c0]), partition=RANGE (key) PARTITION 1932735276 <= VALUES
I20260713 09:12:25.864777   485 data_dirs.cc:400] Could only allocate 1 dirs of requested 3 for tablet b89db17122c64c92bdc5122fc31fe519. 1 dirs total, 0 dirs full, 0 dirs failed
I20260713 09:12:25.868978   610 tablet_bootstrap.cc:654] T 57a615c7995241e4853875c67e23dc4d P 557768f70f7a46ac98f79a3fa0ab4a61: Neither blocks nor log segments found. Creating new log.
I20260713 09:12:25.870133   609 tablet_bootstrap.cc:492] T 7aa5814c148b42fc8ca63ea4336fb0c0 P 67cbd8773d114882a17c197f9f821808: No bootstrap required, opened a new log
I20260713 09:12:25.871395   557 tablet_service.cc:1511] Processing CreateTablet for tablet b89db17122c64c92bdc5122fc31fe519 (DEFAULT_TABLE table=test-workload [id=6b0185c319ba4c408218c959ebed79c0]), partition=RANGE (key) PARTITION 1932735276 <= VALUES
I20260713 09:12:25.879506   612 tablet_bootstrap.cc:492] T 7aa5814c148b42fc8ca63ea4336fb0c0 P 67455984f37c422ba426c6f90ab1d236: Bootstrap starting.
I20260713 09:12:25.879956   557 data_dirs.cc:400] Could only allocate 1 dirs of requested 3 for tablet b89db17122c64c92bdc5122fc31fe519. 1 dirs total, 0 dirs full, 0 dirs failed
I20260713 09:12:25.878756   609 ts_tablet_manager.cc:1403] T 7aa5814c148b42fc8ca63ea4336fb0c0 P 67cbd8773d114882a17c197f9f821808: Time spent bootstrapping tablet: real 0.080s	user 0.031s	sys 0.009s
I20260713 09:12:25.874145   559 tablet_service.cc:1511] Processing CreateTablet for tablet 5cb8826456d942d393f38f373c9719ba (DEFAULT_TABLE table=test-workload [id=6b0185c319ba4c408218c959ebed79c0]), partition=RANGE (key) PARTITION 1717986912 <= VALUES < 1932735276
I20260713 09:12:25.900774   559 data_dirs.cc:400] Could only allocate 1 dirs of requested 3 for tablet 5cb8826456d942d393f38f373c9719ba. 1 dirs total, 0 dirs full, 0 dirs failed
I20260713 09:12:25.902423   610 tablet_bootstrap.cc:492] T 57a615c7995241e4853875c67e23dc4d P 557768f70f7a46ac98f79a3fa0ab4a61: No bootstrap required, opened a new log
I20260713 09:12:25.903021   610 ts_tablet_manager.cc:1403] T 57a615c7995241e4853875c67e23dc4d P 557768f70f7a46ac98f79a3fa0ab4a61: Time spent bootstrapping tablet: real 0.091s	user 0.009s	sys 0.016s
I20260713 09:12:25.905743   610 raft_consensus.cc:359] T 57a615c7995241e4853875c67e23dc4d P 557768f70f7a46ac98f79a3fa0ab4a61 [term 0 FOLLOWER]: Replica starting. Triggering 0 pending ops. Active config: opid_index: -1 OBSOLETE_local: false peers { permanent_uuid: "67cbd8773d114882a17c197f9f821808" member_type: VOTER last_known_addr { host: "127.31.129.193" port: 37455 } } peers { permanent_uuid: "67455984f37c422ba426c6f90ab1d236" member_type: VOTER last_known_addr { host: "127.31.129.194" port: 43627 } } peers { permanent_uuid: "557768f70f7a46ac98f79a3fa0ab4a61" member_type: VOTER last_known_addr { host: "127.31.129.195" port: 44993 } }
I20260713 09:12:25.906423   610 raft_consensus.cc:385] T 57a615c7995241e4853875c67e23dc4d P 557768f70f7a46ac98f79a3fa0ab4a61 [term 0 FOLLOWER]: Consensus starting up: Expiring failure detector timer to make a prompt election more likely
I20260713 09:12:25.906754   610 raft_consensus.cc:740] T 57a615c7995241e4853875c67e23dc4d P 557768f70f7a46ac98f79a3fa0ab4a61 [term 0 FOLLOWER]: Becoming Follower/Learner. State: Replica: 557768f70f7a46ac98f79a3fa0ab4a61, State: Initialized, Role: FOLLOWER
I20260713 09:12:25.907541   610 consensus_queue.cc:260] T 57a615c7995241e4853875c67e23dc4d P 557768f70f7a46ac98f79a3fa0ab4a61 [NON_LEADER]: Queue going to NON_LEADER mode. State: All replicated index: 0, Majority replicated index: 0, Committed index: 0, Last appended: 0.0, Last appended by leader: 0, Current term: 0, Majority size: -1, State: 0, Mode: NON_LEADER, active raft config: opid_index: -1 OBSOLETE_local: false peers { permanent_uuid: "67cbd8773d114882a17c197f9f821808" member_type: VOTER last_known_addr { host: "127.31.129.193" port: 37455 } } peers { permanent_uuid: "67455984f37c422ba426c6f90ab1d236" member_type: VOTER last_known_addr { host: "127.31.129.194" port: 43627 } } peers { permanent_uuid: "557768f70f7a46ac98f79a3fa0ab4a61" member_type: VOTER last_known_addr { host: "127.31.129.195" port: 44993 } }
I20260713 09:12:25.913997   612 tablet_bootstrap.cc:654] T 7aa5814c148b42fc8ca63ea4336fb0c0 P 67455984f37c422ba426c6f90ab1d236: Neither blocks nor log segments found. Creating new log.
I20260713 09:12:25.902961   609 raft_consensus.cc:359] T 7aa5814c148b42fc8ca63ea4336fb0c0 P 67cbd8773d114882a17c197f9f821808 [term 0 FOLLOWER]: Replica starting. Triggering 0 pending ops. Active config: opid_index: -1 OBSOLETE_local: false peers { permanent_uuid: "67cbd8773d114882a17c197f9f821808" member_type: VOTER last_known_addr { host: "127.31.129.193" port: 37455 } } peers { permanent_uuid: "67455984f37c422ba426c6f90ab1d236" member_type: VOTER last_known_addr { host: "127.31.129.194" port: 43627 } } peers { permanent_uuid: "557768f70f7a46ac98f79a3fa0ab4a61" member_type: VOTER last_known_addr { host: "127.31.129.195" port: 44993 } }
I20260713 09:12:25.915555   609 raft_consensus.cc:385] T 7aa5814c148b42fc8ca63ea4336fb0c0 P 67cbd8773d114882a17c197f9f821808 [term 0 FOLLOWER]: Consensus starting up: Expiring failure detector timer to make a prompt election more likely
I20260713 09:12:25.915854   609 raft_consensus.cc:740] T 7aa5814c148b42fc8ca63ea4336fb0c0 P 67cbd8773d114882a17c197f9f821808 [term 0 FOLLOWER]: Becoming Follower/Learner. State: Replica: 67cbd8773d114882a17c197f9f821808, State: Initialized, Role: FOLLOWER
I20260713 09:12:25.916175   594 heartbeater.cc:499] Master 127.31.129.254:39373 was elected leader, sending a full tablet report...
I20260713 09:12:25.916548   609 consensus_queue.cc:260] T 7aa5814c148b42fc8ca63ea4336fb0c0 P 67cbd8773d114882a17c197f9f821808 [NON_LEADER]: Queue going to NON_LEADER mode. State: All replicated index: 0, Majority replicated index: 0, Committed index: 0, Last appended: 0.0, Last appended by leader: 0, Current term: 0, Majority size: -1, State: 0, Mode: NON_LEADER, active raft config: opid_index: -1 OBSOLETE_local: false peers { permanent_uuid: "67cbd8773d114882a17c197f9f821808" member_type: VOTER last_known_addr { host: "127.31.129.193" port: 37455 } } peers { permanent_uuid: "67455984f37c422ba426c6f90ab1d236" member_type: VOTER last_known_addr { host: "127.31.129.194" port: 43627 } } peers { permanent_uuid: "557768f70f7a46ac98f79a3fa0ab4a61" member_type: VOTER last_known_addr { host: "127.31.129.195" port: 44993 } }
I20260713 09:12:25.917201   610 ts_tablet_manager.cc:1434] T 57a615c7995241e4853875c67e23dc4d P 557768f70f7a46ac98f79a3fa0ab4a61: Time spent starting tablet: real 0.014s	user 0.006s	sys 0.006s
I20260713 09:12:25.918143   610 tablet_bootstrap.cc:492] T 7aa5814c148b42fc8ca63ea4336fb0c0 P 557768f70f7a46ac98f79a3fa0ab4a61: Bootstrap starting.
I20260713 09:12:25.924048   610 tablet_bootstrap.cc:654] T 7aa5814c148b42fc8ca63ea4336fb0c0 P 557768f70f7a46ac98f79a3fa0ab4a61: Neither blocks nor log segments found. Creating new log.
I20260713 09:12:25.930958   445 heartbeater.cc:499] Master 127.31.129.254:39373 was elected leader, sending a full tablet report...
I20260713 09:12:25.931469   609 ts_tablet_manager.cc:1434] T 7aa5814c148b42fc8ca63ea4336fb0c0 P 67cbd8773d114882a17c197f9f821808: Time spent starting tablet: real 0.032s	user 0.008s	sys 0.003s
I20260713 09:12:25.931705   612 tablet_bootstrap.cc:492] T 7aa5814c148b42fc8ca63ea4336fb0c0 P 67455984f37c422ba426c6f90ab1d236: No bootstrap required, opened a new log
I20260713 09:12:25.932138   612 ts_tablet_manager.cc:1403] T 7aa5814c148b42fc8ca63ea4336fb0c0 P 67455984f37c422ba426c6f90ab1d236: Time spent bootstrapping tablet: real 0.053s	user 0.012s	sys 0.004s
I20260713 09:12:25.932494   609 tablet_bootstrap.cc:492] T 8f5f62e6132740e8b947c2df06f95f61 P 67cbd8773d114882a17c197f9f821808: Bootstrap starting.
I20260713 09:12:25.934985   612 raft_consensus.cc:359] T 7aa5814c148b42fc8ca63ea4336fb0c0 P 67455984f37c422ba426c6f90ab1d236 [term 0 FOLLOWER]: Replica starting. Triggering 0 pending ops. Active config: opid_index: -1 OBSOLETE_local: false peers { permanent_uuid: "67cbd8773d114882a17c197f9f821808" member_type: VOTER last_known_addr { host: "127.31.129.193" port: 37455 } } peers { permanent_uuid: "67455984f37c422ba426c6f90ab1d236" member_type: VOTER last_known_addr { host: "127.31.129.194" port: 43627 } } peers { permanent_uuid: "557768f70f7a46ac98f79a3fa0ab4a61" member_type: VOTER last_known_addr { host: "127.31.129.195" port: 44993 } }
I20260713 09:12:25.936179   612 raft_consensus.cc:385] T 7aa5814c148b42fc8ca63ea4336fb0c0 P 67455984f37c422ba426c6f90ab1d236 [term 0 FOLLOWER]: Consensus starting up: Expiring failure detector timer to make a prompt election more likely
I20260713 09:12:25.936482   612 raft_consensus.cc:740] T 7aa5814c148b42fc8ca63ea4336fb0c0 P 67455984f37c422ba426c6f90ab1d236 [term 0 FOLLOWER]: Becoming Follower/Learner. State: Replica: 67455984f37c422ba426c6f90ab1d236, State: Initialized, Role: FOLLOWER
I20260713 09:12:25.937142   612 consensus_queue.cc:260] T 7aa5814c148b42fc8ca63ea4336fb0c0 P 67455984f37c422ba426c6f90ab1d236 [NON_LEADER]: Queue going to NON_LEADER mode. State: All replicated index: 0, Majority replicated index: 0, Committed index: 0, Last appended: 0.0, Last appended by leader: 0, Current term: 0, Majority size: -1, State: 0, Mode: NON_LEADER, active raft config: opid_index: -1 OBSOLETE_local: false peers { permanent_uuid: "67cbd8773d114882a17c197f9f821808" member_type: VOTER last_known_addr { host: "127.31.129.193" port: 37455 } } peers { permanent_uuid: "67455984f37c422ba426c6f90ab1d236" member_type: VOTER last_known_addr { host: "127.31.129.194" port: 43627 } } peers { permanent_uuid: "557768f70f7a46ac98f79a3fa0ab4a61" member_type: VOTER last_known_addr { host: "127.31.129.195" port: 44993 } }
I20260713 09:12:25.938503   609 tablet_bootstrap.cc:654] T 8f5f62e6132740e8b947c2df06f95f61 P 67cbd8773d114882a17c197f9f821808: Neither blocks nor log segments found. Creating new log.
I20260713 09:12:25.945104   612 ts_tablet_manager.cc:1434] T 7aa5814c148b42fc8ca63ea4336fb0c0 P 67455984f37c422ba426c6f90ab1d236: Time spent starting tablet: real 0.013s	user 0.005s	sys 0.006s
I20260713 09:12:25.945274   609 tablet_bootstrap.cc:492] T 8f5f62e6132740e8b947c2df06f95f61 P 67cbd8773d114882a17c197f9f821808: No bootstrap required, opened a new log
I20260713 09:12:25.945734   609 ts_tablet_manager.cc:1403] T 8f5f62e6132740e8b947c2df06f95f61 P 67cbd8773d114882a17c197f9f821808: Time spent bootstrapping tablet: real 0.014s	user 0.008s	sys 0.004s
I20260713 09:12:25.945832   520 heartbeater.cc:499] Master 127.31.129.254:39373 was elected leader, sending a full tablet report...
I20260713 09:12:25.947374   610 tablet_bootstrap.cc:492] T 7aa5814c148b42fc8ca63ea4336fb0c0 P 557768f70f7a46ac98f79a3fa0ab4a61: No bootstrap required, opened a new log
I20260713 09:12:25.947767   610 ts_tablet_manager.cc:1403] T 7aa5814c148b42fc8ca63ea4336fb0c0 P 557768f70f7a46ac98f79a3fa0ab4a61: Time spent bootstrapping tablet: real 0.030s	user 0.003s	sys 0.006s
I20260713 09:12:25.949580   612 tablet_bootstrap.cc:492] T a54e837f766a4afda4faf3d97d55c361 P 67455984f37c422ba426c6f90ab1d236: Bootstrap starting.
I20260713 09:12:25.948622   609 raft_consensus.cc:359] T 8f5f62e6132740e8b947c2df06f95f61 P 67cbd8773d114882a17c197f9f821808 [term 0 FOLLOWER]: Replica starting. Triggering 0 pending ops. Active config: opid_index: -1 OBSOLETE_local: false peers { permanent_uuid: "67cbd8773d114882a17c197f9f821808" member_type: VOTER last_known_addr { host: "127.31.129.193" port: 37455 } } peers { permanent_uuid: "67455984f37c422ba426c6f90ab1d236" member_type: VOTER last_known_addr { host: "127.31.129.194" port: 43627 } } peers { permanent_uuid: "557768f70f7a46ac98f79a3fa0ab4a61" member_type: VOTER last_known_addr { host: "127.31.129.195" port: 44993 } }
I20260713 09:12:25.950492   610 raft_consensus.cc:359] T 7aa5814c148b42fc8ca63ea4336fb0c0 P 557768f70f7a46ac98f79a3fa0ab4a61 [term 0 FOLLOWER]: Replica starting. Triggering 0 pending ops. Active config: opid_index: -1 OBSOLETE_local: false peers { permanent_uuid: "67cbd8773d114882a17c197f9f821808" member_type: VOTER last_known_addr { host: "127.31.129.193" port: 37455 } } peers { permanent_uuid: "67455984f37c422ba426c6f90ab1d236" member_type: VOTER last_known_addr { host: "127.31.129.194" port: 43627 } } peers { permanent_uuid: "557768f70f7a46ac98f79a3fa0ab4a61" member_type: VOTER last_known_addr { host: "127.31.129.195" port: 44993 } }
I20260713 09:12:25.951161   610 raft_consensus.cc:385] T 7aa5814c148b42fc8ca63ea4336fb0c0 P 557768f70f7a46ac98f79a3fa0ab4a61 [term 0 FOLLOWER]: Consensus starting up: Expiring failure detector timer to make a prompt election more likely
I20260713 09:12:25.951474   610 raft_consensus.cc:740] T 7aa5814c148b42fc8ca63ea4336fb0c0 P 557768f70f7a46ac98f79a3fa0ab4a61 [term 0 FOLLOWER]: Becoming Follower/Learner. State: Replica: 557768f70f7a46ac98f79a3fa0ab4a61, State: Initialized, Role: FOLLOWER
I20260713 09:12:25.950177   609 raft_consensus.cc:385] T 8f5f62e6132740e8b947c2df06f95f61 P 67cbd8773d114882a17c197f9f821808 [term 0 FOLLOWER]: Consensus starting up: Expiring failure detector timer to make a prompt election more likely
I20260713 09:12:25.952124   609 raft_consensus.cc:740] T 8f5f62e6132740e8b947c2df06f95f61 P 67cbd8773d114882a17c197f9f821808 [term 0 FOLLOWER]: Becoming Follower/Learner. State: Replica: 67cbd8773d114882a17c197f9f821808, State: Initialized, Role: FOLLOWER
I20260713 09:12:25.952908   609 consensus_queue.cc:260] T 8f5f62e6132740e8b947c2df06f95f61 P 67cbd8773d114882a17c197f9f821808 [NON_LEADER]: Queue going to NON_LEADER mode. State: All replicated index: 0, Majority replicated index: 0, Committed index: 0, Last appended: 0.0, Last appended by leader: 0, Current term: 0, Majority size: -1, State: 0, Mode: NON_LEADER, active raft config: opid_index: -1 OBSOLETE_local: false peers { permanent_uuid: "67cbd8773d114882a17c197f9f821808" member_type: VOTER last_known_addr { host: "127.31.129.193" port: 37455 } } peers { permanent_uuid: "67455984f37c422ba426c6f90ab1d236" member_type: VOTER last_known_addr { host: "127.31.129.194" port: 43627 } } peers { permanent_uuid: "557768f70f7a46ac98f79a3fa0ab4a61" member_type: VOTER last_known_addr { host: "127.31.129.195" port: 44993 } }
I20260713 09:12:25.952947   610 consensus_queue.cc:260] T 7aa5814c148b42fc8ca63ea4336fb0c0 P 557768f70f7a46ac98f79a3fa0ab4a61 [NON_LEADER]: Queue going to NON_LEADER mode. State: All replicated index: 0, Majority replicated index: 0, Committed index: 0, Last appended: 0.0, Last appended by leader: 0, Current term: 0, Majority size: -1, State: 0, Mode: NON_LEADER, active raft config: opid_index: -1 OBSOLETE_local: false peers { permanent_uuid: "67cbd8773d114882a17c197f9f821808" member_type: VOTER last_known_addr { host: "127.31.129.193" port: 37455 } } peers { permanent_uuid: "67455984f37c422ba426c6f90ab1d236" member_type: VOTER last_known_addr { host: "127.31.129.194" port: 43627 } } peers { permanent_uuid: "557768f70f7a46ac98f79a3fa0ab4a61" member_type: VOTER last_known_addr { host: "127.31.129.195" port: 44993 } }
I20260713 09:12:25.955168   609 ts_tablet_manager.cc:1434] T 8f5f62e6132740e8b947c2df06f95f61 P 67cbd8773d114882a17c197f9f821808: Time spent starting tablet: real 0.009s	user 0.006s	sys 0.000s
I20260713 09:12:25.956001   609 tablet_bootstrap.cc:492] T e0784f4e7d544e52bc6b016124ee54f6 P 67cbd8773d114882a17c197f9f821808: Bootstrap starting.
I20260713 09:12:25.956238   612 tablet_bootstrap.cc:654] T a54e837f766a4afda4faf3d97d55c361 P 67455984f37c422ba426c6f90ab1d236: Neither blocks nor log segments found. Creating new log.
I20260713 09:12:25.958343   610 ts_tablet_manager.cc:1434] T 7aa5814c148b42fc8ca63ea4336fb0c0 P 557768f70f7a46ac98f79a3fa0ab4a61: Time spent starting tablet: real 0.010s	user 0.008s	sys 0.000s
I20260713 09:12:25.959555   614 raft_consensus.cc:493] T 7aa5814c148b42fc8ca63ea4336fb0c0 P 557768f70f7a46ac98f79a3fa0ab4a61 [term 0 FOLLOWER]: Starting pre-election (no leader contacted us within the election timeout)
I20260713 09:12:25.960009   614 raft_consensus.cc:515] T 7aa5814c148b42fc8ca63ea4336fb0c0 P 557768f70f7a46ac98f79a3fa0ab4a61 [term 0 FOLLOWER]: Starting pre-election with config: opid_index: -1 OBSOLETE_local: false peers { permanent_uuid: "67cbd8773d114882a17c197f9f821808" member_type: VOTER last_known_addr { host: "127.31.129.193" port: 37455 } } peers { permanent_uuid: "67455984f37c422ba426c6f90ab1d236" member_type: VOTER last_known_addr { host: "127.31.129.194" port: 43627 } } peers { permanent_uuid: "557768f70f7a46ac98f79a3fa0ab4a61" member_type: VOTER last_known_addr { host: "127.31.129.195" port: 44993 } }
I20260713 09:12:25.961863   609 tablet_bootstrap.cc:654] T e0784f4e7d544e52bc6b016124ee54f6 P 67cbd8773d114882a17c197f9f821808: Neither blocks nor log segments found. Creating new log.
I20260713 09:12:25.962694   614 leader_election.cc:290] T 7aa5814c148b42fc8ca63ea4336fb0c0 P 557768f70f7a46ac98f79a3fa0ab4a61 [CANDIDATE]: Term 1 pre-election: Requested pre-vote from peers 67cbd8773d114882a17c197f9f821808 (127.31.129.193:37455), 67455984f37c422ba426c6f90ab1d236 (127.31.129.194:43627)
I20260713 09:12:25.967618   610 tablet_bootstrap.cc:492] T e0784f4e7d544e52bc6b016124ee54f6 P 557768f70f7a46ac98f79a3fa0ab4a61: Bootstrap starting.
I20260713 09:12:25.969739   612 tablet_bootstrap.cc:492] T a54e837f766a4afda4faf3d97d55c361 P 67455984f37c422ba426c6f90ab1d236: No bootstrap required, opened a new log
I20260713 09:12:25.970180   612 ts_tablet_manager.cc:1403] T a54e837f766a4afda4faf3d97d55c361 P 67455984f37c422ba426c6f90ab1d236: Time spent bootstrapping tablet: real 0.021s	user 0.014s	sys 0.004s
I20260713 09:12:25.978811   419 tablet_service.cc:1917] Received RequestConsensusVote() RPC: tablet_id: "7aa5814c148b42fc8ca63ea4336fb0c0" candidate_uuid: "557768f70f7a46ac98f79a3fa0ab4a61" candidate_term: 1 candidate_status { last_received { term: 0 index: 0 } } ignore_live_leader: false dest_uuid: "67cbd8773d114882a17c197f9f821808" is_pre_election: true
I20260713 09:12:25.979423   419 raft_consensus.cc:2468] T 7aa5814c148b42fc8ca63ea4336fb0c0 P 67cbd8773d114882a17c197f9f821808 [term 0 FOLLOWER]: Leader pre-election vote request: Granting yes vote for candidate 557768f70f7a46ac98f79a3fa0ab4a61 in term 0.
I20260713 09:12:25.972821   612 raft_consensus.cc:359] T a54e837f766a4afda4faf3d97d55c361 P 67455984f37c422ba426c6f90ab1d236 [term 0 FOLLOWER]: Replica starting. Triggering 0 pending ops. Active config: opid_index: -1 OBSOLETE_local: false peers { permanent_uuid: "67cbd8773d114882a17c197f9f821808" member_type: VOTER last_known_addr { host: "127.31.129.193" port: 37455 } } peers { permanent_uuid: "67455984f37c422ba426c6f90ab1d236" member_type: VOTER last_known_addr { host: "127.31.129.194" port: 43627 } } peers { permanent_uuid: "557768f70f7a46ac98f79a3fa0ab4a61" member_type: VOTER last_known_addr { host: "127.31.129.195" port: 44993 } }
I20260713 09:12:25.980718   612 raft_consensus.cc:385] T a54e837f766a4afda4faf3d97d55c361 P 67455984f37c422ba426c6f90ab1d236 [term 0 FOLLOWER]: Consensus starting up: Expiring failure detector timer to make a prompt election more likely
I20260713 09:12:25.980784   533 leader_election.cc:304] T 7aa5814c148b42fc8ca63ea4336fb0c0 P 557768f70f7a46ac98f79a3fa0ab4a61 [CANDIDATE]: Term 1 pre-election: Election decided. Result: candidate won. Election summary: received 2 responses out of 3 voters: 2 yes votes; 0 no votes. yes voters: 557768f70f7a46ac98f79a3fa0ab4a61, 67cbd8773d114882a17c197f9f821808; no voters: 
I20260713 09:12:25.981048   612 raft_consensus.cc:740] T a54e837f766a4afda4faf3d97d55c361 P 67455984f37c422ba426c6f90ab1d236 [term 0 FOLLOWER]: Becoming Follower/Learner. State: Replica: 67455984f37c422ba426c6f90ab1d236, State: Initialized, Role: FOLLOWER
I20260713 09:12:25.981758   614 raft_consensus.cc:2804] T 7aa5814c148b42fc8ca63ea4336fb0c0 P 557768f70f7a46ac98f79a3fa0ab4a61 [term 0 FOLLOWER]: Leader pre-election won for term 1
I20260713 09:12:25.982187   614 raft_consensus.cc:493] T 7aa5814c148b42fc8ca63ea4336fb0c0 P 557768f70f7a46ac98f79a3fa0ab4a61 [term 0 FOLLOWER]: Starting leader election (no leader contacted us within the election timeout)
I20260713 09:12:25.981748   612 consensus_queue.cc:260] T a54e837f766a4afda4faf3d97d55c361 P 67455984f37c422ba426c6f90ab1d236 [NON_LEADER]: Queue going to NON_LEADER mode. State: All replicated index: 0, Majority replicated index: 0, Committed index: 0, Last appended: 0.0, Last appended by leader: 0, Current term: 0, Majority size: -1, State: 0, Mode: NON_LEADER, active raft config: opid_index: -1 OBSOLETE_local: false peers { permanent_uuid: "67cbd8773d114882a17c197f9f821808" member_type: VOTER last_known_addr { host: "127.31.129.193" port: 37455 } } peers { permanent_uuid: "67455984f37c422ba426c6f90ab1d236" member_type: VOTER last_known_addr { host: "127.31.129.194" port: 43627 } } peers { permanent_uuid: "557768f70f7a46ac98f79a3fa0ab4a61" member_type: VOTER last_known_addr { host: "127.31.129.195" port: 44993 } }
I20260713 09:12:25.982420   614 raft_consensus.cc:3060] T 7aa5814c148b42fc8ca63ea4336fb0c0 P 557768f70f7a46ac98f79a3fa0ab4a61 [term 0 FOLLOWER]: Advancing to term 1
I20260713 09:12:25.983831   612 ts_tablet_manager.cc:1434] T a54e837f766a4afda4faf3d97d55c361 P 67455984f37c422ba426c6f90ab1d236: Time spent starting tablet: real 0.013s	user 0.005s	sys 0.000s
I20260713 09:12:25.984637   612 tablet_bootstrap.cc:492] T e0784f4e7d544e52bc6b016124ee54f6 P 67455984f37c422ba426c6f90ab1d236: Bootstrap starting.
I20260713 09:12:25.988715   495 tablet_service.cc:1917] Received RequestConsensusVote() RPC: tablet_id: "7aa5814c148b42fc8ca63ea4336fb0c0" candidate_uuid: "557768f70f7a46ac98f79a3fa0ab4a61" candidate_term: 1 candidate_status { last_received { term: 0 index: 0 } } ignore_live_leader: false dest_uuid: "67455984f37c422ba426c6f90ab1d236" is_pre_election: true
I20260713 09:12:25.988663   614 raft_consensus.cc:515] T 7aa5814c148b42fc8ca63ea4336fb0c0 P 557768f70f7a46ac98f79a3fa0ab4a61 [term 1 FOLLOWER]: Starting leader election with config: opid_index: -1 OBSOLETE_local: false peers { permanent_uuid: "67cbd8773d114882a17c197f9f821808" member_type: VOTER last_known_addr { host: "127.31.129.193" port: 37455 } } peers { permanent_uuid: "67455984f37c422ba426c6f90ab1d236" member_type: VOTER last_known_addr { host: "127.31.129.194" port: 43627 } } peers { permanent_uuid: "557768f70f7a46ac98f79a3fa0ab4a61" member_type: VOTER last_known_addr { host: "127.31.129.195" port: 44993 } }
I20260713 09:12:25.989409   495 raft_consensus.cc:2468] T 7aa5814c148b42fc8ca63ea4336fb0c0 P 67455984f37c422ba426c6f90ab1d236 [term 0 FOLLOWER]: Leader pre-election vote request: Granting yes vote for candidate 557768f70f7a46ac98f79a3fa0ab4a61 in term 0.
I20260713 09:12:25.990608   614 leader_election.cc:290] T 7aa5814c148b42fc8ca63ea4336fb0c0 P 557768f70f7a46ac98f79a3fa0ab4a61 [CANDIDATE]: Term 1 election: Requested vote from peers 67cbd8773d114882a17c197f9f821808 (127.31.129.193:37455), 67455984f37c422ba426c6f90ab1d236 (127.31.129.194:43627)
I20260713 09:12:25.991397   419 tablet_service.cc:1917] Received RequestConsensusVote() RPC: tablet_id: "7aa5814c148b42fc8ca63ea4336fb0c0" candidate_uuid: "557768f70f7a46ac98f79a3fa0ab4a61" candidate_term: 1 candidate_status { last_received { term: 0 index: 0 } } ignore_live_leader: false dest_uuid: "67cbd8773d114882a17c197f9f821808"
I20260713 09:12:25.991801   495 tablet_service.cc:1917] Received RequestConsensusVote() RPC: tablet_id: "7aa5814c148b42fc8ca63ea4336fb0c0" candidate_uuid: "557768f70f7a46ac98f79a3fa0ab4a61" candidate_term: 1 candidate_status { last_received { term: 0 index: 0 } } ignore_live_leader: false dest_uuid: "67455984f37c422ba426c6f90ab1d236"
I20260713 09:12:25.991905   419 raft_consensus.cc:3060] T 7aa5814c148b42fc8ca63ea4336fb0c0 P 67cbd8773d114882a17c197f9f821808 [term 0 FOLLOWER]: Advancing to term 1
I20260713 09:12:25.992350   495 raft_consensus.cc:3060] T 7aa5814c148b42fc8ca63ea4336fb0c0 P 67455984f37c422ba426c6f90ab1d236 [term 0 FOLLOWER]: Advancing to term 1
I20260713 09:12:25.986991   610 tablet_bootstrap.cc:654] T e0784f4e7d544e52bc6b016124ee54f6 P 557768f70f7a46ac98f79a3fa0ab4a61: Neither blocks nor log segments found. Creating new log.
I20260713 09:12:25.997022   609 tablet_bootstrap.cc:492] T e0784f4e7d544e52bc6b016124ee54f6 P 67cbd8773d114882a17c197f9f821808: No bootstrap required, opened a new log
I20260713 09:12:25.994017   612 tablet_bootstrap.cc:654] T e0784f4e7d544e52bc6b016124ee54f6 P 67455984f37c422ba426c6f90ab1d236: Neither blocks nor log segments found. Creating new log.
I20260713 09:12:25.997480   609 ts_tablet_manager.cc:1403] T e0784f4e7d544e52bc6b016124ee54f6 P 67cbd8773d114882a17c197f9f821808: Time spent bootstrapping tablet: real 0.042s	user 0.013s	sys 0.000s
I20260713 09:12:25.998451   419 raft_consensus.cc:2468] T 7aa5814c148b42fc8ca63ea4336fb0c0 P 67cbd8773d114882a17c197f9f821808 [term 1 FOLLOWER]: Leader election vote request: Granting yes vote for candidate 557768f70f7a46ac98f79a3fa0ab4a61 in term 1.
