I20260713 09:12:50.372942  1613 raft_consensus.cc:2955] T edaf29088aab4956a93285af2ac1eff0 P 5d3ed59bf5e54f1d8e21675c758e59f1 [term 1 LEADER]: Committing config change with OpId 1.2: config changed from index -1 to 2, NON_VOTER 16c4e48c064540d48315539a094af544 (127.31.124.196) added. New config: { opid_index: 2 OBSOLETE_local: false peers { permanent_uuid: "5d3ed59bf5e54f1d8e21675c758e59f1" member_type: VOTER last_known_addr { host: "127.31.124.193" port: 42609 } } peers { permanent_uuid: "4a190982c1b04a17a52135fc9dd33d57" member_type: VOTER last_known_addr { host: "127.31.124.194" port: 40823 } } peers { permanent_uuid: "26ef154a81e448fd97b8c4a49d5fb298" member_type: VOTER last_known_addr { host: "127.31.124.195" port: 46195 } attrs { replace: true } } peers { permanent_uuid: "16c4e48c064540d48315539a094af544" member_type: NON_VOTER last_known_addr { host: "127.31.124.196" port: 46011 } attrs { promote: true } } }
I20260713 09:12:50.374871  1064 raft_consensus.cc:2955] T edaf29088aab4956a93285af2ac1eff0 P 26ef154a81e448fd97b8c4a49d5fb298 [term 1 FOLLOWER]: Committing config change with OpId 1.2: config changed from index -1 to 2, NON_VOTER 16c4e48c064540d48315539a094af544 (127.31.124.196) added. New config: { opid_index: 2 OBSOLETE_local: false peers { permanent_uuid: "5d3ed59bf5e54f1d8e21675c758e59f1" member_type: VOTER last_known_addr { host: "127.31.124.193" port: 42609 } } peers { permanent_uuid: "4a190982c1b04a17a52135fc9dd33d57" member_type: VOTER last_known_addr { host: "127.31.124.194" port: 40823 } } peers { permanent_uuid: "26ef154a81e448fd97b8c4a49d5fb298" member_type: VOTER last_known_addr { host: "127.31.124.195" port: 46195 } attrs { replace: true } } peers { permanent_uuid: "16c4e48c064540d48315539a094af544" member_type: NON_VOTER last_known_addr { host: "127.31.124.196" port: 46011 } attrs { promote: true } } }
I20260713 09:12:50.376266   992 raft_consensus.cc:2955] T edaf29088aab4956a93285af2ac1eff0 P 4a190982c1b04a17a52135fc9dd33d57 [term 1 FOLLOWER]: Committing config change with OpId 1.2: config changed from index -1 to 2, NON_VOTER 16c4e48c064540d48315539a094af544 (127.31.124.196) added. New config: { opid_index: 2 OBSOLETE_local: false peers { permanent_uuid: "5d3ed59bf5e54f1d8e21675c758e59f1" member_type: VOTER last_known_addr { host: "127.31.124.193" port: 42609 } } peers { permanent_uuid: "4a190982c1b04a17a52135fc9dd33d57" member_type: VOTER last_known_addr { host: "127.31.124.194" port: 40823 } } peers { permanent_uuid: "26ef154a81e448fd97b8c4a49d5fb298" member_type: VOTER last_known_addr { host: "127.31.124.195" port: 46195 } attrs { replace: true } } peers { permanent_uuid: "16c4e48c064540d48315539a094af544" member_type: NON_VOTER last_known_addr { host: "127.31.124.196" port: 46011 } attrs { promote: true } } }
I20260713 09:12:50.388257   814 catalog_manager.cc:5697] T edaf29088aab4956a93285af2ac1eff0 P 4a190982c1b04a17a52135fc9dd33d57 reported cstate change: config changed from index -1 to 2, NON_VOTER 16c4e48c064540d48315539a094af544 (127.31.124.196) added. New cstate: current_term: 1 leader_uuid: "5d3ed59bf5e54f1d8e21675c758e59f1" committed_config { opid_index: 2 OBSOLETE_local: false peers { permanent_uuid: "5d3ed59bf5e54f1d8e21675c758e59f1" member_type: VOTER last_known_addr { host: "127.31.124.193" port: 42609 } } peers { permanent_uuid: "4a190982c1b04a17a52135fc9dd33d57" member_type: VOTER last_known_addr { host: "127.31.124.194" port: 40823 } } peers { permanent_uuid: "26ef154a81e448fd97b8c4a49d5fb298" member_type: VOTER last_known_addr { host: "127.31.124.195" port: 46195 } attrs { replace: true } } peers { permanent_uuid: "16c4e48c064540d48315539a094af544" member_type: NON_VOTER last_known_addr { host: "127.31.124.196" port: 46011 } attrs { promote: true } } }
I20260713 09:12:50.391676   992 consensus_queue.cc:237] T d6b735eb2e15433a9d7e31a5c8f41fd8 P 4a190982c1b04a17a52135fc9dd33d57 [LEADER]: Queue going to LEADER mode. State: All replicated index: 0, Majority replicated index: 1, Committed index: 1, Last appended: 1.1, Last appended by leader: 0, Current term: 1, Majority size: 2, State: 0, Mode: LEADER, active raft config: opid_index: 2 OBSOLETE_local: false peers { permanent_uuid: "5d3ed59bf5e54f1d8e21675c758e59f1" member_type: VOTER last_known_addr { host: "127.31.124.193" port: 42609 } attrs { replace: true } } peers { permanent_uuid: "4a190982c1b04a17a52135fc9dd33d57" member_type: VOTER last_known_addr { host: "127.31.124.194" port: 40823 } } peers { permanent_uuid: "26ef154a81e448fd97b8c4a49d5fb298" member_type: VOTER last_known_addr { host: "127.31.124.195" port: 46195 } } peers { permanent_uuid: "16c4e48c064540d48315539a094af544" member_type: NON_VOTER last_known_addr { host: "127.31.124.196" port: 46011 } attrs { promote: true } }
W20260713 09:12:50.399430   955 consensus_peers.cc:597] T d6b735eb2e15433a9d7e31a5c8f41fd8 P 4a190982c1b04a17a52135fc9dd33d57 -> Peer 16c4e48c064540d48315539a094af544 (127.31.124.196:46011): Couldn't send request to peer 16c4e48c064540d48315539a094af544. Error code: TABLET_NOT_FOUND (6). Status: Not found: Tablet not found: d6b735eb2e15433a9d7e31a5c8f41fd8. This is attempt 1: this message will repeat every 5th retry.
I20260713 09:12:50.401175  1064 raft_consensus.cc:1275] T d6b735eb2e15433a9d7e31a5c8f41fd8 P 26ef154a81e448fd97b8c4a49d5fb298 [term 1 FOLLOWER]: Refusing update from remote peer 4a190982c1b04a17a52135fc9dd33d57: Log matching property violated. Preceding OpId in replica: term: 1 index: 1. Preceding OpId from leader: term: 1 index: 2. (index mismatch)
I20260713 09:12:50.401562   914 raft_consensus.cc:1275] T d6b735eb2e15433a9d7e31a5c8f41fd8 P 5d3ed59bf5e54f1d8e21675c758e59f1 [term 1 FOLLOWER]: Refusing update from remote peer 4a190982c1b04a17a52135fc9dd33d57: Log matching property violated. Preceding OpId in replica: term: 1 index: 1. Preceding OpId from leader: term: 1 index: 2. (index mismatch)
I20260713 09:12:50.403031  1603 consensus_queue.cc:1048] T d6b735eb2e15433a9d7e31a5c8f41fd8 P 4a190982c1b04a17a52135fc9dd33d57 [LEADER]: Connected to new peer: Peer: permanent_uuid: "26ef154a81e448fd97b8c4a49d5fb298" member_type: VOTER last_known_addr { host: "127.31.124.195" port: 46195 }, Status: LMP_MISMATCH, Last received: 0.0, Next index: 2, Last known committed idx: 1, Time since last communication: 0.000s
I20260713 09:12:50.403964  1617 consensus_queue.cc:1048] T d6b735eb2e15433a9d7e31a5c8f41fd8 P 4a190982c1b04a17a52135fc9dd33d57 [LEADER]: Connected to new peer: Peer: permanent_uuid: "5d3ed59bf5e54f1d8e21675c758e59f1" member_type: VOTER last_known_addr { host: "127.31.124.193" port: 42609 } attrs { replace: true }, Status: LMP_MISMATCH, Last received: 0.0, Next index: 2, Last known committed idx: 1, Time since last communication: 0.000s
I20260713 09:12:50.412614  1603 raft_consensus.cc:2955] T d6b735eb2e15433a9d7e31a5c8f41fd8 P 4a190982c1b04a17a52135fc9dd33d57 [term 1 LEADER]: Committing config change with OpId 1.2: config changed from index -1 to 2, NON_VOTER 16c4e48c064540d48315539a094af544 (127.31.124.196) added. New config: { opid_index: 2 OBSOLETE_local: false peers { permanent_uuid: "5d3ed59bf5e54f1d8e21675c758e59f1" member_type: VOTER last_known_addr { host: "127.31.124.193" port: 42609 } attrs { replace: true } } peers { permanent_uuid: "4a190982c1b04a17a52135fc9dd33d57" member_type: VOTER last_known_addr { host: "127.31.124.194" port: 40823 } } peers { permanent_uuid: "26ef154a81e448fd97b8c4a49d5fb298" member_type: VOTER last_known_addr { host: "127.31.124.195" port: 46195 } } peers { permanent_uuid: "16c4e48c064540d48315539a094af544" member_type: NON_VOTER last_known_addr { host: "127.31.124.196" port: 46011 } attrs { promote: true } } }
I20260713 09:12:50.414791  1064 raft_consensus.cc:2955] T d6b735eb2e15433a9d7e31a5c8f41fd8 P 26ef154a81e448fd97b8c4a49d5fb298 [term 1 FOLLOWER]: Committing config change with OpId 1.2: config changed from index -1 to 2, NON_VOTER 16c4e48c064540d48315539a094af544 (127.31.124.196) added. New config: { opid_index: 2 OBSOLETE_local: false peers { permanent_uuid: "5d3ed59bf5e54f1d8e21675c758e59f1" member_type: VOTER last_known_addr { host: "127.31.124.193" port: 42609 } attrs { replace: true } } peers { permanent_uuid: "4a190982c1b04a17a52135fc9dd33d57" member_type: VOTER last_known_addr { host: "127.31.124.194" port: 40823 } } peers { permanent_uuid: "26ef154a81e448fd97b8c4a49d5fb298" member_type: VOTER last_known_addr { host: "127.31.124.195" port: 46195 } } peers { permanent_uuid: "16c4e48c064540d48315539a094af544" member_type: NON_VOTER last_known_addr { host: "127.31.124.196" port: 46011 } attrs { promote: true } } }
I20260713 09:12:50.427187   916 consensus_queue.cc:237] T 93efa9440a434a74bc52e2a67a1d4fa9 P 5d3ed59bf5e54f1d8e21675c758e59f1 [LEADER]: Queue going to LEADER mode. State: All replicated index: 0, Majority replicated index: 1, Committed index: 1, Last appended: 1.1, Last appended by leader: 0, Current term: 1, Majority size: 2, State: 0, Mode: LEADER, active raft config: opid_index: 2 OBSOLETE_local: false peers { permanent_uuid: "5d3ed59bf5e54f1d8e21675c758e59f1" member_type: VOTER last_known_addr { host: "127.31.124.193" port: 42609 } } peers { permanent_uuid: "4a190982c1b04a17a52135fc9dd33d57" member_type: VOTER last_known_addr { host: "127.31.124.194" port: 40823 } } peers { permanent_uuid: "26ef154a81e448fd97b8c4a49d5fb298" member_type: VOTER last_known_addr { host: "127.31.124.195" port: 46195 } attrs { replace: true } } peers { permanent_uuid: "16c4e48c064540d48315539a094af544" member_type: NON_VOTER last_known_addr { host: "127.31.124.196" port: 46011 } attrs { promote: true } }
I20260713 09:12:50.429922   914 raft_consensus.cc:2955] T d6b735eb2e15433a9d7e31a5c8f41fd8 P 5d3ed59bf5e54f1d8e21675c758e59f1 [term 1 FOLLOWER]: Committing config change with OpId 1.2: config changed from index -1 to 2, NON_VOTER 16c4e48c064540d48315539a094af544 (127.31.124.196) added. New config: { opid_index: 2 OBSOLETE_local: false peers { permanent_uuid: "5d3ed59bf5e54f1d8e21675c758e59f1" member_type: VOTER last_known_addr { host: "127.31.124.193" port: 42609 } attrs { replace: true } } peers { permanent_uuid: "4a190982c1b04a17a52135fc9dd33d57" member_type: VOTER last_known_addr { host: "127.31.124.194" port: 40823 } } peers { permanent_uuid: "26ef154a81e448fd97b8c4a49d5fb298" member_type: VOTER last_known_addr { host: "127.31.124.195" port: 46195 } } peers { permanent_uuid: "16c4e48c064540d48315539a094af544" member_type: NON_VOTER last_known_addr { host: "127.31.124.196" port: 46011 } attrs { promote: true } } }
I20260713 09:12:50.432518   815 catalog_manager.cc:5697] T d6b735eb2e15433a9d7e31a5c8f41fd8 P 4a190982c1b04a17a52135fc9dd33d57 reported cstate change: config changed from index -1 to 2, NON_VOTER 16c4e48c064540d48315539a094af544 (127.31.124.196) added. New cstate: current_term: 1 leader_uuid: "4a190982c1b04a17a52135fc9dd33d57" committed_config { opid_index: 2 OBSOLETE_local: false peers { permanent_uuid: "5d3ed59bf5e54f1d8e21675c758e59f1" member_type: VOTER last_known_addr { host: "127.31.124.193" port: 42609 } attrs { replace: true } health_report { overall_health: UNKNOWN } } peers { permanent_uuid: "4a190982c1b04a17a52135fc9dd33d57" member_type: VOTER last_known_addr { host: "127.31.124.194" port: 40823 } health_report { overall_health: HEALTHY } } peers { permanent_uuid: "26ef154a81e448fd97b8c4a49d5fb298" member_type: VOTER last_known_addr { host: "127.31.124.195" port: 46195 } health_report { overall_health: HEALTHY } } peers { permanent_uuid: "16c4e48c064540d48315539a094af544" member_type: NON_VOTER last_known_addr { host: "127.31.124.196" port: 46011 } attrs { promote: true } health_report { overall_health: UNKNOWN } } }
I20260713 09:12:50.445953  1064 raft_consensus.cc:1275] T 93efa9440a434a74bc52e2a67a1d4fa9 P 26ef154a81e448fd97b8c4a49d5fb298 [term 1 FOLLOWER]: Refusing update from remote peer 5d3ed59bf5e54f1d8e21675c758e59f1: Log matching property violated. Preceding OpId in replica: term: 1 index: 1. Preceding OpId from leader: term: 1 index: 2. (index mismatch)
W20260713 09:12:50.446364   880 consensus_peers.cc:597] T 93efa9440a434a74bc52e2a67a1d4fa9 P 5d3ed59bf5e54f1d8e21675c758e59f1 -> Peer 16c4e48c064540d48315539a094af544 (127.31.124.196:46011): Couldn't send request to peer 16c4e48c064540d48315539a094af544. Error code: TABLET_NOT_FOUND (6). Status: Not found: Tablet not found: 93efa9440a434a74bc52e2a67a1d4fa9. This is attempt 1: this message will repeat every 5th retry.
I20260713 09:12:50.445952   992 raft_consensus.cc:1275] T 93efa9440a434a74bc52e2a67a1d4fa9 P 4a190982c1b04a17a52135fc9dd33d57 [term 1 FOLLOWER]: Refusing update from remote peer 5d3ed59bf5e54f1d8e21675c758e59f1: Log matching property violated. Preceding OpId in replica: term: 1 index: 1. Preceding OpId from leader: term: 1 index: 2. (index mismatch)
I20260713 09:12:50.447296  1597 consensus_queue.cc:1048] T 93efa9440a434a74bc52e2a67a1d4fa9 P 5d3ed59bf5e54f1d8e21675c758e59f1 [LEADER]: Connected to new peer: Peer: permanent_uuid: "26ef154a81e448fd97b8c4a49d5fb298" member_type: VOTER last_known_addr { host: "127.31.124.195" port: 46195 } attrs { replace: true }, Status: LMP_MISMATCH, Last received: 0.0, Next index: 2, Last known committed idx: 1, Time since last communication: 0.000s
I20260713 09:12:50.449595  1597 consensus_queue.cc:1048] T 93efa9440a434a74bc52e2a67a1d4fa9 P 5d3ed59bf5e54f1d8e21675c758e59f1 [LEADER]: Connected to new peer: Peer: permanent_uuid: "4a190982c1b04a17a52135fc9dd33d57" member_type: VOTER last_known_addr { host: "127.31.124.194" port: 40823 }, Status: LMP_MISMATCH, Last received: 0.0, Next index: 2, Last known committed idx: 1, Time since last communication: 0.000s
I20260713 09:12:50.457860  1505 raft_consensus.cc:2955] T 93efa9440a434a74bc52e2a67a1d4fa9 P 5d3ed59bf5e54f1d8e21675c758e59f1 [term 1 LEADER]: Committing config change with OpId 1.2: config changed from index -1 to 2, NON_VOTER 16c4e48c064540d48315539a094af544 (127.31.124.196) added. New config: { opid_index: 2 OBSOLETE_local: false peers { permanent_uuid: "5d3ed59bf5e54f1d8e21675c758e59f1" member_type: VOTER last_known_addr { host: "127.31.124.193" port: 42609 } } peers { permanent_uuid: "4a190982c1b04a17a52135fc9dd33d57" member_type: VOTER last_known_addr { host: "127.31.124.194" port: 40823 } } peers { permanent_uuid: "26ef154a81e448fd97b8c4a49d5fb298" member_type: VOTER last_known_addr { host: "127.31.124.195" port: 46195 } attrs { replace: true } } peers { permanent_uuid: "16c4e48c064540d48315539a094af544" member_type: NON_VOTER last_known_addr { host: "127.31.124.196" port: 46011 } attrs { promote: true } } }
I20260713 09:12:50.460705   992 raft_consensus.cc:2955] T 93efa9440a434a74bc52e2a67a1d4fa9 P 4a190982c1b04a17a52135fc9dd33d57 [term 1 FOLLOWER]: Committing config change with OpId 1.2: config changed from index -1 to 2, NON_VOTER 16c4e48c064540d48315539a094af544 (127.31.124.196) added. New config: { opid_index: 2 OBSOLETE_local: false peers { permanent_uuid: "5d3ed59bf5e54f1d8e21675c758e59f1" member_type: VOTER last_known_addr { host: "127.31.124.193" port: 42609 } } peers { permanent_uuid: "4a190982c1b04a17a52135fc9dd33d57" member_type: VOTER last_known_addr { host: "127.31.124.194" port: 40823 } } peers { permanent_uuid: "26ef154a81e448fd97b8c4a49d5fb298" member_type: VOTER last_known_addr { host: "127.31.124.195" port: 46195 } attrs { replace: true } } peers { permanent_uuid: "16c4e48c064540d48315539a094af544" member_type: NON_VOTER last_known_addr { host: "127.31.124.196" port: 46011 } attrs { promote: true } } }
I20260713 09:12:50.461220  1064 raft_consensus.cc:2955] T 93efa9440a434a74bc52e2a67a1d4fa9 P 26ef154a81e448fd97b8c4a49d5fb298 [term 1 FOLLOWER]: Committing config change with OpId 1.2: config changed from index -1 to 2, NON_VOTER 16c4e48c064540d48315539a094af544 (127.31.124.196) added. New config: { opid_index: 2 OBSOLETE_local: false peers { permanent_uuid: "5d3ed59bf5e54f1d8e21675c758e59f1" member_type: VOTER last_known_addr { host: "127.31.124.193" port: 42609 } } peers { permanent_uuid: "4a190982c1b04a17a52135fc9dd33d57" member_type: VOTER last_known_addr { host: "127.31.124.194" port: 40823 } } peers { permanent_uuid: "26ef154a81e448fd97b8c4a49d5fb298" member_type: VOTER last_known_addr { host: "127.31.124.195" port: 46195 } attrs { replace: true } } peers { permanent_uuid: "16c4e48c064540d48315539a094af544" member_type: NON_VOTER last_known_addr { host: "127.31.124.196" port: 46011 } attrs { promote: true } } }
I20260713 09:12:50.478948   812 catalog_manager.cc:5697] T 93efa9440a434a74bc52e2a67a1d4fa9 P 26ef154a81e448fd97b8c4a49d5fb298 reported cstate change: config changed from index -1 to 2, NON_VOTER 16c4e48c064540d48315539a094af544 (127.31.124.196) added. New cstate: current_term: 1 leader_uuid: "5d3ed59bf5e54f1d8e21675c758e59f1" committed_config { opid_index: 2 OBSOLETE_local: false peers { permanent_uuid: "5d3ed59bf5e54f1d8e21675c758e59f1" member_type: VOTER last_known_addr { host: "127.31.124.193" port: 42609 } } peers { permanent_uuid: "4a190982c1b04a17a52135fc9dd33d57" member_type: VOTER last_known_addr { host: "127.31.124.194" port: 40823 } } peers { permanent_uuid: "26ef154a81e448fd97b8c4a49d5fb298" member_type: VOTER last_known_addr { host: "127.31.124.195" port: 46195 } attrs { replace: true } } peers { permanent_uuid: "16c4e48c064540d48315539a094af544" member_type: NON_VOTER last_known_addr { host: "127.31.124.196" port: 46011 } attrs { promote: true } } }
I20260713 09:12:50.771824  1625 ts_tablet_manager.cc:933] T c231b44f42fa4843882c68bda8c8c7ef P 16c4e48c064540d48315539a094af544: Initiating tablet copy from peer 26ef154a81e448fd97b8c4a49d5fb298 (127.31.124.195:46195)
I20260713 09:12:50.774982  1625 tablet_copy_client.cc:323] T c231b44f42fa4843882c68bda8c8c7ef P 16c4e48c064540d48315539a094af544: tablet copy: Beginning tablet copy session from remote peer at address 127.31.124.195:46195
I20260713 09:12:50.776782  1076 tablet_copy_service.cc:140] P 26ef154a81e448fd97b8c4a49d5fb298: Received BeginTabletCopySession request for tablet c231b44f42fa4843882c68bda8c8c7ef from peer 16c4e48c064540d48315539a094af544 ({username='slave'} at 127.0.0.1:34976)
I20260713 09:12:50.777303  1076 tablet_copy_service.cc:161] P 26ef154a81e448fd97b8c4a49d5fb298: Beginning new tablet copy session on tablet c231b44f42fa4843882c68bda8c8c7ef from peer 16c4e48c064540d48315539a094af544 at {username='slave'} at 127.0.0.1:34976: session id = 16c4e48c064540d48315539a094af544-c231b44f42fa4843882c68bda8c8c7ef
I20260713 09:12:50.784819  1076 tablet_copy_source_session.cc:215] T c231b44f42fa4843882c68bda8c8c7ef P 26ef154a81e448fd97b8c4a49d5fb298: Tablet Copy: opened 0 blocks and 1 log segments
I20260713 09:12:50.788196  1625 data_dirs.cc:400] Could only allocate 1 dirs of requested 3 for tablet c231b44f42fa4843882c68bda8c8c7ef. 1 dirs total, 0 dirs full, 0 dirs failed
I20260713 09:12:50.799737  1625 tablet_copy_client.cc:806] T c231b44f42fa4843882c68bda8c8c7ef P 16c4e48c064540d48315539a094af544: tablet copy: Starting download of 0 data blocks...
I20260713 09:12:50.800289  1625 tablet_copy_client.cc:670] T c231b44f42fa4843882c68bda8c8c7ef P 16c4e48c064540d48315539a094af544: tablet copy: Starting download of 1 WAL segments...
I20260713 09:12:50.804581  1625 tablet_copy_client.cc:538] T c231b44f42fa4843882c68bda8c8c7ef P 16c4e48c064540d48315539a094af544: tablet copy: Tablet Copy complete. Replacing tablet superblock.
I20260713 09:12:50.811275  1625 tablet_bootstrap.cc:492] T c231b44f42fa4843882c68bda8c8c7ef P 16c4e48c064540d48315539a094af544: Bootstrap starting.
I20260713 09:12:50.829406  1625 tablet_bootstrap.cc:492] T c231b44f42fa4843882c68bda8c8c7ef P 16c4e48c064540d48315539a094af544: Bootstrap replayed 1/1 log segments. Stats: ops{read=2 overwritten=0 applied=2 ignored=0} inserts{seen=0 ignored=0} mutations{seen=0 ignored=0} orphaned_commits=0. Pending: 0 replicates
I20260713 09:12:50.830394  1625 tablet_bootstrap.cc:492] T c231b44f42fa4843882c68bda8c8c7ef P 16c4e48c064540d48315539a094af544: Bootstrap complete.
I20260713 09:12:50.831270  1625 ts_tablet_manager.cc:1403] T c231b44f42fa4843882c68bda8c8c7ef P 16c4e48c064540d48315539a094af544: Time spent bootstrapping tablet: real 0.020s	user 0.015s	sys 0.005s
I20260713 09:12:50.832732  1628 ts_tablet_manager.cc:933] T 93efa9440a434a74bc52e2a67a1d4fa9 P 16c4e48c064540d48315539a094af544: Initiating tablet copy from peer 5d3ed59bf5e54f1d8e21675c758e59f1 (127.31.124.193:42609)
I20260713 09:12:50.834949  1625 raft_consensus.cc:359] T c231b44f42fa4843882c68bda8c8c7ef P 16c4e48c064540d48315539a094af544 [term 1 LEARNER]: Replica starting. Triggering 0 pending ops. Active config: opid_index: 2 OBSOLETE_local: false peers { permanent_uuid: "5d3ed59bf5e54f1d8e21675c758e59f1" member_type: VOTER last_known_addr { host: "127.31.124.193" port: 42609 } } peers { permanent_uuid: "4a190982c1b04a17a52135fc9dd33d57" member_type: VOTER last_known_addr { host: "127.31.124.194" port: 40823 } attrs { replace: true } } peers { permanent_uuid: "26ef154a81e448fd97b8c4a49d5fb298" member_type: VOTER last_known_addr { host: "127.31.124.195" port: 46195 } } peers { permanent_uuid: "16c4e48c064540d48315539a094af544" member_type: NON_VOTER last_known_addr { host: "127.31.124.196" port: 46011 } attrs { promote: true } }
I20260713 09:12:50.836282  1625 raft_consensus.cc:740] T c231b44f42fa4843882c68bda8c8c7ef P 16c4e48c064540d48315539a094af544 [term 1 LEARNER]: Becoming Follower/Learner. State: Replica: 16c4e48c064540d48315539a094af544, State: Initialized, Role: LEARNER
I20260713 09:12:50.837347  1625 consensus_queue.cc:260] T c231b44f42fa4843882c68bda8c8c7ef P 16c4e48c064540d48315539a094af544 [NON_LEADER]: Queue going to NON_LEADER mode. State: All replicated index: 0, Majority replicated index: 0, Committed index: 2, Last appended: 1.2, Last appended by leader: 2, Current term: 0, Majority size: -1, State: 0, Mode: NON_LEADER, active raft config: opid_index: 2 OBSOLETE_local: false peers { permanent_uuid: "5d3ed59bf5e54f1d8e21675c758e59f1" member_type: VOTER last_known_addr { host: "127.31.124.193" port: 42609 } } peers { permanent_uuid: "4a190982c1b04a17a52135fc9dd33d57" member_type: VOTER last_known_addr { host: "127.31.124.194" port: 40823 } attrs { replace: true } } peers { permanent_uuid: "26ef154a81e448fd97b8c4a49d5fb298" member_type: VOTER last_known_addr { host: "127.31.124.195" port: 46195 } } peers { permanent_uuid: "16c4e48c064540d48315539a094af544" member_type: NON_VOTER last_known_addr { host: "127.31.124.196" port: 46011 } attrs { promote: true } }
I20260713 09:12:50.841998  1625 ts_tablet_manager.cc:1434] T c231b44f42fa4843882c68bda8c8c7ef P 16c4e48c064540d48315539a094af544: Time spent starting tablet: real 0.010s	user 0.000s	sys 0.008s
I20260713 09:12:50.843823  1628 tablet_copy_client.cc:323] T 93efa9440a434a74bc52e2a67a1d4fa9 P 16c4e48c064540d48315539a094af544: tablet copy: Beginning tablet copy session from remote peer at address 127.31.124.193:42609
I20260713 09:12:50.843814  1076 tablet_copy_service.cc:342] P 26ef154a81e448fd97b8c4a49d5fb298: Request end of tablet copy session 16c4e48c064540d48315539a094af544-c231b44f42fa4843882c68bda8c8c7ef received from {username='slave'} at 127.0.0.1:34976
I20260713 09:12:50.844532  1076 tablet_copy_service.cc:434] P 26ef154a81e448fd97b8c4a49d5fb298: ending tablet copy session 16c4e48c064540d48315539a094af544-c231b44f42fa4843882c68bda8c8c7ef on tablet c231b44f42fa4843882c68bda8c8c7ef with peer 16c4e48c064540d48315539a094af544
I20260713 09:12:50.846328   927 tablet_copy_service.cc:140] P 5d3ed59bf5e54f1d8e21675c758e59f1: Received BeginTabletCopySession request for tablet 93efa9440a434a74bc52e2a67a1d4fa9 from peer 16c4e48c064540d48315539a094af544 ({username='slave'} at 127.0.0.1:50046)
I20260713 09:12:50.846885   927 tablet_copy_service.cc:161] P 5d3ed59bf5e54f1d8e21675c758e59f1: Beginning new tablet copy session on tablet 93efa9440a434a74bc52e2a67a1d4fa9 from peer 16c4e48c064540d48315539a094af544 at {username='slave'} at 127.0.0.1:50046: session id = 16c4e48c064540d48315539a094af544-93efa9440a434a74bc52e2a67a1d4fa9
I20260713 09:12:50.854661   927 tablet_copy_source_session.cc:215] T 93efa9440a434a74bc52e2a67a1d4fa9 P 5d3ed59bf5e54f1d8e21675c758e59f1: Tablet Copy: opened 0 blocks and 1 log segments
I20260713 09:12:50.859786  1628 data_dirs.cc:400] Could only allocate 1 dirs of requested 3 for tablet 93efa9440a434a74bc52e2a67a1d4fa9. 1 dirs total, 0 dirs full, 0 dirs failed
I20260713 09:12:50.872885  1628 tablet_copy_client.cc:806] T 93efa9440a434a74bc52e2a67a1d4fa9 P 16c4e48c064540d48315539a094af544: tablet copy: Starting download of 0 data blocks...
I20260713 09:12:50.873402  1628 tablet_copy_client.cc:670] T 93efa9440a434a74bc52e2a67a1d4fa9 P 16c4e48c064540d48315539a094af544: tablet copy: Starting download of 1 WAL segments...
I20260713 09:12:50.878443  1628 tablet_copy_client.cc:538] T 93efa9440a434a74bc52e2a67a1d4fa9 P 16c4e48c064540d48315539a094af544: tablet copy: Tablet Copy complete. Replacing tablet superblock.
I20260713 09:12:50.878723  1625 ts_tablet_manager.cc:933] T edaf29088aab4956a93285af2ac1eff0 P 16c4e48c064540d48315539a094af544: Initiating tablet copy from peer 5d3ed59bf5e54f1d8e21675c758e59f1 (127.31.124.193:42609)
I20260713 09:12:50.881212  1625 tablet_copy_client.cc:323] T edaf29088aab4956a93285af2ac1eff0 P 16c4e48c064540d48315539a094af544: tablet copy: Beginning tablet copy session from remote peer at address 127.31.124.193:42609
I20260713 09:12:50.882743   927 tablet_copy_service.cc:140] P 5d3ed59bf5e54f1d8e21675c758e59f1: Received BeginTabletCopySession request for tablet edaf29088aab4956a93285af2ac1eff0 from peer 16c4e48c064540d48315539a094af544 ({username='slave'} at 127.0.0.1:50046)
I20260713 09:12:50.883291   927 tablet_copy_service.cc:161] P 5d3ed59bf5e54f1d8e21675c758e59f1: Beginning new tablet copy session on tablet edaf29088aab4956a93285af2ac1eff0 from peer 16c4e48c064540d48315539a094af544 at {username='slave'} at 127.0.0.1:50046: session id = 16c4e48c064540d48315539a094af544-edaf29088aab4956a93285af2ac1eff0
I20260713 09:12:50.887746  1628 tablet_bootstrap.cc:492] T 93efa9440a434a74bc52e2a67a1d4fa9 P 16c4e48c064540d48315539a094af544: Bootstrap starting.
I20260713 09:12:50.890674   927 tablet_copy_source_session.cc:215] T edaf29088aab4956a93285af2ac1eff0 P 5d3ed59bf5e54f1d8e21675c758e59f1: Tablet Copy: opened 0 blocks and 1 log segments
I20260713 09:12:50.893996  1625 data_dirs.cc:400] Could only allocate 1 dirs of requested 3 for tablet edaf29088aab4956a93285af2ac1eff0. 1 dirs total, 0 dirs full, 0 dirs failed
I20260713 09:12:50.909538  1628 tablet_bootstrap.cc:492] T 93efa9440a434a74bc52e2a67a1d4fa9 P 16c4e48c064540d48315539a094af544: Bootstrap replayed 1/1 log segments. Stats: ops{read=2 overwritten=0 applied=2 ignored=0} inserts{seen=0 ignored=0} mutations{seen=0 ignored=0} orphaned_commits=0. Pending: 0 replicates
I20260713 09:12:50.910302  1628 tablet_bootstrap.cc:492] T 93efa9440a434a74bc52e2a67a1d4fa9 P 16c4e48c064540d48315539a094af544: Bootstrap complete.
I20260713 09:12:50.910804  1628 ts_tablet_manager.cc:1403] T 93efa9440a434a74bc52e2a67a1d4fa9 P 16c4e48c064540d48315539a094af544: Time spent bootstrapping tablet: real 0.023s	user 0.015s	sys 0.008s
I20260713 09:12:50.911645  1625 tablet_copy_client.cc:806] T edaf29088aab4956a93285af2ac1eff0 P 16c4e48c064540d48315539a094af544: tablet copy: Starting download of 0 data blocks...
I20260713 09:12:50.912139  1625 tablet_copy_client.cc:670] T edaf29088aab4956a93285af2ac1eff0 P 16c4e48c064540d48315539a094af544: tablet copy: Starting download of 1 WAL segments...
I20260713 09:12:50.913416  1628 raft_consensus.cc:359] T 93efa9440a434a74bc52e2a67a1d4fa9 P 16c4e48c064540d48315539a094af544 [term 1 LEARNER]: Replica starting. Triggering 0 pending ops. Active config: opid_index: 2 OBSOLETE_local: false peers { permanent_uuid: "5d3ed59bf5e54f1d8e21675c758e59f1" member_type: VOTER last_known_addr { host: "127.31.124.193" port: 42609 } } peers { permanent_uuid: "4a190982c1b04a17a52135fc9dd33d57" member_type: VOTER last_known_addr { host: "127.31.124.194" port: 40823 } } peers { permanent_uuid: "26ef154a81e448fd97b8c4a49d5fb298" member_type: VOTER last_known_addr { host: "127.31.124.195" port: 46195 } attrs { replace: true } } peers { permanent_uuid: "16c4e48c064540d48315539a094af544" member_type: NON_VOTER last_known_addr { host: "127.31.124.196" port: 46011 } attrs { promote: true } }
I20260713 09:12:50.914160  1628 raft_consensus.cc:740] T 93efa9440a434a74bc52e2a67a1d4fa9 P 16c4e48c064540d48315539a094af544 [term 1 LEARNER]: Becoming Follower/Learner. State: Replica: 16c4e48c064540d48315539a094af544, State: Initialized, Role: LEARNER
I20260713 09:12:50.914698  1628 consensus_queue.cc:260] T 93efa9440a434a74bc52e2a67a1d4fa9 P 16c4e48c064540d48315539a094af544 [NON_LEADER]: Queue going to NON_LEADER mode. State: All replicated index: 0, Majority replicated index: 0, Committed index: 2, Last appended: 1.2, Last appended by leader: 2, Current term: 0, Majority size: -1, State: 0, Mode: NON_LEADER, active raft config: opid_index: 2 OBSOLETE_local: false peers { permanent_uuid: "5d3ed59bf5e54f1d8e21675c758e59f1" member_type: VOTER last_known_addr { host: "127.31.124.193" port: 42609 } } peers { permanent_uuid: "4a190982c1b04a17a52135fc9dd33d57" member_type: VOTER last_known_addr { host: "127.31.124.194" port: 40823 } } peers { permanent_uuid: "26ef154a81e448fd97b8c4a49d5fb298" member_type: VOTER last_known_addr { host: "127.31.124.195" port: 46195 } attrs { replace: true } } peers { permanent_uuid: "16c4e48c064540d48315539a094af544" member_type: NON_VOTER last_known_addr { host: "127.31.124.196" port: 46011 } attrs { promote: true } }
I20260713 09:12:50.916940  1628 ts_tablet_manager.cc:1434] T 93efa9440a434a74bc52e2a67a1d4fa9 P 16c4e48c064540d48315539a094af544: Time spent starting tablet: real 0.006s	user 0.005s	sys 0.000s
I20260713 09:12:50.918357   927 tablet_copy_service.cc:342] P 5d3ed59bf5e54f1d8e21675c758e59f1: Request end of tablet copy session 16c4e48c064540d48315539a094af544-93efa9440a434a74bc52e2a67a1d4fa9 received from {username='slave'} at 127.0.0.1:50046
I20260713 09:12:50.918767   927 tablet_copy_service.cc:434] P 5d3ed59bf5e54f1d8e21675c758e59f1: ending tablet copy session 16c4e48c064540d48315539a094af544-93efa9440a434a74bc52e2a67a1d4fa9 on tablet 93efa9440a434a74bc52e2a67a1d4fa9 with peer 16c4e48c064540d48315539a094af544
I20260713 09:12:50.918118  1625 tablet_copy_client.cc:538] T edaf29088aab4956a93285af2ac1eff0 P 16c4e48c064540d48315539a094af544: tablet copy: Tablet Copy complete. Replacing tablet superblock.
I20260713 09:12:50.927462  1625 tablet_bootstrap.cc:492] T edaf29088aab4956a93285af2ac1eff0 P 16c4e48c064540d48315539a094af544: Bootstrap starting.
I20260713 09:12:50.937547  1628 ts_tablet_manager.cc:933] T d6b735eb2e15433a9d7e31a5c8f41fd8 P 16c4e48c064540d48315539a094af544: Initiating tablet copy from peer 4a190982c1b04a17a52135fc9dd33d57 (127.31.124.194:40823)
I20260713 09:12:50.941306  1628 tablet_copy_client.cc:323] T d6b735eb2e15433a9d7e31a5c8f41fd8 P 16c4e48c064540d48315539a094af544: tablet copy: Beginning tablet copy session from remote peer at address 127.31.124.194:40823
I20260713 09:12:50.943845  1002 tablet_copy_service.cc:140] P 4a190982c1b04a17a52135fc9dd33d57: Received BeginTabletCopySession request for tablet d6b735eb2e15433a9d7e31a5c8f41fd8 from peer 16c4e48c064540d48315539a094af544 ({username='slave'} at 127.0.0.1:58628)
I20260713 09:12:50.944449  1002 tablet_copy_service.cc:161] P 4a190982c1b04a17a52135fc9dd33d57: Beginning new tablet copy session on tablet d6b735eb2e15433a9d7e31a5c8f41fd8 from peer 16c4e48c064540d48315539a094af544 at {username='slave'} at 127.0.0.1:58628: session id = 16c4e48c064540d48315539a094af544-d6b735eb2e15433a9d7e31a5c8f41fd8
I20260713 09:12:50.947579  1625 tablet_bootstrap.cc:492] T edaf29088aab4956a93285af2ac1eff0 P 16c4e48c064540d48315539a094af544: Bootstrap replayed 1/1 log segments. Stats: ops{read=2 overwritten=0 applied=2 ignored=0} inserts{seen=0 ignored=0} mutations{seen=0 ignored=0} orphaned_commits=0. Pending: 0 replicates
I20260713 09:12:50.948508  1625 tablet_bootstrap.cc:492] T edaf29088aab4956a93285af2ac1eff0 P 16c4e48c064540d48315539a094af544: Bootstrap complete.
I20260713 09:12:50.949182  1625 ts_tablet_manager.cc:1403] T edaf29088aab4956a93285af2ac1eff0 P 16c4e48c064540d48315539a094af544: Time spent bootstrapping tablet: real 0.022s	user 0.015s	sys 0.005s
I20260713 09:12:50.952557  1625 raft_consensus.cc:359] T edaf29088aab4956a93285af2ac1eff0 P 16c4e48c064540d48315539a094af544 [term 1 LEARNER]: Replica starting. Triggering 0 pending ops. Active config: opid_index: 2 OBSOLETE_local: false peers { permanent_uuid: "5d3ed59bf5e54f1d8e21675c758e59f1" member_type: VOTER last_known_addr { host: "127.31.124.193" port: 42609 } } peers { permanent_uuid: "4a190982c1b04a17a52135fc9dd33d57" member_type: VOTER last_known_addr { host: "127.31.124.194" port: 40823 } } peers { permanent_uuid: "26ef154a81e448fd97b8c4a49d5fb298" member_type: VOTER last_known_addr { host: "127.31.124.195" port: 46195 } attrs { replace: true } } peers { permanent_uuid: "16c4e48c064540d48315539a094af544" member_type: NON_VOTER last_known_addr { host: "127.31.124.196" port: 46011 } attrs { promote: true } }
I20260713 09:12:50.953344  1625 raft_consensus.cc:740] T edaf29088aab4956a93285af2ac1eff0 P 16c4e48c064540d48315539a094af544 [term 1 LEARNER]: Becoming Follower/Learner. State: Replica: 16c4e48c064540d48315539a094af544, State: Initialized, Role: LEARNER
I20260713 09:12:50.953876  1002 tablet_copy_source_session.cc:215] T d6b735eb2e15433a9d7e31a5c8f41fd8 P 4a190982c1b04a17a52135fc9dd33d57: Tablet Copy: opened 0 blocks and 1 log segments
I20260713 09:12:50.954002  1625 consensus_queue.cc:260] T edaf29088aab4956a93285af2ac1eff0 P 16c4e48c064540d48315539a094af544 [NON_LEADER]: Queue going to NON_LEADER mode. State: All replicated index: 0, Majority replicated index: 0, Committed index: 2, Last appended: 1.2, Last appended by leader: 2, Current term: 0, Majority size: -1, State: 0, Mode: NON_LEADER, active raft config: opid_index: 2 OBSOLETE_local: false peers { permanent_uuid: "5d3ed59bf5e54f1d8e21675c758e59f1" member_type: VOTER last_known_addr { host: "127.31.124.193" port: 42609 } } peers { permanent_uuid: "4a190982c1b04a17a52135fc9dd33d57" member_type: VOTER last_known_addr { host: "127.31.124.194" port: 40823 } } peers { permanent_uuid: "26ef154a81e448fd97b8c4a49d5fb298" member_type: VOTER last_known_addr { host: "127.31.124.195" port: 46195 } attrs { replace: true } } peers { permanent_uuid: "16c4e48c064540d48315539a094af544" member_type: NON_VOTER last_known_addr { host: "127.31.124.196" port: 46011 } attrs { promote: true } }
I20260713 09:12:50.956615  1625 ts_tablet_manager.cc:1434] T edaf29088aab4956a93285af2ac1eff0 P 16c4e48c064540d48315539a094af544: Time spent starting tablet: real 0.007s	user 0.008s	sys 0.000s
I20260713 09:12:50.957257  1628 data_dirs.cc:400] Could only allocate 1 dirs of requested 3 for tablet d6b735eb2e15433a9d7e31a5c8f41fd8. 1 dirs total, 0 dirs full, 0 dirs failed
I20260713 09:12:50.958447   927 tablet_copy_service.cc:342] P 5d3ed59bf5e54f1d8e21675c758e59f1: Request end of tablet copy session 16c4e48c064540d48315539a094af544-edaf29088aab4956a93285af2ac1eff0 received from {username='slave'} at 127.0.0.1:50046
I20260713 09:12:50.958861   927 tablet_copy_service.cc:434] P 5d3ed59bf5e54f1d8e21675c758e59f1: ending tablet copy session 16c4e48c064540d48315539a094af544-edaf29088aab4956a93285af2ac1eff0 on tablet edaf29088aab4956a93285af2ac1eff0 with peer 16c4e48c064540d48315539a094af544
I20260713 09:12:50.973021  1628 tablet_copy_client.cc:806] T d6b735eb2e15433a9d7e31a5c8f41fd8 P 16c4e48c064540d48315539a094af544: tablet copy: Starting download of 0 data blocks...
I20260713 09:12:50.973554  1628 tablet_copy_client.cc:670] T d6b735eb2e15433a9d7e31a5c8f41fd8 P 16c4e48c064540d48315539a094af544: tablet copy: Starting download of 1 WAL segments...
I20260713 09:12:50.976943  1628 tablet_copy_client.cc:538] T d6b735eb2e15433a9d7e31a5c8f41fd8 P 16c4e48c064540d48315539a094af544: tablet copy: Tablet Copy complete. Replacing tablet superblock.
I20260713 09:12:50.982728  1628 tablet_bootstrap.cc:492] T d6b735eb2e15433a9d7e31a5c8f41fd8 P 16c4e48c064540d48315539a094af544: Bootstrap starting.
I20260713 09:12:51.003193  1628 tablet_bootstrap.cc:492] T d6b735eb2e15433a9d7e31a5c8f41fd8 P 16c4e48c064540d48315539a094af544: Bootstrap replayed 1/1 log segments. Stats: ops{read=2 overwritten=0 applied=2 ignored=0} inserts{seen=0 ignored=0} mutations{seen=0 ignored=0} orphaned_commits=0. Pending: 0 replicates
I20260713 09:12:51.004041  1628 tablet_bootstrap.cc:492] T d6b735eb2e15433a9d7e31a5c8f41fd8 P 16c4e48c064540d48315539a094af544: Bootstrap complete.
I20260713 09:12:51.004719  1628 ts_tablet_manager.cc:1403] T d6b735eb2e15433a9d7e31a5c8f41fd8 P 16c4e48c064540d48315539a094af544: Time spent bootstrapping tablet: real 0.022s	user 0.006s	sys 0.012s
I20260713 09:12:51.007546  1628 raft_consensus.cc:359] T d6b735eb2e15433a9d7e31a5c8f41fd8 P 16c4e48c064540d48315539a094af544 [term 1 LEARNER]: Replica starting. Triggering 0 pending ops. Active config: opid_index: 2 OBSOLETE_local: false peers { permanent_uuid: "5d3ed59bf5e54f1d8e21675c758e59f1" member_type: VOTER last_known_addr { host: "127.31.124.193" port: 42609 } attrs { replace: true } } peers { permanent_uuid: "4a190982c1b04a17a52135fc9dd33d57" member_type: VOTER last_known_addr { host: "127.31.124.194" port: 40823 } } peers { permanent_uuid: "26ef154a81e448fd97b8c4a49d5fb298" member_type: VOTER last_known_addr { host: "127.31.124.195" port: 46195 } } peers { permanent_uuid: "16c4e48c064540d48315539a094af544" member_type: NON_VOTER last_known_addr { host: "127.31.124.196" port: 46011 } attrs { promote: true } }
I20260713 09:12:51.008366  1628 raft_consensus.cc:740] T d6b735eb2e15433a9d7e31a5c8f41fd8 P 16c4e48c064540d48315539a094af544 [term 1 LEARNER]: Becoming Follower/Learner. State: Replica: 16c4e48c064540d48315539a094af544, State: Initialized, Role: LEARNER
I20260713 09:12:51.008986  1628 consensus_queue.cc:260] T d6b735eb2e15433a9d7e31a5c8f41fd8 P 16c4e48c064540d48315539a094af544 [NON_LEADER]: Queue going to NON_LEADER mode. State: All replicated index: 0, Majority replicated index: 0, Committed index: 2, Last appended: 1.2, Last appended by leader: 2, Current term: 0, Majority size: -1, State: 0, Mode: NON_LEADER, active raft config: opid_index: 2 OBSOLETE_local: false peers { permanent_uuid: "5d3ed59bf5e54f1d8e21675c758e59f1" member_type: VOTER last_known_addr { host: "127.31.124.193" port: 42609 } attrs { replace: true } } peers { permanent_uuid: "4a190982c1b04a17a52135fc9dd33d57" member_type: VOTER last_known_addr { host: "127.31.124.194" port: 40823 } } peers { permanent_uuid: "26ef154a81e448fd97b8c4a49d5fb298" member_type: VOTER last_known_addr { host: "127.31.124.195" port: 46195 } } peers { permanent_uuid: "16c4e48c064540d48315539a094af544" member_type: NON_VOTER last_known_addr { host: "127.31.124.196" port: 46011 } attrs { promote: true } }
I20260713 09:12:51.011230  1628 ts_tablet_manager.cc:1434] T d6b735eb2e15433a9d7e31a5c8f41fd8 P 16c4e48c064540d48315539a094af544: Time spent starting tablet: real 0.006s	user 0.008s	sys 0.000s
I20260713 09:12:51.013288  1002 tablet_copy_service.cc:342] P 4a190982c1b04a17a52135fc9dd33d57: Request end of tablet copy session 16c4e48c064540d48315539a094af544-d6b735eb2e15433a9d7e31a5c8f41fd8 received from {username='slave'} at 127.0.0.1:58628
I20260713 09:12:51.013721  1002 tablet_copy_service.cc:434] P 4a190982c1b04a17a52135fc9dd33d57: ending tablet copy session 16c4e48c064540d48315539a094af544-d6b735eb2e15433a9d7e31a5c8f41fd8 on tablet d6b735eb2e15433a9d7e31a5c8f41fd8 with peer 16c4e48c064540d48315539a094af544
I20260713 09:12:51.289319  1351 raft_consensus.cc:1217] T c231b44f42fa4843882c68bda8c8c7ef P 16c4e48c064540d48315539a094af544 [term 1 LEARNER]: Deduplicated request from leader. Original: 1.1->[1.2-1.2]   Dedup: 1.2->[]
I20260713 09:12:51.351773  1351 raft_consensus.cc:1217] T edaf29088aab4956a93285af2ac1eff0 P 16c4e48c064540d48315539a094af544 [term 1 LEARNER]: Deduplicated request from leader. Original: 1.1->[1.2-1.2]   Dedup: 1.2->[]
I20260713 09:12:51.456768  1351 raft_consensus.cc:1217] T 93efa9440a434a74bc52e2a67a1d4fa9 P 16c4e48c064540d48315539a094af544 [term 1 LEARNER]: Deduplicated request from leader. Original: 1.1->[1.2-1.2]   Dedup: 1.2->[]
I20260713 09:12:51.465894  1351 raft_consensus.cc:1217] T d6b735eb2e15433a9d7e31a5c8f41fd8 P 16c4e48c064540d48315539a094af544 [term 1 LEARNER]: Deduplicated request from leader. Original: 1.1->[1.2-1.2]   Dedup: 1.2->[]
I20260713 09:12:51.907037  1641 raft_consensus.cc:1064] T edaf29088aab4956a93285af2ac1eff0 P 5d3ed59bf5e54f1d8e21675c758e59f1: attempting to promote NON_VOTER 16c4e48c064540d48315539a094af544 to VOTER
I20260713 09:12:51.909829  1641 consensus_queue.cc:237] T edaf29088aab4956a93285af2ac1eff0 P 5d3ed59bf5e54f1d8e21675c758e59f1 [LEADER]: Queue going to LEADER mode. State: All replicated index: 0, Majority replicated index: 2, Committed index: 2, Last appended: 1.2, Last appended by leader: 0, Current term: 1, Majority size: 3, State: 0, Mode: LEADER, active raft config: opid_index: 3 OBSOLETE_local: false peers { permanent_uuid: "5d3ed59bf5e54f1d8e21675c758e59f1" member_type: VOTER last_known_addr { host: "127.31.124.193" port: 42609 } } peers { permanent_uuid: "4a190982c1b04a17a52135fc9dd33d57" member_type: VOTER last_known_addr { host: "127.31.124.194" port: 40823 } } peers { permanent_uuid: "26ef154a81e448fd97b8c4a49d5fb298" member_type: VOTER last_known_addr { host: "127.31.124.195" port: 46195 } attrs { replace: true } } peers { permanent_uuid: "16c4e48c064540d48315539a094af544" member_type: VOTER last_known_addr { host: "127.31.124.196" port: 46011 } attrs { promote: false } }
I20260713 09:12:51.919574  1640 raft_consensus.cc:1064] T c231b44f42fa4843882c68bda8c8c7ef P 26ef154a81e448fd97b8c4a49d5fb298: attempting to promote NON_VOTER 16c4e48c064540d48315539a094af544 to VOTER
I20260713 09:12:51.921923  1640 consensus_queue.cc:237] T c231b44f42fa4843882c68bda8c8c7ef P 26ef154a81e448fd97b8c4a49d5fb298 [LEADER]: Queue going to LEADER mode. State: All replicated index: 0, Majority replicated index: 2, Committed index: 2, Last appended: 1.2, Last appended by leader: 0, Current term: 1, Majority size: 3, State: 0, Mode: LEADER, active raft config: opid_index: 3 OBSOLETE_local: false peers { permanent_uuid: "5d3ed59bf5e54f1d8e21675c758e59f1" member_type: VOTER last_known_addr { host: "127.31.124.193" port: 42609 } } peers { permanent_uuid: "4a190982c1b04a17a52135fc9dd33d57" member_type: VOTER last_known_addr { host: "127.31.124.194" port: 40823 } attrs { replace: true } } peers { permanent_uuid: "26ef154a81e448fd97b8c4a49d5fb298" member_type: VOTER last_known_addr { host: "127.31.124.195" port: 46195 } } peers { permanent_uuid: "16c4e48c064540d48315539a094af544" member_type: VOTER last_known_addr { host: "127.31.124.196" port: 46011 } attrs { promote: false } }
I20260713 09:12:51.941488  1351 raft_consensus.cc:1275] T c231b44f42fa4843882c68bda8c8c7ef P 16c4e48c064540d48315539a094af544 [term 1 LEARNER]: Refusing update from remote peer 26ef154a81e448fd97b8c4a49d5fb298: Log matching property violated. Preceding OpId in replica: term: 1 index: 2. Preceding OpId from leader: term: 1 index: 3. (index mismatch)
I20260713 09:12:51.941834   991 raft_consensus.cc:1275] T c231b44f42fa4843882c68bda8c8c7ef P 4a190982c1b04a17a52135fc9dd33d57 [term 1 FOLLOWER]: Refusing update from remote peer 26ef154a81e448fd97b8c4a49d5fb298: Log matching property violated. Preceding OpId in replica: term: 1 index: 2. Preceding OpId from leader: term: 1 index: 3. (index mismatch)
I20260713 09:12:51.942966  1640 consensus_queue.cc:1048] T c231b44f42fa4843882c68bda8c8c7ef P 26ef154a81e448fd97b8c4a49d5fb298 [LEADER]: Connected to new peer: Peer: permanent_uuid: "16c4e48c064540d48315539a094af544" member_type: VOTER last_known_addr { host: "127.31.124.196" port: 46011 } attrs { promote: false }, Status: LMP_MISMATCH, Last received: 0.0, Next index: 3, Last known committed idx: 2, Time since last communication: 0.000s
I20260713 09:12:51.946064  1636 consensus_queue.cc:1048] T c231b44f42fa4843882c68bda8c8c7ef P 26ef154a81e448fd97b8c4a49d5fb298 [LEADER]: Connected to new peer: Peer: permanent_uuid: "4a190982c1b04a17a52135fc9dd33d57" member_type: VOTER last_known_addr { host: "127.31.124.194" port: 40823 } attrs { replace: true }, Status: LMP_MISMATCH, Last received: 0.0, Next index: 3, Last known committed idx: 2, Time since last communication: 0.001s
I20260713 09:12:51.948858   916 raft_consensus.cc:1275] T c231b44f42fa4843882c68bda8c8c7ef P 5d3ed59bf5e54f1d8e21675c758e59f1 [term 1 FOLLOWER]: Refusing update from remote peer 26ef154a81e448fd97b8c4a49d5fb298: Log matching property violated. Preceding OpId in replica: term: 1 index: 2. Preceding OpId from leader: term: 1 index: 3. (index mismatch)
I20260713 09:12:51.966096  1636 consensus_queue.cc:1048] T c231b44f42fa4843882c68bda8c8c7ef P 26ef154a81e448fd97b8c4a49d5fb298 [LEADER]: Connected to new peer: Peer: permanent_uuid: "5d3ed59bf5e54f1d8e21675c758e59f1" member_type: VOTER last_known_addr { host: "127.31.124.193" port: 42609 }, Status: LMP_MISMATCH, Last received: 0.0, Next index: 3, Last known committed idx: 2, Time since last communication: 0.001s
I20260713 09:12:51.971218  1063 raft_consensus.cc:1275] T edaf29088aab4956a93285af2ac1eff0 P 26ef154a81e448fd97b8c4a49d5fb298 [term 1 FOLLOWER]: Refusing update from remote peer 5d3ed59bf5e54f1d8e21675c758e59f1: Log matching property violated. Preceding OpId in replica: term: 1 index: 2. Preceding OpId from leader: term: 1 index: 3. (index mismatch)
I20260713 09:12:51.971467  1353 raft_consensus.cc:1275] T edaf29088aab4956a93285af2ac1eff0 P 16c4e48c064540d48315539a094af544 [term 1 LEARNER]: Refusing update from remote peer 5d3ed59bf5e54f1d8e21675c758e59f1: Log matching property violated. Preceding OpId in replica: term: 1 index: 2. Preceding OpId from leader: term: 1 index: 3. (index mismatch)
I20260713 09:12:51.971112   992 raft_consensus.cc:1275] T edaf29088aab4956a93285af2ac1eff0 P 4a190982c1b04a17a52135fc9dd33d57 [term 1 FOLLOWER]: Refusing update from remote peer 5d3ed59bf5e54f1d8e21675c758e59f1: Log matching property violated. Preceding OpId in replica: term: 1 index: 2. Preceding OpId from leader: term: 1 index: 3. (index mismatch)
I20260713 09:12:51.974073  1638 consensus_queue.cc:1048] T edaf29088aab4956a93285af2ac1eff0 P 5d3ed59bf5e54f1d8e21675c758e59f1 [LEADER]: Connected to new peer: Peer: permanent_uuid: "16c4e48c064540d48315539a094af544" member_type: VOTER last_known_addr { host: "127.31.124.196" port: 46011 } attrs { promote: false }, Status: LMP_MISMATCH, Last received: 0.0, Next index: 3, Last known committed idx: 2, Time since last communication: 0.001s
I20260713 09:12:51.975176  1505 consensus_queue.cc:1048] T edaf29088aab4956a93285af2ac1eff0 P 5d3ed59bf5e54f1d8e21675c758e59f1 [LEADER]: Connected to new peer: Peer: permanent_uuid: "4a190982c1b04a17a52135fc9dd33d57" member_type: VOTER last_known_addr { host: "127.31.124.194" port: 40823 }, Status: LMP_MISMATCH, Last received: 0.0, Next index: 3, Last known committed idx: 2, Time since last communication: 0.001s
I20260713 09:12:51.976666  1597 consensus_queue.cc:1048] T edaf29088aab4956a93285af2ac1eff0 P 5d3ed59bf5e54f1d8e21675c758e59f1 [LEADER]: Connected to new peer: Peer: permanent_uuid: "26ef154a81e448fd97b8c4a49d5fb298" member_type: VOTER last_known_addr { host: "127.31.124.195" port: 46195 } attrs { replace: true }, Status: LMP_MISMATCH, Last received: 0.0, Next index: 3, Last known committed idx: 2, Time since last communication: 0.000s
I20260713 09:12:51.989946  1636 raft_consensus.cc:2955] T c231b44f42fa4843882c68bda8c8c7ef P 26ef154a81e448fd97b8c4a49d5fb298 [term 1 LEADER]: Committing config change with OpId 1.3: config changed from index 2 to 3, 16c4e48c064540d48315539a094af544 (127.31.124.196) changed from NON_VOTER to VOTER. New config: { opid_index: 3 OBSOLETE_local: false peers { permanent_uuid: "5d3ed59bf5e54f1d8e21675c758e59f1" member_type: VOTER last_known_addr { host: "127.31.124.193" port: 42609 } } peers { permanent_uuid: "4a190982c1b04a17a52135fc9dd33d57" member_type: VOTER last_known_addr { host: "127.31.124.194" port: 40823 } attrs { replace: true } } peers { permanent_uuid: "26ef154a81e448fd97b8c4a49d5fb298" member_type: VOTER last_known_addr { host: "127.31.124.195" port: 46195 } } peers { permanent_uuid: "16c4e48c064540d48315539a094af544" member_type: VOTER last_known_addr { host: "127.31.124.196" port: 46011 } attrs { promote: false } } }
I20260713 09:12:51.991961  1639 raft_consensus.cc:1064] T d6b735eb2e15433a9d7e31a5c8f41fd8 P 4a190982c1b04a17a52135fc9dd33d57: attempting to promote NON_VOTER 16c4e48c064540d48315539a094af544 to VOTER
I20260713 09:12:51.995283  1639 consensus_queue.cc:237] T d6b735eb2e15433a9d7e31a5c8f41fd8 P 4a190982c1b04a17a52135fc9dd33d57 [LEADER]: Queue going to LEADER mode. State: All replicated index: 0, Majority replicated index: 2, Committed index: 2, Last appended: 1.2, Last appended by leader: 0, Current term: 1, Majority size: 3, State: 0, Mode: LEADER, active raft config: opid_index: 3 OBSOLETE_local: false peers { permanent_uuid: "5d3ed59bf5e54f1d8e21675c758e59f1" member_type: VOTER last_known_addr { host: "127.31.124.193" port: 42609 } attrs { replace: true } } peers { permanent_uuid: "4a190982c1b04a17a52135fc9dd33d57" member_type: VOTER last_known_addr { host: "127.31.124.194" port: 40823 } } peers { permanent_uuid: "26ef154a81e448fd97b8c4a49d5fb298" member_type: VOTER last_known_addr { host: "127.31.124.195" port: 46195 } } peers { permanent_uuid: "16c4e48c064540d48315539a094af544" member_type: VOTER last_known_addr { host: "127.31.124.196" port: 46011 } attrs { promote: false } }
