I20260713 09:12:23.195343  6044 consensus_queue.cc:1048] T cc1ac4eddb5441bea0c8b7a3772b54ae P 3e1d930cbd7f414cabf3e90132e234bc [LEADER]: Connected to new peer: Peer: permanent_uuid: "8e8fbf8bf4d3494e952977aae2923d2e" member_type: VOTER last_known_addr { host: "127.5.27.67" port: 38333 }, Status: LMP_MISMATCH, Last received: 0.0, Next index: 2, Last known committed idx: 1, Time since last communication: 0.000s
I20260713 09:12:23.238205  6041 raft_consensus.cc:993] T 4c05cddd528f4483a5b3df5d35ebd6e5 P 8e8fbf8bf4d3494e952977aae2923d2e: : Instructing follower 17d00e1b0b5b4c308617aa1d9e85a468 to start an election
I20260713 09:12:23.238644  6058 raft_consensus.cc:1081] T 4c05cddd528f4483a5b3df5d35ebd6e5 P 8e8fbf8bf4d3494e952977aae2923d2e [term 1 LEADER]: Signalling peer 17d00e1b0b5b4c308617aa1d9e85a468 to start an election
I20260713 09:12:23.240036  5919 tablet_service.cc:2044] Received Run Leader Election RPC: tablet_id: "4c05cddd528f4483a5b3df5d35ebd6e5"
dest_uuid: "17d00e1b0b5b4c308617aa1d9e85a468"
 from {username='slave'} at 127.0.0.1:41042
I20260713 09:12:23.240444  5919 raft_consensus.cc:493] T 4c05cddd528f4483a5b3df5d35ebd6e5 P 17d00e1b0b5b4c308617aa1d9e85a468 [term 1 FOLLOWER]: Starting forced leader election (received explicit request)
I20260713 09:12:23.240690  5919 raft_consensus.cc:3060] T 4c05cddd528f4483a5b3df5d35ebd6e5 P 17d00e1b0b5b4c308617aa1d9e85a468 [term 1 FOLLOWER]: Advancing to term 2
I20260713 09:12:23.245132  5919 raft_consensus.cc:515] T 4c05cddd528f4483a5b3df5d35ebd6e5 P 17d00e1b0b5b4c308617aa1d9e85a468 [term 2 FOLLOWER]: Starting forced leader election with config: opid_index: -1 OBSOLETE_local: false peers { permanent_uuid: "3e1d930cbd7f414cabf3e90132e234bc" member_type: VOTER last_known_addr { host: "127.5.27.65" port: 33329 } } peers { permanent_uuid: "17d00e1b0b5b4c308617aa1d9e85a468" member_type: VOTER last_known_addr { host: "127.5.27.66" port: 41855 } } peers { permanent_uuid: "8e8fbf8bf4d3494e952977aae2923d2e" member_type: VOTER last_known_addr { host: "127.5.27.67" port: 38333 } }
I20260713 09:12:23.246493  5919 leader_election.cc:290] T 4c05cddd528f4483a5b3df5d35ebd6e5 P 17d00e1b0b5b4c308617aa1d9e85a468 [CANDIDATE]: Term 2 election: Requested vote from peers 3e1d930cbd7f414cabf3e90132e234bc (127.5.27.65:33329), 8e8fbf8bf4d3494e952977aae2923d2e (127.5.27.67:38333)
I20260713 09:12:23.247244  5845 tablet_service.cc:1917] Received RequestConsensusVote() RPC: tablet_id: "4c05cddd528f4483a5b3df5d35ebd6e5" candidate_uuid: "17d00e1b0b5b4c308617aa1d9e85a468" candidate_term: 2 candidate_status { last_received { term: 1 index: 1 } } ignore_live_leader: true dest_uuid: "3e1d930cbd7f414cabf3e90132e234bc"
I20260713 09:12:23.247418  5991 tablet_service.cc:1917] Received RequestConsensusVote() RPC: tablet_id: "4c05cddd528f4483a5b3df5d35ebd6e5" candidate_uuid: "17d00e1b0b5b4c308617aa1d9e85a468" candidate_term: 2 candidate_status { last_received { term: 1 index: 1 } } ignore_live_leader: true dest_uuid: "8e8fbf8bf4d3494e952977aae2923d2e"
I20260713 09:12:23.247767  5845 raft_consensus.cc:3060] T 4c05cddd528f4483a5b3df5d35ebd6e5 P 3e1d930cbd7f414cabf3e90132e234bc [term 1 FOLLOWER]: Advancing to term 2
I20260713 09:12:23.247876  5991 raft_consensus.cc:3055] T 4c05cddd528f4483a5b3df5d35ebd6e5 P 8e8fbf8bf4d3494e952977aae2923d2e [term 1 LEADER]: Stepping down as leader of term 1
I20260713 09:12:23.248193  5991 raft_consensus.cc:740] T 4c05cddd528f4483a5b3df5d35ebd6e5 P 8e8fbf8bf4d3494e952977aae2923d2e [term 1 LEADER]: Becoming Follower/Learner. State: Replica: 8e8fbf8bf4d3494e952977aae2923d2e, State: Running, Role: LEADER
I20260713 09:12:23.248795  5991 consensus_queue.cc:260] T 4c05cddd528f4483a5b3df5d35ebd6e5 P 8e8fbf8bf4d3494e952977aae2923d2e [NON_LEADER]: Queue going to NON_LEADER mode. State: All replicated index: 0, Majority replicated index: 1, Committed index: 1, Last appended: 1.1, Last appended by leader: 1, Current term: 1, Majority size: -1, State: 0, Mode: NON_LEADER, active raft config: opid_index: -1 OBSOLETE_local: false peers { permanent_uuid: "3e1d930cbd7f414cabf3e90132e234bc" member_type: VOTER last_known_addr { host: "127.5.27.65" port: 33329 } } peers { permanent_uuid: "17d00e1b0b5b4c308617aa1d9e85a468" member_type: VOTER last_known_addr { host: "127.5.27.66" port: 41855 } } peers { permanent_uuid: "8e8fbf8bf4d3494e952977aae2923d2e" member_type: VOTER last_known_addr { host: "127.5.27.67" port: 38333 } }
I20260713 09:12:23.249670  5991 raft_consensus.cc:3060] T 4c05cddd528f4483a5b3df5d35ebd6e5 P 8e8fbf8bf4d3494e952977aae2923d2e [term 1 FOLLOWER]: Advancing to term 2
I20260713 09:12:23.252593  5845 raft_consensus.cc:2468] T 4c05cddd528f4483a5b3df5d35ebd6e5 P 3e1d930cbd7f414cabf3e90132e234bc [term 2 FOLLOWER]: Leader election vote request: Granting yes vote for candidate 17d00e1b0b5b4c308617aa1d9e85a468 in term 2.
I20260713 09:12:23.253513  5885 leader_election.cc:304] T 4c05cddd528f4483a5b3df5d35ebd6e5 P 17d00e1b0b5b4c308617aa1d9e85a468 [CANDIDATE]: Term 2 election: Election decided. Result: candidate won. Election summary: received 2 responses out of 3 voters: 2 yes votes; 0 no votes. yes voters: 17d00e1b0b5b4c308617aa1d9e85a468, 3e1d930cbd7f414cabf3e90132e234bc; no voters: 
I20260713 09:12:23.254101  6086 raft_consensus.cc:2804] T 4c05cddd528f4483a5b3df5d35ebd6e5 P 17d00e1b0b5b4c308617aa1d9e85a468 [term 2 FOLLOWER]: Leader election won for term 2
I20260713 09:12:23.254251  5991 raft_consensus.cc:2468] T 4c05cddd528f4483a5b3df5d35ebd6e5 P 8e8fbf8bf4d3494e952977aae2923d2e [term 2 FOLLOWER]: Leader election vote request: Granting yes vote for candidate 17d00e1b0b5b4c308617aa1d9e85a468 in term 2.
I20260713 09:12:23.254456  6086 raft_consensus.cc:697] T 4c05cddd528f4483a5b3df5d35ebd6e5 P 17d00e1b0b5b4c308617aa1d9e85a468 [term 2 LEADER]: Becoming Leader. State: Replica: 17d00e1b0b5b4c308617aa1d9e85a468, State: Running, Role: LEADER
I20260713 09:12:23.255311  6086 consensus_queue.cc:237] T 4c05cddd528f4483a5b3df5d35ebd6e5 P 17d00e1b0b5b4c308617aa1d9e85a468 [LEADER]: Queue going to LEADER mode. State: All replicated index: 0, Majority replicated index: 1, Committed index: 1, Last appended: 1.1, Last appended by leader: 1, Current term: 2, Majority size: 2, State: 0, Mode: LEADER, active raft config: opid_index: -1 OBSOLETE_local: false peers { permanent_uuid: "3e1d930cbd7f414cabf3e90132e234bc" member_type: VOTER last_known_addr { host: "127.5.27.65" port: 33329 } } peers { permanent_uuid: "17d00e1b0b5b4c308617aa1d9e85a468" member_type: VOTER last_known_addr { host: "127.5.27.66" port: 41855 } } peers { permanent_uuid: "8e8fbf8bf4d3494e952977aae2923d2e" member_type: VOTER last_known_addr { host: "127.5.27.67" port: 38333 } }
I20260713 09:12:23.261488  5739 catalog_manager.cc:5697] T 4c05cddd528f4483a5b3df5d35ebd6e5 P 17d00e1b0b5b4c308617aa1d9e85a468 reported cstate change: term changed from 1 to 2, leader changed from 8e8fbf8bf4d3494e952977aae2923d2e (127.5.27.67) to 17d00e1b0b5b4c308617aa1d9e85a468 (127.5.27.66). New cstate: current_term: 2 leader_uuid: "17d00e1b0b5b4c308617aa1d9e85a468" committed_config { opid_index: -1 OBSOLETE_local: false peers { permanent_uuid: "3e1d930cbd7f414cabf3e90132e234bc" member_type: VOTER last_known_addr { host: "127.5.27.65" port: 33329 } health_report { overall_health: UNKNOWN } } peers { permanent_uuid: "17d00e1b0b5b4c308617aa1d9e85a468" member_type: VOTER last_known_addr { host: "127.5.27.66" port: 41855 } health_report { overall_health: HEALTHY } } peers { permanent_uuid: "8e8fbf8bf4d3494e952977aae2923d2e" member_type: VOTER last_known_addr { host: "127.5.27.67" port: 38333 } health_report { overall_health: UNKNOWN } } }
I20260713 09:12:23.347714  5919 raft_consensus.cc:1275] T 3e0789770a2a4d5485dc259e7a7194ac P 17d00e1b0b5b4c308617aa1d9e85a468 [term 2 FOLLOWER]: Refusing update from remote peer 3e1d930cbd7f414cabf3e90132e234bc: Log matching property violated. Preceding OpId in replica: term: 1 index: 1. Preceding OpId from leader: term: 2 index: 2. (index mismatch)
I20260713 09:12:23.348826  6044 consensus_queue.cc:1048] T 3e0789770a2a4d5485dc259e7a7194ac P 3e1d930cbd7f414cabf3e90132e234bc [LEADER]: Connected to new peer: Peer: permanent_uuid: "17d00e1b0b5b4c308617aa1d9e85a468" member_type: VOTER last_known_addr { host: "127.5.27.66" port: 41855 }, Status: LMP_MISMATCH, Last received: 0.0, Next index: 2, Last known committed idx: 1, Time since last communication: 0.000s
I20260713 09:12:23.352018  5991 raft_consensus.cc:1275] T 419bb776c2754078a7ede5a9a5c4389f P 8e8fbf8bf4d3494e952977aae2923d2e [term 2 FOLLOWER]: Refusing update from remote peer 3e1d930cbd7f414cabf3e90132e234bc: Log matching property violated. Preceding OpId in replica: term: 1 index: 1. Preceding OpId from leader: term: 2 index: 2. (index mismatch)
I20260713 09:12:23.353533  6112 consensus_queue.cc:1048] T 419bb776c2754078a7ede5a9a5c4389f P 3e1d930cbd7f414cabf3e90132e234bc [LEADER]: Connected to new peer: Peer: permanent_uuid: "8e8fbf8bf4d3494e952977aae2923d2e" member_type: VOTER last_known_addr { host: "127.5.27.67" port: 38333 }, Status: LMP_MISMATCH, Last received: 0.0, Next index: 2, Last known committed idx: 1, Time since last communication: 0.000s
I20260713 09:12:23.361284  5991 raft_consensus.cc:1275] T 3e0789770a2a4d5485dc259e7a7194ac P 8e8fbf8bf4d3494e952977aae2923d2e [term 2 FOLLOWER]: Refusing update from remote peer 3e1d930cbd7f414cabf3e90132e234bc: Log matching property violated. Preceding OpId in replica: term: 1 index: 1. Preceding OpId from leader: term: 2 index: 2. (index mismatch)
I20260713 09:12:23.362865  6112 consensus_queue.cc:1048] T 3e0789770a2a4d5485dc259e7a7194ac P 3e1d930cbd7f414cabf3e90132e234bc [LEADER]: Connected to new peer: Peer: permanent_uuid: "8e8fbf8bf4d3494e952977aae2923d2e" member_type: VOTER last_known_addr { host: "127.5.27.67" port: 38333 }, Status: LMP_MISMATCH, Last received: 0.0, Next index: 2, Last known committed idx: 1, Time since last communication: 0.000s
I20260713 09:12:23.363864  5919 raft_consensus.cc:1275] T 419bb776c2754078a7ede5a9a5c4389f P 17d00e1b0b5b4c308617aa1d9e85a468 [term 2 FOLLOWER]: Refusing update from remote peer 3e1d930cbd7f414cabf3e90132e234bc: Log matching property violated. Preceding OpId in replica: term: 1 index: 1. Preceding OpId from leader: term: 2 index: 2. (index mismatch)
I20260713 09:12:23.367835  6130 consensus_queue.cc:1048] T 419bb776c2754078a7ede5a9a5c4389f P 3e1d930cbd7f414cabf3e90132e234bc [LEADER]: Connected to new peer: Peer: permanent_uuid: "17d00e1b0b5b4c308617aa1d9e85a468" member_type: VOTER last_known_addr { host: "127.5.27.66" port: 41855 }, Status: LMP_MISMATCH, Last received: 0.0, Next index: 2, Last known committed idx: 1, Time since last communication: 0.000s
I20260713 09:12:23.506282  5919 raft_consensus.cc:1275] T 1b604aad64de41b9a780e5221407882f P 17d00e1b0b5b4c308617aa1d9e85a468 [term 2 FOLLOWER]: Refusing update from remote peer 8e8fbf8bf4d3494e952977aae2923d2e: Log matching property violated. Preceding OpId in replica: term: 1 index: 1. Preceding OpId from leader: term: 2 index: 2. (index mismatch)
I20260713 09:12:23.507575  6058 consensus_queue.cc:1048] T 1b604aad64de41b9a780e5221407882f P 8e8fbf8bf4d3494e952977aae2923d2e [LEADER]: Connected to new peer: Peer: permanent_uuid: "17d00e1b0b5b4c308617aa1d9e85a468" member_type: VOTER last_known_addr { host: "127.5.27.66" port: 41855 }, Status: LMP_MISMATCH, Last received: 0.0, Next index: 2, Last known committed idx: 1, Time since last communication: 0.000s
I20260713 09:12:23.514637  5845 raft_consensus.cc:1275] T 1b604aad64de41b9a780e5221407882f P 3e1d930cbd7f414cabf3e90132e234bc [term 2 FOLLOWER]: Refusing update from remote peer 8e8fbf8bf4d3494e952977aae2923d2e: Log matching property violated. Preceding OpId in replica: term: 1 index: 1. Preceding OpId from leader: term: 2 index: 2. (index mismatch)
I20260713 09:12:23.516325  6132 consensus_queue.cc:1048] T 1b604aad64de41b9a780e5221407882f P 8e8fbf8bf4d3494e952977aae2923d2e [LEADER]: Connected to new peer: Peer: permanent_uuid: "3e1d930cbd7f414cabf3e90132e234bc" member_type: VOTER last_known_addr { host: "127.5.27.65" port: 33329 }, Status: LMP_MISMATCH, Last received: 0.0, Next index: 2, Last known committed idx: 1, Time since last communication: 0.000s
I20260713 09:12:23.637236  5991 raft_consensus.cc:1275] T 4c05cddd528f4483a5b3df5d35ebd6e5 P 8e8fbf8bf4d3494e952977aae2923d2e [term 2 FOLLOWER]: Refusing update from remote peer 17d00e1b0b5b4c308617aa1d9e85a468: Log matching property violated. Preceding OpId in replica: term: 1 index: 1. Preceding OpId from leader: term: 2 index: 2. (index mismatch)
I20260713 09:12:23.638397  6086 consensus_queue.cc:1048] T 4c05cddd528f4483a5b3df5d35ebd6e5 P 17d00e1b0b5b4c308617aa1d9e85a468 [LEADER]: Connected to new peer: Peer: permanent_uuid: "8e8fbf8bf4d3494e952977aae2923d2e" member_type: VOTER last_known_addr { host: "127.5.27.67" port: 38333 }, Status: LMP_MISMATCH, Last received: 0.0, Next index: 2, Last known committed idx: 1, Time since last communication: 0.000s
I20260713 09:12:23.647871  5845 raft_consensus.cc:1275] T 4c05cddd528f4483a5b3df5d35ebd6e5 P 3e1d930cbd7f414cabf3e90132e234bc [term 2 FOLLOWER]: Refusing update from remote peer 17d00e1b0b5b4c308617aa1d9e85a468: Log matching property violated. Preceding OpId in replica: term: 1 index: 1. Preceding OpId from leader: term: 2 index: 2. (index mismatch)
I20260713 09:12:23.649511  6134 consensus_queue.cc:1048] T 4c05cddd528f4483a5b3df5d35ebd6e5 P 17d00e1b0b5b4c308617aa1d9e85a468 [LEADER]: Connected to new peer: Peer: permanent_uuid: "3e1d930cbd7f414cabf3e90132e234bc" member_type: VOTER last_known_addr { host: "127.5.27.65" port: 33329 }, Status: LMP_MISMATCH, Last received: 0.0, Next index: 2, Last known committed idx: 1, Time since last communication: 0.000s
I20260713 09:12:23.671343  5991 raft_consensus.cc:1275] T 7787b49465b94bd8bac725e057623ae1 P 8e8fbf8bf4d3494e952977aae2923d2e [term 2 FOLLOWER]: Refusing update from remote peer 17d00e1b0b5b4c308617aa1d9e85a468: Log matching property violated. Preceding OpId in replica: term: 1 index: 1. Preceding OpId from leader: term: 2 index: 2. (index mismatch)
I20260713 09:12:23.672396  6134 consensus_queue.cc:1048] T 7787b49465b94bd8bac725e057623ae1 P 17d00e1b0b5b4c308617aa1d9e85a468 [LEADER]: Connected to new peer: Peer: permanent_uuid: "8e8fbf8bf4d3494e952977aae2923d2e" member_type: VOTER last_known_addr { host: "127.5.27.67" port: 38333 }, Status: LMP_MISMATCH, Last received: 0.0, Next index: 2, Last known committed idx: 1, Time since last communication: 0.000s
I20260713 09:12:23.679016  5845 raft_consensus.cc:1275] T 7787b49465b94bd8bac725e057623ae1 P 3e1d930cbd7f414cabf3e90132e234bc [term 2 FOLLOWER]: Refusing update from remote peer 17d00e1b0b5b4c308617aa1d9e85a468: Log matching property violated. Preceding OpId in replica: term: 1 index: 1. Preceding OpId from leader: term: 2 index: 2. (index mismatch)
I20260713 09:12:23.680724  6086 consensus_queue.cc:1048] T 7787b49465b94bd8bac725e057623ae1 P 17d00e1b0b5b4c308617aa1d9e85a468 [LEADER]: Connected to new peer: Peer: permanent_uuid: "3e1d930cbd7f414cabf3e90132e234bc" member_type: VOTER last_known_addr { host: "127.5.27.65" port: 33329 }, Status: LMP_MISMATCH, Last received: 0.0, Next index: 2, Last known committed idx: 1, Time since last communication: 0.000s
I20260713 09:12:23.707405  5845 raft_consensus.cc:1275] T 5220fc8f3a7145038cbb4ed22cd090e1 P 3e1d930cbd7f414cabf3e90132e234bc [term 2 FOLLOWER]: Refusing update from remote peer 17d00e1b0b5b4c308617aa1d9e85a468: Log matching property violated. Preceding OpId in replica: term: 1 index: 1. Preceding OpId from leader: term: 2 index: 2. (index mismatch)
I20260713 09:12:23.708452  6086 consensus_queue.cc:1048] T 5220fc8f3a7145038cbb4ed22cd090e1 P 17d00e1b0b5b4c308617aa1d9e85a468 [LEADER]: Connected to new peer: Peer: permanent_uuid: "3e1d930cbd7f414cabf3e90132e234bc" member_type: VOTER last_known_addr { host: "127.5.27.65" port: 33329 }, Status: LMP_MISMATCH, Last received: 0.0, Next index: 2, Last known committed idx: 1, Time since last communication: 0.000s
I20260713 09:12:23.715936  5991 raft_consensus.cc:1275] T 5220fc8f3a7145038cbb4ed22cd090e1 P 8e8fbf8bf4d3494e952977aae2923d2e [term 2 FOLLOWER]: Refusing update from remote peer 17d00e1b0b5b4c308617aa1d9e85a468: Log matching property violated. Preceding OpId in replica: term: 1 index: 1. Preceding OpId from leader: term: 2 index: 2. (index mismatch)
I20260713 09:12:23.717258  6076 consensus_queue.cc:1048] T 5220fc8f3a7145038cbb4ed22cd090e1 P 17d00e1b0b5b4c308617aa1d9e85a468 [LEADER]: Connected to new peer: Peer: permanent_uuid: "8e8fbf8bf4d3494e952977aae2923d2e" member_type: VOTER last_known_addr { host: "127.5.27.67" port: 38333 }, Status: LMP_MISMATCH, Last received: 0.0, Next index: 2, Last known committed idx: 1, Time since last communication: 0.000s
I20260713 09:12:25.806636  5229 auto_leader_rebalancer-test.cc:352] The leader distribution is 
I20260713 09:12:25.807345  5229 auto_leader_rebalancer.cc:141] leader rebalance for table test-workload
I20260713 09:12:25.823439  5845 tablet_service.cc:2072] Received LeaderStepDown RPC: tablet_id: "3e0789770a2a4d5485dc259e7a7194ac"
dest_uuid: "3e1d930cbd7f414cabf3e90132e234bc"
mode: GRACEFUL
new_leader_uuid: "8e8fbf8bf4d3494e952977aae2923d2e"
 from {username='slave'} at 127.0.0.1:45864
I20260713 09:12:25.823951  5845 raft_consensus.cc:606] T 3e0789770a2a4d5485dc259e7a7194ac P 3e1d930cbd7f414cabf3e90132e234bc [term 2 LEADER]: Received request to transfer leadership to TS 8e8fbf8bf4d3494e952977aae2923d2e
I20260713 09:12:25.826143  5845 tablet_service.cc:2072] Received LeaderStepDown RPC: tablet_id: "6accb7d6d15645ab85735cea3dd9229d"
dest_uuid: "3e1d930cbd7f414cabf3e90132e234bc"
mode: GRACEFUL
new_leader_uuid: "8e8fbf8bf4d3494e952977aae2923d2e"
 from {username='slave'} at 127.0.0.1:45864
I20260713 09:12:25.826581  5845 raft_consensus.cc:606] T 6accb7d6d15645ab85735cea3dd9229d P 3e1d930cbd7f414cabf3e90132e234bc [term 1 LEADER]: Received request to transfer leadership to TS 8e8fbf8bf4d3494e952977aae2923d2e
I20260713 09:12:25.827574  5229 auto_leader_rebalancer.cc:479] table: test-workload, leader rebalance finish, leader transfer count: 2
I20260713 09:12:25.828019  5229 auto_leader_rebalancer.cc:554] All tables' leader rebalancing finished this round
I20260713 09:12:26.286242  6111 raft_consensus.cc:993] T 3e0789770a2a4d5485dc259e7a7194ac P 3e1d930cbd7f414cabf3e90132e234bc: : Instructing follower 8e8fbf8bf4d3494e952977aae2923d2e to start an election
I20260713 09:12:26.286654  6144 raft_consensus.cc:1081] T 3e0789770a2a4d5485dc259e7a7194ac P 3e1d930cbd7f414cabf3e90132e234bc [term 2 LEADER]: Signalling peer 8e8fbf8bf4d3494e952977aae2923d2e to start an election
I20260713 09:12:26.288069  5992 tablet_service.cc:2044] Received Run Leader Election RPC: tablet_id: "3e0789770a2a4d5485dc259e7a7194ac"
dest_uuid: "8e8fbf8bf4d3494e952977aae2923d2e"
 from {username='slave'} at 127.0.0.1:55566
I20260713 09:12:26.288475  5992 raft_consensus.cc:493] T 3e0789770a2a4d5485dc259e7a7194ac P 8e8fbf8bf4d3494e952977aae2923d2e [term 2 FOLLOWER]: Starting forced leader election (received explicit request)
I20260713 09:12:26.288753  5992 raft_consensus.cc:3060] T 3e0789770a2a4d5485dc259e7a7194ac P 8e8fbf8bf4d3494e952977aae2923d2e [term 2 FOLLOWER]: Advancing to term 3
I20260713 09:12:26.293458  5992 raft_consensus.cc:515] T 3e0789770a2a4d5485dc259e7a7194ac P 8e8fbf8bf4d3494e952977aae2923d2e [term 3 FOLLOWER]: Starting forced leader election with config: opid_index: -1 OBSOLETE_local: false peers { permanent_uuid: "3e1d930cbd7f414cabf3e90132e234bc" member_type: VOTER last_known_addr { host: "127.5.27.65" port: 33329 } } peers { permanent_uuid: "17d00e1b0b5b4c308617aa1d9e85a468" member_type: VOTER last_known_addr { host: "127.5.27.66" port: 41855 } } peers { permanent_uuid: "8e8fbf8bf4d3494e952977aae2923d2e" member_type: VOTER last_known_addr { host: "127.5.27.67" port: 38333 } }
I20260713 09:12:26.295066  5992 leader_election.cc:290] T 3e0789770a2a4d5485dc259e7a7194ac P 8e8fbf8bf4d3494e952977aae2923d2e [CANDIDATE]: Term 3 election: Requested vote from peers 3e1d930cbd7f414cabf3e90132e234bc (127.5.27.65:33329), 17d00e1b0b5b4c308617aa1d9e85a468 (127.5.27.66:41855)
I20260713 09:12:26.295789  5845 tablet_service.cc:1917] Received RequestConsensusVote() RPC: tablet_id: "3e0789770a2a4d5485dc259e7a7194ac" candidate_uuid: "8e8fbf8bf4d3494e952977aae2923d2e" candidate_term: 3 candidate_status { last_received { term: 2 index: 2 } } ignore_live_leader: true dest_uuid: "3e1d930cbd7f414cabf3e90132e234bc"
I20260713 09:12:26.296129  5918 tablet_service.cc:1917] Received RequestConsensusVote() RPC: tablet_id: "3e0789770a2a4d5485dc259e7a7194ac" candidate_uuid: "8e8fbf8bf4d3494e952977aae2923d2e" candidate_term: 3 candidate_status { last_received { term: 2 index: 2 } } ignore_live_leader: true dest_uuid: "17d00e1b0b5b4c308617aa1d9e85a468"
I20260713 09:12:26.296312  5845 raft_consensus.cc:3055] T 3e0789770a2a4d5485dc259e7a7194ac P 3e1d930cbd7f414cabf3e90132e234bc [term 2 LEADER]: Stepping down as leader of term 2
I20260713 09:12:26.296589  5918 raft_consensus.cc:3060] T 3e0789770a2a4d5485dc259e7a7194ac P 17d00e1b0b5b4c308617aa1d9e85a468 [term 2 FOLLOWER]: Advancing to term 3
I20260713 09:12:26.296677  5845 raft_consensus.cc:740] T 3e0789770a2a4d5485dc259e7a7194ac P 3e1d930cbd7f414cabf3e90132e234bc [term 2 LEADER]: Becoming Follower/Learner. State: Replica: 3e1d930cbd7f414cabf3e90132e234bc, State: Running, Role: LEADER
I20260713 09:12:26.297420  5845 consensus_queue.cc:260] T 3e0789770a2a4d5485dc259e7a7194ac P 3e1d930cbd7f414cabf3e90132e234bc [NON_LEADER]: Queue going to NON_LEADER mode. State: All replicated index: 0, Majority replicated index: 2, Committed index: 2, Last appended: 2.2, Last appended by leader: 2, Current term: 2, Majority size: -1, State: 0, Mode: NON_LEADER, active raft config: opid_index: -1 OBSOLETE_local: false peers { permanent_uuid: "3e1d930cbd7f414cabf3e90132e234bc" member_type: VOTER last_known_addr { host: "127.5.27.65" port: 33329 } } peers { permanent_uuid: "17d00e1b0b5b4c308617aa1d9e85a468" member_type: VOTER last_known_addr { host: "127.5.27.66" port: 41855 } } peers { permanent_uuid: "8e8fbf8bf4d3494e952977aae2923d2e" member_type: VOTER last_known_addr { host: "127.5.27.67" port: 38333 } }
I20260713 09:12:26.298250  5845 raft_consensus.cc:3060] T 3e0789770a2a4d5485dc259e7a7194ac P 3e1d930cbd7f414cabf3e90132e234bc [term 2 FOLLOWER]: Advancing to term 3
I20260713 09:12:26.300958  5918 raft_consensus.cc:2468] T 3e0789770a2a4d5485dc259e7a7194ac P 17d00e1b0b5b4c308617aa1d9e85a468 [term 3 FOLLOWER]: Leader election vote request: Granting yes vote for candidate 8e8fbf8bf4d3494e952977aae2923d2e in term 3.
I20260713 09:12:26.301956  5960 leader_election.cc:304] T 3e0789770a2a4d5485dc259e7a7194ac P 8e8fbf8bf4d3494e952977aae2923d2e [CANDIDATE]: Term 3 election: Election decided. Result: candidate won. Election summary: received 2 responses out of 3 voters: 2 yes votes; 0 no votes. yes voters: 17d00e1b0b5b4c308617aa1d9e85a468, 8e8fbf8bf4d3494e952977aae2923d2e; no voters: 
I20260713 09:12:26.302554  6140 raft_consensus.cc:2804] T 3e0789770a2a4d5485dc259e7a7194ac P 8e8fbf8bf4d3494e952977aae2923d2e [term 3 FOLLOWER]: Leader election won for term 3
I20260713 09:12:26.302556  5845 raft_consensus.cc:2468] T 3e0789770a2a4d5485dc259e7a7194ac P 3e1d930cbd7f414cabf3e90132e234bc [term 3 FOLLOWER]: Leader election vote request: Granting yes vote for candidate 8e8fbf8bf4d3494e952977aae2923d2e in term 3.
I20260713 09:12:26.303499  6140 raft_consensus.cc:697] T 3e0789770a2a4d5485dc259e7a7194ac P 8e8fbf8bf4d3494e952977aae2923d2e [term 3 LEADER]: Becoming Leader. State: Replica: 8e8fbf8bf4d3494e952977aae2923d2e, State: Running, Role: LEADER
I20260713 09:12:26.304139  6140 consensus_queue.cc:237] T 3e0789770a2a4d5485dc259e7a7194ac P 8e8fbf8bf4d3494e952977aae2923d2e [LEADER]: Queue going to LEADER mode. State: All replicated index: 0, Majority replicated index: 2, Committed index: 2, Last appended: 2.2, Last appended by leader: 2, Current term: 3, Majority size: 2, State: 0, Mode: LEADER, active raft config: opid_index: -1 OBSOLETE_local: false peers { permanent_uuid: "3e1d930cbd7f414cabf3e90132e234bc" member_type: VOTER last_known_addr { host: "127.5.27.65" port: 33329 } } peers { permanent_uuid: "17d00e1b0b5b4c308617aa1d9e85a468" member_type: VOTER last_known_addr { host: "127.5.27.66" port: 41855 } } peers { permanent_uuid: "8e8fbf8bf4d3494e952977aae2923d2e" member_type: VOTER last_known_addr { host: "127.5.27.67" port: 38333 } }
I20260713 09:12:26.311792  5742 catalog_manager.cc:5697] T 3e0789770a2a4d5485dc259e7a7194ac P 8e8fbf8bf4d3494e952977aae2923d2e reported cstate change: term changed from 2 to 3, leader changed from 3e1d930cbd7f414cabf3e90132e234bc (127.5.27.65) to 8e8fbf8bf4d3494e952977aae2923d2e (127.5.27.67). New cstate: current_term: 3 leader_uuid: "8e8fbf8bf4d3494e952977aae2923d2e" committed_config { opid_index: -1 OBSOLETE_local: false peers { permanent_uuid: "3e1d930cbd7f414cabf3e90132e234bc" member_type: VOTER last_known_addr { host: "127.5.27.65" port: 33329 } health_report { overall_health: UNKNOWN } } peers { permanent_uuid: "17d00e1b0b5b4c308617aa1d9e85a468" member_type: VOTER last_known_addr { host: "127.5.27.66" port: 41855 } health_report { overall_health: UNKNOWN } } peers { permanent_uuid: "8e8fbf8bf4d3494e952977aae2923d2e" member_type: VOTER last_known_addr { host: "127.5.27.67" port: 38333 } health_report { overall_health: HEALTHY } } }
I20260713 09:12:26.327518  6111 raft_consensus.cc:993] T 6accb7d6d15645ab85735cea3dd9229d P 3e1d930cbd7f414cabf3e90132e234bc: : Instructing follower 8e8fbf8bf4d3494e952977aae2923d2e to start an election
I20260713 09:12:26.327881  6144 raft_consensus.cc:1081] T 6accb7d6d15645ab85735cea3dd9229d P 3e1d930cbd7f414cabf3e90132e234bc [term 1 LEADER]: Signalling peer 8e8fbf8bf4d3494e952977aae2923d2e to start an election
I20260713 09:12:26.329118  5992 tablet_service.cc:2044] Received Run Leader Election RPC: tablet_id: "6accb7d6d15645ab85735cea3dd9229d"
dest_uuid: "8e8fbf8bf4d3494e952977aae2923d2e"
 from {username='slave'} at 127.0.0.1:55566
I20260713 09:12:26.329525  5992 raft_consensus.cc:493] T 6accb7d6d15645ab85735cea3dd9229d P 8e8fbf8bf4d3494e952977aae2923d2e [term 1 FOLLOWER]: Starting forced leader election (received explicit request)
I20260713 09:12:26.329790  5992 raft_consensus.cc:3060] T 6accb7d6d15645ab85735cea3dd9229d P 8e8fbf8bf4d3494e952977aae2923d2e [term 1 FOLLOWER]: Advancing to term 2
I20260713 09:12:26.334995  5992 raft_consensus.cc:515] T 6accb7d6d15645ab85735cea3dd9229d P 8e8fbf8bf4d3494e952977aae2923d2e [term 2 FOLLOWER]: Starting forced leader election with config: opid_index: -1 OBSOLETE_local: false peers { permanent_uuid: "3e1d930cbd7f414cabf3e90132e234bc" member_type: VOTER last_known_addr { host: "127.5.27.65" port: 33329 } } peers { permanent_uuid: "17d00e1b0b5b4c308617aa1d9e85a468" member_type: VOTER last_known_addr { host: "127.5.27.66" port: 41855 } } peers { permanent_uuid: "8e8fbf8bf4d3494e952977aae2923d2e" member_type: VOTER last_known_addr { host: "127.5.27.67" port: 38333 } }
I20260713 09:12:26.336611  5992 leader_election.cc:290] T 6accb7d6d15645ab85735cea3dd9229d P 8e8fbf8bf4d3494e952977aae2923d2e [CANDIDATE]: Term 2 election: Requested vote from peers 3e1d930cbd7f414cabf3e90132e234bc (127.5.27.65:33329), 17d00e1b0b5b4c308617aa1d9e85a468 (127.5.27.66:41855)
I20260713 09:12:26.337373  5845 tablet_service.cc:1917] Received RequestConsensusVote() RPC: tablet_id: "6accb7d6d15645ab85735cea3dd9229d" candidate_uuid: "8e8fbf8bf4d3494e952977aae2923d2e" candidate_term: 2 candidate_status { last_received { term: 1 index: 1 } } ignore_live_leader: true dest_uuid: "3e1d930cbd7f414cabf3e90132e234bc"
I20260713 09:12:26.337728  5918 tablet_service.cc:1917] Received RequestConsensusVote() RPC: tablet_id: "6accb7d6d15645ab85735cea3dd9229d" candidate_uuid: "8e8fbf8bf4d3494e952977aae2923d2e" candidate_term: 2 candidate_status { last_received { term: 1 index: 1 } } ignore_live_leader: true dest_uuid: "17d00e1b0b5b4c308617aa1d9e85a468"
I20260713 09:12:26.337937  5845 raft_consensus.cc:3055] T 6accb7d6d15645ab85735cea3dd9229d P 3e1d930cbd7f414cabf3e90132e234bc [term 1 LEADER]: Stepping down as leader of term 1
I20260713 09:12:26.338232  5845 raft_consensus.cc:740] T 6accb7d6d15645ab85735cea3dd9229d P 3e1d930cbd7f414cabf3e90132e234bc [term 1 LEADER]: Becoming Follower/Learner. State: Replica: 3e1d930cbd7f414cabf3e90132e234bc, State: Running, Role: LEADER
I20260713 09:12:26.338263  5918 raft_consensus.cc:3060] T 6accb7d6d15645ab85735cea3dd9229d P 17d00e1b0b5b4c308617aa1d9e85a468 [term 1 FOLLOWER]: Advancing to term 2
I20260713 09:12:26.339057  5845 consensus_queue.cc:260] T 6accb7d6d15645ab85735cea3dd9229d P 3e1d930cbd7f414cabf3e90132e234bc [NON_LEADER]: Queue going to NON_LEADER mode. State: All replicated index: 0, Majority replicated index: 1, Committed index: 1, Last appended: 1.1, Last appended by leader: 1, Current term: 1, Majority size: -1, State: 0, Mode: NON_LEADER, active raft config: opid_index: -1 OBSOLETE_local: false peers { permanent_uuid: "3e1d930cbd7f414cabf3e90132e234bc" member_type: VOTER last_known_addr { host: "127.5.27.65" port: 33329 } } peers { permanent_uuid: "17d00e1b0b5b4c308617aa1d9e85a468" member_type: VOTER last_known_addr { host: "127.5.27.66" port: 41855 } } peers { permanent_uuid: "8e8fbf8bf4d3494e952977aae2923d2e" member_type: VOTER last_known_addr { host: "127.5.27.67" port: 38333 } }
I20260713 09:12:26.340416  5845 raft_consensus.cc:3060] T 6accb7d6d15645ab85735cea3dd9229d P 3e1d930cbd7f414cabf3e90132e234bc [term 1 FOLLOWER]: Advancing to term 2
I20260713 09:12:26.344933  5918 raft_consensus.cc:2468] T 6accb7d6d15645ab85735cea3dd9229d P 17d00e1b0b5b4c308617aa1d9e85a468 [term 2 FOLLOWER]: Leader election vote request: Granting yes vote for candidate 8e8fbf8bf4d3494e952977aae2923d2e in term 2.
I20260713 09:12:26.345949  5845 raft_consensus.cc:2468] T 6accb7d6d15645ab85735cea3dd9229d P 3e1d930cbd7f414cabf3e90132e234bc [term 2 FOLLOWER]: Leader election vote request: Granting yes vote for candidate 8e8fbf8bf4d3494e952977aae2923d2e in term 2.
I20260713 09:12:26.346045  5960 leader_election.cc:304] T 6accb7d6d15645ab85735cea3dd9229d P 8e8fbf8bf4d3494e952977aae2923d2e [CANDIDATE]: Term 2 election: Election decided. Result: candidate won. Election summary: received 2 responses out of 3 voters: 2 yes votes; 0 no votes. yes voters: 17d00e1b0b5b4c308617aa1d9e85a468, 8e8fbf8bf4d3494e952977aae2923d2e; no voters: 
I20260713 09:12:26.346755  6140 raft_consensus.cc:2804] T 6accb7d6d15645ab85735cea3dd9229d P 8e8fbf8bf4d3494e952977aae2923d2e [term 2 FOLLOWER]: Leader election won for term 2
I20260713 09:12:26.347085  6140 raft_consensus.cc:697] T 6accb7d6d15645ab85735cea3dd9229d P 8e8fbf8bf4d3494e952977aae2923d2e [term 2 LEADER]: Becoming Leader. State: Replica: 8e8fbf8bf4d3494e952977aae2923d2e, State: Running, Role: LEADER
I20260713 09:12:26.347786  6140 consensus_queue.cc:237] T 6accb7d6d15645ab85735cea3dd9229d P 8e8fbf8bf4d3494e952977aae2923d2e [LEADER]: Queue going to LEADER mode. State: All replicated index: 0, Majority replicated index: 1, Committed index: 1, Last appended: 1.1, Last appended by leader: 1, Current term: 2, Majority size: 2, State: 0, Mode: LEADER, active raft config: opid_index: -1 OBSOLETE_local: false peers { permanent_uuid: "3e1d930cbd7f414cabf3e90132e234bc" member_type: VOTER last_known_addr { host: "127.5.27.65" port: 33329 } } peers { permanent_uuid: "17d00e1b0b5b4c308617aa1d9e85a468" member_type: VOTER last_known_addr { host: "127.5.27.66" port: 41855 } } peers { permanent_uuid: "8e8fbf8bf4d3494e952977aae2923d2e" member_type: VOTER last_known_addr { host: "127.5.27.67" port: 38333 } }
I20260713 09:12:26.353235  5742 catalog_manager.cc:5697] T 6accb7d6d15645ab85735cea3dd9229d P 8e8fbf8bf4d3494e952977aae2923d2e reported cstate change: term changed from 1 to 2, leader changed from 3e1d930cbd7f414cabf3e90132e234bc (127.5.27.65) to 8e8fbf8bf4d3494e952977aae2923d2e (127.5.27.67). New cstate: current_term: 2 leader_uuid: "8e8fbf8bf4d3494e952977aae2923d2e" committed_config { opid_index: -1 OBSOLETE_local: false peers { permanent_uuid: "3e1d930cbd7f414cabf3e90132e234bc" member_type: VOTER last_known_addr { host: "127.5.27.65" port: 33329 } health_report { overall_health: UNKNOWN } } peers { permanent_uuid: "17d00e1b0b5b4c308617aa1d9e85a468" member_type: VOTER last_known_addr { host: "127.5.27.66" port: 41855 } health_report { overall_health: UNKNOWN } } peers { permanent_uuid: "8e8fbf8bf4d3494e952977aae2923d2e" member_type: VOTER last_known_addr { host: "127.5.27.67" port: 38333 } health_report { overall_health: HEALTHY } } }
I20260713 09:12:26.684247  5918 raft_consensus.cc:1275] T 3e0789770a2a4d5485dc259e7a7194ac P 17d00e1b0b5b4c308617aa1d9e85a468 [term 3 FOLLOWER]: Refusing update from remote peer 8e8fbf8bf4d3494e952977aae2923d2e: Log matching property violated. Preceding OpId in replica: term: 2 index: 2. Preceding OpId from leader: term: 3 index: 3. (index mismatch)
I20260713 09:12:26.685379  6140 consensus_queue.cc:1048] T 3e0789770a2a4d5485dc259e7a7194ac P 8e8fbf8bf4d3494e952977aae2923d2e [LEADER]: Connected to new peer: Peer: permanent_uuid: "17d00e1b0b5b4c308617aa1d9e85a468" member_type: VOTER last_known_addr { host: "127.5.27.66" port: 41855 }, Status: LMP_MISMATCH, Last received: 0.0, Next index: 3, Last known committed idx: 2, Time since last communication: 0.000s
I20260713 09:12:26.696120  5845 raft_consensus.cc:1275] T 3e0789770a2a4d5485dc259e7a7194ac P 3e1d930cbd7f414cabf3e90132e234bc [term 3 FOLLOWER]: Refusing update from remote peer 8e8fbf8bf4d3494e952977aae2923d2e: Log matching property violated. Preceding OpId in replica: term: 2 index: 2. Preceding OpId from leader: term: 3 index: 3. (index mismatch)
I20260713 09:12:26.697492  6154 consensus_queue.cc:1048] T 3e0789770a2a4d5485dc259e7a7194ac P 8e8fbf8bf4d3494e952977aae2923d2e [LEADER]: Connected to new peer: Peer: permanent_uuid: "3e1d930cbd7f414cabf3e90132e234bc" member_type: VOTER last_known_addr { host: "127.5.27.65" port: 33329 }, Status: LMP_MISMATCH, Last received: 0.0, Next index: 3, Last known committed idx: 2, Time since last communication: 0.000s
I20260713 09:12:26.787153  5845 raft_consensus.cc:1275] T 6accb7d6d15645ab85735cea3dd9229d P 3e1d930cbd7f414cabf3e90132e234bc [term 2 FOLLOWER]: Refusing update from remote peer 8e8fbf8bf4d3494e952977aae2923d2e: Log matching property violated. Preceding OpId in replica: term: 1 index: 1. Preceding OpId from leader: term: 2 index: 2. (index mismatch)
I20260713 09:12:26.788283  6140 consensus_queue.cc:1048] T 6accb7d6d15645ab85735cea3dd9229d P 8e8fbf8bf4d3494e952977aae2923d2e [LEADER]: Connected to new peer: Peer: permanent_uuid: "3e1d930cbd7f414cabf3e90132e234bc" member_type: VOTER last_known_addr { host: "127.5.27.65" port: 33329 }, Status: LMP_MISMATCH, Last received: 0.0, Next index: 2, Last known committed idx: 1, Time since last communication: 0.000s
I20260713 09:12:26.796116  5918 raft_consensus.cc:1275] T 6accb7d6d15645ab85735cea3dd9229d P 17d00e1b0b5b4c308617aa1d9e85a468 [term 2 FOLLOWER]: Refusing update from remote peer 8e8fbf8bf4d3494e952977aae2923d2e: Log matching property violated. Preceding OpId in replica: term: 1 index: 1. Preceding OpId from leader: term: 2 index: 2. (index mismatch)
I20260713 09:12:26.797861  6140 consensus_queue.cc:1048] T 6accb7d6d15645ab85735cea3dd9229d P 8e8fbf8bf4d3494e952977aae2923d2e [LEADER]: Connected to new peer: Peer: permanent_uuid: "17d00e1b0b5b4c308617aa1d9e85a468" member_type: VOTER last_known_addr { host: "127.5.27.66" port: 41855 }, Status: LMP_MISMATCH, Last received: 0.0, Next index: 2, Last known committed idx: 1, Time since last communication: 0.000s
I20260713 09:12:26.828720  5229 auto_leader_rebalancer.cc:141] leader rebalance for table test-workload
I20260713 09:12:26.843279  5992 tablet_service.cc:2072] Received LeaderStepDown RPC: tablet_id: "6accb7d6d15645ab85735cea3dd9229d"
dest_uuid: "8e8fbf8bf4d3494e952977aae2923d2e"
mode: GRACEFUL
new_leader_uuid: "3e1d930cbd7f414cabf3e90132e234bc"
 from {username='slave'} at 127.0.0.1:55586
I20260713 09:12:26.843766  5992 raft_consensus.cc:606] T 6accb7d6d15645ab85735cea3dd9229d P 8e8fbf8bf4d3494e952977aae2923d2e [term 2 LEADER]: Received request to transfer leadership to TS 3e1d930cbd7f414cabf3e90132e234bc
I20260713 09:12:26.850330  5992 tablet_service.cc:2072] Received LeaderStepDown RPC: tablet_id: "3e0789770a2a4d5485dc259e7a7194ac"
dest_uuid: "8e8fbf8bf4d3494e952977aae2923d2e"
mode: GRACEFUL
new_leader_uuid: "3e1d930cbd7f414cabf3e90132e234bc"
 from {username='slave'} at 127.0.0.1:55586
I20260713 09:12:26.850782  5992 raft_consensus.cc:606] T 3e0789770a2a4d5485dc259e7a7194ac P 8e8fbf8bf4d3494e952977aae2923d2e [term 3 LEADER]: Received request to transfer leadership to TS 3e1d930cbd7f414cabf3e90132e234bc
I20260713 09:12:26.854825  5918 tablet_service.cc:2072] Received LeaderStepDown RPC: tablet_id: "4c05cddd528f4483a5b3df5d35ebd6e5"
dest_uuid: "17d00e1b0b5b4c308617aa1d9e85a468"
mode: GRACEFUL
new_leader_uuid: "3e1d930cbd7f414cabf3e90132e234bc"
 from {username='slave'} at 127.0.0.1:41058
I20260713 09:12:26.855290  5918 raft_consensus.cc:606] T 4c05cddd528f4483a5b3df5d35ebd6e5 P 17d00e1b0b5b4c308617aa1d9e85a468 [term 2 LEADER]: Received request to transfer leadership to TS 3e1d930cbd7f414cabf3e90132e234bc
I20260713 09:12:26.859673  5918 tablet_service.cc:2072] Received LeaderStepDown RPC: tablet_id: "5220fc8f3a7145038cbb4ed22cd090e1"
dest_uuid: "17d00e1b0b5b4c308617aa1d9e85a468"
mode: GRACEFUL
new_leader_uuid: "3e1d930cbd7f414cabf3e90132e234bc"
 from {username='slave'} at 127.0.0.1:41058
I20260713 09:12:26.860152  5918 raft_consensus.cc:606] T 5220fc8f3a7145038cbb4ed22cd090e1 P 17d00e1b0b5b4c308617aa1d9e85a468 [term 2 LEADER]: Received request to transfer leadership to TS 3e1d930cbd7f414cabf3e90132e234bc
I20260713 09:12:26.864260  5918 tablet_service.cc:2072] Received LeaderStepDown RPC: tablet_id: "7787b49465b94bd8bac725e057623ae1"
dest_uuid: "17d00e1b0b5b4c308617aa1d9e85a468"
mode: GRACEFUL
new_leader_uuid: "3e1d930cbd7f414cabf3e90132e234bc"
 from {username='slave'} at 127.0.0.1:41058
I20260713 09:12:26.864667  5918 raft_consensus.cc:606] T 7787b49465b94bd8bac725e057623ae1 P 17d00e1b0b5b4c308617aa1d9e85a468 [term 2 LEADER]: Received request to transfer leadership to TS 3e1d930cbd7f414cabf3e90132e234bc
I20260713 09:12:26.888620  6141 raft_consensus.cc:993] T 4c05cddd528f4483a5b3df5d35ebd6e5 P 17d00e1b0b5b4c308617aa1d9e85a468: : Instructing follower 3e1d930cbd7f414cabf3e90132e234bc to start an election
I20260713 09:12:26.889006  6158 raft_consensus.cc:1081] T 4c05cddd528f4483a5b3df5d35ebd6e5 P 17d00e1b0b5b4c308617aa1d9e85a468 [term 2 LEADER]: Signalling peer 3e1d930cbd7f414cabf3e90132e234bc to start an election
I20260713 09:12:26.890256  5845 tablet_service.cc:2044] Received Run Leader Election RPC: tablet_id: "4c05cddd528f4483a5b3df5d35ebd6e5"
dest_uuid: "3e1d930cbd7f414cabf3e90132e234bc"
 from {username='slave'} at 127.0.0.1:45840
I20260713 09:12:26.890626  5845 raft_consensus.cc:493] T 4c05cddd528f4483a5b3df5d35ebd6e5 P 3e1d930cbd7f414cabf3e90132e234bc [term 2 FOLLOWER]: Starting forced leader election (received explicit request)
I20260713 09:12:26.890838  5845 raft_consensus.cc:3060] T 4c05cddd528f4483a5b3df5d35ebd6e5 P 3e1d930cbd7f414cabf3e90132e234bc [term 2 FOLLOWER]: Advancing to term 3
I20260713 09:12:26.894517  5845 raft_consensus.cc:515] T 4c05cddd528f4483a5b3df5d35ebd6e5 P 3e1d930cbd7f414cabf3e90132e234bc [term 3 FOLLOWER]: Starting forced leader election with config: opid_index: -1 OBSOLETE_local: false peers { permanent_uuid: "3e1d930cbd7f414cabf3e90132e234bc" member_type: VOTER last_known_addr { host: "127.5.27.65" port: 33329 } } peers { permanent_uuid: "17d00e1b0b5b4c308617aa1d9e85a468" member_type: VOTER last_known_addr { host: "127.5.27.66" port: 41855 } } peers { permanent_uuid: "8e8fbf8bf4d3494e952977aae2923d2e" member_type: VOTER last_known_addr { host: "127.5.27.67" port: 38333 } }
I20260713 09:12:26.895946  5845 leader_election.cc:290] T 4c05cddd528f4483a5b3df5d35ebd6e5 P 3e1d930cbd7f414cabf3e90132e234bc [CANDIDATE]: Term 3 election: Requested vote from peers 17d00e1b0b5b4c308617aa1d9e85a468 (127.5.27.66:41855), 8e8fbf8bf4d3494e952977aae2923d2e (127.5.27.67:38333)
I20260713 09:12:26.896737  5918 tablet_service.cc:1917] Received RequestConsensusVote() RPC: tablet_id: "4c05cddd528f4483a5b3df5d35ebd6e5" candidate_uuid: "3e1d930cbd7f414cabf3e90132e234bc" candidate_term: 3 candidate_status { last_received { term: 2 index: 2 } } ignore_live_leader: true dest_uuid: "17d00e1b0b5b4c308617aa1d9e85a468"
I20260713 09:12:26.897007  5992 tablet_service.cc:1917] Received RequestConsensusVote() RPC: tablet_id: "4c05cddd528f4483a5b3df5d35ebd6e5" candidate_uuid: "3e1d930cbd7f414cabf3e90132e234bc" candidate_term: 3 candidate_status { last_received { term: 2 index: 2 } } ignore_live_leader: true dest_uuid: "8e8fbf8bf4d3494e952977aae2923d2e"
I20260713 09:12:26.897239  5918 raft_consensus.cc:3055] T 4c05cddd528f4483a5b3df5d35ebd6e5 P 17d00e1b0b5b4c308617aa1d9e85a468 [term 2 LEADER]: Stepping down as leader of term 2
I20260713 09:12:26.897517  5992 raft_consensus.cc:3060] T 4c05cddd528f4483a5b3df5d35ebd6e5 P 8e8fbf8bf4d3494e952977aae2923d2e [term 2 FOLLOWER]: Advancing to term 3
I20260713 09:12:26.897531  5918 raft_consensus.cc:740] T 4c05cddd528f4483a5b3df5d35ebd6e5 P 17d00e1b0b5b4c308617aa1d9e85a468 [term 2 LEADER]: Becoming Follower/Learner. State: Replica: 17d00e1b0b5b4c308617aa1d9e85a468, State: Running, Role: LEADER
I20260713 09:12:26.898329  5918 consensus_queue.cc:260] T 4c05cddd528f4483a5b3df5d35ebd6e5 P 17d00e1b0b5b4c308617aa1d9e85a468 [NON_LEADER]: Queue going to NON_LEADER mode. State: All replicated index: 0, Majority replicated index: 2, Committed index: 2, Last appended: 2.2, Last appended by leader: 2, Current term: 2, Majority size: -1, State: 0, Mode: NON_LEADER, active raft config: opid_index: -1 OBSOLETE_local: false peers { permanent_uuid: "3e1d930cbd7f414cabf3e90132e234bc" member_type: VOTER last_known_addr { host: "127.5.27.65" port: 33329 } } peers { permanent_uuid: "17d00e1b0b5b4c308617aa1d9e85a468" member_type: VOTER last_known_addr { host: "127.5.27.66" port: 41855 } } peers { permanent_uuid: "8e8fbf8bf4d3494e952977aae2923d2e" member_type: VOTER last_known_addr { host: "127.5.27.67" port: 38333 } }
I20260713 09:12:26.899207  5918 raft_consensus.cc:3060] T 4c05cddd528f4483a5b3df5d35ebd6e5 P 17d00e1b0b5b4c308617aa1d9e85a468 [term 2 FOLLOWER]: Advancing to term 3
I20260713 09:12:26.901850  5992 raft_consensus.cc:2468] T 4c05cddd528f4483a5b3df5d35ebd6e5 P 8e8fbf8bf4d3494e952977aae2923d2e [term 3 FOLLOWER]: Leader election vote request: Granting yes vote for candidate 3e1d930cbd7f414cabf3e90132e234bc in term 3.
I20260713 09:12:26.902762  5810 leader_election.cc:304] T 4c05cddd528f4483a5b3df5d35ebd6e5 P 3e1d930cbd7f414cabf3e90132e234bc [CANDIDATE]: Term 3 election: Election decided. Result: candidate won. Election summary: received 2 responses out of 3 voters: 2 yes votes; 0 no votes. yes voters: 3e1d930cbd7f414cabf3e90132e234bc, 8e8fbf8bf4d3494e952977aae2923d2e; no voters: 
I20260713 09:12:26.903363  6144 raft_consensus.cc:2804] T 4c05cddd528f4483a5b3df5d35ebd6e5 P 3e1d930cbd7f414cabf3e90132e234bc [term 3 FOLLOWER]: Leader election won for term 3
I20260713 09:12:26.903354  5918 raft_consensus.cc:2468] T 4c05cddd528f4483a5b3df5d35ebd6e5 P 17d00e1b0b5b4c308617aa1d9e85a468 [term 3 FOLLOWER]: Leader election vote request: Granting yes vote for candidate 3e1d930cbd7f414cabf3e90132e234bc in term 3.
I20260713 09:12:26.904461  6144 raft_consensus.cc:697] T 4c05cddd528f4483a5b3df5d35ebd6e5 P 3e1d930cbd7f414cabf3e90132e234bc [term 3 LEADER]: Becoming Leader. State: Replica: 3e1d930cbd7f414cabf3e90132e234bc, State: Running, Role: LEADER
I20260713 09:12:26.905156  6144 consensus_queue.cc:237] T 4c05cddd528f4483a5b3df5d35ebd6e5 P 3e1d930cbd7f414cabf3e90132e234bc [LEADER]: Queue going to LEADER mode. State: All replicated index: 0, Majority replicated index: 2, Committed index: 2, Last appended: 2.2, Last appended by leader: 2, Current term: 3, Majority size: 2, State: 0, Mode: LEADER, active raft config: opid_index: -1 OBSOLETE_local: false peers { permanent_uuid: "3e1d930cbd7f414cabf3e90132e234bc" member_type: VOTER last_known_addr { host: "127.5.27.65" port: 33329 } } peers { permanent_uuid: "17d00e1b0b5b4c308617aa1d9e85a468" member_type: VOTER last_known_addr { host: "127.5.27.66" port: 41855 } } peers { permanent_uuid: "8e8fbf8bf4d3494e952977aae2923d2e" member_type: VOTER last_known_addr { host: "127.5.27.67" port: 38333 } }
I20260713 09:12:26.911226  5742 catalog_manager.cc:5697] T 4c05cddd528f4483a5b3df5d35ebd6e5 P 3e1d930cbd7f414cabf3e90132e234bc reported cstate change: term changed from 2 to 3, leader changed from 17d00e1b0b5b4c308617aa1d9e85a468 (127.5.27.66) to 3e1d930cbd7f414cabf3e90132e234bc (127.5.27.65). New cstate: current_term: 3 leader_uuid: "3e1d930cbd7f414cabf3e90132e234bc" committed_config { opid_index: -1 OBSOLETE_local: false peers { permanent_uuid: "3e1d930cbd7f414cabf3e90132e234bc" member_type: VOTER last_known_addr { host: "127.5.27.65" port: 33329 } health_report { overall_health: HEALTHY } } peers { permanent_uuid: "17d00e1b0b5b4c308617aa1d9e85a468" member_type: VOTER last_known_addr { host: "127.5.27.66" port: 41855 } health_report { overall_health: UNKNOWN } } peers { permanent_uuid: "8e8fbf8bf4d3494e952977aae2923d2e" member_type: VOTER last_known_addr { host: "127.5.27.67" port: 38333 } health_report { overall_health: UNKNOWN } } }
I20260713 09:12:27.114089  6145 raft_consensus.cc:993] T 3e0789770a2a4d5485dc259e7a7194ac P 8e8fbf8bf4d3494e952977aae2923d2e: : Instructing follower 3e1d930cbd7f414cabf3e90132e234bc to start an election
I20260713 09:12:27.114543  6145 raft_consensus.cc:1081] T 3e0789770a2a4d5485dc259e7a7194ac P 8e8fbf8bf4d3494e952977aae2923d2e [term 3 LEADER]: Signalling peer 3e1d930cbd7f414cabf3e90132e234bc to start an election
I20260713 09:12:27.116015  5845 tablet_service.cc:2044] Received Run Leader Election RPC: tablet_id: "3e0789770a2a4d5485dc259e7a7194ac"
dest_uuid: "3e1d930cbd7f414cabf3e90132e234bc"
 from {username='slave'} at 127.0.0.1:45832
I20260713 09:12:27.116496  5845 raft_consensus.cc:493] T 3e0789770a2a4d5485dc259e7a7194ac P 3e1d930cbd7f414cabf3e90132e234bc [term 3 FOLLOWER]: Starting forced leader election (received explicit request)
I20260713 09:12:27.116820  5845 raft_consensus.cc:3060] T 3e0789770a2a4d5485dc259e7a7194ac P 3e1d930cbd7f414cabf3e90132e234bc [term 3 FOLLOWER]: Advancing to term 4
I20260713 09:12:27.120754  5845 raft_consensus.cc:515] T 3e0789770a2a4d5485dc259e7a7194ac P 3e1d930cbd7f414cabf3e90132e234bc [term 4 FOLLOWER]: Starting forced leader election with config: opid_index: -1 OBSOLETE_local: false peers { permanent_uuid: "3e1d930cbd7f414cabf3e90132e234bc" member_type: VOTER last_known_addr { host: "127.5.27.65" port: 33329 } } peers { permanent_uuid: "17d00e1b0b5b4c308617aa1d9e85a468" member_type: VOTER last_known_addr { host: "127.5.27.66" port: 41855 } } peers { permanent_uuid: "8e8fbf8bf4d3494e952977aae2923d2e" member_type: VOTER last_known_addr { host: "127.5.27.67" port: 38333 } }
I20260713 09:12:27.122014  5845 leader_election.cc:290] T 3e0789770a2a4d5485dc259e7a7194ac P 3e1d930cbd7f414cabf3e90132e234bc [CANDIDATE]: Term 4 election: Requested vote from peers 17d00e1b0b5b4c308617aa1d9e85a468 (127.5.27.66:41855), 8e8fbf8bf4d3494e952977aae2923d2e (127.5.27.67:38333)
I20260713 09:12:27.122766  5918 tablet_service.cc:1917] Received RequestConsensusVote() RPC: tablet_id: "3e0789770a2a4d5485dc259e7a7194ac" candidate_uuid: "3e1d930cbd7f414cabf3e90132e234bc" candidate_term: 4 candidate_status { last_received { term: 3 index: 3 } } ignore_live_leader: true dest_uuid: "17d00e1b0b5b4c308617aa1d9e85a468"
I20260713 09:12:27.123013  5992 tablet_service.cc:1917] Received RequestConsensusVote() RPC: tablet_id: "3e0789770a2a4d5485dc259e7a7194ac" candidate_uuid: "3e1d930cbd7f414cabf3e90132e234bc" candidate_term: 4 candidate_status { last_received { term: 3 index: 3 } } ignore_live_leader: true dest_uuid: "8e8fbf8bf4d3494e952977aae2923d2e"
I20260713 09:12:27.123349  5918 raft_consensus.cc:3060] T 3e0789770a2a4d5485dc259e7a7194ac P 17d00e1b0b5b4c308617aa1d9e85a468 [term 3 FOLLOWER]: Advancing to term 4
I20260713 09:12:27.123530  5992 raft_consensus.cc:3055] T 3e0789770a2a4d5485dc259e7a7194ac P 8e8fbf8bf4d3494e952977aae2923d2e [term 3 LEADER]: Stepping down as leader of term 3
I20260713 09:12:27.123847  5992 raft_consensus.cc:740] T 3e0789770a2a4d5485dc259e7a7194ac P 8e8fbf8bf4d3494e952977aae2923d2e [term 3 LEADER]: Becoming Follower/Learner. State: Replica: 8e8fbf8bf4d3494e952977aae2923d2e, State: Running, Role: LEADER
I20260713 09:12:27.124591  5992 consensus_queue.cc:260] T 3e0789770a2a4d5485dc259e7a7194ac P 8e8fbf8bf4d3494e952977aae2923d2e [NON_LEADER]: Queue going to NON_LEADER mode. State: All replicated index: 0, Majority replicated index: 3, Committed index: 3, Last appended: 3.3, Last appended by leader: 3, Current term: 3, Majority size: -1, State: 0, Mode: NON_LEADER, active raft config: opid_index: -1 OBSOLETE_local: false peers { permanent_uuid: "3e1d930cbd7f414cabf3e90132e234bc" member_type: VOTER last_known_addr { host: "127.5.27.65" port: 33329 } } peers { permanent_uuid: "17d00e1b0b5b4c308617aa1d9e85a468" member_type: VOTER last_known_addr { host: "127.5.27.66" port: 41855 } } peers { permanent_uuid: "8e8fbf8bf4d3494e952977aae2923d2e" member_type: VOTER last_known_addr { host: "127.5.27.67" port: 38333 } }
I20260713 09:12:27.125710  5992 raft_consensus.cc:3060] T 3e0789770a2a4d5485dc259e7a7194ac P 8e8fbf8bf4d3494e952977aae2923d2e [term 3 FOLLOWER]: Advancing to term 4
