I20260713 09:12:45.638320  1712 raft_consensus.cc:2955] T 208a5803f73d4642a5429dc73dba6a1e P 8a848c3131774aa291e88b1a0411e6af [term 1 LEADER]: Committing config change with OpId 1.2: config changed from index -1 to 2, NON_VOTER ca8d6ade87194eb79f063b6df5a2117d (127.31.171.132) added. New config: { opid_index: 2 OBSOLETE_local: false peers { permanent_uuid: "769abc8fbf7c43c895c1c91e400c8915" member_type: VOTER last_known_addr { host: "127.31.171.129" port: 41193 } attrs { replace: true } } peers { permanent_uuid: "0990b526e9654f3aa35c6f3570191dea" member_type: VOTER last_known_addr { host: "127.31.171.130" port: 33125 } } peers { permanent_uuid: "8a848c3131774aa291e88b1a0411e6af" member_type: VOTER last_known_addr { host: "127.31.171.131" port: 37935 } } peers { permanent_uuid: "ca8d6ade87194eb79f063b6df5a2117d" member_type: NON_VOTER last_known_addr { host: "127.31.171.132" port: 37749 } attrs { promote: true } } }
I20260713 09:12:45.639684  1092 raft_consensus.cc:2955] T 208a5803f73d4642a5429dc73dba6a1e P 769abc8fbf7c43c895c1c91e400c8915 [term 1 FOLLOWER]: Committing config change with OpId 1.2: config changed from index -1 to 2, NON_VOTER ca8d6ade87194eb79f063b6df5a2117d (127.31.171.132) added. New config: { opid_index: 2 OBSOLETE_local: false peers { permanent_uuid: "769abc8fbf7c43c895c1c91e400c8915" member_type: VOTER last_known_addr { host: "127.31.171.129" port: 41193 } attrs { replace: true } } peers { permanent_uuid: "0990b526e9654f3aa35c6f3570191dea" member_type: VOTER last_known_addr { host: "127.31.171.130" port: 33125 } } peers { permanent_uuid: "8a848c3131774aa291e88b1a0411e6af" member_type: VOTER last_known_addr { host: "127.31.171.131" port: 37935 } } peers { permanent_uuid: "ca8d6ade87194eb79f063b6df5a2117d" member_type: NON_VOTER last_known_addr { host: "127.31.171.132" port: 37749 } attrs { promote: true } } }
I20260713 09:12:45.643174  1171 raft_consensus.cc:2955] T 208a5803f73d4642a5429dc73dba6a1e P 0990b526e9654f3aa35c6f3570191dea [term 1 FOLLOWER]: Committing config change with OpId 1.2: config changed from index -1 to 2, NON_VOTER ca8d6ade87194eb79f063b6df5a2117d (127.31.171.132) added. New config: { opid_index: 2 OBSOLETE_local: false peers { permanent_uuid: "769abc8fbf7c43c895c1c91e400c8915" member_type: VOTER last_known_addr { host: "127.31.171.129" port: 41193 } attrs { replace: true } } peers { permanent_uuid: "0990b526e9654f3aa35c6f3570191dea" member_type: VOTER last_known_addr { host: "127.31.171.130" port: 33125 } } peers { permanent_uuid: "8a848c3131774aa291e88b1a0411e6af" member_type: VOTER last_known_addr { host: "127.31.171.131" port: 37935 } } peers { permanent_uuid: "ca8d6ade87194eb79f063b6df5a2117d" member_type: NON_VOTER last_known_addr { host: "127.31.171.132" port: 37749 } attrs { promote: true } } }
I20260713 09:12:45.651604  1093 consensus_queue.cc:237] T 90fd315668204b4a81ceeec295485f4b P 769abc8fbf7c43c895c1c91e400c8915 [LEADER]: Queue going to LEADER mode. State: All replicated index: 0, Majority replicated index: 1, Committed index: 1, Last appended: 1.1, Last appended by leader: 0, Current term: 1, Majority size: 2, State: 0, Mode: LEADER, active raft config: opid_index: 2 OBSOLETE_local: false peers { permanent_uuid: "769abc8fbf7c43c895c1c91e400c8915" member_type: VOTER last_known_addr { host: "127.31.171.129" port: 41193 } } peers { permanent_uuid: "0990b526e9654f3aa35c6f3570191dea" member_type: VOTER last_known_addr { host: "127.31.171.130" port: 33125 } } peers { permanent_uuid: "8a848c3131774aa291e88b1a0411e6af" member_type: VOTER last_known_addr { host: "127.31.171.131" port: 37935 } attrs { replace: true } } peers { permanent_uuid: "ca8d6ade87194eb79f063b6df5a2117d" member_type: NON_VOTER last_known_addr { host: "127.31.171.132" port: 37749 } attrs { promote: true } }
I20260713 09:12:45.654044   992 catalog_manager.cc:5697] T 208a5803f73d4642a5429dc73dba6a1e P 8a848c3131774aa291e88b1a0411e6af reported cstate change: config changed from index -1 to 2, NON_VOTER ca8d6ade87194eb79f063b6df5a2117d (127.31.171.132) added. New cstate: current_term: 1 leader_uuid: "8a848c3131774aa291e88b1a0411e6af" committed_config { opid_index: 2 OBSOLETE_local: false peers { permanent_uuid: "769abc8fbf7c43c895c1c91e400c8915" member_type: VOTER last_known_addr { host: "127.31.171.129" port: 41193 } attrs { replace: true } health_report { overall_health: HEALTHY } } peers { permanent_uuid: "0990b526e9654f3aa35c6f3570191dea" member_type: VOTER last_known_addr { host: "127.31.171.130" port: 33125 } health_report { overall_health: HEALTHY } } peers { permanent_uuid: "8a848c3131774aa291e88b1a0411e6af" member_type: VOTER last_known_addr { host: "127.31.171.131" port: 37935 } health_report { overall_health: HEALTHY } } peers { permanent_uuid: "ca8d6ade87194eb79f063b6df5a2117d" member_type: NON_VOTER last_known_addr { host: "127.31.171.132" port: 37749 } attrs { promote: true } health_report { overall_health: UNKNOWN } } }
W20260713 09:12:45.664160  1062 consensus_peers.cc:597] T 90fd315668204b4a81ceeec295485f4b P 769abc8fbf7c43c895c1c91e400c8915 -> Peer ca8d6ade87194eb79f063b6df5a2117d (127.31.171.132:37749): Couldn't send request to peer ca8d6ade87194eb79f063b6df5a2117d. Error code: TABLET_NOT_FOUND (6). Status: Not found: Tablet not found: 90fd315668204b4a81ceeec295485f4b. This is attempt 1: this message will repeat every 5th retry.
I20260713 09:12:45.665310  1242 raft_consensus.cc:1275] T 90fd315668204b4a81ceeec295485f4b P 8a848c3131774aa291e88b1a0411e6af [term 1 FOLLOWER]: Refusing update from remote peer 769abc8fbf7c43c895c1c91e400c8915: Log matching property violated. Preceding OpId in replica: term: 1 index: 1. Preceding OpId from leader: term: 1 index: 2. (index mismatch)
I20260713 09:12:45.666025  1171 raft_consensus.cc:1275] T 90fd315668204b4a81ceeec295485f4b P 0990b526e9654f3aa35c6f3570191dea [term 1 FOLLOWER]: Refusing update from remote peer 769abc8fbf7c43c895c1c91e400c8915: Log matching property violated. Preceding OpId in replica: term: 1 index: 1. Preceding OpId from leader: term: 1 index: 2. (index mismatch)
I20260713 09:12:45.667302  1763 consensus_queue.cc:1048] T 90fd315668204b4a81ceeec295485f4b P 769abc8fbf7c43c895c1c91e400c8915 [LEADER]: Connected to new peer: Peer: permanent_uuid: "8a848c3131774aa291e88b1a0411e6af" member_type: VOTER last_known_addr { host: "127.31.171.131" port: 37935 } attrs { replace: true }, Status: LMP_MISMATCH, Last received: 0.0, Next index: 2, Last known committed idx: 1, Time since last communication: 0.000s
I20260713 09:12:45.668749  1759 consensus_queue.cc:1048] T 90fd315668204b4a81ceeec295485f4b P 769abc8fbf7c43c895c1c91e400c8915 [LEADER]: Connected to new peer: Peer: permanent_uuid: "0990b526e9654f3aa35c6f3570191dea" member_type: VOTER last_known_addr { host: "127.31.171.130" port: 33125 }, Status: LMP_MISMATCH, Last received: 0.0, Next index: 2, Last known committed idx: 1, Time since last communication: 0.000s
I20260713 09:12:45.675457  1763 raft_consensus.cc:2955] T 90fd315668204b4a81ceeec295485f4b P 769abc8fbf7c43c895c1c91e400c8915 [term 1 LEADER]: Committing config change with OpId 1.2: config changed from index -1 to 2, NON_VOTER ca8d6ade87194eb79f063b6df5a2117d (127.31.171.132) added. New config: { opid_index: 2 OBSOLETE_local: false peers { permanent_uuid: "769abc8fbf7c43c895c1c91e400c8915" member_type: VOTER last_known_addr { host: "127.31.171.129" port: 41193 } } peers { permanent_uuid: "0990b526e9654f3aa35c6f3570191dea" member_type: VOTER last_known_addr { host: "127.31.171.130" port: 33125 } } peers { permanent_uuid: "8a848c3131774aa291e88b1a0411e6af" member_type: VOTER last_known_addr { host: "127.31.171.131" port: 37935 } attrs { replace: true } } peers { permanent_uuid: "ca8d6ade87194eb79f063b6df5a2117d" member_type: NON_VOTER last_known_addr { host: "127.31.171.132" port: 37749 } attrs { promote: true } } }
I20260713 09:12:45.677167  1242 raft_consensus.cc:2955] T 90fd315668204b4a81ceeec295485f4b P 8a848c3131774aa291e88b1a0411e6af [term 1 FOLLOWER]: Committing config change with OpId 1.2: config changed from index -1 to 2, NON_VOTER ca8d6ade87194eb79f063b6df5a2117d (127.31.171.132) added. New config: { opid_index: 2 OBSOLETE_local: false peers { permanent_uuid: "769abc8fbf7c43c895c1c91e400c8915" member_type: VOTER last_known_addr { host: "127.31.171.129" port: 41193 } } peers { permanent_uuid: "0990b526e9654f3aa35c6f3570191dea" member_type: VOTER last_known_addr { host: "127.31.171.130" port: 33125 } } peers { permanent_uuid: "8a848c3131774aa291e88b1a0411e6af" member_type: VOTER last_known_addr { host: "127.31.171.131" port: 37935 } attrs { replace: true } } peers { permanent_uuid: "ca8d6ade87194eb79f063b6df5a2117d" member_type: NON_VOTER last_known_addr { host: "127.31.171.132" port: 37749 } attrs { promote: true } } }
I20260713 09:12:45.677670  1171 raft_consensus.cc:2955] T 90fd315668204b4a81ceeec295485f4b P 0990b526e9654f3aa35c6f3570191dea [term 1 FOLLOWER]: Committing config change with OpId 1.2: config changed from index -1 to 2, NON_VOTER ca8d6ade87194eb79f063b6df5a2117d (127.31.171.132) added. New config: { opid_index: 2 OBSOLETE_local: false peers { permanent_uuid: "769abc8fbf7c43c895c1c91e400c8915" member_type: VOTER last_known_addr { host: "127.31.171.129" port: 41193 } } peers { permanent_uuid: "0990b526e9654f3aa35c6f3570191dea" member_type: VOTER last_known_addr { host: "127.31.171.130" port: 33125 } } peers { permanent_uuid: "8a848c3131774aa291e88b1a0411e6af" member_type: VOTER last_known_addr { host: "127.31.171.131" port: 37935 } attrs { replace: true } } peers { permanent_uuid: "ca8d6ade87194eb79f063b6df5a2117d" member_type: NON_VOTER last_known_addr { host: "127.31.171.132" port: 37749 } attrs { promote: true } } }
I20260713 09:12:45.690266   993 catalog_manager.cc:5697] T 90fd315668204b4a81ceeec295485f4b P 0990b526e9654f3aa35c6f3570191dea reported cstate change: config changed from index -1 to 2, NON_VOTER ca8d6ade87194eb79f063b6df5a2117d (127.31.171.132) added. New cstate: current_term: 1 leader_uuid: "769abc8fbf7c43c895c1c91e400c8915" committed_config { opid_index: 2 OBSOLETE_local: false peers { permanent_uuid: "769abc8fbf7c43c895c1c91e400c8915" member_type: VOTER last_known_addr { host: "127.31.171.129" port: 41193 } } peers { permanent_uuid: "0990b526e9654f3aa35c6f3570191dea" member_type: VOTER last_known_addr { host: "127.31.171.130" port: 33125 } } peers { permanent_uuid: "8a848c3131774aa291e88b1a0411e6af" member_type: VOTER last_known_addr { host: "127.31.171.131" port: 37935 } attrs { replace: true } } peers { permanent_uuid: "ca8d6ade87194eb79f063b6df5a2117d" member_type: NON_VOTER last_known_addr { host: "127.31.171.132" port: 37749 } attrs { promote: true } } }
I20260713 09:12:46.019419  1779 ts_tablet_manager.cc:933] T 68ba7458b93c40fe8667dd1c04041b5f P ca8d6ade87194eb79f063b6df5a2117d: Initiating tablet copy from peer 769abc8fbf7c43c895c1c91e400c8915 (127.31.171.129:41193)
I20260713 09:12:46.021057  1779 tablet_copy_client.cc:323] T 68ba7458b93c40fe8667dd1c04041b5f P ca8d6ade87194eb79f063b6df5a2117d: tablet copy: Beginning tablet copy session from remote peer at address 127.31.171.129:41193
I20260713 09:12:46.022670  1106 tablet_copy_service.cc:140] P 769abc8fbf7c43c895c1c91e400c8915: Received BeginTabletCopySession request for tablet 68ba7458b93c40fe8667dd1c04041b5f from peer ca8d6ade87194eb79f063b6df5a2117d ({username='slave'} at 127.0.0.1:47548)
I20260713 09:12:46.023147  1106 tablet_copy_service.cc:161] P 769abc8fbf7c43c895c1c91e400c8915: Beginning new tablet copy session on tablet 68ba7458b93c40fe8667dd1c04041b5f from peer ca8d6ade87194eb79f063b6df5a2117d at {username='slave'} at 127.0.0.1:47548: session id = ca8d6ade87194eb79f063b6df5a2117d-68ba7458b93c40fe8667dd1c04041b5f
I20260713 09:12:46.030587  1106 tablet_copy_source_session.cc:215] T 68ba7458b93c40fe8667dd1c04041b5f P 769abc8fbf7c43c895c1c91e400c8915: Tablet Copy: opened 0 blocks and 1 log segments
I20260713 09:12:46.033285  1779 data_dirs.cc:400] Could only allocate 1 dirs of requested 3 for tablet 68ba7458b93c40fe8667dd1c04041b5f. 1 dirs total, 0 dirs full, 0 dirs failed
I20260713 09:12:46.043223  1779 tablet_copy_client.cc:806] T 68ba7458b93c40fe8667dd1c04041b5f P ca8d6ade87194eb79f063b6df5a2117d: tablet copy: Starting download of 0 data blocks...
I20260713 09:12:46.043756  1779 tablet_copy_client.cc:670] T 68ba7458b93c40fe8667dd1c04041b5f P ca8d6ade87194eb79f063b6df5a2117d: tablet copy: Starting download of 1 WAL segments...
I20260713 09:12:46.046787  1779 tablet_copy_client.cc:538] T 68ba7458b93c40fe8667dd1c04041b5f P ca8d6ade87194eb79f063b6df5a2117d: tablet copy: Tablet Copy complete. Replacing tablet superblock.
I20260713 09:12:46.052145  1779 tablet_bootstrap.cc:492] T 68ba7458b93c40fe8667dd1c04041b5f P ca8d6ade87194eb79f063b6df5a2117d: Bootstrap starting.
I20260713 09:12:46.066004  1779 tablet_bootstrap.cc:492] T 68ba7458b93c40fe8667dd1c04041b5f P ca8d6ade87194eb79f063b6df5a2117d: Bootstrap replayed 1/1 log segments. Stats: ops{read=2 overwritten=0 applied=2 ignored=0} inserts{seen=0 ignored=0} mutations{seen=0 ignored=0} orphaned_commits=0. Pending: 0 replicates
I20260713 09:12:46.066613  1779 tablet_bootstrap.cc:492] T 68ba7458b93c40fe8667dd1c04041b5f P ca8d6ade87194eb79f063b6df5a2117d: Bootstrap complete.
I20260713 09:12:46.067129  1779 ts_tablet_manager.cc:1403] T 68ba7458b93c40fe8667dd1c04041b5f P ca8d6ade87194eb79f063b6df5a2117d: Time spent bootstrapping tablet: real 0.015s	user 0.011s	sys 0.000s
I20260713 09:12:46.069980  1779 raft_consensus.cc:359] T 68ba7458b93c40fe8667dd1c04041b5f P ca8d6ade87194eb79f063b6df5a2117d [term 1 LEARNER]: Replica starting. Triggering 0 pending ops. Active config: opid_index: 2 OBSOLETE_local: false peers { permanent_uuid: "769abc8fbf7c43c895c1c91e400c8915" member_type: VOTER last_known_addr { host: "127.31.171.129" port: 41193 } } peers { permanent_uuid: "0990b526e9654f3aa35c6f3570191dea" member_type: VOTER last_known_addr { host: "127.31.171.130" port: 33125 } attrs { replace: true } } peers { permanent_uuid: "8a848c3131774aa291e88b1a0411e6af" member_type: VOTER last_known_addr { host: "127.31.171.131" port: 37935 } } peers { permanent_uuid: "ca8d6ade87194eb79f063b6df5a2117d" member_type: NON_VOTER last_known_addr { host: "127.31.171.132" port: 37749 } attrs { promote: true } }
I20260713 09:12:46.070778  1779 raft_consensus.cc:740] T 68ba7458b93c40fe8667dd1c04041b5f P ca8d6ade87194eb79f063b6df5a2117d [term 1 LEARNER]: Becoming Follower/Learner. State: Replica: ca8d6ade87194eb79f063b6df5a2117d, State: Initialized, Role: LEARNER
I20260713 09:12:46.071389  1779 consensus_queue.cc:260] T 68ba7458b93c40fe8667dd1c04041b5f P ca8d6ade87194eb79f063b6df5a2117d [NON_LEADER]: Queue going to NON_LEADER mode. State: All replicated index: 0, Majority replicated index: 0, Committed index: 2, Last appended: 1.2, Last appended by leader: 2, Current term: 0, Majority size: -1, State: 0, Mode: NON_LEADER, active raft config: opid_index: 2 OBSOLETE_local: false peers { permanent_uuid: "769abc8fbf7c43c895c1c91e400c8915" member_type: VOTER last_known_addr { host: "127.31.171.129" port: 41193 } } peers { permanent_uuid: "0990b526e9654f3aa35c6f3570191dea" member_type: VOTER last_known_addr { host: "127.31.171.130" port: 33125 } attrs { replace: true } } peers { permanent_uuid: "8a848c3131774aa291e88b1a0411e6af" member_type: VOTER last_known_addr { host: "127.31.171.131" port: 37935 } } peers { permanent_uuid: "ca8d6ade87194eb79f063b6df5a2117d" member_type: NON_VOTER last_known_addr { host: "127.31.171.132" port: 37749 } attrs { promote: true } }
I20260713 09:12:46.075588  1779 ts_tablet_manager.cc:1434] T 68ba7458b93c40fe8667dd1c04041b5f P ca8d6ade87194eb79f063b6df5a2117d: Time spent starting tablet: real 0.008s	user 0.007s	sys 0.000s
I20260713 09:12:46.077760  1106 tablet_copy_service.cc:342] P 769abc8fbf7c43c895c1c91e400c8915: Request end of tablet copy session ca8d6ade87194eb79f063b6df5a2117d-68ba7458b93c40fe8667dd1c04041b5f received from {username='slave'} at 127.0.0.1:47548
I20260713 09:12:46.078154  1106 tablet_copy_service.cc:434] P 769abc8fbf7c43c895c1c91e400c8915: ending tablet copy session ca8d6ade87194eb79f063b6df5a2117d-68ba7458b93c40fe8667dd1c04041b5f on tablet 68ba7458b93c40fe8667dd1c04041b5f with peer ca8d6ade87194eb79f063b6df5a2117d
I20260713 09:12:46.082769  1779 ts_tablet_manager.cc:933] T 1d35809f754c44e88822366b694f2ee0 P ca8d6ade87194eb79f063b6df5a2117d: Initiating tablet copy from peer 769abc8fbf7c43c895c1c91e400c8915 (127.31.171.129:41193)
I20260713 09:12:46.087347  1779 tablet_copy_client.cc:323] T 1d35809f754c44e88822366b694f2ee0 P ca8d6ade87194eb79f063b6df5a2117d: tablet copy: Beginning tablet copy session from remote peer at address 127.31.171.129:41193
I20260713 09:12:46.088806  1106 tablet_copy_service.cc:140] P 769abc8fbf7c43c895c1c91e400c8915: Received BeginTabletCopySession request for tablet 1d35809f754c44e88822366b694f2ee0 from peer ca8d6ade87194eb79f063b6df5a2117d ({username='slave'} at 127.0.0.1:47548)
I20260713 09:12:46.089206  1106 tablet_copy_service.cc:161] P 769abc8fbf7c43c895c1c91e400c8915: Beginning new tablet copy session on tablet 1d35809f754c44e88822366b694f2ee0 from peer ca8d6ade87194eb79f063b6df5a2117d at {username='slave'} at 127.0.0.1:47548: session id = ca8d6ade87194eb79f063b6df5a2117d-1d35809f754c44e88822366b694f2ee0
I20260713 09:12:46.094136  1106 tablet_copy_source_session.cc:215] T 1d35809f754c44e88822366b694f2ee0 P 769abc8fbf7c43c895c1c91e400c8915: Tablet Copy: opened 0 blocks and 1 log segments
I20260713 09:12:46.096493  1779 data_dirs.cc:400] Could only allocate 1 dirs of requested 3 for tablet 1d35809f754c44e88822366b694f2ee0. 1 dirs total, 0 dirs full, 0 dirs failed
I20260713 09:12:46.107190  1779 tablet_copy_client.cc:806] T 1d35809f754c44e88822366b694f2ee0 P ca8d6ade87194eb79f063b6df5a2117d: tablet copy: Starting download of 0 data blocks...
I20260713 09:12:46.107690  1779 tablet_copy_client.cc:670] T 1d35809f754c44e88822366b694f2ee0 P ca8d6ade87194eb79f063b6df5a2117d: tablet copy: Starting download of 1 WAL segments...
I20260713 09:12:46.110360  1779 tablet_copy_client.cc:538] T 1d35809f754c44e88822366b694f2ee0 P ca8d6ade87194eb79f063b6df5a2117d: tablet copy: Tablet Copy complete. Replacing tablet superblock.
I20260713 09:12:46.116385  1779 tablet_bootstrap.cc:492] T 1d35809f754c44e88822366b694f2ee0 P ca8d6ade87194eb79f063b6df5a2117d: Bootstrap starting.
I20260713 09:12:46.131044  1779 tablet_bootstrap.cc:492] T 1d35809f754c44e88822366b694f2ee0 P ca8d6ade87194eb79f063b6df5a2117d: Bootstrap replayed 1/1 log segments. Stats: ops{read=2 overwritten=0 applied=2 ignored=0} inserts{seen=0 ignored=0} mutations{seen=0 ignored=0} orphaned_commits=0. Pending: 0 replicates
I20260713 09:12:46.131662  1779 tablet_bootstrap.cc:492] T 1d35809f754c44e88822366b694f2ee0 P ca8d6ade87194eb79f063b6df5a2117d: Bootstrap complete.
I20260713 09:12:46.132121  1779 ts_tablet_manager.cc:1403] T 1d35809f754c44e88822366b694f2ee0 P ca8d6ade87194eb79f063b6df5a2117d: Time spent bootstrapping tablet: real 0.016s	user 0.009s	sys 0.007s
I20260713 09:12:46.134083  1779 raft_consensus.cc:359] T 1d35809f754c44e88822366b694f2ee0 P ca8d6ade87194eb79f063b6df5a2117d [term 1 LEARNER]: Replica starting. Triggering 0 pending ops. Active config: opid_index: 2 OBSOLETE_local: false peers { permanent_uuid: "769abc8fbf7c43c895c1c91e400c8915" member_type: VOTER last_known_addr { host: "127.31.171.129" port: 41193 } } peers { permanent_uuid: "0990b526e9654f3aa35c6f3570191dea" member_type: VOTER last_known_addr { host: "127.31.171.130" port: 33125 } } peers { permanent_uuid: "8a848c3131774aa291e88b1a0411e6af" member_type: VOTER last_known_addr { host: "127.31.171.131" port: 37935 } attrs { replace: true } } peers { permanent_uuid: "ca8d6ade87194eb79f063b6df5a2117d" member_type: NON_VOTER last_known_addr { host: "127.31.171.132" port: 37749 } attrs { promote: true } }
I20260713 09:12:46.134630  1779 raft_consensus.cc:740] T 1d35809f754c44e88822366b694f2ee0 P ca8d6ade87194eb79f063b6df5a2117d [term 1 LEARNER]: Becoming Follower/Learner. State: Replica: ca8d6ade87194eb79f063b6df5a2117d, State: Initialized, Role: LEARNER
I20260713 09:12:46.135064  1779 consensus_queue.cc:260] T 1d35809f754c44e88822366b694f2ee0 P ca8d6ade87194eb79f063b6df5a2117d [NON_LEADER]: Queue going to NON_LEADER mode. State: All replicated index: 0, Majority replicated index: 0, Committed index: 2, Last appended: 1.2, Last appended by leader: 2, Current term: 0, Majority size: -1, State: 0, Mode: NON_LEADER, active raft config: opid_index: 2 OBSOLETE_local: false peers { permanent_uuid: "769abc8fbf7c43c895c1c91e400c8915" member_type: VOTER last_known_addr { host: "127.31.171.129" port: 41193 } } peers { permanent_uuid: "0990b526e9654f3aa35c6f3570191dea" member_type: VOTER last_known_addr { host: "127.31.171.130" port: 33125 } } peers { permanent_uuid: "8a848c3131774aa291e88b1a0411e6af" member_type: VOTER last_known_addr { host: "127.31.171.131" port: 37935 } attrs { replace: true } } peers { permanent_uuid: "ca8d6ade87194eb79f063b6df5a2117d" member_type: NON_VOTER last_known_addr { host: "127.31.171.132" port: 37749 } attrs { promote: true } }
I20260713 09:12:46.136693  1779 ts_tablet_manager.cc:1434] T 1d35809f754c44e88822366b694f2ee0 P ca8d6ade87194eb79f063b6df5a2117d: Time spent starting tablet: real 0.004s	user 0.000s	sys 0.003s
I20260713 09:12:46.138311  1106 tablet_copy_service.cc:342] P 769abc8fbf7c43c895c1c91e400c8915: Request end of tablet copy session ca8d6ade87194eb79f063b6df5a2117d-1d35809f754c44e88822366b694f2ee0 received from {username='slave'} at 127.0.0.1:47548
I20260713 09:12:46.138707  1106 tablet_copy_service.cc:434] P 769abc8fbf7c43c895c1c91e400c8915: ending tablet copy session ca8d6ade87194eb79f063b6df5a2117d-1d35809f754c44e88822366b694f2ee0 on tablet 1d35809f754c44e88822366b694f2ee0 with peer ca8d6ade87194eb79f063b6df5a2117d
I20260713 09:12:46.190824  1779 ts_tablet_manager.cc:933] T 208a5803f73d4642a5429dc73dba6a1e P ca8d6ade87194eb79f063b6df5a2117d: Initiating tablet copy from peer 8a848c3131774aa291e88b1a0411e6af (127.31.171.131:37935)
I20260713 09:12:46.192792  1779 tablet_copy_client.cc:323] T 208a5803f73d4642a5429dc73dba6a1e P ca8d6ade87194eb79f063b6df5a2117d: tablet copy: Beginning tablet copy session from remote peer at address 127.31.171.131:37935
I20260713 09:12:46.194001  1254 tablet_copy_service.cc:140] P 8a848c3131774aa291e88b1a0411e6af: Received BeginTabletCopySession request for tablet 208a5803f73d4642a5429dc73dba6a1e from peer ca8d6ade87194eb79f063b6df5a2117d ({username='slave'} at 127.0.0.1:57734)
I20260713 09:12:46.194391  1254 tablet_copy_service.cc:161] P 8a848c3131774aa291e88b1a0411e6af: Beginning new tablet copy session on tablet 208a5803f73d4642a5429dc73dba6a1e from peer ca8d6ade87194eb79f063b6df5a2117d at {username='slave'} at 127.0.0.1:57734: session id = ca8d6ade87194eb79f063b6df5a2117d-208a5803f73d4642a5429dc73dba6a1e
I20260713 09:12:46.200320  1254 tablet_copy_source_session.cc:215] T 208a5803f73d4642a5429dc73dba6a1e P 8a848c3131774aa291e88b1a0411e6af: Tablet Copy: opened 0 blocks and 1 log segments
I20260713 09:12:46.202742  1779 data_dirs.cc:400] Could only allocate 1 dirs of requested 3 for tablet 208a5803f73d4642a5429dc73dba6a1e. 1 dirs total, 0 dirs full, 0 dirs failed
I20260713 09:12:46.213459  1779 tablet_copy_client.cc:806] T 208a5803f73d4642a5429dc73dba6a1e P ca8d6ade87194eb79f063b6df5a2117d: tablet copy: Starting download of 0 data blocks...
I20260713 09:12:46.213941  1779 tablet_copy_client.cc:670] T 208a5803f73d4642a5429dc73dba6a1e P ca8d6ade87194eb79f063b6df5a2117d: tablet copy: Starting download of 1 WAL segments...
I20260713 09:12:46.217128  1779 tablet_copy_client.cc:538] T 208a5803f73d4642a5429dc73dba6a1e P ca8d6ade87194eb79f063b6df5a2117d: tablet copy: Tablet Copy complete. Replacing tablet superblock.
I20260713 09:12:46.222863  1779 tablet_bootstrap.cc:492] T 208a5803f73d4642a5429dc73dba6a1e P ca8d6ade87194eb79f063b6df5a2117d: Bootstrap starting.
I20260713 09:12:46.234984  1779 tablet_bootstrap.cc:492] T 208a5803f73d4642a5429dc73dba6a1e P ca8d6ade87194eb79f063b6df5a2117d: Bootstrap replayed 1/1 log segments. Stats: ops{read=2 overwritten=0 applied=2 ignored=0} inserts{seen=0 ignored=0} mutations{seen=0 ignored=0} orphaned_commits=0. Pending: 0 replicates
I20260713 09:12:46.235582  1779 tablet_bootstrap.cc:492] T 208a5803f73d4642a5429dc73dba6a1e P ca8d6ade87194eb79f063b6df5a2117d: Bootstrap complete.
I20260713 09:12:46.236063  1779 ts_tablet_manager.cc:1403] T 208a5803f73d4642a5429dc73dba6a1e P ca8d6ade87194eb79f063b6df5a2117d: Time spent bootstrapping tablet: real 0.013s	user 0.015s	sys 0.001s
I20260713 09:12:46.238083  1779 raft_consensus.cc:359] T 208a5803f73d4642a5429dc73dba6a1e P ca8d6ade87194eb79f063b6df5a2117d [term 1 LEARNER]: Replica starting. Triggering 0 pending ops. Active config: opid_index: 2 OBSOLETE_local: false peers { permanent_uuid: "769abc8fbf7c43c895c1c91e400c8915" member_type: VOTER last_known_addr { host: "127.31.171.129" port: 41193 } attrs { replace: true } } peers { permanent_uuid: "0990b526e9654f3aa35c6f3570191dea" member_type: VOTER last_known_addr { host: "127.31.171.130" port: 33125 } } peers { permanent_uuid: "8a848c3131774aa291e88b1a0411e6af" member_type: VOTER last_known_addr { host: "127.31.171.131" port: 37935 } } peers { permanent_uuid: "ca8d6ade87194eb79f063b6df5a2117d" member_type: NON_VOTER last_known_addr { host: "127.31.171.132" port: 37749 } attrs { promote: true } }
I20260713 09:12:46.238731  1779 raft_consensus.cc:740] T 208a5803f73d4642a5429dc73dba6a1e P ca8d6ade87194eb79f063b6df5a2117d [term 1 LEARNER]: Becoming Follower/Learner. State: Replica: ca8d6ade87194eb79f063b6df5a2117d, State: Initialized, Role: LEARNER
I20260713 09:12:46.239284  1779 consensus_queue.cc:260] T 208a5803f73d4642a5429dc73dba6a1e P ca8d6ade87194eb79f063b6df5a2117d [NON_LEADER]: Queue going to NON_LEADER mode. State: All replicated index: 0, Majority replicated index: 0, Committed index: 2, Last appended: 1.2, Last appended by leader: 2, Current term: 0, Majority size: -1, State: 0, Mode: NON_LEADER, active raft config: opid_index: 2 OBSOLETE_local: false peers { permanent_uuid: "769abc8fbf7c43c895c1c91e400c8915" member_type: VOTER last_known_addr { host: "127.31.171.129" port: 41193 } attrs { replace: true } } peers { permanent_uuid: "0990b526e9654f3aa35c6f3570191dea" member_type: VOTER last_known_addr { host: "127.31.171.130" port: 33125 } } peers { permanent_uuid: "8a848c3131774aa291e88b1a0411e6af" member_type: VOTER last_known_addr { host: "127.31.171.131" port: 37935 } } peers { permanent_uuid: "ca8d6ade87194eb79f063b6df5a2117d" member_type: NON_VOTER last_known_addr { host: "127.31.171.132" port: 37749 } attrs { promote: true } }
I20260713 09:12:46.240928  1779 ts_tablet_manager.cc:1434] T 208a5803f73d4642a5429dc73dba6a1e P ca8d6ade87194eb79f063b6df5a2117d: Time spent starting tablet: real 0.005s	user 0.004s	sys 0.000s
I20260713 09:12:46.242798  1254 tablet_copy_service.cc:342] P 8a848c3131774aa291e88b1a0411e6af: Request end of tablet copy session ca8d6ade87194eb79f063b6df5a2117d-208a5803f73d4642a5429dc73dba6a1e received from {username='slave'} at 127.0.0.1:57734
I20260713 09:12:46.243191  1254 tablet_copy_service.cc:434] P 8a848c3131774aa291e88b1a0411e6af: ending tablet copy session ca8d6ade87194eb79f063b6df5a2117d-208a5803f73d4642a5429dc73dba6a1e on tablet 208a5803f73d4642a5429dc73dba6a1e with peer ca8d6ade87194eb79f063b6df5a2117d
I20260713 09:12:46.253674  1779 ts_tablet_manager.cc:933] T 90fd315668204b4a81ceeec295485f4b P ca8d6ade87194eb79f063b6df5a2117d: Initiating tablet copy from peer 769abc8fbf7c43c895c1c91e400c8915 (127.31.171.129:41193)
I20260713 09:12:46.255136  1779 tablet_copy_client.cc:323] T 90fd315668204b4a81ceeec295485f4b P ca8d6ade87194eb79f063b6df5a2117d: tablet copy: Beginning tablet copy session from remote peer at address 127.31.171.129:41193
I20260713 09:12:46.256362  1106 tablet_copy_service.cc:140] P 769abc8fbf7c43c895c1c91e400c8915: Received BeginTabletCopySession request for tablet 90fd315668204b4a81ceeec295485f4b from peer ca8d6ade87194eb79f063b6df5a2117d ({username='slave'} at 127.0.0.1:47548)
I20260713 09:12:46.256743  1106 tablet_copy_service.cc:161] P 769abc8fbf7c43c895c1c91e400c8915: Beginning new tablet copy session on tablet 90fd315668204b4a81ceeec295485f4b from peer ca8d6ade87194eb79f063b6df5a2117d at {username='slave'} at 127.0.0.1:47548: session id = ca8d6ade87194eb79f063b6df5a2117d-90fd315668204b4a81ceeec295485f4b
I20260713 09:12:46.262169  1106 tablet_copy_source_session.cc:215] T 90fd315668204b4a81ceeec295485f4b P 769abc8fbf7c43c895c1c91e400c8915: Tablet Copy: opened 0 blocks and 1 log segments
I20260713 09:12:46.264623  1779 data_dirs.cc:400] Could only allocate 1 dirs of requested 3 for tablet 90fd315668204b4a81ceeec295485f4b. 1 dirs total, 0 dirs full, 0 dirs failed
I20260713 09:12:46.273411  1779 tablet_copy_client.cc:806] T 90fd315668204b4a81ceeec295485f4b P ca8d6ade87194eb79f063b6df5a2117d: tablet copy: Starting download of 0 data blocks...
I20260713 09:12:46.273893  1779 tablet_copy_client.cc:670] T 90fd315668204b4a81ceeec295485f4b P ca8d6ade87194eb79f063b6df5a2117d: tablet copy: Starting download of 1 WAL segments...
I20260713 09:12:46.276863  1779 tablet_copy_client.cc:538] T 90fd315668204b4a81ceeec295485f4b P ca8d6ade87194eb79f063b6df5a2117d: tablet copy: Tablet Copy complete. Replacing tablet superblock.
I20260713 09:12:46.284473  1779 tablet_bootstrap.cc:492] T 90fd315668204b4a81ceeec295485f4b P ca8d6ade87194eb79f063b6df5a2117d: Bootstrap starting.
I20260713 09:12:46.297988  1779 tablet_bootstrap.cc:492] T 90fd315668204b4a81ceeec295485f4b P ca8d6ade87194eb79f063b6df5a2117d: Bootstrap replayed 1/1 log segments. Stats: ops{read=2 overwritten=0 applied=2 ignored=0} inserts{seen=0 ignored=0} mutations{seen=0 ignored=0} orphaned_commits=0. Pending: 0 replicates
I20260713 09:12:46.298623  1779 tablet_bootstrap.cc:492] T 90fd315668204b4a81ceeec295485f4b P ca8d6ade87194eb79f063b6df5a2117d: Bootstrap complete.
I20260713 09:12:46.299077  1779 ts_tablet_manager.cc:1403] T 90fd315668204b4a81ceeec295485f4b P ca8d6ade87194eb79f063b6df5a2117d: Time spent bootstrapping tablet: real 0.015s	user 0.011s	sys 0.000s
I20260713 09:12:46.300942  1779 raft_consensus.cc:359] T 90fd315668204b4a81ceeec295485f4b P ca8d6ade87194eb79f063b6df5a2117d [term 1 LEARNER]: Replica starting. Triggering 0 pending ops. Active config: opid_index: 2 OBSOLETE_local: false peers { permanent_uuid: "769abc8fbf7c43c895c1c91e400c8915" member_type: VOTER last_known_addr { host: "127.31.171.129" port: 41193 } } peers { permanent_uuid: "0990b526e9654f3aa35c6f3570191dea" member_type: VOTER last_known_addr { host: "127.31.171.130" port: 33125 } } peers { permanent_uuid: "8a848c3131774aa291e88b1a0411e6af" member_type: VOTER last_known_addr { host: "127.31.171.131" port: 37935 } attrs { replace: true } } peers { permanent_uuid: "ca8d6ade87194eb79f063b6df5a2117d" member_type: NON_VOTER last_known_addr { host: "127.31.171.132" port: 37749 } attrs { promote: true } }
I20260713 09:12:46.301450  1779 raft_consensus.cc:740] T 90fd315668204b4a81ceeec295485f4b P ca8d6ade87194eb79f063b6df5a2117d [term 1 LEARNER]: Becoming Follower/Learner. State: Replica: ca8d6ade87194eb79f063b6df5a2117d, State: Initialized, Role: LEARNER
I20260713 09:12:46.301869  1779 consensus_queue.cc:260] T 90fd315668204b4a81ceeec295485f4b P ca8d6ade87194eb79f063b6df5a2117d [NON_LEADER]: Queue going to NON_LEADER mode. State: All replicated index: 0, Majority replicated index: 0, Committed index: 2, Last appended: 1.2, Last appended by leader: 2, Current term: 0, Majority size: -1, State: 0, Mode: NON_LEADER, active raft config: opid_index: 2 OBSOLETE_local: false peers { permanent_uuid: "769abc8fbf7c43c895c1c91e400c8915" member_type: VOTER last_known_addr { host: "127.31.171.129" port: 41193 } } peers { permanent_uuid: "0990b526e9654f3aa35c6f3570191dea" member_type: VOTER last_known_addr { host: "127.31.171.130" port: 33125 } } peers { permanent_uuid: "8a848c3131774aa291e88b1a0411e6af" member_type: VOTER last_known_addr { host: "127.31.171.131" port: 37935 } attrs { replace: true } } peers { permanent_uuid: "ca8d6ade87194eb79f063b6df5a2117d" member_type: NON_VOTER last_known_addr { host: "127.31.171.132" port: 37749 } attrs { promote: true } }
I20260713 09:12:46.303422  1779 ts_tablet_manager.cc:1434] T 90fd315668204b4a81ceeec295485f4b P ca8d6ade87194eb79f063b6df5a2117d: Time spent starting tablet: real 0.004s	user 0.004s	sys 0.000s
I20260713 09:12:46.304790  1106 tablet_copy_service.cc:342] P 769abc8fbf7c43c895c1c91e400c8915: Request end of tablet copy session ca8d6ade87194eb79f063b6df5a2117d-90fd315668204b4a81ceeec295485f4b received from {username='slave'} at 127.0.0.1:47548
I20260713 09:12:46.305197  1106 tablet_copy_service.cc:434] P 769abc8fbf7c43c895c1c91e400c8915: ending tablet copy session ca8d6ade87194eb79f063b6df5a2117d-90fd315668204b4a81ceeec295485f4b on tablet 90fd315668204b4a81ceeec295485f4b with peer ca8d6ade87194eb79f063b6df5a2117d
I20260713 09:12:46.499359  1509 raft_consensus.cc:1217] T 68ba7458b93c40fe8667dd1c04041b5f P ca8d6ade87194eb79f063b6df5a2117d [term 1 LEARNER]: Deduplicated request from leader. Original: 1.1->[1.2-1.2]   Dedup: 1.2->[]
I20260713 09:12:46.629908  1509 raft_consensus.cc:1217] T 90fd315668204b4a81ceeec295485f4b P ca8d6ade87194eb79f063b6df5a2117d [term 1 LEARNER]: Deduplicated request from leader. Original: 1.1->[1.2-1.2]   Dedup: 1.2->[]
I20260713 09:12:46.635222  1509 raft_consensus.cc:1217] T 208a5803f73d4642a5429dc73dba6a1e P ca8d6ade87194eb79f063b6df5a2117d [term 1 LEARNER]: Deduplicated request from leader. Original: 1.1->[1.2-1.2]   Dedup: 1.2->[]
I20260713 09:12:46.679751  1511 raft_consensus.cc:1217] T 1d35809f754c44e88822366b694f2ee0 P ca8d6ade87194eb79f063b6df5a2117d [term 1 LEARNER]: Deduplicated request from leader. Original: 1.1->[1.2-1.2]   Dedup: 1.2->[]
I20260713 09:12:47.050335  1774 raft_consensus.cc:1064] T 208a5803f73d4642a5429dc73dba6a1e P 8a848c3131774aa291e88b1a0411e6af: attempting to promote NON_VOTER ca8d6ade87194eb79f063b6df5a2117d to VOTER
I20260713 09:12:47.052148  1774 consensus_queue.cc:237] T 208a5803f73d4642a5429dc73dba6a1e P 8a848c3131774aa291e88b1a0411e6af [LEADER]: Queue going to LEADER mode. State: All replicated index: 0, Majority replicated index: 2, Committed index: 2, Last appended: 1.2, Last appended by leader: 0, Current term: 1, Majority size: 3, State: 0, Mode: LEADER, active raft config: opid_index: 3 OBSOLETE_local: false peers { permanent_uuid: "769abc8fbf7c43c895c1c91e400c8915" member_type: VOTER last_known_addr { host: "127.31.171.129" port: 41193 } attrs { replace: true } } peers { permanent_uuid: "0990b526e9654f3aa35c6f3570191dea" member_type: VOTER last_known_addr { host: "127.31.171.130" port: 33125 } } peers { permanent_uuid: "8a848c3131774aa291e88b1a0411e6af" member_type: VOTER last_known_addr { host: "127.31.171.131" port: 37935 } } peers { permanent_uuid: "ca8d6ade87194eb79f063b6df5a2117d" member_type: VOTER last_known_addr { host: "127.31.171.132" port: 37749 } attrs { promote: false } }
I20260713 09:12:47.057753  1171 raft_consensus.cc:1275] T 208a5803f73d4642a5429dc73dba6a1e P 0990b526e9654f3aa35c6f3570191dea [term 1 FOLLOWER]: Refusing update from remote peer 8a848c3131774aa291e88b1a0411e6af: Log matching property violated. Preceding OpId in replica: term: 1 index: 2. Preceding OpId from leader: term: 1 index: 3. (index mismatch)
I20260713 09:12:47.057753  1511 raft_consensus.cc:1275] T 208a5803f73d4642a5429dc73dba6a1e P ca8d6ade87194eb79f063b6df5a2117d [term 1 LEARNER]: Refusing update from remote peer 8a848c3131774aa291e88b1a0411e6af: Log matching property violated. Preceding OpId in replica: term: 1 index: 2. Preceding OpId from leader: term: 1 index: 3. (index mismatch)
I20260713 09:12:47.059098  1093 raft_consensus.cc:1275] T 208a5803f73d4642a5429dc73dba6a1e P 769abc8fbf7c43c895c1c91e400c8915 [term 1 FOLLOWER]: Refusing update from remote peer 8a848c3131774aa291e88b1a0411e6af: Log matching property violated. Preceding OpId in replica: term: 1 index: 2. Preceding OpId from leader: term: 1 index: 3. (index mismatch)
I20260713 09:12:47.059291  1791 consensus_queue.cc:1048] T 208a5803f73d4642a5429dc73dba6a1e P 8a848c3131774aa291e88b1a0411e6af [LEADER]: Connected to new peer: Peer: permanent_uuid: "0990b526e9654f3aa35c6f3570191dea" member_type: VOTER last_known_addr { host: "127.31.171.130" port: 33125 }, Status: LMP_MISMATCH, Last received: 0.0, Next index: 3, Last known committed idx: 2, Time since last communication: 0.000s
I20260713 09:12:47.060339  1774 consensus_queue.cc:1048] T 208a5803f73d4642a5429dc73dba6a1e P 8a848c3131774aa291e88b1a0411e6af [LEADER]: Connected to new peer: Peer: permanent_uuid: "ca8d6ade87194eb79f063b6df5a2117d" member_type: VOTER last_known_addr { host: "127.31.171.132" port: 37749 } attrs { promote: false }, Status: LMP_MISMATCH, Last received: 0.0, Next index: 3, Last known committed idx: 2, Time since last communication: 0.000s
I20260713 09:12:47.061118  1757 consensus_queue.cc:1048] T 208a5803f73d4642a5429dc73dba6a1e P 8a848c3131774aa291e88b1a0411e6af [LEADER]: Connected to new peer: Peer: permanent_uuid: "769abc8fbf7c43c895c1c91e400c8915" member_type: VOTER last_known_addr { host: "127.31.171.129" port: 41193 } attrs { replace: true }, Status: LMP_MISMATCH, Last received: 0.0, Next index: 3, Last known committed idx: 2, Time since last communication: 0.000s
I20260713 09:12:47.070715  1762 raft_consensus.cc:1064] T 90fd315668204b4a81ceeec295485f4b P 769abc8fbf7c43c895c1c91e400c8915: attempting to promote NON_VOTER ca8d6ade87194eb79f063b6df5a2117d to VOTER
I20260713 09:12:47.073146  1762 consensus_queue.cc:237] T 90fd315668204b4a81ceeec295485f4b P 769abc8fbf7c43c895c1c91e400c8915 [LEADER]: Queue going to LEADER mode. State: All replicated index: 0, Majority replicated index: 2, Committed index: 2, Last appended: 1.2, Last appended by leader: 0, Current term: 1, Majority size: 3, State: 0, Mode: LEADER, active raft config: opid_index: 3 OBSOLETE_local: false peers { permanent_uuid: "769abc8fbf7c43c895c1c91e400c8915" member_type: VOTER last_known_addr { host: "127.31.171.129" port: 41193 } } peers { permanent_uuid: "0990b526e9654f3aa35c6f3570191dea" member_type: VOTER last_known_addr { host: "127.31.171.130" port: 33125 } } peers { permanent_uuid: "8a848c3131774aa291e88b1a0411e6af" member_type: VOTER last_known_addr { host: "127.31.171.131" port: 37935 } attrs { replace: true } } peers { permanent_uuid: "ca8d6ade87194eb79f063b6df5a2117d" member_type: VOTER last_known_addr { host: "127.31.171.132" port: 37749 } attrs { promote: false } }
I20260713 09:12:47.091084  1511 raft_consensus.cc:1275] T 90fd315668204b4a81ceeec295485f4b P ca8d6ade87194eb79f063b6df5a2117d [term 1 LEARNER]: Refusing update from remote peer 769abc8fbf7c43c895c1c91e400c8915: Log matching property violated. Preceding OpId in replica: term: 1 index: 2. Preceding OpId from leader: term: 1 index: 3. (index mismatch)
I20260713 09:12:47.090001  1796 raft_consensus.cc:2955] T 208a5803f73d4642a5429dc73dba6a1e P 8a848c3131774aa291e88b1a0411e6af [term 1 LEADER]: Committing config change with OpId 1.3: config changed from index 2 to 3, ca8d6ade87194eb79f063b6df5a2117d (127.31.171.132) changed from NON_VOTER to VOTER. New config: { opid_index: 3 OBSOLETE_local: false peers { permanent_uuid: "769abc8fbf7c43c895c1c91e400c8915" member_type: VOTER last_known_addr { host: "127.31.171.129" port: 41193 } attrs { replace: true } } peers { permanent_uuid: "0990b526e9654f3aa35c6f3570191dea" member_type: VOTER last_known_addr { host: "127.31.171.130" port: 33125 } } peers { permanent_uuid: "8a848c3131774aa291e88b1a0411e6af" member_type: VOTER last_known_addr { host: "127.31.171.131" port: 37935 } } peers { permanent_uuid: "ca8d6ade87194eb79f063b6df5a2117d" member_type: VOTER last_known_addr { host: "127.31.171.132" port: 37749 } attrs { promote: false } } }
I20260713 09:12:47.091908  1509 raft_consensus.cc:2955] T 208a5803f73d4642a5429dc73dba6a1e P ca8d6ade87194eb79f063b6df5a2117d [term 1 FOLLOWER]: Committing config change with OpId 1.3: config changed from index 2 to 3, ca8d6ade87194eb79f063b6df5a2117d (127.31.171.132) changed from NON_VOTER to VOTER. New config: { opid_index: 3 OBSOLETE_local: false peers { permanent_uuid: "769abc8fbf7c43c895c1c91e400c8915" member_type: VOTER last_known_addr { host: "127.31.171.129" port: 41193 } attrs { replace: true } } peers { permanent_uuid: "0990b526e9654f3aa35c6f3570191dea" member_type: VOTER last_known_addr { host: "127.31.171.130" port: 33125 } } peers { permanent_uuid: "8a848c3131774aa291e88b1a0411e6af" member_type: VOTER last_known_addr { host: "127.31.171.131" port: 37935 } } peers { permanent_uuid: "ca8d6ade87194eb79f063b6df5a2117d" member_type: VOTER last_known_addr { host: "127.31.171.132" port: 37749 } attrs { promote: false } } }
I20260713 09:12:47.092665  1790 consensus_queue.cc:1048] T 90fd315668204b4a81ceeec295485f4b P 769abc8fbf7c43c895c1c91e400c8915 [LEADER]: Connected to new peer: Peer: permanent_uuid: "ca8d6ade87194eb79f063b6df5a2117d" member_type: VOTER last_known_addr { host: "127.31.171.132" port: 37749 } attrs { promote: false }, Status: LMP_MISMATCH, Last received: 0.0, Next index: 3, Last known committed idx: 2, Time since last communication: 0.000s
I20260713 09:12:47.098657  1242 raft_consensus.cc:1275] T 90fd315668204b4a81ceeec295485f4b P 8a848c3131774aa291e88b1a0411e6af [term 1 FOLLOWER]: Refusing update from remote peer 769abc8fbf7c43c895c1c91e400c8915: Log matching property violated. Preceding OpId in replica: term: 1 index: 2. Preceding OpId from leader: term: 1 index: 3. (index mismatch)
I20260713 09:12:47.100132  1168 raft_consensus.cc:1275] T 90fd315668204b4a81ceeec295485f4b P 0990b526e9654f3aa35c6f3570191dea [term 1 FOLLOWER]: Refusing update from remote peer 769abc8fbf7c43c895c1c91e400c8915: Log matching property violated. Preceding OpId in replica: term: 1 index: 2. Preceding OpId from leader: term: 1 index: 3. (index mismatch)
I20260713 09:12:47.100054  1763 consensus_queue.cc:1048] T 90fd315668204b4a81ceeec295485f4b P 769abc8fbf7c43c895c1c91e400c8915 [LEADER]: Connected to new peer: Peer: permanent_uuid: "8a848c3131774aa291e88b1a0411e6af" member_type: VOTER last_known_addr { host: "127.31.171.131" port: 37935 } attrs { replace: true }, Status: LMP_MISMATCH, Last received: 0.0, Next index: 3, Last known committed idx: 2, Time since last communication: 0.000s
I20260713 09:12:47.111028   992 catalog_manager.cc:5697] T 208a5803f73d4642a5429dc73dba6a1e P ca8d6ade87194eb79f063b6df5a2117d reported cstate change: config changed from index 2 to 3, ca8d6ade87194eb79f063b6df5a2117d (127.31.171.132) changed from NON_VOTER to VOTER. New cstate: current_term: 1 leader_uuid: "8a848c3131774aa291e88b1a0411e6af" committed_config { opid_index: 3 OBSOLETE_local: false peers { permanent_uuid: "769abc8fbf7c43c895c1c91e400c8915" member_type: VOTER last_known_addr { host: "127.31.171.129" port: 41193 } attrs { replace: true } } peers { permanent_uuid: "0990b526e9654f3aa35c6f3570191dea" member_type: VOTER last_known_addr { host: "127.31.171.130" port: 33125 } } peers { permanent_uuid: "8a848c3131774aa291e88b1a0411e6af" member_type: VOTER last_known_addr { host: "127.31.171.131" port: 37935 } } peers { permanent_uuid: "ca8d6ade87194eb79f063b6df5a2117d" member_type: VOTER last_known_addr { host: "127.31.171.132" port: 37749 } attrs { promote: false } } }
I20260713 09:12:47.117022  1763 consensus_queue.cc:1048] T 90fd315668204b4a81ceeec295485f4b P 769abc8fbf7c43c895c1c91e400c8915 [LEADER]: Connected to new peer: Peer: permanent_uuid: "0990b526e9654f3aa35c6f3570191dea" member_type: VOTER last_known_addr { host: "127.31.171.130" port: 33125 }, Status: LMP_MISMATCH, Last received: 0.0, Next index: 3, Last known committed idx: 2, Time since last communication: 0.000s
I20260713 09:12:47.174870  1790 raft_consensus.cc:2955] T 90fd315668204b4a81ceeec295485f4b P 769abc8fbf7c43c895c1c91e400c8915 [term 1 LEADER]: Committing config change with OpId 1.3: config changed from index 2 to 3, ca8d6ade87194eb79f063b6df5a2117d (127.31.171.132) changed from NON_VOTER to VOTER. New config: { opid_index: 3 OBSOLETE_local: false peers { permanent_uuid: "769abc8fbf7c43c895c1c91e400c8915" member_type: VOTER last_known_addr { host: "127.31.171.129" port: 41193 } } peers { permanent_uuid: "0990b526e9654f3aa35c6f3570191dea" member_type: VOTER last_known_addr { host: "127.31.171.130" port: 33125 } } peers { permanent_uuid: "8a848c3131774aa291e88b1a0411e6af" member_type: VOTER last_known_addr { host: "127.31.171.131" port: 37935 } attrs { replace: true } } peers { permanent_uuid: "ca8d6ade87194eb79f063b6df5a2117d" member_type: VOTER last_known_addr { host: "127.31.171.132" port: 37749 } attrs { promote: false } } }
I20260713 09:12:47.179877  1243 raft_consensus.cc:2955] T 90fd315668204b4a81ceeec295485f4b P 8a848c3131774aa291e88b1a0411e6af [term 1 FOLLOWER]: Committing config change with OpId 1.3: config changed from index 2 to 3, ca8d6ade87194eb79f063b6df5a2117d (127.31.171.132) changed from NON_VOTER to VOTER. New config: { opid_index: 3 OBSOLETE_local: false peers { permanent_uuid: "769abc8fbf7c43c895c1c91e400c8915" member_type: VOTER last_known_addr { host: "127.31.171.129" port: 41193 } } peers { permanent_uuid: "0990b526e9654f3aa35c6f3570191dea" member_type: VOTER last_known_addr { host: "127.31.171.130" port: 33125 } } peers { permanent_uuid: "8a848c3131774aa291e88b1a0411e6af" member_type: VOTER last_known_addr { host: "127.31.171.131" port: 37935 } attrs { replace: true } } peers { permanent_uuid: "ca8d6ade87194eb79f063b6df5a2117d" member_type: VOTER last_known_addr { host: "127.31.171.132" port: 37749 } attrs { promote: false } } }
I20260713 09:12:47.195310  1168 raft_consensus.cc:2955] T 90fd315668204b4a81ceeec295485f4b P 0990b526e9654f3aa35c6f3570191dea [term 1 FOLLOWER]: Committing config change with OpId 1.3: config changed from index 2 to 3, ca8d6ade87194eb79f063b6df5a2117d (127.31.171.132) changed from NON_VOTER to VOTER. New config: { opid_index: 3 OBSOLETE_local: false peers { permanent_uuid: "769abc8fbf7c43c895c1c91e400c8915" member_type: VOTER last_known_addr { host: "127.31.171.129" port: 41193 } } peers { permanent_uuid: "0990b526e9654f3aa35c6f3570191dea" member_type: VOTER last_known_addr { host: "127.31.171.130" port: 33125 } } peers { permanent_uuid: "8a848c3131774aa291e88b1a0411e6af" member_type: VOTER last_known_addr { host: "127.31.171.131" port: 37935 } attrs { replace: true } } peers { permanent_uuid: "ca8d6ade87194eb79f063b6df5a2117d" member_type: VOTER last_known_addr { host: "127.31.171.132" port: 37749 } attrs { promote: false } } }
W20260713 09:12:47.210259  1062 outbound_call.cc:321] RPC callback for RPC call kudu.consensus.ConsensusService.UpdateConsensus -> {remote=127.31.171.132:37749, user_credentials={real_user=slave}} blocked reactor thread for 102614us
I20260713 09:12:47.212178  1093 raft_consensus.cc:2955] T 208a5803f73d4642a5429dc73dba6a1e P 769abc8fbf7c43c895c1c91e400c8915 [term 1 FOLLOWER]: Committing config change with OpId 1.3: config changed from index 2 to 3, ca8d6ade87194eb79f063b6df5a2117d (127.31.171.132) changed from NON_VOTER to VOTER. New config: { opid_index: 3 OBSOLETE_local: false peers { permanent_uuid: "769abc8fbf7c43c895c1c91e400c8915" member_type: VOTER last_known_addr { host: "127.31.171.129" port: 41193 } attrs { replace: true } } peers { permanent_uuid: "0990b526e9654f3aa35c6f3570191dea" member_type: VOTER last_known_addr { host: "127.31.171.130" port: 33125 } } peers { permanent_uuid: "8a848c3131774aa291e88b1a0411e6af" member_type: VOTER last_known_addr { host: "127.31.171.131" port: 37935 } } peers { permanent_uuid: "ca8d6ade87194eb79f063b6df5a2117d" member_type: VOTER last_known_addr { host: "127.31.171.132" port: 37749 } attrs { promote: false } } }
I20260713 09:12:47.217734  1510 raft_consensus.cc:2955] T 90fd315668204b4a81ceeec295485f4b P ca8d6ade87194eb79f063b6df5a2117d [term 1 FOLLOWER]: Committing config change with OpId 1.3: config changed from index 2 to 3, ca8d6ade87194eb79f063b6df5a2117d (127.31.171.132) changed from NON_VOTER to VOTER. New config: { opid_index: 3 OBSOLETE_local: false peers { permanent_uuid: "769abc8fbf7c43c895c1c91e400c8915" member_type: VOTER last_known_addr { host: "127.31.171.129" port: 41193 } } peers { permanent_uuid: "0990b526e9654f3aa35c6f3570191dea" member_type: VOTER last_known_addr { host: "127.31.171.130" port: 33125 } } peers { permanent_uuid: "8a848c3131774aa291e88b1a0411e6af" member_type: VOTER last_known_addr { host: "127.31.171.131" port: 37935 } attrs { replace: true } } peers { permanent_uuid: "ca8d6ade87194eb79f063b6df5a2117d" member_type: VOTER last_known_addr { host: "127.31.171.132" port: 37749 } attrs { promote: false } } }
I20260713 09:12:47.226537   994 catalog_manager.cc:5697] T 90fd315668204b4a81ceeec295485f4b P 0990b526e9654f3aa35c6f3570191dea reported cstate change: config changed from index 2 to 3, ca8d6ade87194eb79f063b6df5a2117d (127.31.171.132) changed from NON_VOTER to VOTER. New cstate: current_term: 1 leader_uuid: "769abc8fbf7c43c895c1c91e400c8915" committed_config { opid_index: 3 OBSOLETE_local: false peers { permanent_uuid: "769abc8fbf7c43c895c1c91e400c8915" member_type: VOTER last_known_addr { host: "127.31.171.129" port: 41193 } } peers { permanent_uuid: "0990b526e9654f3aa35c6f3570191dea" member_type: VOTER last_known_addr { host: "127.31.171.130" port: 33125 } } peers { permanent_uuid: "8a848c3131774aa291e88b1a0411e6af" member_type: VOTER last_known_addr { host: "127.31.171.131" port: 37935 } attrs { replace: true } } peers { permanent_uuid: "ca8d6ade87194eb79f063b6df5a2117d" member_type: VOTER last_known_addr { host: "127.31.171.132" port: 37749 } attrs { promote: false } } }
