I20260713 09:12:43.118052  1713 consensus_queue.cc:260] T 02a24d4daf684815a642c5e64a93a176 P ca8d6ade87194eb79f063b6df5a2117d [NON_LEADER]: Queue going to NON_LEADER mode. State: All replicated index: 0, Majority replicated index: 0, Committed index: 2, Last appended: 1.2, Last appended by leader: 2, Current term: 0, Majority size: -1, State: 0, Mode: NON_LEADER, active raft config: opid_index: 2 OBSOLETE_local: false peers { permanent_uuid: "769abc8fbf7c43c895c1c91e400c8915" member_type: VOTER last_known_addr { host: "127.31.171.129" port: 41193 } } peers { permanent_uuid: "0990b526e9654f3aa35c6f3570191dea" member_type: VOTER last_known_addr { host: "127.31.171.130" port: 33125 } } peers { permanent_uuid: "8a848c3131774aa291e88b1a0411e6af" member_type: VOTER last_known_addr { host: "127.31.171.131" port: 37935 } attrs { replace: true } } peers { permanent_uuid: "ca8d6ade87194eb79f063b6df5a2117d" member_type: NON_VOTER last_known_addr { host: "127.31.171.132" port: 37749 } attrs { promote: true } }
I20260713 09:12:43.120996  1713 ts_tablet_manager.cc:1434] T 02a24d4daf684815a642c5e64a93a176 P ca8d6ade87194eb79f063b6df5a2117d: Time spent starting tablet: real 0.006s	user 0.001s	sys 0.007s
I20260713 09:12:43.122653  1106 tablet_copy_service.cc:342] P 769abc8fbf7c43c895c1c91e400c8915: Request end of tablet copy session ca8d6ade87194eb79f063b6df5a2117d-02a24d4daf684815a642c5e64a93a176 received from {username='slave'} at 127.0.0.1:47548
I20260713 09:12:43.123082  1717 ts_tablet_manager.cc:933] T 2c6f2dd74da84b9291c2f78a6bb01c54 P ca8d6ade87194eb79f063b6df5a2117d: Initiating tablet copy from peer 0990b526e9654f3aa35c6f3570191dea (127.31.171.130:33125)
I20260713 09:12:43.123057  1106 tablet_copy_service.cc:434] P 769abc8fbf7c43c895c1c91e400c8915: ending tablet copy session ca8d6ade87194eb79f063b6df5a2117d-02a24d4daf684815a642c5e64a93a176 on tablet 02a24d4daf684815a642c5e64a93a176 with peer ca8d6ade87194eb79f063b6df5a2117d
I20260713 09:12:43.127663  1717 tablet_copy_client.cc:323] T 2c6f2dd74da84b9291c2f78a6bb01c54 P ca8d6ade87194eb79f063b6df5a2117d: tablet copy: Beginning tablet copy session from remote peer at address 127.31.171.130:33125
I20260713 09:12:43.129179  1181 tablet_copy_service.cc:140] P 0990b526e9654f3aa35c6f3570191dea: Received BeginTabletCopySession request for tablet 2c6f2dd74da84b9291c2f78a6bb01c54 from peer ca8d6ade87194eb79f063b6df5a2117d ({username='slave'} at 127.0.0.1:37714)
I20260713 09:12:43.129676  1181 tablet_copy_service.cc:161] P 0990b526e9654f3aa35c6f3570191dea: Beginning new tablet copy session on tablet 2c6f2dd74da84b9291c2f78a6bb01c54 from peer ca8d6ade87194eb79f063b6df5a2117d at {username='slave'} at 127.0.0.1:37714: session id = ca8d6ade87194eb79f063b6df5a2117d-2c6f2dd74da84b9291c2f78a6bb01c54
I20260713 09:12:43.136767  1181 tablet_copy_source_session.cc:215] T 2c6f2dd74da84b9291c2f78a6bb01c54 P 0990b526e9654f3aa35c6f3570191dea: Tablet Copy: opened 0 blocks and 1 log segments
I20260713 09:12:43.139138  1717 data_dirs.cc:400] Could only allocate 1 dirs of requested 3 for tablet 2c6f2dd74da84b9291c2f78a6bb01c54. 1 dirs total, 0 dirs full, 0 dirs failed
I20260713 09:12:43.149629  1717 tablet_copy_client.cc:806] T 2c6f2dd74da84b9291c2f78a6bb01c54 P ca8d6ade87194eb79f063b6df5a2117d: tablet copy: Starting download of 0 data blocks...
I20260713 09:12:43.150156  1717 tablet_copy_client.cc:670] T 2c6f2dd74da84b9291c2f78a6bb01c54 P ca8d6ade87194eb79f063b6df5a2117d: tablet copy: Starting download of 1 WAL segments...
I20260713 09:12:43.153460  1717 tablet_copy_client.cc:538] T 2c6f2dd74da84b9291c2f78a6bb01c54 P ca8d6ade87194eb79f063b6df5a2117d: tablet copy: Tablet Copy complete. Replacing tablet superblock.
I20260713 09:12:43.158874  1717 tablet_bootstrap.cc:492] T 2c6f2dd74da84b9291c2f78a6bb01c54 P ca8d6ade87194eb79f063b6df5a2117d: Bootstrap starting.
I20260713 09:12:43.172684  1717 tablet_bootstrap.cc:492] T 2c6f2dd74da84b9291c2f78a6bb01c54 P ca8d6ade87194eb79f063b6df5a2117d: Bootstrap replayed 1/1 log segments. Stats: ops{read=2 overwritten=0 applied=2 ignored=0} inserts{seen=0 ignored=0} mutations{seen=0 ignored=0} orphaned_commits=0. Pending: 0 replicates
I20260713 09:12:43.173285  1717 tablet_bootstrap.cc:492] T 2c6f2dd74da84b9291c2f78a6bb01c54 P ca8d6ade87194eb79f063b6df5a2117d: Bootstrap complete.
I20260713 09:12:43.173761  1717 ts_tablet_manager.cc:1403] T 2c6f2dd74da84b9291c2f78a6bb01c54 P ca8d6ade87194eb79f063b6df5a2117d: Time spent bootstrapping tablet: real 0.015s	user 0.011s	sys 0.004s
I20260713 09:12:43.175807  1717 raft_consensus.cc:359] T 2c6f2dd74da84b9291c2f78a6bb01c54 P ca8d6ade87194eb79f063b6df5a2117d [term 1 LEARNER]: Replica starting. Triggering 0 pending ops. Active config: opid_index: 2 OBSOLETE_local: false peers { permanent_uuid: "769abc8fbf7c43c895c1c91e400c8915" member_type: VOTER last_known_addr { host: "127.31.171.129" port: 41193 } attrs { replace: true } } peers { permanent_uuid: "0990b526e9654f3aa35c6f3570191dea" member_type: VOTER last_known_addr { host: "127.31.171.130" port: 33125 } } peers { permanent_uuid: "8a848c3131774aa291e88b1a0411e6af" member_type: VOTER last_known_addr { host: "127.31.171.131" port: 37935 } } peers { permanent_uuid: "ca8d6ade87194eb79f063b6df5a2117d" member_type: NON_VOTER last_known_addr { host: "127.31.171.132" port: 37749 } attrs { promote: true } }
I20260713 09:12:43.176353  1717 raft_consensus.cc:740] T 2c6f2dd74da84b9291c2f78a6bb01c54 P ca8d6ade87194eb79f063b6df5a2117d [term 1 LEARNER]: Becoming Follower/Learner. State: Replica: ca8d6ade87194eb79f063b6df5a2117d, State: Initialized, Role: LEARNER
I20260713 09:12:43.176813  1717 consensus_queue.cc:260] T 2c6f2dd74da84b9291c2f78a6bb01c54 P ca8d6ade87194eb79f063b6df5a2117d [NON_LEADER]: Queue going to NON_LEADER mode. State: All replicated index: 0, Majority replicated index: 0, Committed index: 2, Last appended: 1.2, Last appended by leader: 2, Current term: 0, Majority size: -1, State: 0, Mode: NON_LEADER, active raft config: opid_index: 2 OBSOLETE_local: false peers { permanent_uuid: "769abc8fbf7c43c895c1c91e400c8915" member_type: VOTER last_known_addr { host: "127.31.171.129" port: 41193 } attrs { replace: true } } peers { permanent_uuid: "0990b526e9654f3aa35c6f3570191dea" member_type: VOTER last_known_addr { host: "127.31.171.130" port: 33125 } } peers { permanent_uuid: "8a848c3131774aa291e88b1a0411e6af" member_type: VOTER last_known_addr { host: "127.31.171.131" port: 37935 } } peers { permanent_uuid: "ca8d6ade87194eb79f063b6df5a2117d" member_type: NON_VOTER last_known_addr { host: "127.31.171.132" port: 37749 } attrs { promote: true } }
I20260713 09:12:43.178429  1717 ts_tablet_manager.cc:1434] T 2c6f2dd74da84b9291c2f78a6bb01c54 P ca8d6ade87194eb79f063b6df5a2117d: Time spent starting tablet: real 0.004s	user 0.004s	sys 0.000s
I20260713 09:12:43.180177  1181 tablet_copy_service.cc:342] P 0990b526e9654f3aa35c6f3570191dea: Request end of tablet copy session ca8d6ade87194eb79f063b6df5a2117d-2c6f2dd74da84b9291c2f78a6bb01c54 received from {username='slave'} at 127.0.0.1:37714
I20260713 09:12:43.180509  1181 tablet_copy_service.cc:434] P 0990b526e9654f3aa35c6f3570191dea: ending tablet copy session ca8d6ade87194eb79f063b6df5a2117d-2c6f2dd74da84b9291c2f78a6bb01c54 on tablet 2c6f2dd74da84b9291c2f78a6bb01c54 with peer ca8d6ade87194eb79f063b6df5a2117d
I20260713 09:12:43.221963  1717 ts_tablet_manager.cc:933] T a8bd699bc3354d719a41e88a4e97b7f4 P ca8d6ade87194eb79f063b6df5a2117d: Initiating tablet copy from peer 769abc8fbf7c43c895c1c91e400c8915 (127.31.171.129:41193)
I20260713 09:12:43.223476  1717 tablet_copy_client.cc:323] T a8bd699bc3354d719a41e88a4e97b7f4 P ca8d6ade87194eb79f063b6df5a2117d: tablet copy: Beginning tablet copy session from remote peer at address 127.31.171.129:41193
I20260713 09:12:43.224907  1106 tablet_copy_service.cc:140] P 769abc8fbf7c43c895c1c91e400c8915: Received BeginTabletCopySession request for tablet a8bd699bc3354d719a41e88a4e97b7f4 from peer ca8d6ade87194eb79f063b6df5a2117d ({username='slave'} at 127.0.0.1:47548)
I20260713 09:12:43.225311  1106 tablet_copy_service.cc:161] P 769abc8fbf7c43c895c1c91e400c8915: Beginning new tablet copy session on tablet a8bd699bc3354d719a41e88a4e97b7f4 from peer ca8d6ade87194eb79f063b6df5a2117d at {username='slave'} at 127.0.0.1:47548: session id = ca8d6ade87194eb79f063b6df5a2117d-a8bd699bc3354d719a41e88a4e97b7f4
I20260713 09:12:43.230633  1106 tablet_copy_source_session.cc:215] T a8bd699bc3354d719a41e88a4e97b7f4 P 769abc8fbf7c43c895c1c91e400c8915: Tablet Copy: opened 0 blocks and 1 log segments
I20260713 09:12:43.233626  1717 data_dirs.cc:400] Could only allocate 1 dirs of requested 3 for tablet a8bd699bc3354d719a41e88a4e97b7f4. 1 dirs total, 0 dirs full, 0 dirs failed
I20260713 09:12:43.244915  1713 ts_tablet_manager.cc:933] T a14388b009e845cf9457966008612a14 P ca8d6ade87194eb79f063b6df5a2117d: Initiating tablet copy from peer 8a848c3131774aa291e88b1a0411e6af (127.31.171.131:37935)
I20260713 09:12:43.252182  1717 tablet_copy_client.cc:806] T a8bd699bc3354d719a41e88a4e97b7f4 P ca8d6ade87194eb79f063b6df5a2117d: tablet copy: Starting download of 0 data blocks...
I20260713 09:12:43.252846  1717 tablet_copy_client.cc:670] T a8bd699bc3354d719a41e88a4e97b7f4 P ca8d6ade87194eb79f063b6df5a2117d: tablet copy: Starting download of 1 WAL segments...
I20260713 09:12:43.255663  1713 tablet_copy_client.cc:323] T a14388b009e845cf9457966008612a14 P ca8d6ade87194eb79f063b6df5a2117d: tablet copy: Beginning tablet copy session from remote peer at address 127.31.171.131:37935
I20260713 09:12:43.257367  1254 tablet_copy_service.cc:140] P 8a848c3131774aa291e88b1a0411e6af: Received BeginTabletCopySession request for tablet a14388b009e845cf9457966008612a14 from peer ca8d6ade87194eb79f063b6df5a2117d ({username='slave'} at 127.0.0.1:57734)
I20260713 09:12:43.257967  1254 tablet_copy_service.cc:161] P 8a848c3131774aa291e88b1a0411e6af: Beginning new tablet copy session on tablet a14388b009e845cf9457966008612a14 from peer ca8d6ade87194eb79f063b6df5a2117d at {username='slave'} at 127.0.0.1:57734: session id = ca8d6ade87194eb79f063b6df5a2117d-a14388b009e845cf9457966008612a14
I20260713 09:12:43.259967  1717 tablet_copy_client.cc:538] T a8bd699bc3354d719a41e88a4e97b7f4 P ca8d6ade87194eb79f063b6df5a2117d: tablet copy: Tablet Copy complete. Replacing tablet superblock.
I20260713 09:12:43.263854  1254 tablet_copy_source_session.cc:215] T a14388b009e845cf9457966008612a14 P 8a848c3131774aa291e88b1a0411e6af: Tablet Copy: opened 0 blocks and 1 log segments
I20260713 09:12:43.266180  1713 data_dirs.cc:400] Could only allocate 1 dirs of requested 3 for tablet a14388b009e845cf9457966008612a14. 1 dirs total, 0 dirs full, 0 dirs failed
I20260713 09:12:43.268251  1717 tablet_bootstrap.cc:492] T a8bd699bc3354d719a41e88a4e97b7f4 P ca8d6ade87194eb79f063b6df5a2117d: Bootstrap starting.
I20260713 09:12:43.276969  1713 tablet_copy_client.cc:806] T a14388b009e845cf9457966008612a14 P ca8d6ade87194eb79f063b6df5a2117d: tablet copy: Starting download of 0 data blocks...
I20260713 09:12:43.277487  1713 tablet_copy_client.cc:670] T a14388b009e845cf9457966008612a14 P ca8d6ade87194eb79f063b6df5a2117d: tablet copy: Starting download of 1 WAL segments...
I20260713 09:12:43.281332  1713 tablet_copy_client.cc:538] T a14388b009e845cf9457966008612a14 P ca8d6ade87194eb79f063b6df5a2117d: tablet copy: Tablet Copy complete. Replacing tablet superblock.
I20260713 09:12:43.289456  1713 tablet_bootstrap.cc:492] T a14388b009e845cf9457966008612a14 P ca8d6ade87194eb79f063b6df5a2117d: Bootstrap starting.
I20260713 09:12:43.298617  1717 tablet_bootstrap.cc:492] T a8bd699bc3354d719a41e88a4e97b7f4 P ca8d6ade87194eb79f063b6df5a2117d: Bootstrap replayed 1/1 log segments. Stats: ops{read=2 overwritten=0 applied=2 ignored=0} inserts{seen=0 ignored=0} mutations{seen=0 ignored=0} orphaned_commits=0. Pending: 0 replicates
I20260713 09:12:43.299479  1717 tablet_bootstrap.cc:492] T a8bd699bc3354d719a41e88a4e97b7f4 P ca8d6ade87194eb79f063b6df5a2117d: Bootstrap complete.
I20260713 09:12:43.300092  1717 ts_tablet_manager.cc:1403] T a8bd699bc3354d719a41e88a4e97b7f4 P ca8d6ade87194eb79f063b6df5a2117d: Time spent bootstrapping tablet: real 0.032s	user 0.007s	sys 0.022s
I20260713 09:12:43.303220  1717 raft_consensus.cc:359] T a8bd699bc3354d719a41e88a4e97b7f4 P ca8d6ade87194eb79f063b6df5a2117d [term 1 LEARNER]: Replica starting. Triggering 0 pending ops. Active config: opid_index: 2 OBSOLETE_local: false peers { permanent_uuid: "769abc8fbf7c43c895c1c91e400c8915" member_type: VOTER last_known_addr { host: "127.31.171.129" port: 41193 } } peers { permanent_uuid: "0990b526e9654f3aa35c6f3570191dea" member_type: VOTER last_known_addr { host: "127.31.171.130" port: 33125 } } peers { permanent_uuid: "8a848c3131774aa291e88b1a0411e6af" member_type: VOTER last_known_addr { host: "127.31.171.131" port: 37935 } attrs { replace: true } } peers { permanent_uuid: "ca8d6ade87194eb79f063b6df5a2117d" member_type: NON_VOTER last_known_addr { host: "127.31.171.132" port: 37749 } attrs { promote: true } }
I20260713 09:12:43.304067  1717 raft_consensus.cc:740] T a8bd699bc3354d719a41e88a4e97b7f4 P ca8d6ade87194eb79f063b6df5a2117d [term 1 LEARNER]: Becoming Follower/Learner. State: Replica: ca8d6ade87194eb79f063b6df5a2117d, State: Initialized, Role: LEARNER
I20260713 09:12:43.304677  1717 consensus_queue.cc:260] T a8bd699bc3354d719a41e88a4e97b7f4 P ca8d6ade87194eb79f063b6df5a2117d [NON_LEADER]: Queue going to NON_LEADER mode. State: All replicated index: 0, Majority replicated index: 0, Committed index: 2, Last appended: 1.2, Last appended by leader: 2, Current term: 0, Majority size: -1, State: 0, Mode: NON_LEADER, active raft config: opid_index: 2 OBSOLETE_local: false peers { permanent_uuid: "769abc8fbf7c43c895c1c91e400c8915" member_type: VOTER last_known_addr { host: "127.31.171.129" port: 41193 } } peers { permanent_uuid: "0990b526e9654f3aa35c6f3570191dea" member_type: VOTER last_known_addr { host: "127.31.171.130" port: 33125 } } peers { permanent_uuid: "8a848c3131774aa291e88b1a0411e6af" member_type: VOTER last_known_addr { host: "127.31.171.131" port: 37935 } attrs { replace: true } } peers { permanent_uuid: "ca8d6ade87194eb79f063b6df5a2117d" member_type: NON_VOTER last_known_addr { host: "127.31.171.132" port: 37749 } attrs { promote: true } }
I20260713 09:12:43.307212  1717 ts_tablet_manager.cc:1434] T a8bd699bc3354d719a41e88a4e97b7f4 P ca8d6ade87194eb79f063b6df5a2117d: Time spent starting tablet: real 0.007s	user 0.002s	sys 0.005s
I20260713 09:12:43.310160  1713 tablet_bootstrap.cc:492] T a14388b009e845cf9457966008612a14 P ca8d6ade87194eb79f063b6df5a2117d: Bootstrap replayed 1/1 log segments. Stats: ops{read=2 overwritten=0 applied=2 ignored=0} inserts{seen=0 ignored=0} mutations{seen=0 ignored=0} orphaned_commits=0. Pending: 0 replicates
I20260713 09:12:43.310921  1106 tablet_copy_service.cc:342] P 769abc8fbf7c43c895c1c91e400c8915: Request end of tablet copy session ca8d6ade87194eb79f063b6df5a2117d-a8bd699bc3354d719a41e88a4e97b7f4 received from {username='slave'} at 127.0.0.1:47548
I20260713 09:12:43.311204  1713 tablet_bootstrap.cc:492] T a14388b009e845cf9457966008612a14 P ca8d6ade87194eb79f063b6df5a2117d: Bootstrap complete.
I20260713 09:12:43.312098  1713 ts_tablet_manager.cc:1403] T a14388b009e845cf9457966008612a14 P ca8d6ade87194eb79f063b6df5a2117d: Time spent bootstrapping tablet: real 0.023s	user 0.017s	sys 0.005s
I20260713 09:12:43.311363  1106 tablet_copy_service.cc:434] P 769abc8fbf7c43c895c1c91e400c8915: ending tablet copy session ca8d6ade87194eb79f063b6df5a2117d-a8bd699bc3354d719a41e88a4e97b7f4 on tablet a8bd699bc3354d719a41e88a4e97b7f4 with peer ca8d6ade87194eb79f063b6df5a2117d
I20260713 09:12:43.315514  1713 raft_consensus.cc:359] T a14388b009e845cf9457966008612a14 P ca8d6ade87194eb79f063b6df5a2117d [term 1 LEARNER]: Replica starting. Triggering 0 pending ops. Active config: opid_index: 2 OBSOLETE_local: false peers { permanent_uuid: "8a848c3131774aa291e88b1a0411e6af" member_type: VOTER last_known_addr { host: "127.31.171.131" port: 37935 } } peers { permanent_uuid: "0990b526e9654f3aa35c6f3570191dea" member_type: VOTER last_known_addr { host: "127.31.171.130" port: 33125 } attrs { replace: true } } peers { permanent_uuid: "769abc8fbf7c43c895c1c91e400c8915" member_type: VOTER last_known_addr { host: "127.31.171.129" port: 41193 } } peers { permanent_uuid: "ca8d6ade87194eb79f063b6df5a2117d" member_type: NON_VOTER last_known_addr { host: "127.31.171.132" port: 37749 } attrs { promote: true } }
I20260713 09:12:43.316431  1713 raft_consensus.cc:740] T a14388b009e845cf9457966008612a14 P ca8d6ade87194eb79f063b6df5a2117d [term 1 LEARNER]: Becoming Follower/Learner. State: Replica: ca8d6ade87194eb79f063b6df5a2117d, State: Initialized, Role: LEARNER
I20260713 09:12:43.317174  1713 consensus_queue.cc:260] T a14388b009e845cf9457966008612a14 P ca8d6ade87194eb79f063b6df5a2117d [NON_LEADER]: Queue going to NON_LEADER mode. State: All replicated index: 0, Majority replicated index: 0, Committed index: 2, Last appended: 1.2, Last appended by leader: 2, Current term: 0, Majority size: -1, State: 0, Mode: NON_LEADER, active raft config: opid_index: 2 OBSOLETE_local: false peers { permanent_uuid: "8a848c3131774aa291e88b1a0411e6af" member_type: VOTER last_known_addr { host: "127.31.171.131" port: 37935 } } peers { permanent_uuid: "0990b526e9654f3aa35c6f3570191dea" member_type: VOTER last_known_addr { host: "127.31.171.130" port: 33125 } attrs { replace: true } } peers { permanent_uuid: "769abc8fbf7c43c895c1c91e400c8915" member_type: VOTER last_known_addr { host: "127.31.171.129" port: 41193 } } peers { permanent_uuid: "ca8d6ade87194eb79f063b6df5a2117d" member_type: NON_VOTER last_known_addr { host: "127.31.171.132" port: 37749 } attrs { promote: true } }
I20260713 09:12:43.318984  1713 ts_tablet_manager.cc:1434] T a14388b009e845cf9457966008612a14 P ca8d6ade87194eb79f063b6df5a2117d: Time spent starting tablet: real 0.007s	user 0.004s	sys 0.000s
I20260713 09:12:43.320346  1254 tablet_copy_service.cc:342] P 8a848c3131774aa291e88b1a0411e6af: Request end of tablet copy session ca8d6ade87194eb79f063b6df5a2117d-a14388b009e845cf9457966008612a14 received from {username='slave'} at 127.0.0.1:57734
I20260713 09:12:43.320734  1254 tablet_copy_service.cc:434] P 8a848c3131774aa291e88b1a0411e6af: ending tablet copy session ca8d6ade87194eb79f063b6df5a2117d-a14388b009e845cf9457966008612a14 on tablet a14388b009e845cf9457966008612a14 with peer ca8d6ade87194eb79f063b6df5a2117d
I20260713 09:12:43.464473  1511 raft_consensus.cc:1217] T 02a24d4daf684815a642c5e64a93a176 P ca8d6ade87194eb79f063b6df5a2117d [term 1 LEARNER]: Deduplicated request from leader. Original: 1.1->[1.2-1.2]   Dedup: 1.2->[]
I20260713 09:12:43.665830  1511 raft_consensus.cc:1217] T a14388b009e845cf9457966008612a14 P ca8d6ade87194eb79f063b6df5a2117d [term 1 LEARNER]: Deduplicated request from leader. Original: 1.1->[1.2-1.2]   Dedup: 1.2->[]
I20260713 09:12:43.703334  1511 raft_consensus.cc:1217] T 2c6f2dd74da84b9291c2f78a6bb01c54 P ca8d6ade87194eb79f063b6df5a2117d [term 1 LEARNER]: Deduplicated request from leader. Original: 1.1->[1.2-1.2]   Dedup: 1.2->[]
I20260713 09:12:43.801401  1511 raft_consensus.cc:1217] T a8bd699bc3354d719a41e88a4e97b7f4 P ca8d6ade87194eb79f063b6df5a2117d [term 1 LEARNER]: Deduplicated request from leader. Original: 1.1->[1.2-1.2]   Dedup: 1.2->[]
I20260713 09:12:43.867202  1725 raft_consensus.cc:1064] T 02a24d4daf684815a642c5e64a93a176 P 769abc8fbf7c43c895c1c91e400c8915: attempting to promote NON_VOTER ca8d6ade87194eb79f063b6df5a2117d to VOTER
I20260713 09:12:43.868959  1725 consensus_queue.cc:237] T 02a24d4daf684815a642c5e64a93a176 P 769abc8fbf7c43c895c1c91e400c8915 [LEADER]: Queue going to LEADER mode. State: All replicated index: 0, Majority replicated index: 2, Committed index: 2, Last appended: 1.2, Last appended by leader: 0, Current term: 1, Majority size: 3, State: 0, Mode: LEADER, active raft config: opid_index: 3 OBSOLETE_local: false peers { permanent_uuid: "769abc8fbf7c43c895c1c91e400c8915" member_type: VOTER last_known_addr { host: "127.31.171.129" port: 41193 } } peers { permanent_uuid: "0990b526e9654f3aa35c6f3570191dea" member_type: VOTER last_known_addr { host: "127.31.171.130" port: 33125 } } peers { permanent_uuid: "8a848c3131774aa291e88b1a0411e6af" member_type: VOTER last_known_addr { host: "127.31.171.131" port: 37935 } attrs { replace: true } } peers { permanent_uuid: "ca8d6ade87194eb79f063b6df5a2117d" member_type: VOTER last_known_addr { host: "127.31.171.132" port: 37749 } attrs { promote: false } }
I20260713 09:12:43.874742  1511 raft_consensus.cc:1275] T 02a24d4daf684815a642c5e64a93a176 P ca8d6ade87194eb79f063b6df5a2117d [term 1 LEARNER]: Refusing update from remote peer 769abc8fbf7c43c895c1c91e400c8915: Log matching property violated. Preceding OpId in replica: term: 1 index: 2. Preceding OpId from leader: term: 1 index: 3. (index mismatch)
I20260713 09:12:43.875092  1243 raft_consensus.cc:1275] T 02a24d4daf684815a642c5e64a93a176 P 8a848c3131774aa291e88b1a0411e6af [term 1 FOLLOWER]: Refusing update from remote peer 769abc8fbf7c43c895c1c91e400c8915: Log matching property violated. Preceding OpId in replica: term: 1 index: 2. Preceding OpId from leader: term: 1 index: 3. (index mismatch)
I20260713 09:12:43.875722  1171 raft_consensus.cc:1275] T 02a24d4daf684815a642c5e64a93a176 P 0990b526e9654f3aa35c6f3570191dea [term 1 FOLLOWER]: Refusing update from remote peer 769abc8fbf7c43c895c1c91e400c8915: Log matching property violated. Preceding OpId in replica: term: 1 index: 2. Preceding OpId from leader: term: 1 index: 3. (index mismatch)
I20260713 09:12:43.876395  1690 consensus_queue.cc:1048] T 02a24d4daf684815a642c5e64a93a176 P 769abc8fbf7c43c895c1c91e400c8915 [LEADER]: Connected to new peer: Peer: permanent_uuid: "8a848c3131774aa291e88b1a0411e6af" member_type: VOTER last_known_addr { host: "127.31.171.131" port: 37935 } attrs { replace: true }, Status: LMP_MISMATCH, Last received: 0.0, Next index: 3, Last known committed idx: 2, Time since last communication: 0.000s
I20260713 09:12:43.877135  1685 consensus_queue.cc:1048] T 02a24d4daf684815a642c5e64a93a176 P 769abc8fbf7c43c895c1c91e400c8915 [LEADER]: Connected to new peer: Peer: permanent_uuid: "ca8d6ade87194eb79f063b6df5a2117d" member_type: VOTER last_known_addr { host: "127.31.171.132" port: 37749 } attrs { promote: false }, Status: LMP_MISMATCH, Last received: 0.0, Next index: 3, Last known committed idx: 2, Time since last communication: 0.000s
I20260713 09:12:43.878010  1725 consensus_queue.cc:1048] T 02a24d4daf684815a642c5e64a93a176 P 769abc8fbf7c43c895c1c91e400c8915 [LEADER]: Connected to new peer: Peer: permanent_uuid: "0990b526e9654f3aa35c6f3570191dea" member_type: VOTER last_known_addr { host: "127.31.171.130" port: 33125 }, Status: LMP_MISMATCH, Last received: 0.0, Next index: 3, Last known committed idx: 2, Time since last communication: 0.000s
I20260713 09:12:43.894392  1690 raft_consensus.cc:2955] T 02a24d4daf684815a642c5e64a93a176 P 769abc8fbf7c43c895c1c91e400c8915 [term 1 LEADER]: Committing config change with OpId 1.3: config changed from index 2 to 3, ca8d6ade87194eb79f063b6df5a2117d (127.31.171.132) changed from NON_VOTER to VOTER. New config: { opid_index: 3 OBSOLETE_local: false peers { permanent_uuid: "769abc8fbf7c43c895c1c91e400c8915" member_type: VOTER last_known_addr { host: "127.31.171.129" port: 41193 } } peers { permanent_uuid: "0990b526e9654f3aa35c6f3570191dea" member_type: VOTER last_known_addr { host: "127.31.171.130" port: 33125 } } peers { permanent_uuid: "8a848c3131774aa291e88b1a0411e6af" member_type: VOTER last_known_addr { host: "127.31.171.131" port: 37935 } attrs { replace: true } } peers { permanent_uuid: "ca8d6ade87194eb79f063b6df5a2117d" member_type: VOTER last_known_addr { host: "127.31.171.132" port: 37749 } attrs { promote: false } } }
I20260713 09:12:43.896288  1171 raft_consensus.cc:2955] T 02a24d4daf684815a642c5e64a93a176 P 0990b526e9654f3aa35c6f3570191dea [term 1 FOLLOWER]: Committing config change with OpId 1.3: config changed from index 2 to 3, ca8d6ade87194eb79f063b6df5a2117d (127.31.171.132) changed from NON_VOTER to VOTER. New config: { opid_index: 3 OBSOLETE_local: false peers { permanent_uuid: "769abc8fbf7c43c895c1c91e400c8915" member_type: VOTER last_known_addr { host: "127.31.171.129" port: 41193 } } peers { permanent_uuid: "0990b526e9654f3aa35c6f3570191dea" member_type: VOTER last_known_addr { host: "127.31.171.130" port: 33125 } } peers { permanent_uuid: "8a848c3131774aa291e88b1a0411e6af" member_type: VOTER last_known_addr { host: "127.31.171.131" port: 37935 } attrs { replace: true } } peers { permanent_uuid: "ca8d6ade87194eb79f063b6df5a2117d" member_type: VOTER last_known_addr { host: "127.31.171.132" port: 37749 } attrs { promote: false } } }
I20260713 09:12:43.906534  1511 raft_consensus.cc:2955] T 02a24d4daf684815a642c5e64a93a176 P ca8d6ade87194eb79f063b6df5a2117d [term 1 FOLLOWER]: Committing config change with OpId 1.3: config changed from index 2 to 3, ca8d6ade87194eb79f063b6df5a2117d (127.31.171.132) changed from NON_VOTER to VOTER. New config: { opid_index: 3 OBSOLETE_local: false peers { permanent_uuid: "769abc8fbf7c43c895c1c91e400c8915" member_type: VOTER last_known_addr { host: "127.31.171.129" port: 41193 } } peers { permanent_uuid: "0990b526e9654f3aa35c6f3570191dea" member_type: VOTER last_known_addr { host: "127.31.171.130" port: 33125 } } peers { permanent_uuid: "8a848c3131774aa291e88b1a0411e6af" member_type: VOTER last_known_addr { host: "127.31.171.131" port: 37935 } attrs { replace: true } } peers { permanent_uuid: "ca8d6ade87194eb79f063b6df5a2117d" member_type: VOTER last_known_addr { host: "127.31.171.132" port: 37749 } attrs { promote: false } } }
I20260713 09:12:43.910501   992 catalog_manager.cc:5697] T 02a24d4daf684815a642c5e64a93a176 P 0990b526e9654f3aa35c6f3570191dea reported cstate change: config changed from index 2 to 3, ca8d6ade87194eb79f063b6df5a2117d (127.31.171.132) changed from NON_VOTER to VOTER. New cstate: current_term: 1 leader_uuid: "769abc8fbf7c43c895c1c91e400c8915" committed_config { opid_index: 3 OBSOLETE_local: false peers { permanent_uuid: "769abc8fbf7c43c895c1c91e400c8915" member_type: VOTER last_known_addr { host: "127.31.171.129" port: 41193 } } peers { permanent_uuid: "0990b526e9654f3aa35c6f3570191dea" member_type: VOTER last_known_addr { host: "127.31.171.130" port: 33125 } } peers { permanent_uuid: "8a848c3131774aa291e88b1a0411e6af" member_type: VOTER last_known_addr { host: "127.31.171.131" port: 37935 } attrs { replace: true } } peers { permanent_uuid: "ca8d6ade87194eb79f063b6df5a2117d" member_type: VOTER last_known_addr { host: "127.31.171.132" port: 37749 } attrs { promote: false } } }
I20260713 09:12:43.912004  1243 raft_consensus.cc:2955] T 02a24d4daf684815a642c5e64a93a176 P 8a848c3131774aa291e88b1a0411e6af [term 1 FOLLOWER]: Committing config change with OpId 1.3: config changed from index 2 to 3, ca8d6ade87194eb79f063b6df5a2117d (127.31.171.132) changed from NON_VOTER to VOTER. New config: { opid_index: 3 OBSOLETE_local: false peers { permanent_uuid: "769abc8fbf7c43c895c1c91e400c8915" member_type: VOTER last_known_addr { host: "127.31.171.129" port: 41193 } } peers { permanent_uuid: "0990b526e9654f3aa35c6f3570191dea" member_type: VOTER last_known_addr { host: "127.31.171.130" port: 33125 } } peers { permanent_uuid: "8a848c3131774aa291e88b1a0411e6af" member_type: VOTER last_known_addr { host: "127.31.171.131" port: 37935 } attrs { replace: true } } peers { permanent_uuid: "ca8d6ade87194eb79f063b6df5a2117d" member_type: VOTER last_known_addr { host: "127.31.171.132" port: 37749 } attrs { promote: false } } }
I20260713 09:12:43.940025  1092 consensus_queue.cc:237] T 02a24d4daf684815a642c5e64a93a176 P 769abc8fbf7c43c895c1c91e400c8915 [LEADER]: Queue going to LEADER mode. State: All replicated index: 0, Majority replicated index: 3, Committed index: 3, Last appended: 1.3, Last appended by leader: 0, Current term: 1, Majority size: 2, State: 0, Mode: LEADER, active raft config: opid_index: 4 OBSOLETE_local: false peers { permanent_uuid: "769abc8fbf7c43c895c1c91e400c8915" member_type: VOTER last_known_addr { host: "127.31.171.129" port: 41193 } } peers { permanent_uuid: "0990b526e9654f3aa35c6f3570191dea" member_type: VOTER last_known_addr { host: "127.31.171.130" port: 33125 } } peers { permanent_uuid: "ca8d6ade87194eb79f063b6df5a2117d" member_type: VOTER last_known_addr { host: "127.31.171.132" port: 37749 } attrs { promote: false } }
I20260713 09:12:43.945243  1171 raft_consensus.cc:1275] T 02a24d4daf684815a642c5e64a93a176 P 0990b526e9654f3aa35c6f3570191dea [term 1 FOLLOWER]: Refusing update from remote peer 769abc8fbf7c43c895c1c91e400c8915: Log matching property violated. Preceding OpId in replica: term: 1 index: 3. Preceding OpId from leader: term: 1 index: 4. (index mismatch)
I20260713 09:12:43.946267  1511 raft_consensus.cc:1275] T 02a24d4daf684815a642c5e64a93a176 P ca8d6ade87194eb79f063b6df5a2117d [term 1 FOLLOWER]: Refusing update from remote peer 769abc8fbf7c43c895c1c91e400c8915: Log matching property violated. Preceding OpId in replica: term: 1 index: 3. Preceding OpId from leader: term: 1 index: 4. (index mismatch)
I20260713 09:12:43.947295  1690 consensus_queue.cc:1048] T 02a24d4daf684815a642c5e64a93a176 P 769abc8fbf7c43c895c1c91e400c8915 [LEADER]: Connected to new peer: Peer: permanent_uuid: "0990b526e9654f3aa35c6f3570191dea" member_type: VOTER last_known_addr { host: "127.31.171.130" port: 33125 }, Status: LMP_MISMATCH, Last received: 0.0, Next index: 4, Last known committed idx: 3, Time since last communication: 0.000s
I20260713 09:12:43.948118  1685 consensus_queue.cc:1048] T 02a24d4daf684815a642c5e64a93a176 P 769abc8fbf7c43c895c1c91e400c8915 [LEADER]: Connected to new peer: Peer: permanent_uuid: "ca8d6ade87194eb79f063b6df5a2117d" member_type: VOTER last_known_addr { host: "127.31.171.132" port: 37749 } attrs { promote: false }, Status: LMP_MISMATCH, Last received: 0.0, Next index: 4, Last known committed idx: 3, Time since last communication: 0.000s
I20260713 09:12:43.954286  1725 raft_consensus.cc:2955] T 02a24d4daf684815a642c5e64a93a176 P 769abc8fbf7c43c895c1c91e400c8915 [term 1 LEADER]: Committing config change with OpId 1.4: config changed from index 3 to 4, VOTER 8a848c3131774aa291e88b1a0411e6af (127.31.171.131) evicted. New config: { opid_index: 4 OBSOLETE_local: false peers { permanent_uuid: "769abc8fbf7c43c895c1c91e400c8915" member_type: VOTER last_known_addr { host: "127.31.171.129" port: 41193 } } peers { permanent_uuid: "0990b526e9654f3aa35c6f3570191dea" member_type: VOTER last_known_addr { host: "127.31.171.130" port: 33125 } } peers { permanent_uuid: "ca8d6ade87194eb79f063b6df5a2117d" member_type: VOTER last_known_addr { host: "127.31.171.132" port: 37749 } attrs { promote: false } } }
I20260713 09:12:43.957048  1511 raft_consensus.cc:2955] T 02a24d4daf684815a642c5e64a93a176 P ca8d6ade87194eb79f063b6df5a2117d [term 1 FOLLOWER]: Committing config change with OpId 1.4: config changed from index 3 to 4, VOTER 8a848c3131774aa291e88b1a0411e6af (127.31.171.131) evicted. New config: { opid_index: 4 OBSOLETE_local: false peers { permanent_uuid: "769abc8fbf7c43c895c1c91e400c8915" member_type: VOTER last_known_addr { host: "127.31.171.129" port: 41193 } } peers { permanent_uuid: "0990b526e9654f3aa35c6f3570191dea" member_type: VOTER last_known_addr { host: "127.31.171.130" port: 33125 } } peers { permanent_uuid: "ca8d6ade87194eb79f063b6df5a2117d" member_type: VOTER last_known_addr { host: "127.31.171.132" port: 37749 } attrs { promote: false } } }
I20260713 09:12:43.956828  1171 raft_consensus.cc:2955] T 02a24d4daf684815a642c5e64a93a176 P 0990b526e9654f3aa35c6f3570191dea [term 1 FOLLOWER]: Committing config change with OpId 1.4: config changed from index 3 to 4, VOTER 8a848c3131774aa291e88b1a0411e6af (127.31.171.131) evicted. New config: { opid_index: 4 OBSOLETE_local: false peers { permanent_uuid: "769abc8fbf7c43c895c1c91e400c8915" member_type: VOTER last_known_addr { host: "127.31.171.129" port: 41193 } } peers { permanent_uuid: "0990b526e9654f3aa35c6f3570191dea" member_type: VOTER last_known_addr { host: "127.31.171.130" port: 33125 } } peers { permanent_uuid: "ca8d6ade87194eb79f063b6df5a2117d" member_type: VOTER last_known_addr { host: "127.31.171.132" port: 37749 } attrs { promote: false } } }
I20260713 09:12:43.970618   994 catalog_manager.cc:5697] T 02a24d4daf684815a642c5e64a93a176 P ca8d6ade87194eb79f063b6df5a2117d reported cstate change: config changed from index 3 to 4, VOTER 8a848c3131774aa291e88b1a0411e6af (127.31.171.131) evicted. New cstate: current_term: 1 leader_uuid: "769abc8fbf7c43c895c1c91e400c8915" committed_config { opid_index: 4 OBSOLETE_local: false peers { permanent_uuid: "769abc8fbf7c43c895c1c91e400c8915" member_type: VOTER last_known_addr { host: "127.31.171.129" port: 41193 } } peers { permanent_uuid: "0990b526e9654f3aa35c6f3570191dea" member_type: VOTER last_known_addr { host: "127.31.171.130" port: 33125 } } peers { permanent_uuid: "ca8d6ade87194eb79f063b6df5a2117d" member_type: VOTER last_known_addr { host: "127.31.171.132" port: 37749 } attrs { promote: false } } }
I20260713 09:12:43.972383   981 catalog_manager.cc:5210] ChangeConfig:REMOVE_PEER RPC for tablet 02a24d4daf684815a642c5e64a93a176 with cas_config_opid_index 3: ChangeConfig:REMOVE_PEER succeeded (attempt 1)
I20260713 09:12:43.985356  1226 tablet_service.cc:1558] Processing DeleteTablet for tablet 02a24d4daf684815a642c5e64a93a176 with delete_type TABLET_DATA_TOMBSTONED (TS 8a848c3131774aa291e88b1a0411e6af not found in new config with opid_index 4) from {username='slave'} at 127.0.0.1:57708
I20260713 09:12:43.987146  1737 tablet_replica.cc:333] T 02a24d4daf684815a642c5e64a93a176 P 8a848c3131774aa291e88b1a0411e6af: stopping tablet replica
I20260713 09:12:43.988104  1737 raft_consensus.cc:2243] T 02a24d4daf684815a642c5e64a93a176 P 8a848c3131774aa291e88b1a0411e6af [term 1 FOLLOWER]: Raft consensus shutting down.
I20260713 09:12:43.988848  1737 raft_consensus.cc:2272] T 02a24d4daf684815a642c5e64a93a176 P 8a848c3131774aa291e88b1a0411e6af [term 1 FOLLOWER]: Raft consensus is shut down!
I20260713 09:12:43.992362  1737 ts_tablet_manager.cc:1916] T 02a24d4daf684815a642c5e64a93a176 P 8a848c3131774aa291e88b1a0411e6af: Deleting tablet data with delete state TABLET_DATA_TOMBSTONED
I20260713 09:12:44.002398  1737 ts_tablet_manager.cc:1929] T 02a24d4daf684815a642c5e64a93a176 P 8a848c3131774aa291e88b1a0411e6af: tablet deleted with delete type TABLET_DATA_TOMBSTONED: last-logged OpId 1.3
I20260713 09:12:44.002665  1737 log.cc:1199] T 02a24d4daf684815a642c5e64a93a176 P 8a848c3131774aa291e88b1a0411e6af: Deleting WAL directory at /tmp/dist-test-taskZ1D5FF/test-tmp/auto_leader_rebalancer-test.0.LeaderRebalancerTest.AddTserver.1783933928011008-32430-0/minicluster-data/ts-2-root/wals/02a24d4daf684815a642c5e64a93a176
I20260713 09:12:44.004042   979 catalog_manager.cc:5028] TS 8a848c3131774aa291e88b1a0411e6af (127.31.171.131:37935): tablet 02a24d4daf684815a642c5e64a93a176 (table test-workload [id=ab1cabc22ea24628aa0ce373db1536d9]) successfully deleted
I20260713 09:12:44.128418  1663 raft_consensus.cc:1064] T a14388b009e845cf9457966008612a14 P 8a848c3131774aa291e88b1a0411e6af: attempting to promote NON_VOTER ca8d6ade87194eb79f063b6df5a2117d to VOTER
I20260713 09:12:44.130553  1663 consensus_queue.cc:237] T a14388b009e845cf9457966008612a14 P 8a848c3131774aa291e88b1a0411e6af [LEADER]: Queue going to LEADER mode. State: All replicated index: 0, Majority replicated index: 2, Committed index: 2, Last appended: 1.2, Last appended by leader: 0, Current term: 1, Majority size: 3, State: 0, Mode: LEADER, active raft config: opid_index: 3 OBSOLETE_local: false peers { permanent_uuid: "8a848c3131774aa291e88b1a0411e6af" member_type: VOTER last_known_addr { host: "127.31.171.131" port: 37935 } } peers { permanent_uuid: "0990b526e9654f3aa35c6f3570191dea" member_type: VOTER last_known_addr { host: "127.31.171.130" port: 33125 } attrs { replace: true } } peers { permanent_uuid: "769abc8fbf7c43c895c1c91e400c8915" member_type: VOTER last_known_addr { host: "127.31.171.129" port: 41193 } } peers { permanent_uuid: "ca8d6ade87194eb79f063b6df5a2117d" member_type: VOTER last_known_addr { host: "127.31.171.132" port: 37749 } attrs { promote: false } }
I20260713 09:12:44.136166  1511 raft_consensus.cc:1275] T a14388b009e845cf9457966008612a14 P ca8d6ade87194eb79f063b6df5a2117d [term 1 LEARNER]: Refusing update from remote peer 8a848c3131774aa291e88b1a0411e6af: Log matching property violated. Preceding OpId in replica: term: 1 index: 2. Preceding OpId from leader: term: 1 index: 3. (index mismatch)
I20260713 09:12:44.136814  1092 raft_consensus.cc:1275] T a14388b009e845cf9457966008612a14 P 769abc8fbf7c43c895c1c91e400c8915 [term 1 FOLLOWER]: Refusing update from remote peer 8a848c3131774aa291e88b1a0411e6af: Log matching property violated. Preceding OpId in replica: term: 1 index: 2. Preceding OpId from leader: term: 1 index: 3. (index mismatch)
I20260713 09:12:44.136780  1171 raft_consensus.cc:1275] T a14388b009e845cf9457966008612a14 P 0990b526e9654f3aa35c6f3570191dea [term 1 FOLLOWER]: Refusing update from remote peer 8a848c3131774aa291e88b1a0411e6af: Log matching property violated. Preceding OpId in replica: term: 1 index: 2. Preceding OpId from leader: term: 1 index: 3. (index mismatch)
I20260713 09:12:44.137436  1663 consensus_queue.cc:1048] T a14388b009e845cf9457966008612a14 P 8a848c3131774aa291e88b1a0411e6af [LEADER]: Connected to new peer: Peer: permanent_uuid: "ca8d6ade87194eb79f063b6df5a2117d" member_type: VOTER last_known_addr { host: "127.31.171.132" port: 37749 } attrs { promote: false }, Status: LMP_MISMATCH, Last received: 0.0, Next index: 3, Last known committed idx: 2, Time since last communication: 0.000s
I20260713 09:12:44.138464  1712 consensus_queue.cc:1048] T a14388b009e845cf9457966008612a14 P 8a848c3131774aa291e88b1a0411e6af [LEADER]: Connected to new peer: Peer: permanent_uuid: "769abc8fbf7c43c895c1c91e400c8915" member_type: VOTER last_known_addr { host: "127.31.171.129" port: 41193 }, Status: LMP_MISMATCH, Last received: 0.0, Next index: 3, Last known committed idx: 2, Time since last communication: 0.000s
I20260713 09:12:44.139209  1726 consensus_queue.cc:1048] T a14388b009e845cf9457966008612a14 P 8a848c3131774aa291e88b1a0411e6af [LEADER]: Connected to new peer: Peer: permanent_uuid: "0990b526e9654f3aa35c6f3570191dea" member_type: VOTER last_known_addr { host: "127.31.171.130" port: 33125 } attrs { replace: true }, Status: LMP_MISMATCH, Last received: 0.0, Next index: 3, Last known committed idx: 2, Time since last communication: 0.000s
I20260713 09:12:44.154134  1663 raft_consensus.cc:2955] T a14388b009e845cf9457966008612a14 P 8a848c3131774aa291e88b1a0411e6af [term 1 LEADER]: Committing config change with OpId 1.3: config changed from index 2 to 3, ca8d6ade87194eb79f063b6df5a2117d (127.31.171.132) changed from NON_VOTER to VOTER. New config: { opid_index: 3 OBSOLETE_local: false peers { permanent_uuid: "8a848c3131774aa291e88b1a0411e6af" member_type: VOTER last_known_addr { host: "127.31.171.131" port: 37935 } } peers { permanent_uuid: "0990b526e9654f3aa35c6f3570191dea" member_type: VOTER last_known_addr { host: "127.31.171.130" port: 33125 } attrs { replace: true } } peers { permanent_uuid: "769abc8fbf7c43c895c1c91e400c8915" member_type: VOTER last_known_addr { host: "127.31.171.129" port: 41193 } } peers { permanent_uuid: "ca8d6ade87194eb79f063b6df5a2117d" member_type: VOTER last_known_addr { host: "127.31.171.132" port: 37749 } attrs { promote: false } } }
I20260713 09:12:44.156699  1168 raft_consensus.cc:2955] T a14388b009e845cf9457966008612a14 P 0990b526e9654f3aa35c6f3570191dea [term 1 FOLLOWER]: Committing config change with OpId 1.3: config changed from index 2 to 3, ca8d6ade87194eb79f063b6df5a2117d (127.31.171.132) changed from NON_VOTER to VOTER. New config: { opid_index: 3 OBSOLETE_local: false peers { permanent_uuid: "8a848c3131774aa291e88b1a0411e6af" member_type: VOTER last_known_addr { host: "127.31.171.131" port: 37935 } } peers { permanent_uuid: "0990b526e9654f3aa35c6f3570191dea" member_type: VOTER last_known_addr { host: "127.31.171.130" port: 33125 } attrs { replace: true } } peers { permanent_uuid: "769abc8fbf7c43c895c1c91e400c8915" member_type: VOTER last_known_addr { host: "127.31.171.129" port: 41193 } } peers { permanent_uuid: "ca8d6ade87194eb79f063b6df5a2117d" member_type: VOTER last_known_addr { host: "127.31.171.132" port: 37749 } attrs { promote: false } } }
I20260713 09:12:44.165087  1511 raft_consensus.cc:2955] T a14388b009e845cf9457966008612a14 P ca8d6ade87194eb79f063b6df5a2117d [term 1 FOLLOWER]: Committing config change with OpId 1.3: config changed from index 2 to 3, ca8d6ade87194eb79f063b6df5a2117d (127.31.171.132) changed from NON_VOTER to VOTER. New config: { opid_index: 3 OBSOLETE_local: false peers { permanent_uuid: "8a848c3131774aa291e88b1a0411e6af" member_type: VOTER last_known_addr { host: "127.31.171.131" port: 37935 } } peers { permanent_uuid: "0990b526e9654f3aa35c6f3570191dea" member_type: VOTER last_known_addr { host: "127.31.171.130" port: 33125 } attrs { replace: true } } peers { permanent_uuid: "769abc8fbf7c43c895c1c91e400c8915" member_type: VOTER last_known_addr { host: "127.31.171.129" port: 41193 } } peers { permanent_uuid: "ca8d6ade87194eb79f063b6df5a2117d" member_type: VOTER last_known_addr { host: "127.31.171.132" port: 37749 } attrs { promote: false } } }
I20260713 09:12:44.171952   994 catalog_manager.cc:5697] T a14388b009e845cf9457966008612a14 P 0990b526e9654f3aa35c6f3570191dea reported cstate change: config changed from index 2 to 3, ca8d6ade87194eb79f063b6df5a2117d (127.31.171.132) changed from NON_VOTER to VOTER. New cstate: current_term: 1 leader_uuid: "8a848c3131774aa291e88b1a0411e6af" committed_config { opid_index: 3 OBSOLETE_local: false peers { permanent_uuid: "8a848c3131774aa291e88b1a0411e6af" member_type: VOTER last_known_addr { host: "127.31.171.131" port: 37935 } } peers { permanent_uuid: "0990b526e9654f3aa35c6f3570191dea" member_type: VOTER last_known_addr { host: "127.31.171.130" port: 33125 } attrs { replace: true } } peers { permanent_uuid: "769abc8fbf7c43c895c1c91e400c8915" member_type: VOTER last_known_addr { host: "127.31.171.129" port: 41193 } } peers { permanent_uuid: "ca8d6ade87194eb79f063b6df5a2117d" member_type: VOTER last_known_addr { host: "127.31.171.132" port: 37749 } attrs { promote: false } } }
I20260713 09:12:44.175282  1092 raft_consensus.cc:2955] T a14388b009e845cf9457966008612a14 P 769abc8fbf7c43c895c1c91e400c8915 [term 1 FOLLOWER]: Committing config change with OpId 1.3: config changed from index 2 to 3, ca8d6ade87194eb79f063b6df5a2117d (127.31.171.132) changed from NON_VOTER to VOTER. New config: { opid_index: 3 OBSOLETE_local: false peers { permanent_uuid: "8a848c3131774aa291e88b1a0411e6af" member_type: VOTER last_known_addr { host: "127.31.171.131" port: 37935 } } peers { permanent_uuid: "0990b526e9654f3aa35c6f3570191dea" member_type: VOTER last_known_addr { host: "127.31.171.130" port: 33125 } attrs { replace: true } } peers { permanent_uuid: "769abc8fbf7c43c895c1c91e400c8915" member_type: VOTER last_known_addr { host: "127.31.171.129" port: 41193 } } peers { permanent_uuid: "ca8d6ade87194eb79f063b6df5a2117d" member_type: VOTER last_known_addr { host: "127.31.171.132" port: 37749 } attrs { promote: false } } }
I20260713 09:12:44.187053  1243 consensus_queue.cc:237] T a14388b009e845cf9457966008612a14 P 8a848c3131774aa291e88b1a0411e6af [LEADER]: Queue going to LEADER mode. State: All replicated index: 0, Majority replicated index: 3, Committed index: 3, Last appended: 1.3, Last appended by leader: 0, Current term: 1, Majority size: 2, State: 0, Mode: LEADER, active raft config: opid_index: 4 OBSOLETE_local: false peers { permanent_uuid: "8a848c3131774aa291e88b1a0411e6af" member_type: VOTER last_known_addr { host: "127.31.171.131" port: 37935 } } peers { permanent_uuid: "769abc8fbf7c43c895c1c91e400c8915" member_type: VOTER last_known_addr { host: "127.31.171.129" port: 41193 } } peers { permanent_uuid: "ca8d6ade87194eb79f063b6df5a2117d" member_type: VOTER last_known_addr { host: "127.31.171.132" port: 37749 } attrs { promote: false } }
I20260713 09:12:44.193121  1511 raft_consensus.cc:1275] T a14388b009e845cf9457966008612a14 P ca8d6ade87194eb79f063b6df5a2117d [term 1 FOLLOWER]: Refusing update from remote peer 8a848c3131774aa291e88b1a0411e6af: Log matching property violated. Preceding OpId in replica: term: 1 index: 3. Preceding OpId from leader: term: 1 index: 4. (index mismatch)
I20260713 09:12:44.194031  1092 raft_consensus.cc:1275] T a14388b009e845cf9457966008612a14 P 769abc8fbf7c43c895c1c91e400c8915 [term 1 FOLLOWER]: Refusing update from remote peer 8a848c3131774aa291e88b1a0411e6af: Log matching property violated. Preceding OpId in replica: term: 1 index: 3. Preceding OpId from leader: term: 1 index: 4. (index mismatch)
I20260713 09:12:44.194301  1743 consensus_queue.cc:1048] T a14388b009e845cf9457966008612a14 P 8a848c3131774aa291e88b1a0411e6af [LEADER]: Connected to new peer: Peer: permanent_uuid: "ca8d6ade87194eb79f063b6df5a2117d" member_type: VOTER last_known_addr { host: "127.31.171.132" port: 37749 } attrs { promote: false }, Status: LMP_MISMATCH, Last received: 0.0, Next index: 4, Last known committed idx: 3, Time since last communication: 0.000s
I20260713 09:12:44.195525  1712 consensus_queue.cc:1048] T a14388b009e845cf9457966008612a14 P 8a848c3131774aa291e88b1a0411e6af [LEADER]: Connected to new peer: Peer: permanent_uuid: "769abc8fbf7c43c895c1c91e400c8915" member_type: VOTER last_known_addr { host: "127.31.171.129" port: 41193 }, Status: LMP_MISMATCH, Last received: 0.0, Next index: 4, Last known committed idx: 3, Time since last communication: 0.000s
I20260713 09:12:44.203708  1712 raft_consensus.cc:2955] T a14388b009e845cf9457966008612a14 P 8a848c3131774aa291e88b1a0411e6af [term 1 LEADER]: Committing config change with OpId 1.4: config changed from index 3 to 4, VOTER 0990b526e9654f3aa35c6f3570191dea (127.31.171.130) evicted. New config: { opid_index: 4 OBSOLETE_local: false peers { permanent_uuid: "8a848c3131774aa291e88b1a0411e6af" member_type: VOTER last_known_addr { host: "127.31.171.131" port: 37935 } } peers { permanent_uuid: "769abc8fbf7c43c895c1c91e400c8915" member_type: VOTER last_known_addr { host: "127.31.171.129" port: 41193 } } peers { permanent_uuid: "ca8d6ade87194eb79f063b6df5a2117d" member_type: VOTER last_known_addr { host: "127.31.171.132" port: 37749 } attrs { promote: false } } }
I20260713 09:12:44.207124  1092 raft_consensus.cc:2955] T a14388b009e845cf9457966008612a14 P 769abc8fbf7c43c895c1c91e400c8915 [term 1 FOLLOWER]: Committing config change with OpId 1.4: config changed from index 3 to 4, VOTER 0990b526e9654f3aa35c6f3570191dea (127.31.171.130) evicted. New config: { opid_index: 4 OBSOLETE_local: false peers { permanent_uuid: "8a848c3131774aa291e88b1a0411e6af" member_type: VOTER last_known_addr { host: "127.31.171.131" port: 37935 } } peers { permanent_uuid: "769abc8fbf7c43c895c1c91e400c8915" member_type: VOTER last_known_addr { host: "127.31.171.129" port: 41193 } } peers { permanent_uuid: "ca8d6ade87194eb79f063b6df5a2117d" member_type: VOTER last_known_addr { host: "127.31.171.132" port: 37749 } attrs { promote: false } } }
I20260713 09:12:44.207901  1511 raft_consensus.cc:2955] T a14388b009e845cf9457966008612a14 P ca8d6ade87194eb79f063b6df5a2117d [term 1 FOLLOWER]: Committing config change with OpId 1.4: config changed from index 3 to 4, VOTER 0990b526e9654f3aa35c6f3570191dea (127.31.171.130) evicted. New config: { opid_index: 4 OBSOLETE_local: false peers { permanent_uuid: "8a848c3131774aa291e88b1a0411e6af" member_type: VOTER last_known_addr { host: "127.31.171.131" port: 37935 } } peers { permanent_uuid: "769abc8fbf7c43c895c1c91e400c8915" member_type: VOTER last_known_addr { host: "127.31.171.129" port: 41193 } } peers { permanent_uuid: "ca8d6ade87194eb79f063b6df5a2117d" member_type: VOTER last_known_addr { host: "127.31.171.132" port: 37749 } attrs { promote: false } } }
I20260713 09:12:44.220520   979 catalog_manager.cc:5210] ChangeConfig:REMOVE_PEER RPC for tablet a14388b009e845cf9457966008612a14 with cas_config_opid_index 3: ChangeConfig:REMOVE_PEER succeeded (attempt 1)
I20260713 09:12:44.219533   994 catalog_manager.cc:5697] T a14388b009e845cf9457966008612a14 P 769abc8fbf7c43c895c1c91e400c8915 reported cstate change: config changed from index 3 to 4, VOTER 0990b526e9654f3aa35c6f3570191dea (127.31.171.130) evicted. New cstate: current_term: 1 leader_uuid: "8a848c3131774aa291e88b1a0411e6af" committed_config { opid_index: 4 OBSOLETE_local: false peers { permanent_uuid: "8a848c3131774aa291e88b1a0411e6af" member_type: VOTER last_known_addr { host: "127.31.171.131" port: 37935 } } peers { permanent_uuid: "769abc8fbf7c43c895c1c91e400c8915" member_type: VOTER last_known_addr { host: "127.31.171.129" port: 41193 } } peers { permanent_uuid: "ca8d6ade87194eb79f063b6df5a2117d" member_type: VOTER last_known_addr { host: "127.31.171.132" port: 37749 } attrs { promote: false } } }
I20260713 09:12:44.232201  1155 tablet_service.cc:1558] Processing DeleteTablet for tablet a14388b009e845cf9457966008612a14 with delete_type TABLET_DATA_TOMBSTONED (TS 0990b526e9654f3aa35c6f3570191dea not found in new config with opid_index 4) from {username='slave'} at 127.0.0.1:37676
I20260713 09:12:44.234783  1744 tablet_replica.cc:333] T a14388b009e845cf9457966008612a14 P 0990b526e9654f3aa35c6f3570191dea: stopping tablet replica
I20260713 09:12:44.235772  1744 raft_consensus.cc:2243] T a14388b009e845cf9457966008612a14 P 0990b526e9654f3aa35c6f3570191dea [term 1 FOLLOWER]: Raft consensus shutting down.
I20260713 09:12:44.236507  1744 raft_consensus.cc:2272] T a14388b009e845cf9457966008612a14 P 0990b526e9654f3aa35c6f3570191dea [term 1 FOLLOWER]: Raft consensus is shut down!
