I20260713 09:12:33.848070  1257 tablet_service.cc:1917] Received RequestConsensusVote() RPC: tablet_id: "9cceec00015742ab9289e977ddc326d5" candidate_uuid: "c42e7ebd05794921abdd9b0bf853545c" candidate_term: 1 candidate_status { last_received { term: 0 index: 0 } } ignore_live_leader: false dest_uuid: "5bbeda76308841c78aba29cd04124a6a" is_pre_election: true
I20260713 09:12:33.848745  1330 raft_consensus.cc:2468] T 695101266583479eb9ca3ea702d8147a P 97e03ccb2b0949acb6ec2e87b23da125 [term 0 FOLLOWER]: Leader pre-election vote request: Granting yes vote for candidate 5bbeda76308841c78aba29cd04124a6a in term 0.
W20260713 09:12:33.849581  1145 leader_election.cc:343] T 9cceec00015742ab9289e977ddc326d5 P c42e7ebd05794921abdd9b0bf853545c [CANDIDATE]: Term 1 pre-election: Tablet error from VoteRequest() call to peer 5bbeda76308841c78aba29cd04124a6a (127.31.196.194:43149): Illegal state: must be running to vote when last-logged opid is not known
I20260713 09:12:33.850306  1223 leader_election.cc:304] T 695101266583479eb9ca3ea702d8147a P 5bbeda76308841c78aba29cd04124a6a [CANDIDATE]: Term 1 pre-election: Election decided. Result: candidate won. Election summary: received 2 responses out of 3 voters: 2 yes votes; 0 no votes. yes voters: 5bbeda76308841c78aba29cd04124a6a, 97e03ccb2b0949acb6ec2e87b23da125; no voters: 
I20260713 09:12:33.854610  1373 tablet_bootstrap.cc:492] T 658716eaa2f24b2eb27318514f6a9d1a P 97e03ccb2b0949acb6ec2e87b23da125: No bootstrap required, opened a new log
I20260713 09:12:33.854949  1373 ts_tablet_manager.cc:1403] T 658716eaa2f24b2eb27318514f6a9d1a P 97e03ccb2b0949acb6ec2e87b23da125: Time spent bootstrapping tablet: real 0.406s	user 0.026s	sys 0.012s
I20260713 09:12:33.855229  1428 raft_consensus.cc:2804] T 695101266583479eb9ca3ea702d8147a P 5bbeda76308841c78aba29cd04124a6a [term 0 FOLLOWER]: Leader pre-election won for term 1
I20260713 09:12:33.856055  1428 raft_consensus.cc:493] T 695101266583479eb9ca3ea702d8147a P 5bbeda76308841c78aba29cd04124a6a [term 0 FOLLOWER]: Starting leader election (no leader contacted us within the election timeout)
I20260713 09:12:33.856412  1428 raft_consensus.cc:3060] T 695101266583479eb9ca3ea702d8147a P 5bbeda76308841c78aba29cd04124a6a [term 0 FOLLOWER]: Advancing to term 1
I20260713 09:12:33.862895  1423 leader_election.cc:290] T e9a5dd9976bd424597ced5e86255b362 P 5bbeda76308841c78aba29cd04124a6a [CANDIDATE]: Term 1 pre-election: Requested pre-vote from peers c42e7ebd05794921abdd9b0bf853545c (127.31.196.193:40037), 97e03ccb2b0949acb6ec2e87b23da125 (127.31.196.195:37457)
I20260713 09:12:33.852269  1325 tablet_service.cc:1917] Received RequestConsensusVote() RPC: tablet_id: "9cceec00015742ab9289e977ddc326d5" candidate_uuid: "c42e7ebd05794921abdd9b0bf853545c" candidate_term: 1 candidate_status { last_received { term: 0 index: 0 } } ignore_live_leader: false dest_uuid: "97e03ccb2b0949acb6ec2e87b23da125" is_pre_election: true
I20260713 09:12:33.865861  1179 tablet_service.cc:1917] Received RequestConsensusVote() RPC: tablet_id: "695101266583479eb9ca3ea702d8147a" candidate_uuid: "5bbeda76308841c78aba29cd04124a6a" candidate_term: 1 candidate_status { last_received { term: 0 index: 0 } } ignore_live_leader: false dest_uuid: "c42e7ebd05794921abdd9b0bf853545c" is_pre_election: true
I20260713 09:12:33.866746  1373 raft_consensus.cc:359] T 658716eaa2f24b2eb27318514f6a9d1a P 97e03ccb2b0949acb6ec2e87b23da125 [term 0 FOLLOWER]: Replica starting. Triggering 0 pending ops. Active config: opid_index: -1 OBSOLETE_local: false peers { permanent_uuid: "c42e7ebd05794921abdd9b0bf853545c" member_type: VOTER last_known_addr { host: "127.31.196.193" port: 40037 } } peers { permanent_uuid: "5bbeda76308841c78aba29cd04124a6a" member_type: VOTER last_known_addr { host: "127.31.196.194" port: 43149 } } peers { permanent_uuid: "97e03ccb2b0949acb6ec2e87b23da125" member_type: VOTER last_known_addr { host: "127.31.196.195" port: 37457 } }
I20260713 09:12:33.868793  1373 raft_consensus.cc:385] T 658716eaa2f24b2eb27318514f6a9d1a P 97e03ccb2b0949acb6ec2e87b23da125 [term 0 FOLLOWER]: Consensus starting up: Expiring failure detector timer to make a prompt election more likely
I20260713 09:12:33.869844  1373 raft_consensus.cc:740] T 658716eaa2f24b2eb27318514f6a9d1a P 97e03ccb2b0949acb6ec2e87b23da125 [term 0 FOLLOWER]: Becoming Follower/Learner. State: Replica: 97e03ccb2b0949acb6ec2e87b23da125, State: Initialized, Role: FOLLOWER
I20260713 09:12:33.875329  1373 consensus_queue.cc:260] T 658716eaa2f24b2eb27318514f6a9d1a P 97e03ccb2b0949acb6ec2e87b23da125 [NON_LEADER]: Queue going to NON_LEADER mode. State: All replicated index: 0, Majority replicated index: 0, Committed index: 0, Last appended: 0.0, Last appended by leader: 0, Current term: 0, Majority size: -1, State: 0, Mode: NON_LEADER, active raft config: opid_index: -1 OBSOLETE_local: false peers { permanent_uuid: "c42e7ebd05794921abdd9b0bf853545c" member_type: VOTER last_known_addr { host: "127.31.196.193" port: 40037 } } peers { permanent_uuid: "5bbeda76308841c78aba29cd04124a6a" member_type: VOTER last_known_addr { host: "127.31.196.194" port: 43149 } } peers { permanent_uuid: "97e03ccb2b0949acb6ec2e87b23da125" member_type: VOTER last_known_addr { host: "127.31.196.195" port: 37457 } }
I20260713 09:12:33.877094  1181 tablet_service.cc:1917] Received RequestConsensusVote() RPC: tablet_id: "e9a5dd9976bd424597ced5e86255b362" candidate_uuid: "5bbeda76308841c78aba29cd04124a6a" candidate_term: 1 candidate_status { last_received { term: 0 index: 0 } } ignore_live_leader: false dest_uuid: "c42e7ebd05794921abdd9b0bf853545c" is_pre_election: true
I20260713 09:12:33.878427  1181 raft_consensus.cc:2393] T e9a5dd9976bd424597ced5e86255b362 P c42e7ebd05794921abdd9b0bf853545c [term 1 FOLLOWER]: Leader pre-election vote request: Denying vote to candidate 5bbeda76308841c78aba29cd04124a6a in current term 1: Already voted for candidate 97e03ccb2b0949acb6ec2e87b23da125 in this term.
I20260713 09:12:33.873099  1330 tablet_service.cc:1917] Received RequestConsensusVote() RPC: tablet_id: "e9a5dd9976bd424597ced5e86255b362" candidate_uuid: "5bbeda76308841c78aba29cd04124a6a" candidate_term: 1 candidate_status { last_received { term: 0 index: 0 } } ignore_live_leader: false dest_uuid: "97e03ccb2b0949acb6ec2e87b23da125" is_pre_election: true
I20260713 09:12:33.884325  1373 ts_tablet_manager.cc:1434] T 658716eaa2f24b2eb27318514f6a9d1a P 97e03ccb2b0949acb6ec2e87b23da125: Time spent starting tablet: real 0.029s	user 0.002s	sys 0.005s
I20260713 09:12:33.885187  1373 tablet_bootstrap.cc:492] T 5357b746d7424c25878ca7365bc15d34 P 97e03ccb2b0949acb6ec2e87b23da125: Bootstrap starting.
W20260713 09:12:33.883244  1148 leader_election.cc:343] T 9cceec00015742ab9289e977ddc326d5 P c42e7ebd05794921abdd9b0bf853545c [CANDIDATE]: Term 1 pre-election: Tablet error from VoteRequest() call to peer 97e03ccb2b0949acb6ec2e87b23da125 (127.31.196.195:37457): Illegal state: must be running to vote when last-logged opid is not known
I20260713 09:12:33.896111  1371 raft_consensus.cc:359] T 695101266583479eb9ca3ea702d8147a P c42e7ebd05794921abdd9b0bf853545c [term 0 FOLLOWER]: Replica starting. Triggering 0 pending ops. Active config: opid_index: -1 OBSOLETE_local: false peers { permanent_uuid: "c42e7ebd05794921abdd9b0bf853545c" member_type: VOTER last_known_addr { host: "127.31.196.193" port: 40037 } } peers { permanent_uuid: "5bbeda76308841c78aba29cd04124a6a" member_type: VOTER last_known_addr { host: "127.31.196.194" port: 43149 } } peers { permanent_uuid: "97e03ccb2b0949acb6ec2e87b23da125" member_type: VOTER last_known_addr { host: "127.31.196.195" port: 37457 } }
I20260713 09:12:33.896757  1371 raft_consensus.cc:385] T 695101266583479eb9ca3ea702d8147a P c42e7ebd05794921abdd9b0bf853545c [term 0 FOLLOWER]: Consensus starting up: Expiring failure detector timer to make a prompt election more likely
I20260713 09:12:33.897032  1371 raft_consensus.cc:740] T 695101266583479eb9ca3ea702d8147a P c42e7ebd05794921abdd9b0bf853545c [term 0 FOLLOWER]: Becoming Follower/Learner. State: Replica: c42e7ebd05794921abdd9b0bf853545c, State: Initialized, Role: FOLLOWER
I20260713 09:12:33.899003  1371 consensus_queue.cc:260] T 695101266583479eb9ca3ea702d8147a P c42e7ebd05794921abdd9b0bf853545c [NON_LEADER]: Queue going to NON_LEADER mode. State: All replicated index: 0, Majority replicated index: 0, Committed index: 0, Last appended: 0.0, Last appended by leader: 0, Current term: 0, Majority size: -1, State: 0, Mode: NON_LEADER, active raft config: opid_index: -1 OBSOLETE_local: false peers { permanent_uuid: "c42e7ebd05794921abdd9b0bf853545c" member_type: VOTER last_known_addr { host: "127.31.196.193" port: 40037 } } peers { permanent_uuid: "5bbeda76308841c78aba29cd04124a6a" member_type: VOTER last_known_addr { host: "127.31.196.194" port: 43149 } } peers { permanent_uuid: "97e03ccb2b0949acb6ec2e87b23da125" member_type: VOTER last_known_addr { host: "127.31.196.195" port: 37457 } }
I20260713 09:12:33.900278  1429 consensus_queue.cc:1048] T e9a5dd9976bd424597ced5e86255b362 P 97e03ccb2b0949acb6ec2e87b23da125 [LEADER]: Connected to new peer: Peer: permanent_uuid: "c42e7ebd05794921abdd9b0bf853545c" member_type: VOTER last_known_addr { host: "127.31.196.193" port: 40037 }, Status: LMP_MISMATCH, Last received: 0.0, Next index: 1, Last known committed idx: 0, Time since last communication: 0.000s
I20260713 09:12:33.894639  1148 leader_election.cc:304] T 9cceec00015742ab9289e977ddc326d5 P c42e7ebd05794921abdd9b0bf853545c [CANDIDATE]: Term 1 pre-election: Election decided. Result: candidate lost. Election summary: received 3 responses out of 3 voters: 1 yes votes; 2 no votes. yes voters: c42e7ebd05794921abdd9b0bf853545c; no voters: 5bbeda76308841c78aba29cd04124a6a, 97e03ccb2b0949acb6ec2e87b23da125
I20260713 09:12:33.901752  1387 raft_consensus.cc:2749] T 9cceec00015742ab9289e977ddc326d5 P c42e7ebd05794921abdd9b0bf853545c [term 0 FOLLOWER]: Leader pre-election lost for term 1. Reason: could not achieve majority
I20260713 09:12:33.902606  1221 leader_election.cc:304] T e9a5dd9976bd424597ced5e86255b362 P 5bbeda76308841c78aba29cd04124a6a [CANDIDATE]: Term 1 pre-election: Election decided. Result: candidate lost. Election summary: received 3 responses out of 3 voters: 1 yes votes; 2 no votes. yes voters: 5bbeda76308841c78aba29cd04124a6a; no voters: 97e03ccb2b0949acb6ec2e87b23da125, c42e7ebd05794921abdd9b0bf853545c
I20260713 09:12:33.902798  1179 raft_consensus.cc:2468] T 695101266583479eb9ca3ea702d8147a P c42e7ebd05794921abdd9b0bf853545c [term 0 FOLLOWER]: Leader pre-election vote request: Granting yes vote for candidate 5bbeda76308841c78aba29cd04124a6a in term 0.
I20260713 09:12:33.903676  1423 raft_consensus.cc:3060] T e9a5dd9976bd424597ced5e86255b362 P 5bbeda76308841c78aba29cd04124a6a [term 0 FOLLOWER]: Advancing to term 1
I20260713 09:12:33.907256  1371 ts_tablet_manager.cc:1434] T 695101266583479eb9ca3ea702d8147a P c42e7ebd05794921abdd9b0bf853545c: Time spent starting tablet: real 0.069s	user 0.005s	sys 0.001s
I20260713 09:12:33.908098  1371 tablet_bootstrap.cc:492] T 3261b8958878471789f4eb8b1540f2cd P c42e7ebd05794921abdd9b0bf853545c: Bootstrap starting.
I20260713 09:12:33.911038  1372 tablet_bootstrap.cc:654] T 5357b746d7424c25878ca7365bc15d34 P 5bbeda76308841c78aba29cd04124a6a: Neither blocks nor log segments found. Creating new log.
I20260713 09:12:33.913793  1371 tablet_bootstrap.cc:654] T 3261b8958878471789f4eb8b1540f2cd P c42e7ebd05794921abdd9b0bf853545c: Neither blocks nor log segments found. Creating new log.
I20260713 09:12:33.914157  1423 raft_consensus.cc:2749] T e9a5dd9976bd424597ced5e86255b362 P 5bbeda76308841c78aba29cd04124a6a [term 1 FOLLOWER]: Leader pre-election lost for term 1. Reason: could not achieve majority
I20260713 09:12:33.921830  1477 consensus_queue.cc:1048] T 24ba1bec32e14bf9aa1f3a341c4ad192 P c42e7ebd05794921abdd9b0bf853545c [LEADER]: Connected to new peer: Peer: permanent_uuid: "97e03ccb2b0949acb6ec2e87b23da125" member_type: VOTER last_known_addr { host: "127.31.196.195" port: 37457 }, Status: LMP_MISMATCH, Last received: 0.0, Next index: 1, Last known committed idx: 0, Time since last communication: 0.014s
W20260713 09:12:33.928475  1479 log.cc:927] Time spent T 5f77f95d3f204e318b9d72dd78eed2d8 P 5bbeda76308841c78aba29cd04124a6a: Append to log took a long time: real 0.110s	user 0.000s	sys 0.001s
I20260713 09:12:33.931130  1428 raft_consensus.cc:515] T 695101266583479eb9ca3ea702d8147a P 5bbeda76308841c78aba29cd04124a6a [term 1 FOLLOWER]: Starting leader election with config: opid_index: -1 OBSOLETE_local: false peers { permanent_uuid: "c42e7ebd05794921abdd9b0bf853545c" member_type: VOTER last_known_addr { host: "127.31.196.193" port: 40037 } } peers { permanent_uuid: "5bbeda76308841c78aba29cd04124a6a" member_type: VOTER last_known_addr { host: "127.31.196.194" port: 43149 } } peers { permanent_uuid: "97e03ccb2b0949acb6ec2e87b23da125" member_type: VOTER last_known_addr { host: "127.31.196.195" port: 37457 } }
I20260713 09:12:33.950490  1372 tablet_bootstrap.cc:492] T 5357b746d7424c25878ca7365bc15d34 P 5bbeda76308841c78aba29cd04124a6a: No bootstrap required, opened a new log
I20260713 09:12:33.950923  1372 ts_tablet_manager.cc:1403] T 5357b746d7424c25878ca7365bc15d34 P 5bbeda76308841c78aba29cd04124a6a: Time spent bootstrapping tablet: real 0.140s	user 0.023s	sys 0.022s
W20260713 09:12:33.952453  1486 log.cc:927] Time spent T 9b6c65fb0ce1449dba0e2fec7a656eae P 97e03ccb2b0949acb6ec2e87b23da125: Append to log took a long time: real 0.057s	user 0.000s	sys 0.001s
I20260713 09:12:33.954629  1382 consensus_queue.cc:1048] T 3cc528d276b3419dadf26882297d5466 P 97e03ccb2b0949acb6ec2e87b23da125 [LEADER]: Connected to new peer: Peer: permanent_uuid: "5bbeda76308841c78aba29cd04124a6a" member_type: VOTER last_known_addr { host: "127.31.196.194" port: 43149 }, Status: LMP_MISMATCH, Last received: 0.0, Next index: 1, Last known committed idx: 0, Time since last communication: 0.000s
I20260713 09:12:33.957911  1372 raft_consensus.cc:359] T 5357b746d7424c25878ca7365bc15d34 P 5bbeda76308841c78aba29cd04124a6a [term 0 FOLLOWER]: Replica starting. Triggering 0 pending ops. Active config: opid_index: -1 OBSOLETE_local: false peers { permanent_uuid: "c42e7ebd05794921abdd9b0bf853545c" member_type: VOTER last_known_addr { host: "127.31.196.193" port: 40037 } } peers { permanent_uuid: "5bbeda76308841c78aba29cd04124a6a" member_type: VOTER last_known_addr { host: "127.31.196.194" port: 43149 } } peers { permanent_uuid: "97e03ccb2b0949acb6ec2e87b23da125" member_type: VOTER last_known_addr { host: "127.31.196.195" port: 37457 } }
I20260713 09:12:33.958513  1372 raft_consensus.cc:385] T 5357b746d7424c25878ca7365bc15d34 P 5bbeda76308841c78aba29cd04124a6a [term 0 FOLLOWER]: Consensus starting up: Expiring failure detector timer to make a prompt election more likely
I20260713 09:12:33.958781  1372 raft_consensus.cc:740] T 5357b746d7424c25878ca7365bc15d34 P 5bbeda76308841c78aba29cd04124a6a [term 0 FOLLOWER]: Becoming Follower/Learner. State: Replica: 5bbeda76308841c78aba29cd04124a6a, State: Initialized, Role: FOLLOWER
I20260713 09:12:33.959368  1372 consensus_queue.cc:260] T 5357b746d7424c25878ca7365bc15d34 P 5bbeda76308841c78aba29cd04124a6a [NON_LEADER]: Queue going to NON_LEADER mode. State: All replicated index: 0, Majority replicated index: 0, Committed index: 0, Last appended: 0.0, Last appended by leader: 0, Current term: 0, Majority size: -1, State: 0, Mode: NON_LEADER, active raft config: opid_index: -1 OBSOLETE_local: false peers { permanent_uuid: "c42e7ebd05794921abdd9b0bf853545c" member_type: VOTER last_known_addr { host: "127.31.196.193" port: 40037 } } peers { permanent_uuid: "5bbeda76308841c78aba29cd04124a6a" member_type: VOTER last_known_addr { host: "127.31.196.194" port: 43149 } } peers { permanent_uuid: "97e03ccb2b0949acb6ec2e87b23da125" member_type: VOTER last_known_addr { host: "127.31.196.195" port: 37457 } }
I20260713 09:12:33.962570  1428 leader_election.cc:290] T 695101266583479eb9ca3ea702d8147a P 5bbeda76308841c78aba29cd04124a6a [CANDIDATE]: Term 1 election: Requested vote from peers c42e7ebd05794921abdd9b0bf853545c (127.31.196.193:40037), 97e03ccb2b0949acb6ec2e87b23da125 (127.31.196.195:37457)
I20260713 09:12:33.963518  1330 tablet_service.cc:1917] Received RequestConsensusVote() RPC: tablet_id: "695101266583479eb9ca3ea702d8147a" candidate_uuid: "5bbeda76308841c78aba29cd04124a6a" candidate_term: 1 candidate_status { last_received { term: 0 index: 0 } } ignore_live_leader: false dest_uuid: "97e03ccb2b0949acb6ec2e87b23da125"
I20260713 09:12:33.967334  1330 raft_consensus.cc:3060] T 695101266583479eb9ca3ea702d8147a P 97e03ccb2b0949acb6ec2e87b23da125 [term 0 FOLLOWER]: Advancing to term 1
I20260713 09:12:33.973138  1372 ts_tablet_manager.cc:1434] T 5357b746d7424c25878ca7365bc15d34 P 5bbeda76308841c78aba29cd04124a6a: Time spent starting tablet: real 0.022s	user 0.009s	sys 0.001s
I20260713 09:12:33.973873  1372 tablet_bootstrap.cc:492] T f519a174de524bd1beeadda7b3967a8e P 5bbeda76308841c78aba29cd04124a6a: Bootstrap starting.
I20260713 09:12:33.977898  1330 raft_consensus.cc:2468] T 695101266583479eb9ca3ea702d8147a P 97e03ccb2b0949acb6ec2e87b23da125 [term 1 FOLLOWER]: Leader election vote request: Granting yes vote for candidate 5bbeda76308841c78aba29cd04124a6a in term 1.
I20260713 09:12:33.980566  1223 leader_election.cc:304] T 695101266583479eb9ca3ea702d8147a P 5bbeda76308841c78aba29cd04124a6a [CANDIDATE]: Term 1 election: Election decided. Result: candidate won. Election summary: received 2 responses out of 3 voters: 2 yes votes; 0 no votes. yes voters: 5bbeda76308841c78aba29cd04124a6a, 97e03ccb2b0949acb6ec2e87b23da125; no voters: 
I20260713 09:12:33.981400  1428 raft_consensus.cc:2804] T 695101266583479eb9ca3ea702d8147a P 5bbeda76308841c78aba29cd04124a6a [term 1 FOLLOWER]: Leader election won for term 1
I20260713 09:12:33.981830  1428 raft_consensus.cc:697] T 695101266583479eb9ca3ea702d8147a P 5bbeda76308841c78aba29cd04124a6a [term 1 LEADER]: Becoming Leader. State: Replica: 5bbeda76308841c78aba29cd04124a6a, State: Running, Role: LEADER
I20260713 09:12:33.982540  1428 consensus_queue.cc:237] T 695101266583479eb9ca3ea702d8147a P 5bbeda76308841c78aba29cd04124a6a [LEADER]: Queue going to LEADER mode. State: All replicated index: 0, Majority replicated index: 0, Committed index: 0, Last appended: 0.0, Last appended by leader: 0, Current term: 1, Majority size: 2, State: 0, Mode: LEADER, active raft config: opid_index: -1 OBSOLETE_local: false peers { permanent_uuid: "c42e7ebd05794921abdd9b0bf853545c" member_type: VOTER last_known_addr { host: "127.31.196.193" port: 40037 } } peers { permanent_uuid: "5bbeda76308841c78aba29cd04124a6a" member_type: VOTER last_known_addr { host: "127.31.196.194" port: 43149 } } peers { permanent_uuid: "97e03ccb2b0949acb6ec2e87b23da125" member_type: VOTER last_known_addr { host: "127.31.196.195" port: 37457 } }
I20260713 09:12:33.984009  1429 consensus_queue.cc:1048] T e9a5dd9976bd424597ced5e86255b362 P 97e03ccb2b0949acb6ec2e87b23da125 [LEADER]: Connected to new peer: Peer: permanent_uuid: "5bbeda76308841c78aba29cd04124a6a" member_type: VOTER last_known_addr { host: "127.31.196.194" port: 43149 }, Status: LMP_MISMATCH, Last received: 0.0, Next index: 1, Last known committed idx: 0, Time since last communication: 0.000s
I20260713 09:12:33.985889  1181 tablet_service.cc:1917] Received RequestConsensusVote() RPC: tablet_id: "695101266583479eb9ca3ea702d8147a" candidate_uuid: "5bbeda76308841c78aba29cd04124a6a" candidate_term: 1 candidate_status { last_received { term: 0 index: 0 } } ignore_live_leader: false dest_uuid: "c42e7ebd05794921abdd9b0bf853545c"
I20260713 09:12:33.986487  1181 raft_consensus.cc:3060] T 695101266583479eb9ca3ea702d8147a P c42e7ebd05794921abdd9b0bf853545c [term 0 FOLLOWER]: Advancing to term 1
I20260713 09:12:33.987604  1373 tablet_bootstrap.cc:654] T 5357b746d7424c25878ca7365bc15d34 P 97e03ccb2b0949acb6ec2e87b23da125: Neither blocks nor log segments found. Creating new log.
I20260713 09:12:34.013087  1429 consensus_queue.cc:1048] T 3cc528d276b3419dadf26882297d5466 P 97e03ccb2b0949acb6ec2e87b23da125 [LEADER]: Connected to new peer: Peer: permanent_uuid: "c42e7ebd05794921abdd9b0bf853545c" member_type: VOTER last_known_addr { host: "127.31.196.193" port: 40037 }, Status: LMP_MISMATCH, Last received: 0.0, Next index: 1, Last known committed idx: 0, Time since last communication: 0.000s
I20260713 09:12:34.017431  1377 raft_consensus.cc:493] T 5357b746d7424c25878ca7365bc15d34 P 5bbeda76308841c78aba29cd04124a6a [term 0 FOLLOWER]: Starting pre-election (no leader contacted us within the election timeout)
I20260713 09:12:34.018539  1377 raft_consensus.cc:515] T 5357b746d7424c25878ca7365bc15d34 P 5bbeda76308841c78aba29cd04124a6a [term 0 FOLLOWER]: Starting pre-election with config: opid_index: -1 OBSOLETE_local: false peers { permanent_uuid: "c42e7ebd05794921abdd9b0bf853545c" member_type: VOTER last_known_addr { host: "127.31.196.193" port: 40037 } } peers { permanent_uuid: "5bbeda76308841c78aba29cd04124a6a" member_type: VOTER last_known_addr { host: "127.31.196.194" port: 43149 } } peers { permanent_uuid: "97e03ccb2b0949acb6ec2e87b23da125" member_type: VOTER last_known_addr { host: "127.31.196.195" port: 37457 } }
I20260713 09:12:34.024443  1377 leader_election.cc:290] T 5357b746d7424c25878ca7365bc15d34 P 5bbeda76308841c78aba29cd04124a6a [CANDIDATE]: Term 1 pre-election: Requested pre-vote from peers c42e7ebd05794921abdd9b0bf853545c (127.31.196.193:40037), 97e03ccb2b0949acb6ec2e87b23da125 (127.31.196.195:37457)
I20260713 09:12:34.025444  1331 tablet_service.cc:1917] Received RequestConsensusVote() RPC: tablet_id: "5357b746d7424c25878ca7365bc15d34" candidate_uuid: "5bbeda76308841c78aba29cd04124a6a" candidate_term: 1 candidate_status { last_received { term: 0 index: 0 } } ignore_live_leader: false dest_uuid: "97e03ccb2b0949acb6ec2e87b23da125" is_pre_election: true
W20260713 09:12:34.029990  1223 leader_election.cc:343] T 5357b746d7424c25878ca7365bc15d34 P 5bbeda76308841c78aba29cd04124a6a [CANDIDATE]: Term 1 pre-election: Tablet error from VoteRequest() call to peer 97e03ccb2b0949acb6ec2e87b23da125 (127.31.196.195:37457): Illegal state: must be running to vote when last-logged opid is not known
I20260713 09:12:34.036509  1182 tablet_service.cc:1917] Received RequestConsensusVote() RPC: tablet_id: "5357b746d7424c25878ca7365bc15d34" candidate_uuid: "5bbeda76308841c78aba29cd04124a6a" candidate_term: 1 candidate_status { last_received { term: 0 index: 0 } } ignore_live_leader: false dest_uuid: "c42e7ebd05794921abdd9b0bf853545c" is_pre_election: true
I20260713 09:12:34.037181  1182 raft_consensus.cc:2468] T 5357b746d7424c25878ca7365bc15d34 P c42e7ebd05794921abdd9b0bf853545c [term 0 FOLLOWER]: Leader pre-election vote request: Granting yes vote for candidate 5bbeda76308841c78aba29cd04124a6a in term 0.
I20260713 09:12:34.044750  1221 leader_election.cc:304] T 5357b746d7424c25878ca7365bc15d34 P 5bbeda76308841c78aba29cd04124a6a [CANDIDATE]: Term 1 pre-election: Election decided. Result: candidate won. Election summary: received 3 responses out of 3 voters: 2 yes votes; 1 no votes. yes voters: 5bbeda76308841c78aba29cd04124a6a, c42e7ebd05794921abdd9b0bf853545c; no voters: 97e03ccb2b0949acb6ec2e87b23da125
I20260713 09:12:34.048389  1377 raft_consensus.cc:2804] T 5357b746d7424c25878ca7365bc15d34 P 5bbeda76308841c78aba29cd04124a6a [term 0 FOLLOWER]: Leader pre-election won for term 1
I20260713 09:12:34.049952  1377 raft_consensus.cc:493] T 5357b746d7424c25878ca7365bc15d34 P 5bbeda76308841c78aba29cd04124a6a [term 0 FOLLOWER]: Starting leader election (no leader contacted us within the election timeout)
I20260713 09:12:34.050298  1377 raft_consensus.cc:3060] T 5357b746d7424c25878ca7365bc15d34 P 5bbeda76308841c78aba29cd04124a6a [term 0 FOLLOWER]: Advancing to term 1
I20260713 09:12:34.061492  1080 catalog_manager.cc:5697] T 695101266583479eb9ca3ea702d8147a P 5bbeda76308841c78aba29cd04124a6a reported cstate change: term changed from 0 to 1, leader changed from <none> to 5bbeda76308841c78aba29cd04124a6a (127.31.196.194). New cstate: current_term: 1 leader_uuid: "5bbeda76308841c78aba29cd04124a6a" committed_config { opid_index: -1 OBSOLETE_local: false peers { permanent_uuid: "c42e7ebd05794921abdd9b0bf853545c" member_type: VOTER last_known_addr { host: "127.31.196.193" port: 40037 } health_report { overall_health: UNKNOWN } } peers { permanent_uuid: "5bbeda76308841c78aba29cd04124a6a" member_type: VOTER last_known_addr { host: "127.31.196.194" port: 43149 } health_report { overall_health: HEALTHY } } peers { permanent_uuid: "97e03ccb2b0949acb6ec2e87b23da125" member_type: VOTER last_known_addr { host: "127.31.196.195" port: 37457 } health_report { overall_health: UNKNOWN } } }
I20260713 09:12:34.068426  1181 raft_consensus.cc:2468] T 695101266583479eb9ca3ea702d8147a P c42e7ebd05794921abdd9b0bf853545c [term 1 FOLLOWER]: Leader election vote request: Granting yes vote for candidate 5bbeda76308841c78aba29cd04124a6a in term 1.
I20260713 09:12:34.070349  1398 consensus_queue.cc:1048] T 24ba1bec32e14bf9aa1f3a341c4ad192 P c42e7ebd05794921abdd9b0bf853545c [LEADER]: Connected to new peer: Peer: permanent_uuid: "5bbeda76308841c78aba29cd04124a6a" member_type: VOTER last_known_addr { host: "127.31.196.194" port: 43149 }, Status: LMP_MISMATCH, Last received: 0.0, Next index: 1, Last known committed idx: 0, Time since last communication: 0.000s
I20260713 09:12:34.086795  1372 tablet_bootstrap.cc:654] T f519a174de524bd1beeadda7b3967a8e P 5bbeda76308841c78aba29cd04124a6a: Neither blocks nor log segments found. Creating new log.
W20260713 09:12:34.096877  1145 consensus_peers.cc:597] T f519a174de524bd1beeadda7b3967a8e P c42e7ebd05794921abdd9b0bf853545c -> Peer 5bbeda76308841c78aba29cd04124a6a (127.31.196.194:43149): Couldn't send request to peer 5bbeda76308841c78aba29cd04124a6a. Error code: TABLET_NOT_RUNNING (12). Status: Illegal state: Tablet not RUNNING: BOOTSTRAPPING. This is attempt 1: this message will repeat every 5th retry.
I20260713 09:12:34.100083  1377 raft_consensus.cc:515] T 5357b746d7424c25878ca7365bc15d34 P 5bbeda76308841c78aba29cd04124a6a [term 1 FOLLOWER]: Starting leader election with config: opid_index: -1 OBSOLETE_local: false peers { permanent_uuid: "c42e7ebd05794921abdd9b0bf853545c" member_type: VOTER last_known_addr { host: "127.31.196.193" port: 40037 } } peers { permanent_uuid: "5bbeda76308841c78aba29cd04124a6a" member_type: VOTER last_known_addr { host: "127.31.196.194" port: 43149 } } peers { permanent_uuid: "97e03ccb2b0949acb6ec2e87b23da125" member_type: VOTER last_known_addr { host: "127.31.196.195" port: 37457 } }
I20260713 09:12:34.101933  1376 consensus_queue.cc:1048] T f519a174de524bd1beeadda7b3967a8e P c42e7ebd05794921abdd9b0bf853545c [LEADER]: Connected to new peer: Peer: permanent_uuid: "97e03ccb2b0949acb6ec2e87b23da125" member_type: VOTER last_known_addr { host: "127.31.196.195" port: 37457 }, Status: LMP_MISMATCH, Last received: 0.0, Next index: 1, Last known committed idx: 0, Time since last communication: 0.000s
I20260713 09:12:34.104527  1377 leader_election.cc:290] T 5357b746d7424c25878ca7365bc15d34 P 5bbeda76308841c78aba29cd04124a6a [CANDIDATE]: Term 1 election: Requested vote from peers c42e7ebd05794921abdd9b0bf853545c (127.31.196.193:40037), 97e03ccb2b0949acb6ec2e87b23da125 (127.31.196.195:37457)
I20260713 09:12:34.105597  1329 tablet_service.cc:1917] Received RequestConsensusVote() RPC: tablet_id: "5357b746d7424c25878ca7365bc15d34" candidate_uuid: "5bbeda76308841c78aba29cd04124a6a" candidate_term: 1 candidate_status { last_received { term: 0 index: 0 } } ignore_live_leader: false dest_uuid: "97e03ccb2b0949acb6ec2e87b23da125"
I20260713 09:12:34.106817  1179 tablet_service.cc:1917] Received RequestConsensusVote() RPC: tablet_id: "5357b746d7424c25878ca7365bc15d34" candidate_uuid: "5bbeda76308841c78aba29cd04124a6a" candidate_term: 1 candidate_status { last_received { term: 0 index: 0 } } ignore_live_leader: false dest_uuid: "c42e7ebd05794921abdd9b0bf853545c"
I20260713 09:12:34.107344  1179 raft_consensus.cc:3060] T 5357b746d7424c25878ca7365bc15d34 P c42e7ebd05794921abdd9b0bf853545c [term 0 FOLLOWER]: Advancing to term 1
I20260713 09:12:34.108381  1371 tablet_bootstrap.cc:492] T 3261b8958878471789f4eb8b1540f2cd P c42e7ebd05794921abdd9b0bf853545c: No bootstrap required, opened a new log
I20260713 09:12:34.108810  1371 ts_tablet_manager.cc:1403] T 3261b8958878471789f4eb8b1540f2cd P c42e7ebd05794921abdd9b0bf853545c: Time spent bootstrapping tablet: real 0.201s	user 0.035s	sys 0.030s
I20260713 09:12:34.111425  1371 raft_consensus.cc:359] T 3261b8958878471789f4eb8b1540f2cd P c42e7ebd05794921abdd9b0bf853545c [term 0 FOLLOWER]: Replica starting. Triggering 0 pending ops. Active config: opid_index: -1 OBSOLETE_local: false peers { permanent_uuid: "c42e7ebd05794921abdd9b0bf853545c" member_type: VOTER last_known_addr { host: "127.31.196.193" port: 40037 } } peers { permanent_uuid: "5bbeda76308841c78aba29cd04124a6a" member_type: VOTER last_known_addr { host: "127.31.196.194" port: 43149 } } peers { permanent_uuid: "97e03ccb2b0949acb6ec2e87b23da125" member_type: VOTER last_known_addr { host: "127.31.196.195" port: 37457 } }
I20260713 09:12:34.112013  1371 raft_consensus.cc:385] T 3261b8958878471789f4eb8b1540f2cd P c42e7ebd05794921abdd9b0bf853545c [term 0 FOLLOWER]: Consensus starting up: Expiring failure detector timer to make a prompt election more likely
I20260713 09:12:34.112273  1371 raft_consensus.cc:740] T 3261b8958878471789f4eb8b1540f2cd P c42e7ebd05794921abdd9b0bf853545c [term 0 FOLLOWER]: Becoming Follower/Learner. State: Replica: c42e7ebd05794921abdd9b0bf853545c, State: Initialized, Role: FOLLOWER
I20260713 09:12:34.112879  1371 consensus_queue.cc:260] T 3261b8958878471789f4eb8b1540f2cd P c42e7ebd05794921abdd9b0bf853545c [NON_LEADER]: Queue going to NON_LEADER mode. State: All replicated index: 0, Majority replicated index: 0, Committed index: 0, Last appended: 0.0, Last appended by leader: 0, Current term: 0, Majority size: -1, State: 0, Mode: NON_LEADER, active raft config: opid_index: -1 OBSOLETE_local: false peers { permanent_uuid: "c42e7ebd05794921abdd9b0bf853545c" member_type: VOTER last_known_addr { host: "127.31.196.193" port: 40037 } } peers { permanent_uuid: "5bbeda76308841c78aba29cd04124a6a" member_type: VOTER last_known_addr { host: "127.31.196.194" port: 43149 } } peers { permanent_uuid: "97e03ccb2b0949acb6ec2e87b23da125" member_type: VOTER last_known_addr { host: "127.31.196.195" port: 37457 } }
I20260713 09:12:34.114790  1371 ts_tablet_manager.cc:1434] T 3261b8958878471789f4eb8b1540f2cd P c42e7ebd05794921abdd9b0bf853545c: Time spent starting tablet: real 0.006s	user 0.004s	sys 0.000s
W20260713 09:12:34.115339  1223 leader_election.cc:343] T 5357b746d7424c25878ca7365bc15d34 P 5bbeda76308841c78aba29cd04124a6a [CANDIDATE]: Term 1 election: Tablet error from VoteRequest() call to peer 97e03ccb2b0949acb6ec2e87b23da125 (127.31.196.195:37457): Illegal state: must be running to vote when last-logged opid is not known
I20260713 09:12:34.116721  1179 raft_consensus.cc:2468] T 5357b746d7424c25878ca7365bc15d34 P c42e7ebd05794921abdd9b0bf853545c [term 1 FOLLOWER]: Leader election vote request: Granting yes vote for candidate 5bbeda76308841c78aba29cd04124a6a in term 1.
I20260713 09:12:34.117429  1373 tablet_bootstrap.cc:492] T 5357b746d7424c25878ca7365bc15d34 P 97e03ccb2b0949acb6ec2e87b23da125: No bootstrap required, opened a new log
I20260713 09:12:34.117888  1373 ts_tablet_manager.cc:1403] T 5357b746d7424c25878ca7365bc15d34 P 97e03ccb2b0949acb6ec2e87b23da125: Time spent bootstrapping tablet: real 0.233s	user 0.016s	sys 0.003s
I20260713 09:12:34.118230  1221 leader_election.cc:304] T 5357b746d7424c25878ca7365bc15d34 P 5bbeda76308841c78aba29cd04124a6a [CANDIDATE]: Term 1 election: Election decided. Result: candidate won. Election summary: received 3 responses out of 3 voters: 2 yes votes; 1 no votes. yes voters: 5bbeda76308841c78aba29cd04124a6a, c42e7ebd05794921abdd9b0bf853545c; no voters: 97e03ccb2b0949acb6ec2e87b23da125
I20260713 09:12:34.119113  1499 raft_consensus.cc:2804] T 5357b746d7424c25878ca7365bc15d34 P 5bbeda76308841c78aba29cd04124a6a [term 1 FOLLOWER]: Leader election won for term 1
I20260713 09:12:34.119560  1499 raft_consensus.cc:697] T 5357b746d7424c25878ca7365bc15d34 P 5bbeda76308841c78aba29cd04124a6a [term 1 LEADER]: Becoming Leader. State: Replica: 5bbeda76308841c78aba29cd04124a6a, State: Running, Role: LEADER
I20260713 09:12:34.120268  1371 tablet_bootstrap.cc:492] T 9f73fd3eb9364372b932cc4b8920a1bc P c42e7ebd05794921abdd9b0bf853545c: Bootstrap starting.
I20260713 09:12:34.120299  1499 consensus_queue.cc:237] T 5357b746d7424c25878ca7365bc15d34 P 5bbeda76308841c78aba29cd04124a6a [LEADER]: Queue going to LEADER mode. State: All replicated index: 0, Majority replicated index: 0, Committed index: 0, Last appended: 0.0, Last appended by leader: 0, Current term: 1, Majority size: 2, State: 0, Mode: LEADER, active raft config: opid_index: -1 OBSOLETE_local: false peers { permanent_uuid: "c42e7ebd05794921abdd9b0bf853545c" member_type: VOTER last_known_addr { host: "127.31.196.193" port: 40037 } } peers { permanent_uuid: "5bbeda76308841c78aba29cd04124a6a" member_type: VOTER last_known_addr { host: "127.31.196.194" port: 43149 } } peers { permanent_uuid: "97e03ccb2b0949acb6ec2e87b23da125" member_type: VOTER last_known_addr { host: "127.31.196.195" port: 37457 } }
I20260713 09:12:34.126494  1371 tablet_bootstrap.cc:654] T 9f73fd3eb9364372b932cc4b8920a1bc P c42e7ebd05794921abdd9b0bf853545c: Neither blocks nor log segments found. Creating new log.
I20260713 09:12:34.126088  1373 raft_consensus.cc:359] T 5357b746d7424c25878ca7365bc15d34 P 97e03ccb2b0949acb6ec2e87b23da125 [term 0 FOLLOWER]: Replica starting. Triggering 0 pending ops. Active config: opid_index: -1 OBSOLETE_local: false peers { permanent_uuid: "c42e7ebd05794921abdd9b0bf853545c" member_type: VOTER last_known_addr { host: "127.31.196.193" port: 40037 } } peers { permanent_uuid: "5bbeda76308841c78aba29cd04124a6a" member_type: VOTER last_known_addr { host: "127.31.196.194" port: 43149 } } peers { permanent_uuid: "97e03ccb2b0949acb6ec2e87b23da125" member_type: VOTER last_known_addr { host: "127.31.196.195" port: 37457 } }
I20260713 09:12:34.128314  1373 raft_consensus.cc:385] T 5357b746d7424c25878ca7365bc15d34 P 97e03ccb2b0949acb6ec2e87b23da125 [term 0 FOLLOWER]: Consensus starting up: Expiring failure detector timer to make a prompt election more likely
I20260713 09:12:34.128659  1373 raft_consensus.cc:740] T 5357b746d7424c25878ca7365bc15d34 P 97e03ccb2b0949acb6ec2e87b23da125 [term 0 FOLLOWER]: Becoming Follower/Learner. State: Replica: 97e03ccb2b0949acb6ec2e87b23da125, State: Initialized, Role: FOLLOWER
I20260713 09:12:34.129503  1373 consensus_queue.cc:260] T 5357b746d7424c25878ca7365bc15d34 P 97e03ccb2b0949acb6ec2e87b23da125 [NON_LEADER]: Queue going to NON_LEADER mode. State: All replicated index: 0, Majority replicated index: 0, Committed index: 0, Last appended: 0.0, Last appended by leader: 0, Current term: 0, Majority size: -1, State: 0, Mode: NON_LEADER, active raft config: opid_index: -1 OBSOLETE_local: false peers { permanent_uuid: "c42e7ebd05794921abdd9b0bf853545c" member_type: VOTER last_known_addr { host: "127.31.196.193" port: 40037 } } peers { permanent_uuid: "5bbeda76308841c78aba29cd04124a6a" member_type: VOTER last_known_addr { host: "127.31.196.194" port: 43149 } } peers { permanent_uuid: "97e03ccb2b0949acb6ec2e87b23da125" member_type: VOTER last_known_addr { host: "127.31.196.195" port: 37457 } }
I20260713 09:12:34.131543  1373 ts_tablet_manager.cc:1434] T 5357b746d7424c25878ca7365bc15d34 P 97e03ccb2b0949acb6ec2e87b23da125: Time spent starting tablet: real 0.013s	user 0.004s	sys 0.001s
I20260713 09:12:34.132711  1373 tablet_bootstrap.cc:492] T b489f5d34a97442493d1cbdeee650637 P 97e03ccb2b0949acb6ec2e87b23da125: Bootstrap starting.
I20260713 09:12:34.131552  1371 tablet_bootstrap.cc:492] T 9f73fd3eb9364372b932cc4b8920a1bc P c42e7ebd05794921abdd9b0bf853545c: No bootstrap required, opened a new log
I20260713 09:12:34.135564  1371 ts_tablet_manager.cc:1403] T 9f73fd3eb9364372b932cc4b8920a1bc P c42e7ebd05794921abdd9b0bf853545c: Time spent bootstrapping tablet: real 0.015s	user 0.008s	sys 0.004s
I20260713 09:12:34.138229  1371 raft_consensus.cc:359] T 9f73fd3eb9364372b932cc4b8920a1bc P c42e7ebd05794921abdd9b0bf853545c [term 0 FOLLOWER]: Replica starting. Triggering 0 pending ops. Active config: opid_index: -1 OBSOLETE_local: false peers { permanent_uuid: "c42e7ebd05794921abdd9b0bf853545c" member_type: VOTER last_known_addr { host: "127.31.196.193" port: 40037 } } peers { permanent_uuid: "5bbeda76308841c78aba29cd04124a6a" member_type: VOTER last_known_addr { host: "127.31.196.194" port: 43149 } } peers { permanent_uuid: "97e03ccb2b0949acb6ec2e87b23da125" member_type: VOTER last_known_addr { host: "127.31.196.195" port: 37457 } }
I20260713 09:12:34.138859  1371 raft_consensus.cc:385] T 9f73fd3eb9364372b932cc4b8920a1bc P c42e7ebd05794921abdd9b0bf853545c [term 0 FOLLOWER]: Consensus starting up: Expiring failure detector timer to make a prompt election more likely
I20260713 09:12:34.139168  1371 raft_consensus.cc:740] T 9f73fd3eb9364372b932cc4b8920a1bc P c42e7ebd05794921abdd9b0bf853545c [term 0 FOLLOWER]: Becoming Follower/Learner. State: Replica: c42e7ebd05794921abdd9b0bf853545c, State: Initialized, Role: FOLLOWER
I20260713 09:12:34.139779  1371 consensus_queue.cc:260] T 9f73fd3eb9364372b932cc4b8920a1bc P c42e7ebd05794921abdd9b0bf853545c [NON_LEADER]: Queue going to NON_LEADER mode. State: All replicated index: 0, Majority replicated index: 0, Committed index: 0, Last appended: 0.0, Last appended by leader: 0, Current term: 0, Majority size: -1, State: 0, Mode: NON_LEADER, active raft config: opid_index: -1 OBSOLETE_local: false peers { permanent_uuid: "c42e7ebd05794921abdd9b0bf853545c" member_type: VOTER last_known_addr { host: "127.31.196.193" port: 40037 } } peers { permanent_uuid: "5bbeda76308841c78aba29cd04124a6a" member_type: VOTER last_known_addr { host: "127.31.196.194" port: 43149 } } peers { permanent_uuid: "97e03ccb2b0949acb6ec2e87b23da125" member_type: VOTER last_known_addr { host: "127.31.196.195" port: 37457 } }
I20260713 09:12:34.142017  1371 ts_tablet_manager.cc:1434] T 9f73fd3eb9364372b932cc4b8920a1bc P c42e7ebd05794921abdd9b0bf853545c: Time spent starting tablet: real 0.006s	user 0.003s	sys 0.003s
I20260713 09:12:34.142848  1371 tablet_bootstrap.cc:492] T b489f5d34a97442493d1cbdeee650637 P c42e7ebd05794921abdd9b0bf853545c: Bootstrap starting.
I20260713 09:12:34.153944  1078 catalog_manager.cc:5697] T 5357b746d7424c25878ca7365bc15d34 P 5bbeda76308841c78aba29cd04124a6a reported cstate change: term changed from 0 to 1, leader changed from <none> to 5bbeda76308841c78aba29cd04124a6a (127.31.196.194). New cstate: current_term: 1 leader_uuid: "5bbeda76308841c78aba29cd04124a6a" committed_config { opid_index: -1 OBSOLETE_local: false peers { permanent_uuid: "c42e7ebd05794921abdd9b0bf853545c" member_type: VOTER last_known_addr { host: "127.31.196.193" port: 40037 } health_report { overall_health: UNKNOWN } } peers { permanent_uuid: "5bbeda76308841c78aba29cd04124a6a" member_type: VOTER last_known_addr { host: "127.31.196.194" port: 43149 } health_report { overall_health: HEALTHY } } peers { permanent_uuid: "97e03ccb2b0949acb6ec2e87b23da125" member_type: VOTER last_known_addr { host: "127.31.196.195" port: 37457 } health_report { overall_health: UNKNOWN } } }
I20260713 09:12:34.165024  1373 tablet_bootstrap.cc:654] T b489f5d34a97442493d1cbdeee650637 P 97e03ccb2b0949acb6ec2e87b23da125: Neither blocks nor log segments found. Creating new log.
I20260713 09:12:34.165026  1371 tablet_bootstrap.cc:654] T b489f5d34a97442493d1cbdeee650637 P c42e7ebd05794921abdd9b0bf853545c: Neither blocks nor log segments found. Creating new log.
I20260713 09:12:34.165853  1372 tablet_bootstrap.cc:492] T f519a174de524bd1beeadda7b3967a8e P 5bbeda76308841c78aba29cd04124a6a: No bootstrap required, opened a new log
I20260713 09:12:34.166323  1372 ts_tablet_manager.cc:1403] T f519a174de524bd1beeadda7b3967a8e P 5bbeda76308841c78aba29cd04124a6a: Time spent bootstrapping tablet: real 0.193s	user 0.010s	sys 0.005s
I20260713 09:12:34.169148  1372 raft_consensus.cc:359] T f519a174de524bd1beeadda7b3967a8e P 5bbeda76308841c78aba29cd04124a6a [term 0 FOLLOWER]: Replica starting. Triggering 0 pending ops. Active config: opid_index: -1 OBSOLETE_local: false peers { permanent_uuid: "c42e7ebd05794921abdd9b0bf853545c" member_type: VOTER last_known_addr { host: "127.31.196.193" port: 40037 } } peers { permanent_uuid: "5bbeda76308841c78aba29cd04124a6a" member_type: VOTER last_known_addr { host: "127.31.196.194" port: 43149 } } peers { permanent_uuid: "97e03ccb2b0949acb6ec2e87b23da125" member_type: VOTER last_known_addr { host: "127.31.196.195" port: 37457 } }
I20260713 09:12:34.169814  1372 raft_consensus.cc:385] T f519a174de524bd1beeadda7b3967a8e P 5bbeda76308841c78aba29cd04124a6a [term 0 FOLLOWER]: Consensus starting up: Expiring failure detector timer to make a prompt election more likely
I20260713 09:12:34.173348  1372 raft_consensus.cc:740] T f519a174de524bd1beeadda7b3967a8e P 5bbeda76308841c78aba29cd04124a6a [term 0 FOLLOWER]: Becoming Follower/Learner. State: Replica: 5bbeda76308841c78aba29cd04124a6a, State: Initialized, Role: FOLLOWER
I20260713 09:12:34.174013  1372 consensus_queue.cc:260] T f519a174de524bd1beeadda7b3967a8e P 5bbeda76308841c78aba29cd04124a6a [NON_LEADER]: Queue going to NON_LEADER mode. State: All replicated index: 0, Majority replicated index: 0, Committed index: 0, Last appended: 0.0, Last appended by leader: 0, Current term: 0, Majority size: -1, State: 0, Mode: NON_LEADER, active raft config: opid_index: -1 OBSOLETE_local: false peers { permanent_uuid: "c42e7ebd05794921abdd9b0bf853545c" member_type: VOTER last_known_addr { host: "127.31.196.193" port: 40037 } } peers { permanent_uuid: "5bbeda76308841c78aba29cd04124a6a" member_type: VOTER last_known_addr { host: "127.31.196.194" port: 43149 } } peers { permanent_uuid: "97e03ccb2b0949acb6ec2e87b23da125" member_type: VOTER last_known_addr { host: "127.31.196.195" port: 37457 } }
I20260713 09:12:34.175428  1371 tablet_bootstrap.cc:492] T b489f5d34a97442493d1cbdeee650637 P c42e7ebd05794921abdd9b0bf853545c: No bootstrap required, opened a new log
I20260713 09:12:34.175761  1371 ts_tablet_manager.cc:1403] T b489f5d34a97442493d1cbdeee650637 P c42e7ebd05794921abdd9b0bf853545c: Time spent bootstrapping tablet: real 0.033s	user 0.013s	sys 0.001s
I20260713 09:12:34.176218  1373 tablet_bootstrap.cc:492] T b489f5d34a97442493d1cbdeee650637 P 97e03ccb2b0949acb6ec2e87b23da125: No bootstrap required, opened a new log
I20260713 09:12:34.176605  1373 ts_tablet_manager.cc:1403] T b489f5d34a97442493d1cbdeee650637 P 97e03ccb2b0949acb6ec2e87b23da125: Time spent bootstrapping tablet: real 0.044s	user 0.008s	sys 0.006s
I20260713 09:12:34.177130  1372 ts_tablet_manager.cc:1434] T f519a174de524bd1beeadda7b3967a8e P 5bbeda76308841c78aba29cd04124a6a: Time spent starting tablet: real 0.011s	user 0.006s	sys 0.001s
I20260713 09:12:34.177987  1372 tablet_bootstrap.cc:492] T f904ac1095a24df8a62ec563093cd6db P 5bbeda76308841c78aba29cd04124a6a: Bootstrap starting.
I20260713 09:12:34.178036  1371 raft_consensus.cc:359] T b489f5d34a97442493d1cbdeee650637 P c42e7ebd05794921abdd9b0bf853545c [term 0 FOLLOWER]: Replica starting. Triggering 0 pending ops. Active config: opid_index: -1 OBSOLETE_local: false peers { permanent_uuid: "c42e7ebd05794921abdd9b0bf853545c" member_type: VOTER last_known_addr { host: "127.31.196.193" port: 40037 } } peers { permanent_uuid: "5bbeda76308841c78aba29cd04124a6a" member_type: VOTER last_known_addr { host: "127.31.196.194" port: 43149 } } peers { permanent_uuid: "97e03ccb2b0949acb6ec2e87b23da125" member_type: VOTER last_known_addr { host: "127.31.196.195" port: 37457 } }
I20260713 09:12:34.178680  1371 raft_consensus.cc:385] T b489f5d34a97442493d1cbdeee650637 P c42e7ebd05794921abdd9b0bf853545c [term 0 FOLLOWER]: Consensus starting up: Expiring failure detector timer to make a prompt election more likely
I20260713 09:12:34.178915  1371 raft_consensus.cc:740] T b489f5d34a97442493d1cbdeee650637 P c42e7ebd05794921abdd9b0bf853545c [term 0 FOLLOWER]: Becoming Follower/Learner. State: Replica: c42e7ebd05794921abdd9b0bf853545c, State: Initialized, Role: FOLLOWER
I20260713 09:12:34.179275  1373 raft_consensus.cc:359] T b489f5d34a97442493d1cbdeee650637 P 97e03ccb2b0949acb6ec2e87b23da125 [term 0 FOLLOWER]: Replica starting. Triggering 0 pending ops. Active config: opid_index: -1 OBSOLETE_local: false peers { permanent_uuid: "c42e7ebd05794921abdd9b0bf853545c" member_type: VOTER last_known_addr { host: "127.31.196.193" port: 40037 } } peers { permanent_uuid: "5bbeda76308841c78aba29cd04124a6a" member_type: VOTER last_known_addr { host: "127.31.196.194" port: 43149 } } peers { permanent_uuid: "97e03ccb2b0949acb6ec2e87b23da125" member_type: VOTER last_known_addr { host: "127.31.196.195" port: 37457 } }
I20260713 09:12:34.179867  1373 raft_consensus.cc:385] T b489f5d34a97442493d1cbdeee650637 P 97e03ccb2b0949acb6ec2e87b23da125 [term 0 FOLLOWER]: Consensus starting up: Expiring failure detector timer to make a prompt election more likely
I20260713 09:12:34.180121  1373 raft_consensus.cc:740] T b489f5d34a97442493d1cbdeee650637 P 97e03ccb2b0949acb6ec2e87b23da125 [term 0 FOLLOWER]: Becoming Follower/Learner. State: Replica: 97e03ccb2b0949acb6ec2e87b23da125, State: Initialized, Role: FOLLOWER
I20260713 09:12:34.180932  1373 consensus_queue.cc:260] T b489f5d34a97442493d1cbdeee650637 P 97e03ccb2b0949acb6ec2e87b23da125 [NON_LEADER]: Queue going to NON_LEADER mode. State: All replicated index: 0, Majority replicated index: 0, Committed index: 0, Last appended: 0.0, Last appended by leader: 0, Current term: 0, Majority size: -1, State: 0, Mode: NON_LEADER, active raft config: opid_index: -1 OBSOLETE_local: false peers { permanent_uuid: "c42e7ebd05794921abdd9b0bf853545c" member_type: VOTER last_known_addr { host: "127.31.196.193" port: 40037 } } peers { permanent_uuid: "5bbeda76308841c78aba29cd04124a6a" member_type: VOTER last_known_addr { host: "127.31.196.194" port: 43149 } } peers { permanent_uuid: "97e03ccb2b0949acb6ec2e87b23da125" member_type: VOTER last_known_addr { host: "127.31.196.195" port: 37457 } }
I20260713 09:12:34.184013  1371 consensus_queue.cc:260] T b489f5d34a97442493d1cbdeee650637 P c42e7ebd05794921abdd9b0bf853545c [NON_LEADER]: Queue going to NON_LEADER mode. State: All replicated index: 0, Majority replicated index: 0, Committed index: 0, Last appended: 0.0, Last appended by leader: 0, Current term: 0, Majority size: -1, State: 0, Mode: NON_LEADER, active raft config: opid_index: -1 OBSOLETE_local: false peers { permanent_uuid: "c42e7ebd05794921abdd9b0bf853545c" member_type: VOTER last_known_addr { host: "127.31.196.193" port: 40037 } } peers { permanent_uuid: "5bbeda76308841c78aba29cd04124a6a" member_type: VOTER last_known_addr { host: "127.31.196.194" port: 43149 } } peers { permanent_uuid: "97e03ccb2b0949acb6ec2e87b23da125" member_type: VOTER last_known_addr { host: "127.31.196.195" port: 37457 } }
I20260713 09:12:34.185356  1373 ts_tablet_manager.cc:1434] T b489f5d34a97442493d1cbdeee650637 P 97e03ccb2b0949acb6ec2e87b23da125: Time spent starting tablet: real 0.008s	user 0.007s	sys 0.000s
I20260713 09:12:34.185994  1371 ts_tablet_manager.cc:1434] T b489f5d34a97442493d1cbdeee650637 P c42e7ebd05794921abdd9b0bf853545c: Time spent starting tablet: real 0.010s	user 0.006s	sys 0.000s
I20260713 09:12:34.186158  1373 tablet_bootstrap.cc:492] T 9cceec00015742ab9289e977ddc326d5 P 97e03ccb2b0949acb6ec2e87b23da125: Bootstrap starting.
I20260713 09:12:34.186980  1371 tablet_bootstrap.cc:492] T a1814d4b0da24066b2f67119dd752613 P c42e7ebd05794921abdd9b0bf853545c: Bootstrap starting.
I20260713 09:12:34.191766  1371 tablet_bootstrap.cc:654] T a1814d4b0da24066b2f67119dd752613 P c42e7ebd05794921abdd9b0bf853545c: Neither blocks nor log segments found. Creating new log.
I20260713 09:12:34.194824  1372 tablet_bootstrap.cc:654] T f904ac1095a24df8a62ec563093cd6db P 5bbeda76308841c78aba29cd04124a6a: Neither blocks nor log segments found. Creating new log.
I20260713 09:12:34.193902  1373 tablet_bootstrap.cc:654] T 9cceec00015742ab9289e977ddc326d5 P 97e03ccb2b0949acb6ec2e87b23da125: Neither blocks nor log segments found. Creating new log.
I20260713 09:12:34.205878  1371 tablet_bootstrap.cc:492] T a1814d4b0da24066b2f67119dd752613 P c42e7ebd05794921abdd9b0bf853545c: No bootstrap required, opened a new log
I20260713 09:12:34.206193  1371 ts_tablet_manager.cc:1403] T a1814d4b0da24066b2f67119dd752613 P c42e7ebd05794921abdd9b0bf853545c: Time spent bootstrapping tablet: real 0.019s	user 0.009s	sys 0.008s
I20260713 09:12:34.206838  1372 tablet_bootstrap.cc:492] T f904ac1095a24df8a62ec563093cd6db P 5bbeda76308841c78aba29cd04124a6a: No bootstrap required, opened a new log
I20260713 09:12:34.207275  1372 ts_tablet_manager.cc:1403] T f904ac1095a24df8a62ec563093cd6db P 5bbeda76308841c78aba29cd04124a6a: Time spent bootstrapping tablet: real 0.029s	user 0.001s	sys 0.010s
I20260713 09:12:34.207888  1371 raft_consensus.cc:359] T a1814d4b0da24066b2f67119dd752613 P c42e7ebd05794921abdd9b0bf853545c [term 0 FOLLOWER]: Replica starting. Triggering 0 pending ops. Active config: opid_index: -1 OBSOLETE_local: false peers { permanent_uuid: "c42e7ebd05794921abdd9b0bf853545c" member_type: VOTER last_known_addr { host: "127.31.196.193" port: 40037 } } peers { permanent_uuid: "5bbeda76308841c78aba29cd04124a6a" member_type: VOTER last_known_addr { host: "127.31.196.194" port: 43149 } } peers { permanent_uuid: "97e03ccb2b0949acb6ec2e87b23da125" member_type: VOTER last_known_addr { host: "127.31.196.195" port: 37457 } }
