I20260713 09:12:24.537361  1208 ts_tablet_manager.cc:1403] T d295056c95a4482d9441aeea6cf199e9 P 32f10a2058f34138b71c6a62563294c6: Time spent bootstrapping tablet: real 0.028s	user 0.016s	sys 0.000s
I20260713 09:12:24.540844  1208 raft_consensus.cc:359] T d295056c95a4482d9441aeea6cf199e9 P 32f10a2058f34138b71c6a62563294c6 [term 0 FOLLOWER]: Replica starting. Triggering 0 pending ops. Active config: opid_index: -1 OBSOLETE_local: false peers { permanent_uuid: "b72f9d278be94a419bdff59dd3a6af94" member_type: VOTER last_known_addr { host: "127.31.159.193" port: 45921 } } peers { permanent_uuid: "37de95d3ff6a458dbbffac99e98d0680" member_type: VOTER last_known_addr { host: "127.31.159.194" port: 41127 } } peers { permanent_uuid: "32f10a2058f34138b71c6a62563294c6" member_type: VOTER last_known_addr { host: "127.31.159.195" port: 35475 } }
I20260713 09:12:24.541456  1208 raft_consensus.cc:385] T d295056c95a4482d9441aeea6cf199e9 P 32f10a2058f34138b71c6a62563294c6 [term 0 FOLLOWER]: Consensus starting up: Expiring failure detector timer to make a prompt election more likely
I20260713 09:12:24.541690  1208 raft_consensus.cc:740] T d295056c95a4482d9441aeea6cf199e9 P 32f10a2058f34138b71c6a62563294c6 [term 0 FOLLOWER]: Becoming Follower/Learner. State: Replica: 32f10a2058f34138b71c6a62563294c6, State: Initialized, Role: FOLLOWER
I20260713 09:12:24.538072  1207 consensus_queue.cc:260] T dd27643ae9fe4dc7a9d57c33956dee11 P b72f9d278be94a419bdff59dd3a6af94 [NON_LEADER]: Queue going to NON_LEADER mode. State: All replicated index: 0, Majority replicated index: 0, Committed index: 0, Last appended: 0.0, Last appended by leader: 0, Current term: 0, Majority size: -1, State: 0, Mode: NON_LEADER, active raft config: opid_index: -1 OBSOLETE_local: false peers { permanent_uuid: "b72f9d278be94a419bdff59dd3a6af94" member_type: VOTER last_known_addr { host: "127.31.159.193" port: 45921 } } peers { permanent_uuid: "37de95d3ff6a458dbbffac99e98d0680" member_type: VOTER last_known_addr { host: "127.31.159.194" port: 41127 } } peers { permanent_uuid: "32f10a2058f34138b71c6a62563294c6" member_type: VOTER last_known_addr { host: "127.31.159.195" port: 35475 } }
I20260713 09:12:24.543540  1209 consensus_queue.cc:260] T 0f72a4faa2d443408e107b99e1c0d7af P 37de95d3ff6a458dbbffac99e98d0680 [NON_LEADER]: Queue going to NON_LEADER mode. State: All replicated index: 0, Majority replicated index: 0, Committed index: 0, Last appended: 0.0, Last appended by leader: 0, Current term: 0, Majority size: -1, State: 0, Mode: NON_LEADER, active raft config: opid_index: -1 OBSOLETE_local: false peers { permanent_uuid: "b72f9d278be94a419bdff59dd3a6af94" member_type: VOTER last_known_addr { host: "127.31.159.193" port: 45921 } } peers { permanent_uuid: "37de95d3ff6a458dbbffac99e98d0680" member_type: VOTER last_known_addr { host: "127.31.159.194" port: 41127 } } peers { permanent_uuid: "32f10a2058f34138b71c6a62563294c6" member_type: VOTER last_known_addr { host: "127.31.159.195" port: 35475 } }
I20260713 09:12:24.544412  1237 consensus_queue.cc:1048] T 8580ac5b05f24d5bb748d628876af1df P 37de95d3ff6a458dbbffac99e98d0680 [LEADER]: Connected to new peer: Peer: permanent_uuid: "b72f9d278be94a419bdff59dd3a6af94" member_type: VOTER last_known_addr { host: "127.31.159.193" port: 45921 }, Status: LMP_MISMATCH, Last received: 0.0, Next index: 1, Last known committed idx: 0, Time since last communication: 0.000s
I20260713 09:12:24.546082  1207 ts_tablet_manager.cc:1434] T dd27643ae9fe4dc7a9d57c33956dee11 P b72f9d278be94a419bdff59dd3a6af94: Time spent starting tablet: real 0.013s	user 0.003s	sys 0.002s
I20260713 09:12:24.546125  1208 consensus_queue.cc:260] T d295056c95a4482d9441aeea6cf199e9 P 32f10a2058f34138b71c6a62563294c6 [NON_LEADER]: Queue going to NON_LEADER mode. State: All replicated index: 0, Majority replicated index: 0, Committed index: 0, Last appended: 0.0, Last appended by leader: 0, Current term: 0, Majority size: -1, State: 0, Mode: NON_LEADER, active raft config: opid_index: -1 OBSOLETE_local: false peers { permanent_uuid: "b72f9d278be94a419bdff59dd3a6af94" member_type: VOTER last_known_addr { host: "127.31.159.193" port: 45921 } } peers { permanent_uuid: "37de95d3ff6a458dbbffac99e98d0680" member_type: VOTER last_known_addr { host: "127.31.159.194" port: 41127 } } peers { permanent_uuid: "32f10a2058f34138b71c6a62563294c6" member_type: VOTER last_known_addr { host: "127.31.159.195" port: 35475 } }
I20260713 09:12:24.547045  1207 tablet_bootstrap.cc:492] T 3b802a38ac5a4bb68df50a4dc86d6953 P b72f9d278be94a419bdff59dd3a6af94: Bootstrap starting.
I20260713 09:12:24.552138  1209 ts_tablet_manager.cc:1434] T 0f72a4faa2d443408e107b99e1c0d7af P 37de95d3ff6a458dbbffac99e98d0680: Time spent starting tablet: real 0.019s	user 0.005s	sys 0.000s
I20260713 09:12:24.552695  1207 tablet_bootstrap.cc:654] T 3b802a38ac5a4bb68df50a4dc86d6953 P b72f9d278be94a419bdff59dd3a6af94: Neither blocks nor log segments found. Creating new log.
I20260713 09:12:24.553385  1209 tablet_bootstrap.cc:492] T 468d05c285d24f95b56b874f70c96c46 P 37de95d3ff6a458dbbffac99e98d0680: Bootstrap starting.
I20260713 09:12:24.559526  1209 tablet_bootstrap.cc:654] T 468d05c285d24f95b56b874f70c96c46 P 37de95d3ff6a458dbbffac99e98d0680: Neither blocks nor log segments found. Creating new log.
I20260713 09:12:24.560241  1212 raft_consensus.cc:493] T a4bafb55745c4cee8826dd72c9eb8bb1 P 32f10a2058f34138b71c6a62563294c6 [term 0 FOLLOWER]: Starting pre-election (no leader contacted us within the election timeout)
I20260713 09:12:24.560724  1212 raft_consensus.cc:515] T a4bafb55745c4cee8826dd72c9eb8bb1 P 32f10a2058f34138b71c6a62563294c6 [term 0 FOLLOWER]: Starting pre-election with config: opid_index: -1 OBSOLETE_local: false peers { permanent_uuid: "b72f9d278be94a419bdff59dd3a6af94" member_type: VOTER last_known_addr { host: "127.31.159.193" port: 45921 } } peers { permanent_uuid: "37de95d3ff6a458dbbffac99e98d0680" member_type: VOTER last_known_addr { host: "127.31.159.194" port: 41127 } } peers { permanent_uuid: "32f10a2058f34138b71c6a62563294c6" member_type: VOTER last_known_addr { host: "127.31.159.195" port: 35475 } }
I20260713 09:12:24.562846  1212 leader_election.cc:290] T a4bafb55745c4cee8826dd72c9eb8bb1 P 32f10a2058f34138b71c6a62563294c6 [CANDIDATE]: Term 1 pre-election: Requested pre-vote from peers b72f9d278be94a419bdff59dd3a6af94 (127.31.159.193:45921), 37de95d3ff6a458dbbffac99e98d0680 (127.31.159.194:41127)
I20260713 09:12:24.564429  1017 tablet_service.cc:1917] Received RequestConsensusVote() RPC: tablet_id: "a4bafb55745c4cee8826dd72c9eb8bb1" candidate_uuid: "32f10a2058f34138b71c6a62563294c6" candidate_term: 1 candidate_status { last_received { term: 0 index: 0 } } ignore_live_leader: false dest_uuid: "b72f9d278be94a419bdff59dd3a6af94" is_pre_election: true
I20260713 09:12:24.565062  1017 raft_consensus.cc:2468] T a4bafb55745c4cee8826dd72c9eb8bb1 P b72f9d278be94a419bdff59dd3a6af94 [term 0 FOLLOWER]: Leader pre-election vote request: Granting yes vote for candidate 32f10a2058f34138b71c6a62563294c6 in term 0.
I20260713 09:12:24.565953  1092 tablet_service.cc:1917] Received RequestConsensusVote() RPC: tablet_id: "a4bafb55745c4cee8826dd72c9eb8bb1" candidate_uuid: "32f10a2058f34138b71c6a62563294c6" candidate_term: 1 candidate_status { last_received { term: 0 index: 0 } } ignore_live_leader: false dest_uuid: "37de95d3ff6a458dbbffac99e98d0680" is_pre_election: true
I20260713 09:12:24.566529  1092 raft_consensus.cc:2468] T a4bafb55745c4cee8826dd72c9eb8bb1 P 37de95d3ff6a458dbbffac99e98d0680 [term 0 FOLLOWER]: Leader pre-election vote request: Granting yes vote for candidate 32f10a2058f34138b71c6a62563294c6 in term 0.
I20260713 09:12:24.567986  1130 leader_election.cc:304] T a4bafb55745c4cee8826dd72c9eb8bb1 P 32f10a2058f34138b71c6a62563294c6 [CANDIDATE]: Term 1 pre-election: Election decided. Result: candidate won. Election summary: received 2 responses out of 3 voters: 2 yes votes; 0 no votes. yes voters: 32f10a2058f34138b71c6a62563294c6, b72f9d278be94a419bdff59dd3a6af94; no voters: 
I20260713 09:12:24.569167  1212 raft_consensus.cc:2804] T a4bafb55745c4cee8826dd72c9eb8bb1 P 32f10a2058f34138b71c6a62563294c6 [term 0 FOLLOWER]: Leader pre-election won for term 1
I20260713 09:12:24.569506  1212 raft_consensus.cc:493] T a4bafb55745c4cee8826dd72c9eb8bb1 P 32f10a2058f34138b71c6a62563294c6 [term 0 FOLLOWER]: Starting leader election (no leader contacted us within the election timeout)
I20260713 09:12:24.569839  1212 raft_consensus.cc:3060] T a4bafb55745c4cee8826dd72c9eb8bb1 P 32f10a2058f34138b71c6a62563294c6 [term 0 FOLLOWER]: Advancing to term 1
I20260713 09:12:24.576480  1212 raft_consensus.cc:515] T a4bafb55745c4cee8826dd72c9eb8bb1 P 32f10a2058f34138b71c6a62563294c6 [term 1 FOLLOWER]: Starting leader election with config: opid_index: -1 OBSOLETE_local: false peers { permanent_uuid: "b72f9d278be94a419bdff59dd3a6af94" member_type: VOTER last_known_addr { host: "127.31.159.193" port: 45921 } } peers { permanent_uuid: "37de95d3ff6a458dbbffac99e98d0680" member_type: VOTER last_known_addr { host: "127.31.159.194" port: 41127 } } peers { permanent_uuid: "32f10a2058f34138b71c6a62563294c6" member_type: VOTER last_known_addr { host: "127.31.159.195" port: 35475 } }
I20260713 09:12:24.577692  1208 ts_tablet_manager.cc:1434] T d295056c95a4482d9441aeea6cf199e9 P 32f10a2058f34138b71c6a62563294c6: Time spent starting tablet: real 0.039s	user 0.005s	sys 0.000s
I20260713 09:12:24.578711  1208 tablet_bootstrap.cc:492] T 0f72a4faa2d443408e107b99e1c0d7af P 32f10a2058f34138b71c6a62563294c6: Bootstrap starting.
I20260713 09:12:24.579144  1266 consensus_queue.cc:1048] T 8580ac5b05f24d5bb748d628876af1df P 37de95d3ff6a458dbbffac99e98d0680 [LEADER]: Connected to new peer: Peer: permanent_uuid: "32f10a2058f34138b71c6a62563294c6" member_type: VOTER last_known_addr { host: "127.31.159.195" port: 35475 }, Status: LMP_MISMATCH, Last received: 0.0, Next index: 1, Last known committed idx: 0, Time since last communication: 0.000s
I20260713 09:12:24.581461  1017 tablet_service.cc:1917] Received RequestConsensusVote() RPC: tablet_id: "a4bafb55745c4cee8826dd72c9eb8bb1" candidate_uuid: "32f10a2058f34138b71c6a62563294c6" candidate_term: 1 candidate_status { last_received { term: 0 index: 0 } } ignore_live_leader: false dest_uuid: "b72f9d278be94a419bdff59dd3a6af94"
I20260713 09:12:24.581997  1017 raft_consensus.cc:3060] T a4bafb55745c4cee8826dd72c9eb8bb1 P b72f9d278be94a419bdff59dd3a6af94 [term 0 FOLLOWER]: Advancing to term 1
I20260713 09:12:24.588575  1017 raft_consensus.cc:2468] T a4bafb55745c4cee8826dd72c9eb8bb1 P b72f9d278be94a419bdff59dd3a6af94 [term 1 FOLLOWER]: Leader election vote request: Granting yes vote for candidate 32f10a2058f34138b71c6a62563294c6 in term 1.
I20260713 09:12:24.589676  1130 leader_election.cc:304] T a4bafb55745c4cee8826dd72c9eb8bb1 P 32f10a2058f34138b71c6a62563294c6 [CANDIDATE]: Term 1 election: Election decided. Result: candidate won. Election summary: received 2 responses out of 3 voters: 2 yes votes; 0 no votes. yes voters: 32f10a2058f34138b71c6a62563294c6, b72f9d278be94a419bdff59dd3a6af94; no voters: 
I20260713 09:12:24.590541  1213 raft_consensus.cc:2804] T a4bafb55745c4cee8826dd72c9eb8bb1 P 32f10a2058f34138b71c6a62563294c6 [term 1 FOLLOWER]: Leader election won for term 1
I20260713 09:12:24.603425  1213 raft_consensus.cc:697] T a4bafb55745c4cee8826dd72c9eb8bb1 P 32f10a2058f34138b71c6a62563294c6 [term 1 LEADER]: Becoming Leader. State: Replica: 32f10a2058f34138b71c6a62563294c6, State: Running, Role: LEADER
I20260713 09:12:24.622404  1092 tablet_service.cc:1917] Received RequestConsensusVote() RPC: tablet_id: "a4bafb55745c4cee8826dd72c9eb8bb1" candidate_uuid: "32f10a2058f34138b71c6a62563294c6" candidate_term: 1 candidate_status { last_received { term: 0 index: 0 } } ignore_live_leader: false dest_uuid: "37de95d3ff6a458dbbffac99e98d0680"
I20260713 09:12:24.623040  1092 raft_consensus.cc:3060] T a4bafb55745c4cee8826dd72c9eb8bb1 P 37de95d3ff6a458dbbffac99e98d0680 [term 0 FOLLOWER]: Advancing to term 1
I20260713 09:12:24.604852  1213 consensus_queue.cc:237] T a4bafb55745c4cee8826dd72c9eb8bb1 P 32f10a2058f34138b71c6a62563294c6 [LEADER]: Queue going to LEADER mode. State: All replicated index: 0, Majority replicated index: 0, Committed index: 0, Last appended: 0.0, Last appended by leader: 0, Current term: 1, Majority size: 2, State: 0, Mode: LEADER, active raft config: opid_index: -1 OBSOLETE_local: false peers { permanent_uuid: "b72f9d278be94a419bdff59dd3a6af94" member_type: VOTER last_known_addr { host: "127.31.159.193" port: 45921 } } peers { permanent_uuid: "37de95d3ff6a458dbbffac99e98d0680" member_type: VOTER last_known_addr { host: "127.31.159.194" port: 41127 } } peers { permanent_uuid: "32f10a2058f34138b71c6a62563294c6" member_type: VOTER last_known_addr { host: "127.31.159.195" port: 35475 } }
I20260713 09:12:24.624517  1091 raft_consensus.cc:3060] T cfbe4ef478584b5bbb55dbda7a950951 P 37de95d3ff6a458dbbffac99e98d0680 [term 0 FOLLOWER]: Advancing to term 1
I20260713 09:12:24.615564  1212 leader_election.cc:290] T a4bafb55745c4cee8826dd72c9eb8bb1 P 32f10a2058f34138b71c6a62563294c6 [CANDIDATE]: Term 1 election: Requested vote from peers b72f9d278be94a419bdff59dd3a6af94 (127.31.159.193:45921), 37de95d3ff6a458dbbffac99e98d0680 (127.31.159.194:41127)
I20260713 09:12:24.630438  1208 tablet_bootstrap.cc:654] T 0f72a4faa2d443408e107b99e1c0d7af P 32f10a2058f34138b71c6a62563294c6: Neither blocks nor log segments found. Creating new log.
I20260713 09:12:24.636143  1214 consensus_queue.cc:1048] T cfbe4ef478584b5bbb55dbda7a950951 P b72f9d278be94a419bdff59dd3a6af94 [LEADER]: Connected to new peer: Peer: permanent_uuid: "32f10a2058f34138b71c6a62563294c6" member_type: VOTER last_known_addr { host: "127.31.159.195" port: 35475 }, Status: LMP_MISMATCH, Last received: 0.0, Next index: 1, Last known committed idx: 0, Time since last communication: 0.001s
I20260713 09:12:24.636210  1212 consensus_queue.cc:1048] T 1e6d26f0da024cebb74039d8c21550b8 P 32f10a2058f34138b71c6a62563294c6 [LEADER]: Connected to new peer: Peer: permanent_uuid: "b72f9d278be94a419bdff59dd3a6af94" member_type: VOTER last_known_addr { host: "127.31.159.193" port: 45921 }, Status: LMP_MISMATCH, Last received: 0.0, Next index: 1, Last known committed idx: 0, Time since last communication: 0.001s
I20260713 09:12:24.640834  1207 tablet_bootstrap.cc:492] T 3b802a38ac5a4bb68df50a4dc86d6953 P b72f9d278be94a419bdff59dd3a6af94: No bootstrap required, opened a new log
I20260713 09:12:24.641337  1207 ts_tablet_manager.cc:1403] T 3b802a38ac5a4bb68df50a4dc86d6953 P b72f9d278be94a419bdff59dd3a6af94: Time spent bootstrapping tablet: real 0.094s	user 0.019s	sys 0.004s
I20260713 09:12:24.652952  1207 raft_consensus.cc:359] T 3b802a38ac5a4bb68df50a4dc86d6953 P b72f9d278be94a419bdff59dd3a6af94 [term 0 FOLLOWER]: Replica starting. Triggering 0 pending ops. Active config: opid_index: -1 OBSOLETE_local: false peers { permanent_uuid: "b72f9d278be94a419bdff59dd3a6af94" member_type: VOTER last_known_addr { host: "127.31.159.193" port: 45921 } } peers { permanent_uuid: "37de95d3ff6a458dbbffac99e98d0680" member_type: VOTER last_known_addr { host: "127.31.159.194" port: 41127 } } peers { permanent_uuid: "32f10a2058f34138b71c6a62563294c6" member_type: VOTER last_known_addr { host: "127.31.159.195" port: 35475 } }
I20260713 09:12:24.653617  1207 raft_consensus.cc:385] T 3b802a38ac5a4bb68df50a4dc86d6953 P b72f9d278be94a419bdff59dd3a6af94 [term 0 FOLLOWER]: Consensus starting up: Expiring failure detector timer to make a prompt election more likely
I20260713 09:12:24.653882  1207 raft_consensus.cc:740] T 3b802a38ac5a4bb68df50a4dc86d6953 P b72f9d278be94a419bdff59dd3a6af94 [term 0 FOLLOWER]: Becoming Follower/Learner. State: Replica: b72f9d278be94a419bdff59dd3a6af94, State: Initialized, Role: FOLLOWER
I20260713 09:12:24.654588  1207 consensus_queue.cc:260] T 3b802a38ac5a4bb68df50a4dc86d6953 P b72f9d278be94a419bdff59dd3a6af94 [NON_LEADER]: Queue going to NON_LEADER mode. State: All replicated index: 0, Majority replicated index: 0, Committed index: 0, Last appended: 0.0, Last appended by leader: 0, Current term: 0, Majority size: -1, State: 0, Mode: NON_LEADER, active raft config: opid_index: -1 OBSOLETE_local: false peers { permanent_uuid: "b72f9d278be94a419bdff59dd3a6af94" member_type: VOTER last_known_addr { host: "127.31.159.193" port: 45921 } } peers { permanent_uuid: "37de95d3ff6a458dbbffac99e98d0680" member_type: VOTER last_known_addr { host: "127.31.159.194" port: 41127 } } peers { permanent_uuid: "32f10a2058f34138b71c6a62563294c6" member_type: VOTER last_known_addr { host: "127.31.159.195" port: 35475 } }
I20260713 09:12:24.657760  1207 ts_tablet_manager.cc:1434] T 3b802a38ac5a4bb68df50a4dc86d6953 P b72f9d278be94a419bdff59dd3a6af94: Time spent starting tablet: real 0.016s	user 0.007s	sys 0.000s
I20260713 09:12:24.658936  1207 tablet_bootstrap.cc:492] T 47060ea750cd48339c1e35e068d5d7f9 P b72f9d278be94a419bdff59dd3a6af94: Bootstrap starting.
I20260713 09:12:24.673705  1092 raft_consensus.cc:2468] T a4bafb55745c4cee8826dd72c9eb8bb1 P 37de95d3ff6a458dbbffac99e98d0680 [term 1 FOLLOWER]: Leader election vote request: Granting yes vote for candidate 32f10a2058f34138b71c6a62563294c6 in term 1.
I20260713 09:12:24.675968  1209 tablet_bootstrap.cc:492] T 468d05c285d24f95b56b874f70c96c46 P 37de95d3ff6a458dbbffac99e98d0680: No bootstrap required, opened a new log
I20260713 09:12:24.676460  1209 ts_tablet_manager.cc:1403] T 468d05c285d24f95b56b874f70c96c46 P 37de95d3ff6a458dbbffac99e98d0680: Time spent bootstrapping tablet: real 0.123s	user 0.017s	sys 0.016s
I20260713 09:12:24.677803  1207 tablet_bootstrap.cc:654] T 47060ea750cd48339c1e35e068d5d7f9 P b72f9d278be94a419bdff59dd3a6af94: Neither blocks nor log segments found. Creating new log.
I20260713 09:12:24.680099  1214 consensus_queue.cc:1048] T cfbe4ef478584b5bbb55dbda7a950951 P b72f9d278be94a419bdff59dd3a6af94 [LEADER]: Connected to new peer: Peer: permanent_uuid: "37de95d3ff6a458dbbffac99e98d0680" member_type: VOTER last_known_addr { host: "127.31.159.194" port: 41127 }, Status: LMP_MISMATCH, Last received: 0.0, Next index: 1, Last known committed idx: 0, Time since last communication: 0.000s
I20260713 09:12:24.681547  1209 raft_consensus.cc:359] T 468d05c285d24f95b56b874f70c96c46 P 37de95d3ff6a458dbbffac99e98d0680 [term 0 FOLLOWER]: Replica starting. Triggering 0 pending ops. Active config: opid_index: -1 OBSOLETE_local: false peers { permanent_uuid: "b72f9d278be94a419bdff59dd3a6af94" member_type: VOTER last_known_addr { host: "127.31.159.193" port: 45921 } } peers { permanent_uuid: "37de95d3ff6a458dbbffac99e98d0680" member_type: VOTER last_known_addr { host: "127.31.159.194" port: 41127 } } peers { permanent_uuid: "32f10a2058f34138b71c6a62563294c6" member_type: VOTER last_known_addr { host: "127.31.159.195" port: 35475 } }
I20260713 09:12:24.682250  1209 raft_consensus.cc:385] T 468d05c285d24f95b56b874f70c96c46 P 37de95d3ff6a458dbbffac99e98d0680 [term 0 FOLLOWER]: Consensus starting up: Expiring failure detector timer to make a prompt election more likely
I20260713 09:12:24.682509  1209 raft_consensus.cc:740] T 468d05c285d24f95b56b874f70c96c46 P 37de95d3ff6a458dbbffac99e98d0680 [term 0 FOLLOWER]: Becoming Follower/Learner. State: Replica: 37de95d3ff6a458dbbffac99e98d0680, State: Initialized, Role: FOLLOWER
I20260713 09:12:24.683509  1209 consensus_queue.cc:260] T 468d05c285d24f95b56b874f70c96c46 P 37de95d3ff6a458dbbffac99e98d0680 [NON_LEADER]: Queue going to NON_LEADER mode. State: All replicated index: 0, Majority replicated index: 0, Committed index: 0, Last appended: 0.0, Last appended by leader: 0, Current term: 0, Majority size: -1, State: 0, Mode: NON_LEADER, active raft config: opid_index: -1 OBSOLETE_local: false peers { permanent_uuid: "b72f9d278be94a419bdff59dd3a6af94" member_type: VOTER last_known_addr { host: "127.31.159.193" port: 45921 } } peers { permanent_uuid: "37de95d3ff6a458dbbffac99e98d0680" member_type: VOTER last_known_addr { host: "127.31.159.194" port: 41127 } } peers { permanent_uuid: "32f10a2058f34138b71c6a62563294c6" member_type: VOTER last_known_addr { host: "127.31.159.195" port: 35475 } }
I20260713 09:12:24.686314  1209 ts_tablet_manager.cc:1434] T 468d05c285d24f95b56b874f70c96c46 P 37de95d3ff6a458dbbffac99e98d0680: Time spent starting tablet: real 0.010s	user 0.005s	sys 0.000s
I20260713 09:12:24.687798  1209 tablet_bootstrap.cc:492] T 07cc3218715043fa96192822b5c876d9 P 37de95d3ff6a458dbbffac99e98d0680: Bootstrap starting.
I20260713 09:12:24.689572  1237 raft_consensus.cc:493] T 77938605ae384a2db5c64386a629caf5 P 37de95d3ff6a458dbbffac99e98d0680 [term 0 FOLLOWER]: Starting pre-election (no leader contacted us within the election timeout)
I20260713 09:12:24.690150  1208 tablet_bootstrap.cc:492] T 0f72a4faa2d443408e107b99e1c0d7af P 32f10a2058f34138b71c6a62563294c6: No bootstrap required, opened a new log
I20260713 09:12:24.690035  1237 raft_consensus.cc:515] T 77938605ae384a2db5c64386a629caf5 P 37de95d3ff6a458dbbffac99e98d0680 [term 0 FOLLOWER]: Starting pre-election with config: opid_index: -1 OBSOLETE_local: false peers { permanent_uuid: "b72f9d278be94a419bdff59dd3a6af94" member_type: VOTER last_known_addr { host: "127.31.159.193" port: 45921 } } peers { permanent_uuid: "37de95d3ff6a458dbbffac99e98d0680" member_type: VOTER last_known_addr { host: "127.31.159.194" port: 41127 } } peers { permanent_uuid: "32f10a2058f34138b71c6a62563294c6" member_type: VOTER last_known_addr { host: "127.31.159.195" port: 35475 } }
I20260713 09:12:24.690600  1208 ts_tablet_manager.cc:1403] T 0f72a4faa2d443408e107b99e1c0d7af P 32f10a2058f34138b71c6a62563294c6: Time spent bootstrapping tablet: real 0.112s	user 0.011s	sys 0.007s
I20260713 09:12:24.692255  1237 leader_election.cc:290] T 77938605ae384a2db5c64386a629caf5 P 37de95d3ff6a458dbbffac99e98d0680 [CANDIDATE]: Term 1 pre-election: Requested pre-vote from peers b72f9d278be94a419bdff59dd3a6af94 (127.31.159.193:45921), 32f10a2058f34138b71c6a62563294c6 (127.31.159.195:35475)
I20260713 09:12:24.692862  1017 tablet_service.cc:1917] Received RequestConsensusVote() RPC: tablet_id: "77938605ae384a2db5c64386a629caf5" candidate_uuid: "37de95d3ff6a458dbbffac99e98d0680" candidate_term: 1 candidate_status { last_received { term: 0 index: 0 } } ignore_live_leader: false dest_uuid: "b72f9d278be94a419bdff59dd3a6af94" is_pre_election: true
I20260713 09:12:24.693459  1017 raft_consensus.cc:2468] T 77938605ae384a2db5c64386a629caf5 P b72f9d278be94a419bdff59dd3a6af94 [term 0 FOLLOWER]: Leader pre-election vote request: Granting yes vote for candidate 37de95d3ff6a458dbbffac99e98d0680 in term 0.
I20260713 09:12:24.693675  1167 tablet_service.cc:1917] Received RequestConsensusVote() RPC: tablet_id: "77938605ae384a2db5c64386a629caf5" candidate_uuid: "37de95d3ff6a458dbbffac99e98d0680" candidate_term: 1 candidate_status { last_received { term: 0 index: 0 } } ignore_live_leader: false dest_uuid: "32f10a2058f34138b71c6a62563294c6" is_pre_election: true
I20260713 09:12:24.694281  1167 raft_consensus.cc:2468] T 77938605ae384a2db5c64386a629caf5 P 32f10a2058f34138b71c6a62563294c6 [term 0 FOLLOWER]: Leader pre-election vote request: Granting yes vote for candidate 37de95d3ff6a458dbbffac99e98d0680 in term 0.
I20260713 09:12:24.694602  1056 leader_election.cc:304] T 77938605ae384a2db5c64386a629caf5 P 37de95d3ff6a458dbbffac99e98d0680 [CANDIDATE]: Term 1 pre-election: Election decided. Result: candidate won. Election summary: received 2 responses out of 3 voters: 2 yes votes; 0 no votes. yes voters: 37de95d3ff6a458dbbffac99e98d0680, b72f9d278be94a419bdff59dd3a6af94; no voters: 
I20260713 09:12:24.695849  1208 raft_consensus.cc:359] T 0f72a4faa2d443408e107b99e1c0d7af P 32f10a2058f34138b71c6a62563294c6 [term 0 FOLLOWER]: Replica starting. Triggering 0 pending ops. Active config: opid_index: -1 OBSOLETE_local: false peers { permanent_uuid: "b72f9d278be94a419bdff59dd3a6af94" member_type: VOTER last_known_addr { host: "127.31.159.193" port: 45921 } } peers { permanent_uuid: "37de95d3ff6a458dbbffac99e98d0680" member_type: VOTER last_known_addr { host: "127.31.159.194" port: 41127 } } peers { permanent_uuid: "32f10a2058f34138b71c6a62563294c6" member_type: VOTER last_known_addr { host: "127.31.159.195" port: 35475 } }
I20260713 09:12:24.696516  1208 raft_consensus.cc:385] T 0f72a4faa2d443408e107b99e1c0d7af P 32f10a2058f34138b71c6a62563294c6 [term 0 FOLLOWER]: Consensus starting up: Expiring failure detector timer to make a prompt election more likely
I20260713 09:12:24.696771  1208 raft_consensus.cc:740] T 0f72a4faa2d443408e107b99e1c0d7af P 32f10a2058f34138b71c6a62563294c6 [term 0 FOLLOWER]: Becoming Follower/Learner. State: Replica: 32f10a2058f34138b71c6a62563294c6, State: Initialized, Role: FOLLOWER
I20260713 09:12:24.698347  1208 consensus_queue.cc:260] T 0f72a4faa2d443408e107b99e1c0d7af P 32f10a2058f34138b71c6a62563294c6 [NON_LEADER]: Queue going to NON_LEADER mode. State: All replicated index: 0, Majority replicated index: 0, Committed index: 0, Last appended: 0.0, Last appended by leader: 0, Current term: 0, Majority size: -1, State: 0, Mode: NON_LEADER, active raft config: opid_index: -1 OBSOLETE_local: false peers { permanent_uuid: "b72f9d278be94a419bdff59dd3a6af94" member_type: VOTER last_known_addr { host: "127.31.159.193" port: 45921 } } peers { permanent_uuid: "37de95d3ff6a458dbbffac99e98d0680" member_type: VOTER last_known_addr { host: "127.31.159.194" port: 41127 } } peers { permanent_uuid: "32f10a2058f34138b71c6a62563294c6" member_type: VOTER last_known_addr { host: "127.31.159.195" port: 35475 } }
I20260713 09:12:24.700824  1208 ts_tablet_manager.cc:1434] T 0f72a4faa2d443408e107b99e1c0d7af P 32f10a2058f34138b71c6a62563294c6: Time spent starting tablet: real 0.010s	user 0.006s	sys 0.000s
I20260713 09:12:24.701730  1208 tablet_bootstrap.cc:492] T 3b802a38ac5a4bb68df50a4dc86d6953 P 32f10a2058f34138b71c6a62563294c6: Bootstrap starting.
I20260713 09:12:24.702307  1266 raft_consensus.cc:2804] T 77938605ae384a2db5c64386a629caf5 P 37de95d3ff6a458dbbffac99e98d0680 [term 0 FOLLOWER]: Leader pre-election won for term 1
I20260713 09:12:24.702687  1266 raft_consensus.cc:493] T 77938605ae384a2db5c64386a629caf5 P 37de95d3ff6a458dbbffac99e98d0680 [term 0 FOLLOWER]: Starting leader election (no leader contacted us within the election timeout)
I20260713 09:12:24.703420  1266 raft_consensus.cc:3060] T 77938605ae384a2db5c64386a629caf5 P 37de95d3ff6a458dbbffac99e98d0680 [term 0 FOLLOWER]: Advancing to term 1
I20260713 09:12:24.694990  1213 raft_consensus.cc:493] T 29587545ed8e409e8066275555ddc2d1 P 32f10a2058f34138b71c6a62563294c6 [term 0 FOLLOWER]: Starting pre-election (no leader contacted us within the election timeout)
I20260713 09:12:24.712428  1217 consensus_queue.cc:1048] T 881b9f79d464435a9c85a6877be3db95 P b72f9d278be94a419bdff59dd3a6af94 [LEADER]: Connected to new peer: Peer: permanent_uuid: "37de95d3ff6a458dbbffac99e98d0680" member_type: VOTER last_known_addr { host: "127.31.159.194" port: 41127 }, Status: LMP_MISMATCH, Last received: 0.0, Next index: 1, Last known committed idx: 0, Time since last communication: 0.000s
I20260713 09:12:24.712780  1209 tablet_bootstrap.cc:654] T 07cc3218715043fa96192822b5c876d9 P 37de95d3ff6a458dbbffac99e98d0680: Neither blocks nor log segments found. Creating new log.
I20260713 09:12:24.707242  1213 raft_consensus.cc:515] T 29587545ed8e409e8066275555ddc2d1 P 32f10a2058f34138b71c6a62563294c6 [term 0 FOLLOWER]: Starting pre-election with config: opid_index: -1 OBSOLETE_local: false peers { permanent_uuid: "b72f9d278be94a419bdff59dd3a6af94" member_type: VOTER last_known_addr { host: "127.31.159.193" port: 45921 } } peers { permanent_uuid: "37de95d3ff6a458dbbffac99e98d0680" member_type: VOTER last_known_addr { host: "127.31.159.194" port: 41127 } } peers { permanent_uuid: "32f10a2058f34138b71c6a62563294c6" member_type: VOTER last_known_addr { host: "127.31.159.195" port: 35475 } }
I20260713 09:12:24.726560   914 catalog_manager.cc:5697] T a4bafb55745c4cee8826dd72c9eb8bb1 P 32f10a2058f34138b71c6a62563294c6 reported cstate change: term changed from 0 to 1, leader changed from <none> to 32f10a2058f34138b71c6a62563294c6 (127.31.159.195). New cstate: current_term: 1 leader_uuid: "32f10a2058f34138b71c6a62563294c6" committed_config { opid_index: -1 OBSOLETE_local: false peers { permanent_uuid: "b72f9d278be94a419bdff59dd3a6af94" member_type: VOTER last_known_addr { host: "127.31.159.193" port: 45921 } health_report { overall_health: UNKNOWN } } peers { permanent_uuid: "37de95d3ff6a458dbbffac99e98d0680" member_type: VOTER last_known_addr { host: "127.31.159.194" port: 41127 } health_report { overall_health: UNKNOWN } } peers { permanent_uuid: "32f10a2058f34138b71c6a62563294c6" member_type: VOTER last_known_addr { host: "127.31.159.195" port: 35475 } health_report { overall_health: HEALTHY } } }
I20260713 09:12:24.731320  1093 tablet_service.cc:1917] Received RequestConsensusVote() RPC: tablet_id: "29587545ed8e409e8066275555ddc2d1" candidate_uuid: "32f10a2058f34138b71c6a62563294c6" candidate_term: 1 candidate_status { last_received { term: 0 index: 0 } } ignore_live_leader: false dest_uuid: "37de95d3ff6a458dbbffac99e98d0680" is_pre_election: true
I20260713 09:12:24.727494  1213 leader_election.cc:290] T 29587545ed8e409e8066275555ddc2d1 P 32f10a2058f34138b71c6a62563294c6 [CANDIDATE]: Term 1 pre-election: Requested pre-vote from peers b72f9d278be94a419bdff59dd3a6af94 (127.31.159.193:45921), 37de95d3ff6a458dbbffac99e98d0680 (127.31.159.194:41127)
I20260713 09:12:24.728209  1017 tablet_service.cc:1917] Received RequestConsensusVote() RPC: tablet_id: "29587545ed8e409e8066275555ddc2d1" candidate_uuid: "32f10a2058f34138b71c6a62563294c6" candidate_term: 1 candidate_status { last_received { term: 0 index: 0 } } ignore_live_leader: false dest_uuid: "b72f9d278be94a419bdff59dd3a6af94" is_pre_election: true
I20260713 09:12:24.732373  1017 raft_consensus.cc:2468] T 29587545ed8e409e8066275555ddc2d1 P b72f9d278be94a419bdff59dd3a6af94 [term 0 FOLLOWER]: Leader pre-election vote request: Granting yes vote for candidate 32f10a2058f34138b71c6a62563294c6 in term 0.
I20260713 09:12:24.732306  1266 raft_consensus.cc:515] T 77938605ae384a2db5c64386a629caf5 P 37de95d3ff6a458dbbffac99e98d0680 [term 1 FOLLOWER]: Starting leader election with config: opid_index: -1 OBSOLETE_local: false peers { permanent_uuid: "b72f9d278be94a419bdff59dd3a6af94" member_type: VOTER last_known_addr { host: "127.31.159.193" port: 45921 } } peers { permanent_uuid: "37de95d3ff6a458dbbffac99e98d0680" member_type: VOTER last_known_addr { host: "127.31.159.194" port: 41127 } } peers { permanent_uuid: "32f10a2058f34138b71c6a62563294c6" member_type: VOTER last_known_addr { host: "127.31.159.195" port: 35475 } }
I20260713 09:12:24.737304  1266 leader_election.cc:290] T 77938605ae384a2db5c64386a629caf5 P 37de95d3ff6a458dbbffac99e98d0680 [CANDIDATE]: Term 1 election: Requested vote from peers b72f9d278be94a419bdff59dd3a6af94 (127.31.159.193:45921), 32f10a2058f34138b71c6a62563294c6 (127.31.159.195:35475)
I20260713 09:12:24.733670  1130 leader_election.cc:304] T 29587545ed8e409e8066275555ddc2d1 P 32f10a2058f34138b71c6a62563294c6 [CANDIDATE]: Term 1 pre-election: Election decided. Result: candidate won. Election summary: received 2 responses out of 3 voters: 2 yes votes; 0 no votes. yes voters: 32f10a2058f34138b71c6a62563294c6, b72f9d278be94a419bdff59dd3a6af94; no voters: 
I20260713 09:12:24.737856  1208 tablet_bootstrap.cc:654] T 3b802a38ac5a4bb68df50a4dc86d6953 P 32f10a2058f34138b71c6a62563294c6: Neither blocks nor log segments found. Creating new log.
I20260713 09:12:24.738303  1018 tablet_service.cc:1917] Received RequestConsensusVote() RPC: tablet_id: "77938605ae384a2db5c64386a629caf5" candidate_uuid: "37de95d3ff6a458dbbffac99e98d0680" candidate_term: 1 candidate_status { last_received { term: 0 index: 0 } } ignore_live_leader: false dest_uuid: "b72f9d278be94a419bdff59dd3a6af94"
I20260713 09:12:24.738677  1213 raft_consensus.cc:2804] T 29587545ed8e409e8066275555ddc2d1 P 32f10a2058f34138b71c6a62563294c6 [term 0 FOLLOWER]: Leader pre-election won for term 1
I20260713 09:12:24.739014  1018 raft_consensus.cc:3060] T 77938605ae384a2db5c64386a629caf5 P b72f9d278be94a419bdff59dd3a6af94 [term 0 FOLLOWER]: Advancing to term 1
I20260713 09:12:24.739054  1213 raft_consensus.cc:493] T 29587545ed8e409e8066275555ddc2d1 P 32f10a2058f34138b71c6a62563294c6 [term 0 FOLLOWER]: Starting leader election (no leader contacted us within the election timeout)
I20260713 09:12:24.739533  1213 raft_consensus.cc:3060] T 29587545ed8e409e8066275555ddc2d1 P 32f10a2058f34138b71c6a62563294c6 [term 0 FOLLOWER]: Advancing to term 1
W20260713 09:12:24.738243  1133 leader_election.cc:343] T 29587545ed8e409e8066275555ddc2d1 P 32f10a2058f34138b71c6a62563294c6 [CANDIDATE]: Term 1 pre-election: Tablet error from VoteRequest() call to peer 37de95d3ff6a458dbbffac99e98d0680 (127.31.159.194:41127): Illegal state: must be running to vote when last-logged opid is not known
I20260713 09:12:24.744441  1167 tablet_service.cc:1917] Received RequestConsensusVote() RPC: tablet_id: "77938605ae384a2db5c64386a629caf5" candidate_uuid: "37de95d3ff6a458dbbffac99e98d0680" candidate_term: 1 candidate_status { last_received { term: 0 index: 0 } } ignore_live_leader: false dest_uuid: "32f10a2058f34138b71c6a62563294c6"
I20260713 09:12:24.746330  1167 raft_consensus.cc:3060] T 77938605ae384a2db5c64386a629caf5 P 32f10a2058f34138b71c6a62563294c6 [term 0 FOLLOWER]: Advancing to term 1
I20260713 09:12:24.747321  1209 tablet_bootstrap.cc:492] T 07cc3218715043fa96192822b5c876d9 P 37de95d3ff6a458dbbffac99e98d0680: No bootstrap required, opened a new log
I20260713 09:12:24.747999  1209 ts_tablet_manager.cc:1403] T 07cc3218715043fa96192822b5c876d9 P 37de95d3ff6a458dbbffac99e98d0680: Time spent bootstrapping tablet: real 0.060s	user 0.010s	sys 0.002s
I20260713 09:12:24.754333  1018 raft_consensus.cc:2468] T 77938605ae384a2db5c64386a629caf5 P b72f9d278be94a419bdff59dd3a6af94 [term 1 FOLLOWER]: Leader election vote request: Granting yes vote for candidate 37de95d3ff6a458dbbffac99e98d0680 in term 1.
I20260713 09:12:24.755960  1056 leader_election.cc:304] T 77938605ae384a2db5c64386a629caf5 P 37de95d3ff6a458dbbffac99e98d0680 [CANDIDATE]: Term 1 election: Election decided. Result: candidate won. Election summary: received 2 responses out of 3 voters: 2 yes votes; 0 no votes. yes voters: 37de95d3ff6a458dbbffac99e98d0680, b72f9d278be94a419bdff59dd3a6af94; no voters: 
I20260713 09:12:24.756784  1266 raft_consensus.cc:2804] T 77938605ae384a2db5c64386a629caf5 P 37de95d3ff6a458dbbffac99e98d0680 [term 1 FOLLOWER]: Leader election won for term 1
I20260713 09:12:24.757262  1266 raft_consensus.cc:697] T 77938605ae384a2db5c64386a629caf5 P 37de95d3ff6a458dbbffac99e98d0680 [term 1 LEADER]: Becoming Leader. State: Replica: 37de95d3ff6a458dbbffac99e98d0680, State: Running, Role: LEADER
I20260713 09:12:24.757050  1213 raft_consensus.cc:515] T 29587545ed8e409e8066275555ddc2d1 P 32f10a2058f34138b71c6a62563294c6 [term 1 FOLLOWER]: Starting leader election with config: opid_index: -1 OBSOLETE_local: false peers { permanent_uuid: "b72f9d278be94a419bdff59dd3a6af94" member_type: VOTER last_known_addr { host: "127.31.159.193" port: 45921 } } peers { permanent_uuid: "37de95d3ff6a458dbbffac99e98d0680" member_type: VOTER last_known_addr { host: "127.31.159.194" port: 41127 } } peers { permanent_uuid: "32f10a2058f34138b71c6a62563294c6" member_type: VOTER last_known_addr { host: "127.31.159.195" port: 35475 } }
I20260713 09:12:24.758066  1266 consensus_queue.cc:237] T 77938605ae384a2db5c64386a629caf5 P 37de95d3ff6a458dbbffac99e98d0680 [LEADER]: Queue going to LEADER mode. State: All replicated index: 0, Majority replicated index: 0, Committed index: 0, Last appended: 0.0, Last appended by leader: 0, Current term: 1, Majority size: 2, State: 0, Mode: LEADER, active raft config: opid_index: -1 OBSOLETE_local: false peers { permanent_uuid: "b72f9d278be94a419bdff59dd3a6af94" member_type: VOTER last_known_addr { host: "127.31.159.193" port: 45921 } } peers { permanent_uuid: "37de95d3ff6a458dbbffac99e98d0680" member_type: VOTER last_known_addr { host: "127.31.159.194" port: 41127 } } peers { permanent_uuid: "32f10a2058f34138b71c6a62563294c6" member_type: VOTER last_known_addr { host: "127.31.159.195" port: 35475 } }
I20260713 09:12:24.761294  1167 raft_consensus.cc:2468] T 77938605ae384a2db5c64386a629caf5 P 32f10a2058f34138b71c6a62563294c6 [term 1 FOLLOWER]: Leader election vote request: Granting yes vote for candidate 37de95d3ff6a458dbbffac99e98d0680 in term 1.
I20260713 09:12:24.763803  1018 tablet_service.cc:1917] Received RequestConsensusVote() RPC: tablet_id: "29587545ed8e409e8066275555ddc2d1" candidate_uuid: "32f10a2058f34138b71c6a62563294c6" candidate_term: 1 candidate_status { last_received { term: 0 index: 0 } } ignore_live_leader: false dest_uuid: "b72f9d278be94a419bdff59dd3a6af94"
I20260713 09:12:24.764576  1213 leader_election.cc:290] T 29587545ed8e409e8066275555ddc2d1 P 32f10a2058f34138b71c6a62563294c6 [CANDIDATE]: Term 1 election: Requested vote from peers b72f9d278be94a419bdff59dd3a6af94 (127.31.159.193:45921), 37de95d3ff6a458dbbffac99e98d0680 (127.31.159.194:41127)
I20260713 09:12:24.764894  1018 raft_consensus.cc:3060] T 29587545ed8e409e8066275555ddc2d1 P b72f9d278be94a419bdff59dd3a6af94 [term 0 FOLLOWER]: Advancing to term 1
I20260713 09:12:24.764088  1209 raft_consensus.cc:359] T 07cc3218715043fa96192822b5c876d9 P 37de95d3ff6a458dbbffac99e98d0680 [term 0 FOLLOWER]: Replica starting. Triggering 0 pending ops. Active config: opid_index: -1 OBSOLETE_local: false peers { permanent_uuid: "b72f9d278be94a419bdff59dd3a6af94" member_type: VOTER last_known_addr { host: "127.31.159.193" port: 45921 } } peers { permanent_uuid: "37de95d3ff6a458dbbffac99e98d0680" member_type: VOTER last_known_addr { host: "127.31.159.194" port: 41127 } } peers { permanent_uuid: "32f10a2058f34138b71c6a62563294c6" member_type: VOTER last_known_addr { host: "127.31.159.195" port: 35475 } }
I20260713 09:12:24.764149  1091 tablet_service.cc:1917] Received RequestConsensusVote() RPC: tablet_id: "29587545ed8e409e8066275555ddc2d1" candidate_uuid: "32f10a2058f34138b71c6a62563294c6" candidate_term: 1 candidate_status { last_received { term: 0 index: 0 } } ignore_live_leader: false dest_uuid: "37de95d3ff6a458dbbffac99e98d0680"
I20260713 09:12:24.769317  1213 raft_consensus.cc:493] T d295056c95a4482d9441aeea6cf199e9 P 32f10a2058f34138b71c6a62563294c6 [term 0 FOLLOWER]: Starting pre-election (no leader contacted us within the election timeout)
I20260713 09:12:24.792335  1209 raft_consensus.cc:385] T 07cc3218715043fa96192822b5c876d9 P 37de95d3ff6a458dbbffac99e98d0680 [term 0 FOLLOWER]: Consensus starting up: Expiring failure detector timer to make a prompt election more likely
I20260713 09:12:24.771719  1018 raft_consensus.cc:2468] T 29587545ed8e409e8066275555ddc2d1 P b72f9d278be94a419bdff59dd3a6af94 [term 1 FOLLOWER]: Leader election vote request: Granting yes vote for candidate 32f10a2058f34138b71c6a62563294c6 in term 1.
I20260713 09:12:24.792948  1209 raft_consensus.cc:740] T 07cc3218715043fa96192822b5c876d9 P 37de95d3ff6a458dbbffac99e98d0680 [term 0 FOLLOWER]: Becoming Follower/Learner. State: Replica: 37de95d3ff6a458dbbffac99e98d0680, State: Initialized, Role: FOLLOWER
I20260713 09:12:24.792889  1213 raft_consensus.cc:515] T d295056c95a4482d9441aeea6cf199e9 P 32f10a2058f34138b71c6a62563294c6 [term 0 FOLLOWER]: Starting pre-election with config: opid_index: -1 OBSOLETE_local: false peers { permanent_uuid: "b72f9d278be94a419bdff59dd3a6af94" member_type: VOTER last_known_addr { host: "127.31.159.193" port: 45921 } } peers { permanent_uuid: "37de95d3ff6a458dbbffac99e98d0680" member_type: VOTER last_known_addr { host: "127.31.159.194" port: 41127 } } peers { permanent_uuid: "32f10a2058f34138b71c6a62563294c6" member_type: VOTER last_known_addr { host: "127.31.159.195" port: 35475 } }
I20260713 09:12:24.793999  1209 consensus_queue.cc:260] T 07cc3218715043fa96192822b5c876d9 P 37de95d3ff6a458dbbffac99e98d0680 [NON_LEADER]: Queue going to NON_LEADER mode. State: All replicated index: 0, Majority replicated index: 0, Committed index: 0, Last appended: 0.0, Last appended by leader: 0, Current term: 0, Majority size: -1, State: 0, Mode: NON_LEADER, active raft config: opid_index: -1 OBSOLETE_local: false peers { permanent_uuid: "b72f9d278be94a419bdff59dd3a6af94" member_type: VOTER last_known_addr { host: "127.31.159.193" port: 45921 } } peers { permanent_uuid: "37de95d3ff6a458dbbffac99e98d0680" member_type: VOTER last_known_addr { host: "127.31.159.194" port: 41127 } } peers { permanent_uuid: "32f10a2058f34138b71c6a62563294c6" member_type: VOTER last_known_addr { host: "127.31.159.195" port: 35475 } }
I20260713 09:12:24.794946  1213 leader_election.cc:290] T d295056c95a4482d9441aeea6cf199e9 P 32f10a2058f34138b71c6a62563294c6 [CANDIDATE]: Term 1 pre-election: Requested pre-vote from peers b72f9d278be94a419bdff59dd3a6af94 (127.31.159.193:45921), 37de95d3ff6a458dbbffac99e98d0680 (127.31.159.194:41127)
W20260713 09:12:24.787599   964 auto_rebalancer.cc:288] Could not retrieve cluster info: Service unavailable: Tablet not running
W20260713 09:12:24.793169  1133 leader_election.cc:343] T 29587545ed8e409e8066275555ddc2d1 P 32f10a2058f34138b71c6a62563294c6 [CANDIDATE]: Term 1 election: Tablet error from VoteRequest() call to peer 37de95d3ff6a458dbbffac99e98d0680 (127.31.159.194:41127): Illegal state: must be running to vote when last-logged opid is not known
I20260713 09:12:24.777284  1207 tablet_bootstrap.cc:492] T 47060ea750cd48339c1e35e068d5d7f9 P b72f9d278be94a419bdff59dd3a6af94: No bootstrap required, opened a new log
I20260713 09:12:24.796304  1207 ts_tablet_manager.cc:1403] T 47060ea750cd48339c1e35e068d5d7f9 P b72f9d278be94a419bdff59dd3a6af94: Time spent bootstrapping tablet: real 0.138s	user 0.020s	sys 0.030s
I20260713 09:12:24.796751  1091 tablet_service.cc:1917] Received RequestConsensusVote() RPC: tablet_id: "d295056c95a4482d9441aeea6cf199e9" candidate_uuid: "32f10a2058f34138b71c6a62563294c6" candidate_term: 1 candidate_status { last_received { term: 0 index: 0 } } ignore_live_leader: false dest_uuid: "37de95d3ff6a458dbbffac99e98d0680" is_pre_election: true
W20260713 09:12:24.798034  1133 leader_election.cc:343] T d295056c95a4482d9441aeea6cf199e9 P 32f10a2058f34138b71c6a62563294c6 [CANDIDATE]: Term 1 pre-election: Tablet error from VoteRequest() call to peer 37de95d3ff6a458dbbffac99e98d0680 (127.31.159.194:41127): Illegal state: must be running to vote when last-logged opid is not known
I20260713 09:12:24.782614  1301 consensus_queue.cc:1048] T 881b9f79d464435a9c85a6877be3db95 P b72f9d278be94a419bdff59dd3a6af94 [LEADER]: Connected to new peer: Peer: permanent_uuid: "32f10a2058f34138b71c6a62563294c6" member_type: VOTER last_known_addr { host: "127.31.159.195" port: 35475 }, Status: LMP_MISMATCH, Last received: 0.0, Next index: 1, Last known committed idx: 0, Time since last communication: 0.001s
I20260713 09:12:24.798410  1209 ts_tablet_manager.cc:1434] T 07cc3218715043fa96192822b5c876d9 P 37de95d3ff6a458dbbffac99e98d0680: Time spent starting tablet: real 0.050s	user 0.005s	sys 0.000s
I20260713 09:12:24.798810  1207 raft_consensus.cc:359] T 47060ea750cd48339c1e35e068d5d7f9 P b72f9d278be94a419bdff59dd3a6af94 [term 0 FOLLOWER]: Replica starting. Triggering 0 pending ops. Active config: opid_index: -1 OBSOLETE_local: false peers { permanent_uuid: "b72f9d278be94a419bdff59dd3a6af94" member_type: VOTER last_known_addr { host: "127.31.159.193" port: 45921 } } peers { permanent_uuid: "37de95d3ff6a458dbbffac99e98d0680" member_type: VOTER last_known_addr { host: "127.31.159.194" port: 41127 } } peers { permanent_uuid: "32f10a2058f34138b71c6a62563294c6" member_type: VOTER last_known_addr { host: "127.31.159.195" port: 35475 } }
I20260713 09:12:24.799470  1207 raft_consensus.cc:385] T 47060ea750cd48339c1e35e068d5d7f9 P b72f9d278be94a419bdff59dd3a6af94 [term 0 FOLLOWER]: Consensus starting up: Expiring failure detector timer to make a prompt election more likely
I20260713 09:12:24.799779  1207 raft_consensus.cc:740] T 47060ea750cd48339c1e35e068d5d7f9 P b72f9d278be94a419bdff59dd3a6af94 [term 0 FOLLOWER]: Becoming Follower/Learner. State: Replica: b72f9d278be94a419bdff59dd3a6af94, State: Initialized, Role: FOLLOWER
I20260713 09:12:24.801157  1237 raft_consensus.cc:493] T 0f72a4faa2d443408e107b99e1c0d7af P 37de95d3ff6a458dbbffac99e98d0680 [term 0 FOLLOWER]: Starting pre-election (no leader contacted us within the election timeout)
I20260713 09:12:24.800854  1207 consensus_queue.cc:260] T 47060ea750cd48339c1e35e068d5d7f9 P b72f9d278be94a419bdff59dd3a6af94 [NON_LEADER]: Queue going to NON_LEADER mode. State: All replicated index: 0, Majority replicated index: 0, Committed index: 0, Last appended: 0.0, Last appended by leader: 0, Current term: 0, Majority size: -1, State: 0, Mode: NON_LEADER, active raft config: opid_index: -1 OBSOLETE_local: false peers { permanent_uuid: "b72f9d278be94a419bdff59dd3a6af94" member_type: VOTER last_known_addr { host: "127.31.159.193" port: 45921 } } peers { permanent_uuid: "37de95d3ff6a458dbbffac99e98d0680" member_type: VOTER last_known_addr { host: "127.31.159.194" port: 41127 } } peers { permanent_uuid: "32f10a2058f34138b71c6a62563294c6" member_type: VOTER last_known_addr { host: "127.31.159.195" port: 35475 } }
I20260713 09:12:24.801615  1237 raft_consensus.cc:515] T 0f72a4faa2d443408e107b99e1c0d7af P 37de95d3ff6a458dbbffac99e98d0680 [term 0 FOLLOWER]: Starting pre-election with config: opid_index: -1 OBSOLETE_local: false peers { permanent_uuid: "b72f9d278be94a419bdff59dd3a6af94" member_type: VOTER last_known_addr { host: "127.31.159.193" port: 45921 } } peers { permanent_uuid: "37de95d3ff6a458dbbffac99e98d0680" member_type: VOTER last_known_addr { host: "127.31.159.194" port: 41127 } } peers { permanent_uuid: "32f10a2058f34138b71c6a62563294c6" member_type: VOTER last_known_addr { host: "127.31.159.195" port: 35475 } }
I20260713 09:12:24.803124  1207 ts_tablet_manager.cc:1434] T 47060ea750cd48339c1e35e068d5d7f9 P b72f9d278be94a419bdff59dd3a6af94: Time spent starting tablet: real 0.007s	user 0.003s	sys 0.002s
I20260713 09:12:24.799386  1209 tablet_bootstrap.cc:492] T 3b802a38ac5a4bb68df50a4dc86d6953 P 37de95d3ff6a458dbbffac99e98d0680: Bootstrap starting.
I20260713 09:12:24.803558  1237 leader_election.cc:290] T 0f72a4faa2d443408e107b99e1c0d7af P 37de95d3ff6a458dbbffac99e98d0680 [CANDIDATE]: Term 1 pre-election: Requested pre-vote from peers b72f9d278be94a419bdff59dd3a6af94 (127.31.159.193:45921), 32f10a2058f34138b71c6a62563294c6 (127.31.159.195:35475)
I20260713 09:12:24.803964  1207 tablet_bootstrap.cc:492] T 515ff83117df4b5a8cf46be719b4b119 P b72f9d278be94a419bdff59dd3a6af94: Bootstrap starting.
I20260713 09:12:24.804268  1018 tablet_service.cc:1917] Received RequestConsensusVote() RPC: tablet_id: "0f72a4faa2d443408e107b99e1c0d7af" candidate_uuid: "37de95d3ff6a458dbbffac99e98d0680" candidate_term: 1 candidate_status { last_received { term: 0 index: 0 } } ignore_live_leader: false dest_uuid: "b72f9d278be94a419bdff59dd3a6af94" is_pre_election: true
I20260713 09:12:24.805150  1167 tablet_service.cc:1917] Received RequestConsensusVote() RPC: tablet_id: "0f72a4faa2d443408e107b99e1c0d7af" candidate_uuid: "37de95d3ff6a458dbbffac99e98d0680" candidate_term: 1 candidate_status { last_received { term: 0 index: 0 } } ignore_live_leader: false dest_uuid: "32f10a2058f34138b71c6a62563294c6" is_pre_election: true
W20260713 09:12:24.805673  1056 leader_election.cc:343] T 0f72a4faa2d443408e107b99e1c0d7af P 37de95d3ff6a458dbbffac99e98d0680 [CANDIDATE]: Term 1 pre-election: Tablet error from VoteRequest() call to peer b72f9d278be94a419bdff59dd3a6af94 (127.31.159.193:45921): Illegal state: must be running to vote when last-logged opid is not known
I20260713 09:12:24.805750  1167 raft_consensus.cc:2468] T 0f72a4faa2d443408e107b99e1c0d7af P 32f10a2058f34138b71c6a62563294c6 [term 0 FOLLOWER]: Leader pre-election vote request: Granting yes vote for candidate 37de95d3ff6a458dbbffac99e98d0680 in term 0.
I20260713 09:12:24.807077  1059 leader_election.cc:304] T 0f72a4faa2d443408e107b99e1c0d7af P 37de95d3ff6a458dbbffac99e98d0680 [CANDIDATE]: Term 1 pre-election: Election decided. Result: candidate won. Election summary: received 3 responses out of 3 voters: 2 yes votes; 1 no votes. yes voters: 32f10a2058f34138b71c6a62563294c6, 37de95d3ff6a458dbbffac99e98d0680; no voters: b72f9d278be94a419bdff59dd3a6af94
I20260713 09:12:24.810546  1207 tablet_bootstrap.cc:654] T 515ff83117df4b5a8cf46be719b4b119 P b72f9d278be94a419bdff59dd3a6af94: Neither blocks nor log segments found. Creating new log.
I20260713 09:12:24.811522  1266 raft_consensus.cc:2804] T 0f72a4faa2d443408e107b99e1c0d7af P 37de95d3ff6a458dbbffac99e98d0680 [term 0 FOLLOWER]: Leader pre-election won for term 1
I20260713 09:12:24.811867  1266 raft_consensus.cc:493] T 0f72a4faa2d443408e107b99e1c0d7af P 37de95d3ff6a458dbbffac99e98d0680 [term 0 FOLLOWER]: Starting leader election (no leader contacted us within the election timeout)
I20260713 09:12:24.812179  1266 raft_consensus.cc:3060] T 0f72a4faa2d443408e107b99e1c0d7af P 37de95d3ff6a458dbbffac99e98d0680 [term 0 FOLLOWER]: Advancing to term 1
I20260713 09:12:24.813769  1209 tablet_bootstrap.cc:654] T 3b802a38ac5a4bb68df50a4dc86d6953 P 37de95d3ff6a458dbbffac99e98d0680: Neither blocks nor log segments found. Creating new log.
I20260713 09:12:24.814831  1237 consensus_queue.cc:1048] T 21a6f7b1465f41d7ad1a304128a51e02 P 37de95d3ff6a458dbbffac99e98d0680 [LEADER]: Connected to new peer: Peer: permanent_uuid: "32f10a2058f34138b71c6a62563294c6" member_type: VOTER last_known_addr { host: "127.31.159.195" port: 35475 }, Status: LMP_MISMATCH, Last received: 0.0, Next index: 1, Last known committed idx: 0, Time since last communication: 0.000s
