I20260713 09:12:13.517380   531 tablet_service.cc:1917] Received RequestConsensusVote() RPC: tablet_id: "555b324f649c466faf65cb1f75977f86" candidate_uuid: "6d1707a0a8d2412285c16900c12c1ae2" candidate_term: 1 candidate_status { last_received { term: 0 index: 0 } } ignore_live_leader: false dest_uuid: "6120960fd69d4a87ab8057583309cbf0"
I20260713 09:12:13.519021   680 tablet_service.cc:1917] Received RequestConsensusVote() RPC: tablet_id: "75258628926749b88ed671857fccf648" candidate_uuid: "baa51be9738149cebb772d963a30f0b4" candidate_term: 1 candidate_status { last_received { term: 0 index: 0 } } ignore_live_leader: false dest_uuid: "6d1707a0a8d2412285c16900c12c1ae2"
I20260713 09:12:13.519151   677 tablet_service.cc:1917] Received RequestConsensusVote() RPC: tablet_id: "22d1f43c9ffe441192fbc5055aab668e" candidate_uuid: "baa51be9738149cebb772d963a30f0b4" candidate_term: 1 candidate_status { last_received { term: 0 index: 0 } } ignore_live_leader: false dest_uuid: "6d1707a0a8d2412285c16900c12c1ae2" is_pre_election: true
I20260713 09:12:13.519548   680 raft_consensus.cc:3060] T 75258628926749b88ed671857fccf648 P 6d1707a0a8d2412285c16900c12c1ae2 [term 0 FOLLOWER]: Advancing to term 1
I20260713 09:12:13.512895   761 raft_consensus.cc:2804] T 5310752b313b4302beeafa95d27328bd P baa51be9738149cebb772d963a30f0b4 [term 1 FOLLOWER]: Leader election won for term 1
I20260713 09:12:13.519716   677 raft_consensus.cc:2468] T 22d1f43c9ffe441192fbc5055aab668e P 6d1707a0a8d2412285c16900c12c1ae2 [term 0 FOLLOWER]: Leader pre-election vote request: Granting yes vote for candidate baa51be9738149cebb772d963a30f0b4 in term 0.
I20260713 09:12:13.524717   720 tablet_bootstrap.cc:654] T f9499331bb91498d88a3e2f75b1a4f48 P 6d1707a0a8d2412285c16900c12c1ae2: Neither blocks nor log segments found. Creating new log.
I20260713 09:12:13.525337   605 raft_consensus.cc:2468] T 555b324f649c466faf65cb1f75977f86 P baa51be9738149cebb772d963a30f0b4 [term 1 FOLLOWER]: Leader election vote request: Granting yes vote for candidate 6d1707a0a8d2412285c16900c12c1ae2 in term 1.
I20260713 09:12:13.526469   644 leader_election.cc:304] T 555b324f649c466faf65cb1f75977f86 P 6d1707a0a8d2412285c16900c12c1ae2 [CANDIDATE]: Term 1 election: Election decided. Result: candidate won. Election summary: received 2 responses out of 3 voters: 2 yes votes; 0 no votes. yes voters: 6d1707a0a8d2412285c16900c12c1ae2, baa51be9738149cebb772d963a30f0b4; no voters: 
I20260713 09:12:13.530004   529 raft_consensus.cc:2468] T 9e4c86f1187343c99b687b3e3f2bf9ef P 6120960fd69d4a87ab8057583309cbf0 [term 1 FOLLOWER]: Leader election vote request: Granting yes vote for candidate 6d1707a0a8d2412285c16900c12c1ae2 in term 1.
I20260713 09:12:13.530407   679 tablet_service.cc:1917] Received RequestConsensusVote() RPC: tablet_id: "d2e96cacdc694118b94593a7aefc8304" candidate_uuid: "baa51be9738149cebb772d963a30f0b4" candidate_term: 1 candidate_status { last_received { term: 0 index: 0 } } ignore_live_leader: false dest_uuid: "6d1707a0a8d2412285c16900c12c1ae2" is_pre_election: true
I20260713 09:12:13.534143   678 tablet_service.cc:1917] Received RequestConsensusVote() RPC: tablet_id: "5310752b313b4302beeafa95d27328bd" candidate_uuid: "baa51be9738149cebb772d963a30f0b4" candidate_term: 1 candidate_status { last_received { term: 0 index: 0 } } ignore_live_leader: false dest_uuid: "6d1707a0a8d2412285c16900c12c1ae2"
I20260713 09:12:13.535307   678 raft_consensus.cc:3060] T 5310752b313b4302beeafa95d27328bd P 6d1707a0a8d2412285c16900c12c1ae2 [term 0 FOLLOWER]: Advancing to term 1
W20260713 09:12:13.529385   646 leader_election.cc:343] T 555b324f649c466faf65cb1f75977f86 P 6d1707a0a8d2412285c16900c12c1ae2 [CANDIDATE]: Term 1 pre-election: Tablet error from VoteRequest() call to peer 6120960fd69d4a87ab8057583309cbf0 (127.31.159.193:39475): Illegal state: must be running to vote when last-logged opid is not known
I20260713 09:12:13.536666   719 tablet_bootstrap.cc:492] T 4e4456581efd485383c7be026c773b7d P baa51be9738149cebb772d963a30f0b4: No bootstrap required, opened a new log
I20260713 09:12:13.528777   761 raft_consensus.cc:697] T 5310752b313b4302beeafa95d27328bd P baa51be9738149cebb772d963a30f0b4 [term 1 LEADER]: Becoming Leader. State: Replica: baa51be9738149cebb772d963a30f0b4, State: Running, Role: LEADER
W20260713 09:12:13.536929   646 leader_election.cc:343] T 555b324f649c466faf65cb1f75977f86 P 6d1707a0a8d2412285c16900c12c1ae2 [CANDIDATE]: Term 1 election: Tablet error from VoteRequest() call to peer 6120960fd69d4a87ab8057583309cbf0 (127.31.159.193:39475): Illegal state: must be running to vote when last-logged opid is not known
I20260713 09:12:13.537189   719 ts_tablet_manager.cc:1403] T 4e4456581efd485383c7be026c773b7d P baa51be9738149cebb772d963a30f0b4: Time spent bootstrapping tablet: real 0.087s	user 0.020s	sys 0.003s
I20260713 09:12:13.537642   761 consensus_queue.cc:237] T 5310752b313b4302beeafa95d27328bd P baa51be9738149cebb772d963a30f0b4 [LEADER]: Queue going to LEADER mode. State: All replicated index: 0, Majority replicated index: 0, Committed index: 0, Last appended: 0.0, Last appended by leader: 0, Current term: 1, Majority size: 2, State: 0, Mode: LEADER, active raft config: opid_index: -1 OBSOLETE_local: false peers { permanent_uuid: "6120960fd69d4a87ab8057583309cbf0" member_type: VOTER last_known_addr { host: "127.31.159.193" port: 39475 } } peers { permanent_uuid: "baa51be9738149cebb772d963a30f0b4" member_type: VOTER last_known_addr { host: "127.31.159.194" port: 35787 } } peers { permanent_uuid: "6d1707a0a8d2412285c16900c12c1ae2" member_type: VOTER last_known_addr { host: "127.31.159.195" port: 39023 } }
I20260713 09:12:13.539849   719 raft_consensus.cc:359] T 4e4456581efd485383c7be026c773b7d P baa51be9738149cebb772d963a30f0b4 [term 0 FOLLOWER]: Replica starting. Triggering 0 pending ops. Active config: opid_index: -1 OBSOLETE_local: false peers { permanent_uuid: "6120960fd69d4a87ab8057583309cbf0" member_type: VOTER last_known_addr { host: "127.31.159.193" port: 39475 } } peers { permanent_uuid: "baa51be9738149cebb772d963a30f0b4" member_type: VOTER last_known_addr { host: "127.31.159.194" port: 35787 } } peers { permanent_uuid: "6d1707a0a8d2412285c16900c12c1ae2" member_type: VOTER last_known_addr { host: "127.31.159.195" port: 39023 } }
I20260713 09:12:13.540462   719 raft_consensus.cc:385] T 4e4456581efd485383c7be026c773b7d P baa51be9738149cebb772d963a30f0b4 [term 0 FOLLOWER]: Consensus starting up: Expiring failure detector timer to make a prompt election more likely
I20260713 09:12:13.540700   719 raft_consensus.cc:740] T 4e4456581efd485383c7be026c773b7d P baa51be9738149cebb772d963a30f0b4 [term 0 FOLLOWER]: Becoming Follower/Learner. State: Replica: baa51be9738149cebb772d963a30f0b4, State: Initialized, Role: FOLLOWER
I20260713 09:12:13.533061   679 raft_consensus.cc:2468] T d2e96cacdc694118b94593a7aefc8304 P 6d1707a0a8d2412285c16900c12c1ae2 [term 0 FOLLOWER]: Leader pre-election vote request: Granting yes vote for candidate baa51be9738149cebb772d963a30f0b4 in term 0.
I20260713 09:12:13.542899   763 raft_consensus.cc:2804] T 555b324f649c466faf65cb1f75977f86 P 6d1707a0a8d2412285c16900c12c1ae2 [term 1 FOLLOWER]: Leader election won for term 1
I20260713 09:12:13.543358   763 raft_consensus.cc:697] T 555b324f649c466faf65cb1f75977f86 P 6d1707a0a8d2412285c16900c12c1ae2 [term 1 LEADER]: Becoming Leader. State: Replica: 6d1707a0a8d2412285c16900c12c1ae2, State: Running, Role: LEADER
I20260713 09:12:13.543718   754 raft_consensus.cc:493] T f9499331bb91498d88a3e2f75b1a4f48 P baa51be9738149cebb772d963a30f0b4 [term 0 FOLLOWER]: Starting pre-election (no leader contacted us within the election timeout)
I20260713 09:12:13.546677   719 consensus_queue.cc:260] T 4e4456581efd485383c7be026c773b7d P baa51be9738149cebb772d963a30f0b4 [NON_LEADER]: Queue going to NON_LEADER mode. State: All replicated index: 0, Majority replicated index: 0, Committed index: 0, Last appended: 0.0, Last appended by leader: 0, Current term: 0, Majority size: -1, State: 0, Mode: NON_LEADER, active raft config: opid_index: -1 OBSOLETE_local: false peers { permanent_uuid: "6120960fd69d4a87ab8057583309cbf0" member_type: VOTER last_known_addr { host: "127.31.159.193" port: 39475 } } peers { permanent_uuid: "baa51be9738149cebb772d963a30f0b4" member_type: VOTER last_known_addr { host: "127.31.159.194" port: 35787 } } peers { permanent_uuid: "6d1707a0a8d2412285c16900c12c1ae2" member_type: VOTER last_known_addr { host: "127.31.159.195" port: 39023 } }
I20260713 09:12:13.544214   754 raft_consensus.cc:515] T f9499331bb91498d88a3e2f75b1a4f48 P baa51be9738149cebb772d963a30f0b4 [term 0 FOLLOWER]: Starting pre-election with config: opid_index: -1 OBSOLETE_local: false peers { permanent_uuid: "6120960fd69d4a87ab8057583309cbf0" member_type: VOTER last_known_addr { host: "127.31.159.193" port: 39475 } } peers { permanent_uuid: "baa51be9738149cebb772d963a30f0b4" member_type: VOTER last_known_addr { host: "127.31.159.194" port: 35787 } } peers { permanent_uuid: "6d1707a0a8d2412285c16900c12c1ae2" member_type: VOTER last_known_addr { host: "127.31.159.195" port: 39023 } }
I20260713 09:12:13.550170   727 leader_election.cc:290] T 22d1f43c9ffe441192fbc5055aab668e P baa51be9738149cebb772d963a30f0b4 [CANDIDATE]: Term 1 election: Requested vote from peers 6120960fd69d4a87ab8057583309cbf0 (127.31.159.193:39475), 6d1707a0a8d2412285c16900c12c1ae2 (127.31.159.195:39023)
I20260713 09:12:13.550273   572 leader_election.cc:304] T d2e96cacdc694118b94593a7aefc8304 P baa51be9738149cebb772d963a30f0b4 [CANDIDATE]: Term 1 pre-election: Election decided. Result: candidate won. Election summary: received 3 responses out of 3 voters: 2 yes votes; 1 no votes. yes voters: 6d1707a0a8d2412285c16900c12c1ae2, baa51be9738149cebb772d963a30f0b4; no voters: 6120960fd69d4a87ab8057583309cbf0
I20260713 09:12:13.557689   719 ts_tablet_manager.cc:1434] T 4e4456581efd485383c7be026c773b7d P baa51be9738149cebb772d963a30f0b4: Time spent starting tablet: real 0.020s	user 0.006s	sys 0.000s
I20260713 09:12:13.560166   719 tablet_bootstrap.cc:492] T 4f7838ff096e4f7d8851efb2a33fda82 P baa51be9738149cebb772d963a30f0b4: Bootstrap starting.
I20260713 09:12:13.561235   529 tablet_service.cc:1917] Received RequestConsensusVote() RPC: tablet_id: "22d1f43c9ffe441192fbc5055aab668e" candidate_uuid: "baa51be9738149cebb772d963a30f0b4" candidate_term: 1 candidate_status { last_received { term: 0 index: 0 } } ignore_live_leader: false dest_uuid: "6120960fd69d4a87ab8057583309cbf0"
I20260713 09:12:13.561825   721 tablet_bootstrap.cc:492] T d2e96cacdc694118b94593a7aefc8304 P 6120960fd69d4a87ab8057583309cbf0: No bootstrap required, opened a new log
I20260713 09:12:13.561925   529 raft_consensus.cc:3060] T 22d1f43c9ffe441192fbc5055aab668e P 6120960fd69d4a87ab8057583309cbf0 [term 0 FOLLOWER]: Advancing to term 1
I20260713 09:12:13.562294   721 ts_tablet_manager.cc:1403] T d2e96cacdc694118b94593a7aefc8304 P 6120960fd69d4a87ab8057583309cbf0: Time spent bootstrapping tablet: real 0.192s	user 0.012s	sys 0.005s
I20260713 09:12:13.558710   680 raft_consensus.cc:2468] T 75258628926749b88ed671857fccf648 P 6d1707a0a8d2412285c16900c12c1ae2 [term 1 FOLLOWER]: Leader election vote request: Granting yes vote for candidate baa51be9738149cebb772d963a30f0b4 in term 1.
I20260713 09:12:13.558411   727 raft_consensus.cc:2804] T d2e96cacdc694118b94593a7aefc8304 P baa51be9738149cebb772d963a30f0b4 [term 0 FOLLOWER]: Leader pre-election won for term 1
I20260713 09:12:13.567013   727 raft_consensus.cc:493] T d2e96cacdc694118b94593a7aefc8304 P baa51be9738149cebb772d963a30f0b4 [term 0 FOLLOWER]: Starting leader election (no leader contacted us within the election timeout)
I20260713 09:12:13.563719   427 catalog_manager.cc:5697] T 3461e69796e546c4941a0d68804a622b P 6d1707a0a8d2412285c16900c12c1ae2 reported cstate change: term changed from 0 to 1, leader changed from <none> to 6d1707a0a8d2412285c16900c12c1ae2 (127.31.159.195). New cstate: current_term: 1 leader_uuid: "6d1707a0a8d2412285c16900c12c1ae2" committed_config { opid_index: -1 OBSOLETE_local: false peers { permanent_uuid: "6120960fd69d4a87ab8057583309cbf0" member_type: VOTER last_known_addr { host: "127.31.159.193" port: 39475 } health_report { overall_health: UNKNOWN } } peers { permanent_uuid: "baa51be9738149cebb772d963a30f0b4" member_type: VOTER last_known_addr { host: "127.31.159.194" port: 35787 } health_report { overall_health: UNKNOWN } } peers { permanent_uuid: "6d1707a0a8d2412285c16900c12c1ae2" member_type: VOTER last_known_addr { host: "127.31.159.195" port: 39023 } health_report { overall_health: HEALTHY } } }
I20260713 09:12:13.567414   754 leader_election.cc:290] T f9499331bb91498d88a3e2f75b1a4f48 P baa51be9738149cebb772d963a30f0b4 [CANDIDATE]: Term 1 pre-election: Requested pre-vote from peers 6120960fd69d4a87ab8057583309cbf0 (127.31.159.193:39475), 6d1707a0a8d2412285c16900c12c1ae2 (127.31.159.195:39023)
I20260713 09:12:13.544134   763 consensus_queue.cc:237] T 555b324f649c466faf65cb1f75977f86 P 6d1707a0a8d2412285c16900c12c1ae2 [LEADER]: Queue going to LEADER mode. State: All replicated index: 0, Majority replicated index: 0, Committed index: 0, Last appended: 0.0, Last appended by leader: 0, Current term: 1, Majority size: 2, State: 0, Mode: LEADER, active raft config: opid_index: -1 OBSOLETE_local: false peers { permanent_uuid: "6120960fd69d4a87ab8057583309cbf0" member_type: VOTER last_known_addr { host: "127.31.159.193" port: 39475 } } peers { permanent_uuid: "baa51be9738149cebb772d963a30f0b4" member_type: VOTER last_known_addr { host: "127.31.159.194" port: 35787 } } peers { permanent_uuid: "6d1707a0a8d2412285c16900c12c1ae2" member_type: VOTER last_known_addr { host: "127.31.159.195" port: 39023 } }
I20260713 09:12:13.567400   727 raft_consensus.cc:3060] T d2e96cacdc694118b94593a7aefc8304 P baa51be9738149cebb772d963a30f0b4 [term 0 FOLLOWER]: Advancing to term 1
I20260713 09:12:13.569767   531 tablet_service.cc:1917] Received RequestConsensusVote() RPC: tablet_id: "f9499331bb91498d88a3e2f75b1a4f48" candidate_uuid: "baa51be9738149cebb772d963a30f0b4" candidate_term: 1 candidate_status { last_received { term: 0 index: 0 } } ignore_live_leader: false dest_uuid: "6120960fd69d4a87ab8057583309cbf0" is_pre_election: true
I20260713 09:12:13.572359   680 tablet_service.cc:1917] Received RequestConsensusVote() RPC: tablet_id: "22d1f43c9ffe441192fbc5055aab668e" candidate_uuid: "baa51be9738149cebb772d963a30f0b4" candidate_term: 1 candidate_status { last_received { term: 0 index: 0 } } ignore_live_leader: false dest_uuid: "6d1707a0a8d2412285c16900c12c1ae2"
I20260713 09:12:13.572901   680 raft_consensus.cc:3060] T 22d1f43c9ffe441192fbc5055aab668e P 6d1707a0a8d2412285c16900c12c1ae2 [term 0 FOLLOWER]: Advancing to term 1
I20260713 09:12:13.573963   721 raft_consensus.cc:359] T d2e96cacdc694118b94593a7aefc8304 P 6120960fd69d4a87ab8057583309cbf0 [term 0 FOLLOWER]: Replica starting. Triggering 0 pending ops. Active config: opid_index: -1 OBSOLETE_local: false peers { permanent_uuid: "6120960fd69d4a87ab8057583309cbf0" member_type: VOTER last_known_addr { host: "127.31.159.193" port: 39475 } } peers { permanent_uuid: "baa51be9738149cebb772d963a30f0b4" member_type: VOTER last_known_addr { host: "127.31.159.194" port: 35787 } } peers { permanent_uuid: "6d1707a0a8d2412285c16900c12c1ae2" member_type: VOTER last_known_addr { host: "127.31.159.195" port: 39023 } }
I20260713 09:12:13.574612   721 raft_consensus.cc:385] T d2e96cacdc694118b94593a7aefc8304 P 6120960fd69d4a87ab8057583309cbf0 [term 0 FOLLOWER]: Consensus starting up: Expiring failure detector timer to make a prompt election more likely
I20260713 09:12:13.574925   721 raft_consensus.cc:740] T d2e96cacdc694118b94593a7aefc8304 P 6120960fd69d4a87ab8057583309cbf0 [term 0 FOLLOWER]: Becoming Follower/Learner. State: Replica: 6120960fd69d4a87ab8057583309cbf0, State: Initialized, Role: FOLLOWER
I20260713 09:12:13.575605   679 tablet_service.cc:1917] Received RequestConsensusVote() RPC: tablet_id: "f9499331bb91498d88a3e2f75b1a4f48" candidate_uuid: "baa51be9738149cebb772d963a30f0b4" candidate_term: 1 candidate_status { last_received { term: 0 index: 0 } } ignore_live_leader: false dest_uuid: "6d1707a0a8d2412285c16900c12c1ae2" is_pre_election: true
I20260713 09:12:13.575704   721 consensus_queue.cc:260] T d2e96cacdc694118b94593a7aefc8304 P 6120960fd69d4a87ab8057583309cbf0 [NON_LEADER]: Queue going to NON_LEADER mode. State: All replicated index: 0, Majority replicated index: 0, Committed index: 0, Last appended: 0.0, Last appended by leader: 0, Current term: 0, Majority size: -1, State: 0, Mode: NON_LEADER, active raft config: opid_index: -1 OBSOLETE_local: false peers { permanent_uuid: "6120960fd69d4a87ab8057583309cbf0" member_type: VOTER last_known_addr { host: "127.31.159.193" port: 39475 } } peers { permanent_uuid: "baa51be9738149cebb772d963a30f0b4" member_type: VOTER last_known_addr { host: "127.31.159.194" port: 35787 } } peers { permanent_uuid: "6d1707a0a8d2412285c16900c12c1ae2" member_type: VOTER last_known_addr { host: "127.31.159.195" port: 39023 } }
I20260713 09:12:13.561187   678 raft_consensus.cc:2468] T 5310752b313b4302beeafa95d27328bd P 6d1707a0a8d2412285c16900c12c1ae2 [term 1 FOLLOWER]: Leader election vote request: Granting yes vote for candidate baa51be9738149cebb772d963a30f0b4 in term 1.
I20260713 09:12:13.577636   727 raft_consensus.cc:515] T d2e96cacdc694118b94593a7aefc8304 P baa51be9738149cebb772d963a30f0b4 [term 1 FOLLOWER]: Starting leader election with config: opid_index: -1 OBSOLETE_local: false peers { permanent_uuid: "6120960fd69d4a87ab8057583309cbf0" member_type: VOTER last_known_addr { host: "127.31.159.193" port: 39475 } } peers { permanent_uuid: "baa51be9738149cebb772d963a30f0b4" member_type: VOTER last_known_addr { host: "127.31.159.194" port: 35787 } } peers { permanent_uuid: "6d1707a0a8d2412285c16900c12c1ae2" member_type: VOTER last_known_addr { host: "127.31.159.195" port: 39023 } }
W20260713 09:12:13.580282   572 leader_election.cc:343] T f9499331bb91498d88a3e2f75b1a4f48 P baa51be9738149cebb772d963a30f0b4 [CANDIDATE]: Term 1 pre-election: Tablet error from VoteRequest() call to peer 6d1707a0a8d2412285c16900c12c1ae2 (127.31.159.195:39023): Illegal state: must be running to vote when last-logged opid is not known
W20260713 09:12:13.580935   572 leader_election.cc:343] T f9499331bb91498d88a3e2f75b1a4f48 P baa51be9738149cebb772d963a30f0b4 [CANDIDATE]: Term 1 pre-election: Tablet error from VoteRequest() call to peer 6120960fd69d4a87ab8057583309cbf0 (127.31.159.193:39475): Illegal state: must be running to vote when last-logged opid is not known
I20260713 09:12:13.581208   727 leader_election.cc:290] T d2e96cacdc694118b94593a7aefc8304 P baa51be9738149cebb772d963a30f0b4 [CANDIDATE]: Term 1 election: Requested vote from peers 6120960fd69d4a87ab8057583309cbf0 (127.31.159.193:39475), 6d1707a0a8d2412285c16900c12c1ae2 (127.31.159.195:39023)
I20260713 09:12:13.581333   572 leader_election.cc:304] T f9499331bb91498d88a3e2f75b1a4f48 P baa51be9738149cebb772d963a30f0b4 [CANDIDATE]: Term 1 pre-election: Election decided. Result: candidate lost. Election summary: received 3 responses out of 3 voters: 1 yes votes; 2 no votes. yes voters: baa51be9738149cebb772d963a30f0b4; no voters: 6120960fd69d4a87ab8057583309cbf0, 6d1707a0a8d2412285c16900c12c1ae2
I20260713 09:12:13.581956   727 raft_consensus.cc:2749] T f9499331bb91498d88a3e2f75b1a4f48 P baa51be9738149cebb772d963a30f0b4 [term 0 FOLLOWER]: Leader pre-election lost for term 1. Reason: could not achieve majority
I20260713 09:12:13.583140   531 tablet_service.cc:1917] Received RequestConsensusVote() RPC: tablet_id: "d2e96cacdc694118b94593a7aefc8304" candidate_uuid: "baa51be9738149cebb772d963a30f0b4" candidate_term: 1 candidate_status { last_received { term: 0 index: 0 } } ignore_live_leader: false dest_uuid: "6120960fd69d4a87ab8057583309cbf0"
I20260713 09:12:13.583719   531 raft_consensus.cc:3060] T d2e96cacdc694118b94593a7aefc8304 P 6120960fd69d4a87ab8057583309cbf0 [term 0 FOLLOWER]: Advancing to term 1
I20260713 09:12:13.585064   680 raft_consensus.cc:2468] T 22d1f43c9ffe441192fbc5055aab668e P 6d1707a0a8d2412285c16900c12c1ae2 [term 1 FOLLOWER]: Leader election vote request: Granting yes vote for candidate baa51be9738149cebb772d963a30f0b4 in term 1.
I20260713 09:12:13.586907   679 tablet_service.cc:1917] Received RequestConsensusVote() RPC: tablet_id: "d2e96cacdc694118b94593a7aefc8304" candidate_uuid: "baa51be9738149cebb772d963a30f0b4" candidate_term: 1 candidate_status { last_received { term: 0 index: 0 } } ignore_live_leader: false dest_uuid: "6d1707a0a8d2412285c16900c12c1ae2"
I20260713 09:12:13.594090   721 ts_tablet_manager.cc:1434] T d2e96cacdc694118b94593a7aefc8304 P 6120960fd69d4a87ab8057583309cbf0: Time spent starting tablet: real 0.032s	user 0.007s	sys 0.000s
I20260713 09:12:13.595049   721 tablet_bootstrap.cc:492] T f9499331bb91498d88a3e2f75b1a4f48 P 6120960fd69d4a87ab8057583309cbf0: Bootstrap starting.
I20260713 09:12:13.596565   719 tablet_bootstrap.cc:654] T 4f7838ff096e4f7d8851efb2a33fda82 P baa51be9738149cebb772d963a30f0b4: Neither blocks nor log segments found. Creating new log.
I20260713 09:12:13.590339   679 raft_consensus.cc:3060] T d2e96cacdc694118b94593a7aefc8304 P 6d1707a0a8d2412285c16900c12c1ae2 [term 0 FOLLOWER]: Advancing to term 1
I20260713 09:12:13.586113   572 leader_election.cc:304] T 22d1f43c9ffe441192fbc5055aab668e P baa51be9738149cebb772d963a30f0b4 [CANDIDATE]: Term 1 election: Election decided. Result: candidate won. Election summary: received 2 responses out of 3 voters: 2 yes votes; 0 no votes. yes voters: 6d1707a0a8d2412285c16900c12c1ae2, baa51be9738149cebb772d963a30f0b4; no voters: 
I20260713 09:12:13.605011   727 raft_consensus.cc:2804] T 22d1f43c9ffe441192fbc5055aab668e P baa51be9738149cebb772d963a30f0b4 [term 1 FOLLOWER]: Leader election won for term 1
I20260713 09:12:13.605505   727 raft_consensus.cc:697] T 22d1f43c9ffe441192fbc5055aab668e P baa51be9738149cebb772d963a30f0b4 [term 1 LEADER]: Becoming Leader. State: Replica: baa51be9738149cebb772d963a30f0b4, State: Running, Role: LEADER
I20260713 09:12:13.606464   679 raft_consensus.cc:2468] T d2e96cacdc694118b94593a7aefc8304 P 6d1707a0a8d2412285c16900c12c1ae2 [term 1 FOLLOWER]: Leader election vote request: Granting yes vote for candidate baa51be9738149cebb772d963a30f0b4 in term 1.
I20260713 09:12:13.606293   727 consensus_queue.cc:237] T 22d1f43c9ffe441192fbc5055aab668e P baa51be9738149cebb772d963a30f0b4 [LEADER]: Queue going to LEADER mode. State: All replicated index: 0, Majority replicated index: 0, Committed index: 0, Last appended: 0.0, Last appended by leader: 0, Current term: 1, Majority size: 2, State: 0, Mode: LEADER, active raft config: opid_index: -1 OBSOLETE_local: false peers { permanent_uuid: "6120960fd69d4a87ab8057583309cbf0" member_type: VOTER last_known_addr { host: "127.31.159.193" port: 39475 } } peers { permanent_uuid: "baa51be9738149cebb772d963a30f0b4" member_type: VOTER last_known_addr { host: "127.31.159.194" port: 35787 } } peers { permanent_uuid: "6d1707a0a8d2412285c16900c12c1ae2" member_type: VOTER last_known_addr { host: "127.31.159.195" port: 39023 } }
I20260713 09:12:13.612998   529 raft_consensus.cc:2468] T 22d1f43c9ffe441192fbc5055aab668e P 6120960fd69d4a87ab8057583309cbf0 [term 1 FOLLOWER]: Leader election vote request: Granting yes vote for candidate baa51be9738149cebb772d963a30f0b4 in term 1.
I20260713 09:12:13.615348   721 tablet_bootstrap.cc:654] T f9499331bb91498d88a3e2f75b1a4f48 P 6120960fd69d4a87ab8057583309cbf0: Neither blocks nor log segments found. Creating new log.
I20260713 09:12:13.614943   531 raft_consensus.cc:2468] T d2e96cacdc694118b94593a7aefc8304 P 6120960fd69d4a87ab8057583309cbf0 [term 1 FOLLOWER]: Leader election vote request: Granting yes vote for candidate baa51be9738149cebb772d963a30f0b4 in term 1.
I20260713 09:12:13.613703   572 leader_election.cc:304] T d2e96cacdc694118b94593a7aefc8304 P baa51be9738149cebb772d963a30f0b4 [CANDIDATE]: Term 1 election: Election decided. Result: candidate won. Election summary: received 2 responses out of 3 voters: 2 yes votes; 0 no votes. yes voters: 6d1707a0a8d2412285c16900c12c1ae2, baa51be9738149cebb772d963a30f0b4; no voters: 
I20260713 09:12:13.617039   754 raft_consensus.cc:2804] T d2e96cacdc694118b94593a7aefc8304 P baa51be9738149cebb772d963a30f0b4 [term 1 FOLLOWER]: Leader election won for term 1
I20260713 09:12:13.617519   754 raft_consensus.cc:697] T d2e96cacdc694118b94593a7aefc8304 P baa51be9738149cebb772d963a30f0b4 [term 1 LEADER]: Becoming Leader. State: Replica: baa51be9738149cebb772d963a30f0b4, State: Running, Role: LEADER
I20260713 09:12:13.618273   754 consensus_queue.cc:237] T d2e96cacdc694118b94593a7aefc8304 P baa51be9738149cebb772d963a30f0b4 [LEADER]: Queue going to LEADER mode. State: All replicated index: 0, Majority replicated index: 0, Committed index: 0, Last appended: 0.0, Last appended by leader: 0, Current term: 1, Majority size: 2, State: 0, Mode: LEADER, active raft config: opid_index: -1 OBSOLETE_local: false peers { permanent_uuid: "6120960fd69d4a87ab8057583309cbf0" member_type: VOTER last_known_addr { host: "127.31.159.193" port: 39475 } } peers { permanent_uuid: "baa51be9738149cebb772d963a30f0b4" member_type: VOTER last_known_addr { host: "127.31.159.194" port: 35787 } } peers { permanent_uuid: "6d1707a0a8d2412285c16900c12c1ae2" member_type: VOTER last_known_addr { host: "127.31.159.195" port: 39023 } }
I20260713 09:12:13.623502   720 tablet_bootstrap.cc:492] T f9499331bb91498d88a3e2f75b1a4f48 P 6d1707a0a8d2412285c16900c12c1ae2: No bootstrap required, opened a new log
I20260713 09:12:13.623965   720 ts_tablet_manager.cc:1403] T f9499331bb91498d88a3e2f75b1a4f48 P 6d1707a0a8d2412285c16900c12c1ae2: Time spent bootstrapping tablet: real 0.137s	user 0.011s	sys 0.000s
I20260713 09:12:13.626168   720 raft_consensus.cc:359] T f9499331bb91498d88a3e2f75b1a4f48 P 6d1707a0a8d2412285c16900c12c1ae2 [term 0 FOLLOWER]: Replica starting. Triggering 0 pending ops. Active config: opid_index: -1 OBSOLETE_local: false peers { permanent_uuid: "6120960fd69d4a87ab8057583309cbf0" member_type: VOTER last_known_addr { host: "127.31.159.193" port: 39475 } } peers { permanent_uuid: "baa51be9738149cebb772d963a30f0b4" member_type: VOTER last_known_addr { host: "127.31.159.194" port: 35787 } } peers { permanent_uuid: "6d1707a0a8d2412285c16900c12c1ae2" member_type: VOTER last_known_addr { host: "127.31.159.195" port: 39023 } }
I20260713 09:12:13.626784   720 raft_consensus.cc:385] T f9499331bb91498d88a3e2f75b1a4f48 P 6d1707a0a8d2412285c16900c12c1ae2 [term 0 FOLLOWER]: Consensus starting up: Expiring failure detector timer to make a prompt election more likely
I20260713 09:12:13.627023   720 raft_consensus.cc:740] T f9499331bb91498d88a3e2f75b1a4f48 P 6d1707a0a8d2412285c16900c12c1ae2 [term 0 FOLLOWER]: Becoming Follower/Learner. State: Replica: 6d1707a0a8d2412285c16900c12c1ae2, State: Initialized, Role: FOLLOWER
I20260713 09:12:13.627665   720 consensus_queue.cc:260] T f9499331bb91498d88a3e2f75b1a4f48 P 6d1707a0a8d2412285c16900c12c1ae2 [NON_LEADER]: Queue going to NON_LEADER mode. State: All replicated index: 0, Majority replicated index: 0, Committed index: 0, Last appended: 0.0, Last appended by leader: 0, Current term: 0, Majority size: -1, State: 0, Mode: NON_LEADER, active raft config: opid_index: -1 OBSOLETE_local: false peers { permanent_uuid: "6120960fd69d4a87ab8057583309cbf0" member_type: VOTER last_known_addr { host: "127.31.159.193" port: 39475 } } peers { permanent_uuid: "baa51be9738149cebb772d963a30f0b4" member_type: VOTER last_known_addr { host: "127.31.159.194" port: 35787 } } peers { permanent_uuid: "6d1707a0a8d2412285c16900c12c1ae2" member_type: VOTER last_known_addr { host: "127.31.159.195" port: 39023 } }
I20260713 09:12:13.634953   426 catalog_manager.cc:5697] T 75258628926749b88ed671857fccf648 P baa51be9738149cebb772d963a30f0b4 reported cstate change: term changed from 0 to 1, leader changed from <none> to baa51be9738149cebb772d963a30f0b4 (127.31.159.194). New cstate: current_term: 1 leader_uuid: "baa51be9738149cebb772d963a30f0b4" committed_config { opid_index: -1 OBSOLETE_local: false peers { permanent_uuid: "6120960fd69d4a87ab8057583309cbf0" member_type: VOTER last_known_addr { host: "127.31.159.193" port: 39475 } health_report { overall_health: UNKNOWN } } peers { permanent_uuid: "baa51be9738149cebb772d963a30f0b4" member_type: VOTER last_known_addr { host: "127.31.159.194" port: 35787 } health_report { overall_health: HEALTHY } } peers { permanent_uuid: "6d1707a0a8d2412285c16900c12c1ae2" member_type: VOTER last_known_addr { host: "127.31.159.195" port: 39023 } health_report { overall_health: UNKNOWN } } }
I20260713 09:12:13.635496   427 catalog_manager.cc:5697] T 555b324f649c466faf65cb1f75977f86 P 6d1707a0a8d2412285c16900c12c1ae2 reported cstate change: term changed from 0 to 1, leader changed from <none> to 6d1707a0a8d2412285c16900c12c1ae2 (127.31.159.195). New cstate: current_term: 1 leader_uuid: "6d1707a0a8d2412285c16900c12c1ae2" committed_config { opid_index: -1 OBSOLETE_local: false peers { permanent_uuid: "6120960fd69d4a87ab8057583309cbf0" member_type: VOTER last_known_addr { host: "127.31.159.193" port: 39475 } health_report { overall_health: UNKNOWN } } peers { permanent_uuid: "baa51be9738149cebb772d963a30f0b4" member_type: VOTER last_known_addr { host: "127.31.159.194" port: 35787 } health_report { overall_health: UNKNOWN } } peers { permanent_uuid: "6d1707a0a8d2412285c16900c12c1ae2" member_type: VOTER last_known_addr { host: "127.31.159.195" port: 39023 } health_report { overall_health: HEALTHY } } }
I20260713 09:12:13.638698   427 catalog_manager.cc:5697] T 9e4c86f1187343c99b687b3e3f2bf9ef P 6d1707a0a8d2412285c16900c12c1ae2 reported cstate change: term changed from 0 to 1, leader changed from <none> to 6d1707a0a8d2412285c16900c12c1ae2 (127.31.159.195). New cstate: current_term: 1 leader_uuid: "6d1707a0a8d2412285c16900c12c1ae2" committed_config { opid_index: -1 OBSOLETE_local: false peers { permanent_uuid: "6120960fd69d4a87ab8057583309cbf0" member_type: VOTER last_known_addr { host: "127.31.159.193" port: 39475 } health_report { overall_health: UNKNOWN } } peers { permanent_uuid: "baa51be9738149cebb772d963a30f0b4" member_type: VOTER last_known_addr { host: "127.31.159.194" port: 35787 } health_report { overall_health: UNKNOWN } } peers { permanent_uuid: "6d1707a0a8d2412285c16900c12c1ae2" member_type: VOTER last_known_addr { host: "127.31.159.195" port: 39023 } health_report { overall_health: HEALTHY } } }
I20260713 09:12:13.640409   720 ts_tablet_manager.cc:1434] T f9499331bb91498d88a3e2f75b1a4f48 P 6d1707a0a8d2412285c16900c12c1ae2: Time spent starting tablet: real 0.016s	user 0.007s	sys 0.000s
I20260713 09:12:13.641310   720 tablet_bootstrap.cc:492] T 4f7838ff096e4f7d8851efb2a33fda82 P 6d1707a0a8d2412285c16900c12c1ae2: Bootstrap starting.
I20260713 09:12:13.648226   720 tablet_bootstrap.cc:654] T 4f7838ff096e4f7d8851efb2a33fda82 P 6d1707a0a8d2412285c16900c12c1ae2: Neither blocks nor log segments found. Creating new log.
I20260713 09:12:13.665365   426 catalog_manager.cc:5697] T 5310752b313b4302beeafa95d27328bd P baa51be9738149cebb772d963a30f0b4 reported cstate change: term changed from 0 to 1, leader changed from <none> to baa51be9738149cebb772d963a30f0b4 (127.31.159.194). New cstate: current_term: 1 leader_uuid: "baa51be9738149cebb772d963a30f0b4" committed_config { opid_index: -1 OBSOLETE_local: false peers { permanent_uuid: "6120960fd69d4a87ab8057583309cbf0" member_type: VOTER last_known_addr { host: "127.31.159.193" port: 39475 } health_report { overall_health: UNKNOWN } } peers { permanent_uuid: "baa51be9738149cebb772d963a30f0b4" member_type: VOTER last_known_addr { host: "127.31.159.194" port: 35787 } health_report { overall_health: HEALTHY } } peers { permanent_uuid: "6d1707a0a8d2412285c16900c12c1ae2" member_type: VOTER last_known_addr { host: "127.31.159.195" port: 39023 } health_report { overall_health: UNKNOWN } } }
I20260713 09:12:13.667416   426 catalog_manager.cc:5697] T d2e96cacdc694118b94593a7aefc8304 P baa51be9738149cebb772d963a30f0b4 reported cstate change: term changed from 0 to 1, leader changed from <none> to baa51be9738149cebb772d963a30f0b4 (127.31.159.194). New cstate: current_term: 1 leader_uuid: "baa51be9738149cebb772d963a30f0b4" committed_config { opid_index: -1 OBSOLETE_local: false peers { permanent_uuid: "6120960fd69d4a87ab8057583309cbf0" member_type: VOTER last_known_addr { host: "127.31.159.193" port: 39475 } health_report { overall_health: UNKNOWN } } peers { permanent_uuid: "baa51be9738149cebb772d963a30f0b4" member_type: VOTER last_known_addr { host: "127.31.159.194" port: 35787 } health_report { overall_health: HEALTHY } } peers { permanent_uuid: "6d1707a0a8d2412285c16900c12c1ae2" member_type: VOTER last_known_addr { host: "127.31.159.195" port: 39023 } health_report { overall_health: UNKNOWN } } }
I20260713 09:12:13.669461   719 tablet_bootstrap.cc:492] T 4f7838ff096e4f7d8851efb2a33fda82 P baa51be9738149cebb772d963a30f0b4: No bootstrap required, opened a new log
I20260713 09:12:13.669895   719 ts_tablet_manager.cc:1403] T 4f7838ff096e4f7d8851efb2a33fda82 P baa51be9738149cebb772d963a30f0b4: Time spent bootstrapping tablet: real 0.110s	user 0.016s	sys 0.021s
I20260713 09:12:13.669219   426 catalog_manager.cc:5697] T 22d1f43c9ffe441192fbc5055aab668e P baa51be9738149cebb772d963a30f0b4 reported cstate change: term changed from 0 to 1, leader changed from <none> to baa51be9738149cebb772d963a30f0b4 (127.31.159.194). New cstate: current_term: 1 leader_uuid: "baa51be9738149cebb772d963a30f0b4" committed_config { opid_index: -1 OBSOLETE_local: false peers { permanent_uuid: "6120960fd69d4a87ab8057583309cbf0" member_type: VOTER last_known_addr { host: "127.31.159.193" port: 39475 } health_report { overall_health: UNKNOWN } } peers { permanent_uuid: "baa51be9738149cebb772d963a30f0b4" member_type: VOTER last_known_addr { host: "127.31.159.194" port: 35787 } health_report { overall_health: HEALTHY } } peers { permanent_uuid: "6d1707a0a8d2412285c16900c12c1ae2" member_type: VOTER last_known_addr { host: "127.31.159.195" port: 39023 } health_report { overall_health: UNKNOWN } } }
I20260713 09:12:13.672452   719 raft_consensus.cc:359] T 4f7838ff096e4f7d8851efb2a33fda82 P baa51be9738149cebb772d963a30f0b4 [term 0 FOLLOWER]: Replica starting. Triggering 0 pending ops. Active config: opid_index: -1 OBSOLETE_local: false peers { permanent_uuid: "baa51be9738149cebb772d963a30f0b4" member_type: VOTER last_known_addr { host: "127.31.159.194" port: 35787 } } peers { permanent_uuid: "6d1707a0a8d2412285c16900c12c1ae2" member_type: VOTER last_known_addr { host: "127.31.159.195" port: 39023 } } peers { permanent_uuid: "6120960fd69d4a87ab8057583309cbf0" member_type: VOTER last_known_addr { host: "127.31.159.193" port: 39475 } }
I20260713 09:12:13.672924   719 raft_consensus.cc:385] T 4f7838ff096e4f7d8851efb2a33fda82 P baa51be9738149cebb772d963a30f0b4 [term 0 FOLLOWER]: Consensus starting up: Expiring failure detector timer to make a prompt election more likely
I20260713 09:12:13.673139   719 raft_consensus.cc:740] T 4f7838ff096e4f7d8851efb2a33fda82 P baa51be9738149cebb772d963a30f0b4 [term 0 FOLLOWER]: Becoming Follower/Learner. State: Replica: baa51be9738149cebb772d963a30f0b4, State: Initialized, Role: FOLLOWER
I20260713 09:12:13.673700   719 consensus_queue.cc:260] T 4f7838ff096e4f7d8851efb2a33fda82 P baa51be9738149cebb772d963a30f0b4 [NON_LEADER]: Queue going to NON_LEADER mode. State: All replicated index: 0, Majority replicated index: 0, Committed index: 0, Last appended: 0.0, Last appended by leader: 0, Current term: 0, Majority size: -1, State: 0, Mode: NON_LEADER, active raft config: opid_index: -1 OBSOLETE_local: false peers { permanent_uuid: "baa51be9738149cebb772d963a30f0b4" member_type: VOTER last_known_addr { host: "127.31.159.194" port: 35787 } } peers { permanent_uuid: "6d1707a0a8d2412285c16900c12c1ae2" member_type: VOTER last_known_addr { host: "127.31.159.195" port: 39023 } } peers { permanent_uuid: "6120960fd69d4a87ab8057583309cbf0" member_type: VOTER last_known_addr { host: "127.31.159.193" port: 39475 } }
I20260713 09:12:13.675124   721 tablet_bootstrap.cc:492] T f9499331bb91498d88a3e2f75b1a4f48 P 6120960fd69d4a87ab8057583309cbf0: No bootstrap required, opened a new log
I20260713 09:12:13.675107   720 tablet_bootstrap.cc:492] T 4f7838ff096e4f7d8851efb2a33fda82 P 6d1707a0a8d2412285c16900c12c1ae2: No bootstrap required, opened a new log
I20260713 09:12:13.675246   719 ts_tablet_manager.cc:1434] T 4f7838ff096e4f7d8851efb2a33fda82 P baa51be9738149cebb772d963a30f0b4: Time spent starting tablet: real 0.005s	user 0.004s	sys 0.000s
I20260713 09:12:13.675725   721 ts_tablet_manager.cc:1403] T f9499331bb91498d88a3e2f75b1a4f48 P 6120960fd69d4a87ab8057583309cbf0: Time spent bootstrapping tablet: real 0.081s	user 0.010s	sys 0.007s
I20260713 09:12:13.675746   720 ts_tablet_manager.cc:1403] T 4f7838ff096e4f7d8851efb2a33fda82 P 6d1707a0a8d2412285c16900c12c1ae2: Time spent bootstrapping tablet: real 0.035s	user 0.009s	sys 0.003s
I20260713 09:12:13.678375   720 raft_consensus.cc:359] T 4f7838ff096e4f7d8851efb2a33fda82 P 6d1707a0a8d2412285c16900c12c1ae2 [term 0 FOLLOWER]: Replica starting. Triggering 0 pending ops. Active config: opid_index: -1 OBSOLETE_local: false peers { permanent_uuid: "baa51be9738149cebb772d963a30f0b4" member_type: VOTER last_known_addr { host: "127.31.159.194" port: 35787 } } peers { permanent_uuid: "6d1707a0a8d2412285c16900c12c1ae2" member_type: VOTER last_known_addr { host: "127.31.159.195" port: 39023 } } peers { permanent_uuid: "6120960fd69d4a87ab8057583309cbf0" member_type: VOTER last_known_addr { host: "127.31.159.193" port: 39475 } }
I20260713 09:12:13.678488   721 raft_consensus.cc:359] T f9499331bb91498d88a3e2f75b1a4f48 P 6120960fd69d4a87ab8057583309cbf0 [term 0 FOLLOWER]: Replica starting. Triggering 0 pending ops. Active config: opid_index: -1 OBSOLETE_local: false peers { permanent_uuid: "6120960fd69d4a87ab8057583309cbf0" member_type: VOTER last_known_addr { host: "127.31.159.193" port: 39475 } } peers { permanent_uuid: "baa51be9738149cebb772d963a30f0b4" member_type: VOTER last_known_addr { host: "127.31.159.194" port: 35787 } } peers { permanent_uuid: "6d1707a0a8d2412285c16900c12c1ae2" member_type: VOTER last_known_addr { host: "127.31.159.195" port: 39023 } }
I20260713 09:12:13.679036   720 raft_consensus.cc:385] T 4f7838ff096e4f7d8851efb2a33fda82 P 6d1707a0a8d2412285c16900c12c1ae2 [term 0 FOLLOWER]: Consensus starting up: Expiring failure detector timer to make a prompt election more likely
I20260713 09:12:13.679123   721 raft_consensus.cc:385] T f9499331bb91498d88a3e2f75b1a4f48 P 6120960fd69d4a87ab8057583309cbf0 [term 0 FOLLOWER]: Consensus starting up: Expiring failure detector timer to make a prompt election more likely
I20260713 09:12:13.679351   720 raft_consensus.cc:740] T 4f7838ff096e4f7d8851efb2a33fda82 P 6d1707a0a8d2412285c16900c12c1ae2 [term 0 FOLLOWER]: Becoming Follower/Learner. State: Replica: 6d1707a0a8d2412285c16900c12c1ae2, State: Initialized, Role: FOLLOWER
I20260713 09:12:13.679426   721 raft_consensus.cc:740] T f9499331bb91498d88a3e2f75b1a4f48 P 6120960fd69d4a87ab8057583309cbf0 [term 0 FOLLOWER]: Becoming Follower/Learner. State: Replica: 6120960fd69d4a87ab8057583309cbf0, State: Initialized, Role: FOLLOWER
I20260713 09:12:13.680088   720 consensus_queue.cc:260] T 4f7838ff096e4f7d8851efb2a33fda82 P 6d1707a0a8d2412285c16900c12c1ae2 [NON_LEADER]: Queue going to NON_LEADER mode. State: All replicated index: 0, Majority replicated index: 0, Committed index: 0, Last appended: 0.0, Last appended by leader: 0, Current term: 0, Majority size: -1, State: 0, Mode: NON_LEADER, active raft config: opid_index: -1 OBSOLETE_local: false peers { permanent_uuid: "baa51be9738149cebb772d963a30f0b4" member_type: VOTER last_known_addr { host: "127.31.159.194" port: 35787 } } peers { permanent_uuid: "6d1707a0a8d2412285c16900c12c1ae2" member_type: VOTER last_known_addr { host: "127.31.159.195" port: 39023 } } peers { permanent_uuid: "6120960fd69d4a87ab8057583309cbf0" member_type: VOTER last_known_addr { host: "127.31.159.193" port: 39475 } }
I20260713 09:12:13.680233   721 consensus_queue.cc:260] T f9499331bb91498d88a3e2f75b1a4f48 P 6120960fd69d4a87ab8057583309cbf0 [NON_LEADER]: Queue going to NON_LEADER mode. State: All replicated index: 0, Majority replicated index: 0, Committed index: 0, Last appended: 0.0, Last appended by leader: 0, Current term: 0, Majority size: -1, State: 0, Mode: NON_LEADER, active raft config: opid_index: -1 OBSOLETE_local: false peers { permanent_uuid: "6120960fd69d4a87ab8057583309cbf0" member_type: VOTER last_known_addr { host: "127.31.159.193" port: 39475 } } peers { permanent_uuid: "baa51be9738149cebb772d963a30f0b4" member_type: VOTER last_known_addr { host: "127.31.159.194" port: 35787 } } peers { permanent_uuid: "6d1707a0a8d2412285c16900c12c1ae2" member_type: VOTER last_known_addr { host: "127.31.159.195" port: 39023 } }
I20260713 09:12:13.682068   720 ts_tablet_manager.cc:1434] T 4f7838ff096e4f7d8851efb2a33fda82 P 6d1707a0a8d2412285c16900c12c1ae2: Time spent starting tablet: real 0.006s	user 0.005s	sys 0.000s
I20260713 09:12:13.687252   721 ts_tablet_manager.cc:1434] T f9499331bb91498d88a3e2f75b1a4f48 P 6120960fd69d4a87ab8057583309cbf0: Time spent starting tablet: real 0.011s	user 0.003s	sys 0.003s
I20260713 09:12:13.688359   721 tablet_bootstrap.cc:492] T 555b324f649c466faf65cb1f75977f86 P 6120960fd69d4a87ab8057583309cbf0: Bootstrap starting.
I20260713 09:12:13.692600   763 raft_consensus.cc:493] T f9499331bb91498d88a3e2f75b1a4f48 P 6d1707a0a8d2412285c16900c12c1ae2 [term 0 FOLLOWER]: Starting pre-election (no leader contacted us within the election timeout)
I20260713 09:12:13.693070   763 raft_consensus.cc:515] T f9499331bb91498d88a3e2f75b1a4f48 P 6d1707a0a8d2412285c16900c12c1ae2 [term 0 FOLLOWER]: Starting pre-election with config: opid_index: -1 OBSOLETE_local: false peers { permanent_uuid: "6120960fd69d4a87ab8057583309cbf0" member_type: VOTER last_known_addr { host: "127.31.159.193" port: 39475 } } peers { permanent_uuid: "baa51be9738149cebb772d963a30f0b4" member_type: VOTER last_known_addr { host: "127.31.159.194" port: 35787 } } peers { permanent_uuid: "6d1707a0a8d2412285c16900c12c1ae2" member_type: VOTER last_known_addr { host: "127.31.159.195" port: 39023 } }
I20260713 09:12:13.695238   763 leader_election.cc:290] T f9499331bb91498d88a3e2f75b1a4f48 P 6d1707a0a8d2412285c16900c12c1ae2 [CANDIDATE]: Term 1 pre-election: Requested pre-vote from peers 6120960fd69d4a87ab8057583309cbf0 (127.31.159.193:39475), baa51be9738149cebb772d963a30f0b4 (127.31.159.194:35787)
I20260713 09:12:13.695876   531 tablet_service.cc:1917] Received RequestConsensusVote() RPC: tablet_id: "f9499331bb91498d88a3e2f75b1a4f48" candidate_uuid: "6d1707a0a8d2412285c16900c12c1ae2" candidate_term: 1 candidate_status { last_received { term: 0 index: 0 } } ignore_live_leader: false dest_uuid: "6120960fd69d4a87ab8057583309cbf0" is_pre_election: true
I20260713 09:12:13.696455   531 raft_consensus.cc:2468] T f9499331bb91498d88a3e2f75b1a4f48 P 6120960fd69d4a87ab8057583309cbf0 [term 0 FOLLOWER]: Leader pre-election vote request: Granting yes vote for candidate 6d1707a0a8d2412285c16900c12c1ae2 in term 0.
I20260713 09:12:13.696609   605 tablet_service.cc:1917] Received RequestConsensusVote() RPC: tablet_id: "f9499331bb91498d88a3e2f75b1a4f48" candidate_uuid: "6d1707a0a8d2412285c16900c12c1ae2" candidate_term: 1 candidate_status { last_received { term: 0 index: 0 } } ignore_live_leader: false dest_uuid: "baa51be9738149cebb772d963a30f0b4" is_pre_election: true
I20260713 09:12:13.697198   605 raft_consensus.cc:2468] T f9499331bb91498d88a3e2f75b1a4f48 P baa51be9738149cebb772d963a30f0b4 [term 0 FOLLOWER]: Leader pre-election vote request: Granting yes vote for candidate 6d1707a0a8d2412285c16900c12c1ae2 in term 0.
I20260713 09:12:13.697417   721 tablet_bootstrap.cc:654] T 555b324f649c466faf65cb1f75977f86 P 6120960fd69d4a87ab8057583309cbf0: Neither blocks nor log segments found. Creating new log.
I20260713 09:12:13.697672   646 leader_election.cc:304] T f9499331bb91498d88a3e2f75b1a4f48 P 6d1707a0a8d2412285c16900c12c1ae2 [CANDIDATE]: Term 1 pre-election: Election decided. Result: candidate won. Election summary: received 2 responses out of 3 voters: 2 yes votes; 0 no votes. yes voters: 6120960fd69d4a87ab8057583309cbf0, 6d1707a0a8d2412285c16900c12c1ae2; no voters: 
I20260713 09:12:13.698388   763 raft_consensus.cc:2804] T f9499331bb91498d88a3e2f75b1a4f48 P 6d1707a0a8d2412285c16900c12c1ae2 [term 0 FOLLOWER]: Leader pre-election won for term 1
I20260713 09:12:13.698787   763 raft_consensus.cc:493] T f9499331bb91498d88a3e2f75b1a4f48 P 6d1707a0a8d2412285c16900c12c1ae2 [term 0 FOLLOWER]: Starting leader election (no leader contacted us within the election timeout)
I20260713 09:12:13.699051   763 raft_consensus.cc:3060] T f9499331bb91498d88a3e2f75b1a4f48 P 6d1707a0a8d2412285c16900c12c1ae2 [term 0 FOLLOWER]: Advancing to term 1
I20260713 09:12:13.701575   721 tablet_bootstrap.cc:492] T 555b324f649c466faf65cb1f75977f86 P 6120960fd69d4a87ab8057583309cbf0: No bootstrap required, opened a new log
I20260713 09:12:13.701939   721 ts_tablet_manager.cc:1403] T 555b324f649c466faf65cb1f75977f86 P 6120960fd69d4a87ab8057583309cbf0: Time spent bootstrapping tablet: real 0.014s	user 0.009s	sys 0.000s
I20260713 09:12:13.703985   721 raft_consensus.cc:359] T 555b324f649c466faf65cb1f75977f86 P 6120960fd69d4a87ab8057583309cbf0 [term 0 FOLLOWER]: Replica starting. Triggering 0 pending ops. Active config: opid_index: -1 OBSOLETE_local: false peers { permanent_uuid: "6120960fd69d4a87ab8057583309cbf0" member_type: VOTER last_known_addr { host: "127.31.159.193" port: 39475 } } peers { permanent_uuid: "baa51be9738149cebb772d963a30f0b4" member_type: VOTER last_known_addr { host: "127.31.159.194" port: 35787 } } peers { permanent_uuid: "6d1707a0a8d2412285c16900c12c1ae2" member_type: VOTER last_known_addr { host: "127.31.159.195" port: 39023 } }
I20260713 09:12:13.703985   763 raft_consensus.cc:515] T f9499331bb91498d88a3e2f75b1a4f48 P 6d1707a0a8d2412285c16900c12c1ae2 [term 1 FOLLOWER]: Starting leader election with config: opid_index: -1 OBSOLETE_local: false peers { permanent_uuid: "6120960fd69d4a87ab8057583309cbf0" member_type: VOTER last_known_addr { host: "127.31.159.193" port: 39475 } } peers { permanent_uuid: "baa51be9738149cebb772d963a30f0b4" member_type: VOTER last_known_addr { host: "127.31.159.194" port: 35787 } } peers { permanent_uuid: "6d1707a0a8d2412285c16900c12c1ae2" member_type: VOTER last_known_addr { host: "127.31.159.195" port: 39023 } }
I20260713 09:12:13.704573   721 raft_consensus.cc:385] T 555b324f649c466faf65cb1f75977f86 P 6120960fd69d4a87ab8057583309cbf0 [term 0 FOLLOWER]: Consensus starting up: Expiring failure detector timer to make a prompt election more likely
I20260713 09:12:13.704794   721 raft_consensus.cc:740] T 555b324f649c466faf65cb1f75977f86 P 6120960fd69d4a87ab8057583309cbf0 [term 0 FOLLOWER]: Becoming Follower/Learner. State: Replica: 6120960fd69d4a87ab8057583309cbf0, State: Initialized, Role: FOLLOWER
I20260713 09:12:13.705338   721 consensus_queue.cc:260] T 555b324f649c466faf65cb1f75977f86 P 6120960fd69d4a87ab8057583309cbf0 [NON_LEADER]: Queue going to NON_LEADER mode. State: All replicated index: 0, Majority replicated index: 0, Committed index: 0, Last appended: 0.0, Last appended by leader: 0, Current term: 0, Majority size: -1, State: 0, Mode: NON_LEADER, active raft config: opid_index: -1 OBSOLETE_local: false peers { permanent_uuid: "6120960fd69d4a87ab8057583309cbf0" member_type: VOTER last_known_addr { host: "127.31.159.193" port: 39475 } } peers { permanent_uuid: "baa51be9738149cebb772d963a30f0b4" member_type: VOTER last_known_addr { host: "127.31.159.194" port: 35787 } } peers { permanent_uuid: "6d1707a0a8d2412285c16900c12c1ae2" member_type: VOTER last_known_addr { host: "127.31.159.195" port: 39023 } }
I20260713 09:12:13.705709   763 leader_election.cc:290] T f9499331bb91498d88a3e2f75b1a4f48 P 6d1707a0a8d2412285c16900c12c1ae2 [CANDIDATE]: Term 1 election: Requested vote from peers 6120960fd69d4a87ab8057583309cbf0 (127.31.159.193:39475), baa51be9738149cebb772d963a30f0b4 (127.31.159.194:35787)
I20260713 09:12:13.706445   531 tablet_service.cc:1917] Received RequestConsensusVote() RPC: tablet_id: "f9499331bb91498d88a3e2f75b1a4f48" candidate_uuid: "6d1707a0a8d2412285c16900c12c1ae2" candidate_term: 1 candidate_status { last_received { term: 0 index: 0 } } ignore_live_leader: false dest_uuid: "6120960fd69d4a87ab8057583309cbf0"
I20260713 09:12:13.706663   605 tablet_service.cc:1917] Received RequestConsensusVote() RPC: tablet_id: "f9499331bb91498d88a3e2f75b1a4f48" candidate_uuid: "6d1707a0a8d2412285c16900c12c1ae2" candidate_term: 1 candidate_status { last_received { term: 0 index: 0 } } ignore_live_leader: false dest_uuid: "baa51be9738149cebb772d963a30f0b4"
I20260713 09:12:13.706945   531 raft_consensus.cc:3060] T f9499331bb91498d88a3e2f75b1a4f48 P 6120960fd69d4a87ab8057583309cbf0 [term 0 FOLLOWER]: Advancing to term 1
I20260713 09:12:13.707181   721 ts_tablet_manager.cc:1434] T 555b324f649c466faf65cb1f75977f86 P 6120960fd69d4a87ab8057583309cbf0: Time spent starting tablet: real 0.005s	user 0.004s	sys 0.000s
I20260713 09:12:13.707193   605 raft_consensus.cc:3060] T f9499331bb91498d88a3e2f75b1a4f48 P baa51be9738149cebb772d963a30f0b4 [term 0 FOLLOWER]: Advancing to term 1
I20260713 09:12:13.712160   605 raft_consensus.cc:2468] T f9499331bb91498d88a3e2f75b1a4f48 P baa51be9738149cebb772d963a30f0b4 [term 1 FOLLOWER]: Leader election vote request: Granting yes vote for candidate 6d1707a0a8d2412285c16900c12c1ae2 in term 1.
