I20260713 09:00:47.500504  1222 tablet_service.cc:1917] Received RequestConsensusVote() RPC: tablet_id: "c41dd0c5f28843cb81d358d6ca8895ad" candidate_uuid: "f84e954354274e9e8695feaeb7570082" candidate_term: 1 candidate_status { last_received { term: 0 index: 0 } } ignore_live_leader: false dest_uuid: "780d85c1afdb4ceaa2a931b6022d4913" is_pre_election: true
I20260713 09:00:47.501138  1222 raft_consensus.cc:2468] T c41dd0c5f28843cb81d358d6ca8895ad P 780d85c1afdb4ceaa2a931b6022d4913 [term 0 FOLLOWER]: Leader pre-election vote request: Granting yes vote for candidate f84e954354274e9e8695feaeb7570082 in term 0.
I20260713 09:00:47.502185  1223 tablet_service.cc:1917] Received RequestConsensusVote() RPC: tablet_id: "ffc6bcb261be46b09406b073ec71ffa9" candidate_uuid: "f84e954354274e9e8695feaeb7570082" candidate_term: 1 candidate_status { last_received { term: 0 index: 0 } } ignore_live_leader: false dest_uuid: "780d85c1afdb4ceaa2a931b6022d4913" is_pre_election: true
I20260713 09:00:47.502470  1265 tablet_bootstrap.cc:492] T 6a38571d0130467c9a0d52da5e4ec088 P f84e954354274e9e8695feaeb7570082: Bootstrap starting.
I20260713 09:00:47.503283  1075 tablet_service.cc:1917] Received RequestConsensusVote() RPC: tablet_id: "c41dd0c5f28843cb81d358d6ca8895ad" candidate_uuid: "f84e954354274e9e8695feaeb7570082" candidate_term: 1 candidate_status { last_received { term: 0 index: 0 } } ignore_live_leader: false dest_uuid: "da8e09c57a064940a88f8cc95b89c07b" is_pre_election: true
I20260713 09:00:47.503892  1075 raft_consensus.cc:2468] T c41dd0c5f28843cb81d358d6ca8895ad P da8e09c57a064940a88f8cc95b89c07b [term 0 FOLLOWER]: Leader pre-election vote request: Granting yes vote for candidate f84e954354274e9e8695feaeb7570082 in term 0.
I20260713 09:00:47.488536  1041 leader_election.cc:304] T d01237db541f4b839ce689ce3092f864 P da8e09c57a064940a88f8cc95b89c07b [CANDIDATE]: Term 1 pre-election: Election decided. Result: candidate won. Election summary: received 2 responses out of 3 voters: 2 yes votes; 0 no votes. yes voters: 780d85c1afdb4ceaa2a931b6022d4913, da8e09c57a064940a88f8cc95b89c07b; no voters: 
I20260713 09:00:47.505223  1274 raft_consensus.cc:2804] T d01237db541f4b839ce689ce3092f864 P da8e09c57a064940a88f8cc95b89c07b [term 0 FOLLOWER]: Leader pre-election won for term 1
I20260713 09:00:47.505568  1274 raft_consensus.cc:493] T d01237db541f4b839ce689ce3092f864 P da8e09c57a064940a88f8cc95b89c07b [term 0 FOLLOWER]: Starting leader election (no leader contacted us within the election timeout)
I20260713 09:00:47.506057  1269 tablet_bootstrap.cc:654] T 6a38571d0130467c9a0d52da5e4ec088 P da8e09c57a064940a88f8cc95b89c07b: Neither blocks nor log segments found. Creating new log.
I20260713 09:00:47.505919  1283 raft_consensus.cc:493] T ecdf4fd301e94ad6bf4dc3f5088b3b6d P da8e09c57a064940a88f8cc95b89c07b [term 0 FOLLOWER]: Starting pre-election (no leader contacted us within the election timeout)
I20260713 09:00:47.506156  1115 leader_election.cc:304] T ffc6bcb261be46b09406b073ec71ffa9 P f84e954354274e9e8695feaeb7570082 [CANDIDATE]: Term 1 pre-election: Election decided. Result: candidate won. Election summary: received 2 responses out of 3 voters: 2 yes votes; 0 no votes. yes voters: da8e09c57a064940a88f8cc95b89c07b, f84e954354274e9e8695feaeb7570082; no voters: 
I20260713 09:00:47.505935  1274 raft_consensus.cc:3060] T d01237db541f4b839ce689ce3092f864 P da8e09c57a064940a88f8cc95b89c07b [term 0 FOLLOWER]: Advancing to term 1
I20260713 09:00:47.506668  1283 raft_consensus.cc:515] T ecdf4fd301e94ad6bf4dc3f5088b3b6d P da8e09c57a064940a88f8cc95b89c07b [term 0 FOLLOWER]: Starting pre-election with config: opid_index: -1 OBSOLETE_local: false peers { permanent_uuid: "da8e09c57a064940a88f8cc95b89c07b" member_type: VOTER last_known_addr { host: "127.0.107.193" port: 40063 } } peers { permanent_uuid: "f84e954354274e9e8695feaeb7570082" member_type: VOTER last_known_addr { host: "127.0.107.194" port: 42717 } } peers { permanent_uuid: "780d85c1afdb4ceaa2a931b6022d4913" member_type: VOTER last_known_addr { host: "127.0.107.195" port: 45431 } }
I20260713 09:00:47.491685  1272 raft_consensus.cc:515] T ffc6bcb261be46b09406b073ec71ffa9 P 780d85c1afdb4ceaa2a931b6022d4913 [term 1 FOLLOWER]: Starting leader election with config: opid_index: -1 OBSOLETE_local: false peers { permanent_uuid: "f84e954354274e9e8695feaeb7570082" member_type: VOTER last_known_addr { host: "127.0.107.194" port: 42717 } } peers { permanent_uuid: "780d85c1afdb4ceaa2a931b6022d4913" member_type: VOTER last_known_addr { host: "127.0.107.195" port: 45431 } } peers { permanent_uuid: "da8e09c57a064940a88f8cc95b89c07b" member_type: VOTER last_known_addr { host: "127.0.107.193" port: 40063 } }
I20260713 09:00:47.512490  1300 raft_consensus.cc:2804] T ffc6bcb261be46b09406b073ec71ffa9 P f84e954354274e9e8695feaeb7570082 [term 0 FOLLOWER]: Leader pre-election won for term 1
I20260713 09:00:47.512976  1300 raft_consensus.cc:493] T ffc6bcb261be46b09406b073ec71ffa9 P f84e954354274e9e8695feaeb7570082 [term 0 FOLLOWER]: Starting leader election (no leader contacted us within the election timeout)
I20260713 09:00:47.513376  1300 raft_consensus.cc:3060] T ffc6bcb261be46b09406b073ec71ffa9 P f84e954354274e9e8695feaeb7570082 [term 0 FOLLOWER]: Advancing to term 1
I20260713 09:00:47.516651  1272 leader_election.cc:290] T ffc6bcb261be46b09406b073ec71ffa9 P 780d85c1afdb4ceaa2a931b6022d4913 [CANDIDATE]: Term 1 election: Requested vote from peers f84e954354274e9e8695feaeb7570082 (127.0.107.194:42717), da8e09c57a064940a88f8cc95b89c07b (127.0.107.193:40063)
I20260713 09:00:47.517357  1304 raft_consensus.cc:493] T a0c40691582947ff92a3032c9402eea2 P 780d85c1afdb4ceaa2a931b6022d4913 [term 0 FOLLOWER]: Starting pre-election (no leader contacted us within the election timeout)
I20260713 09:00:47.518086  1265 tablet_bootstrap.cc:654] T 6a38571d0130467c9a0d52da5e4ec088 P f84e954354274e9e8695feaeb7570082: Neither blocks nor log segments found. Creating new log.
I20260713 09:00:47.517844  1304 raft_consensus.cc:515] T a0c40691582947ff92a3032c9402eea2 P 780d85c1afdb4ceaa2a931b6022d4913 [term 0 FOLLOWER]: Starting pre-election with config: opid_index: -1 OBSOLETE_local: false peers { permanent_uuid: "da8e09c57a064940a88f8cc95b89c07b" member_type: VOTER last_known_addr { host: "127.0.107.193" port: 40063 } } peers { permanent_uuid: "f84e954354274e9e8695feaeb7570082" member_type: VOTER last_known_addr { host: "127.0.107.194" port: 42717 } } peers { permanent_uuid: "780d85c1afdb4ceaa2a931b6022d4913" member_type: VOTER last_known_addr { host: "127.0.107.195" port: 45431 } }
I20260713 09:00:47.507236  1115 leader_election.cc:304] T d01237db541f4b839ce689ce3092f864 P f84e954354274e9e8695feaeb7570082 [CANDIDATE]: Term 1 pre-election: Election decided. Result: candidate won. Election summary: received 2 responses out of 3 voters: 2 yes votes; 0 no votes. yes voters: da8e09c57a064940a88f8cc95b89c07b, f84e954354274e9e8695feaeb7570082; no voters: 
I20260713 09:00:47.520666  1301 raft_consensus.cc:2804] T d01237db541f4b839ce689ce3092f864 P f84e954354274e9e8695feaeb7570082 [term 0 FOLLOWER]: Leader pre-election won for term 1
I20260713 09:00:47.521039  1301 raft_consensus.cc:493] T d01237db541f4b839ce689ce3092f864 P f84e954354274e9e8695feaeb7570082 [term 0 FOLLOWER]: Starting leader election (no leader contacted us within the election timeout)
I20260713 09:00:47.490509  1150 tablet_service.cc:1917] Received RequestConsensusVote() RPC: tablet_id: "d01237db541f4b839ce689ce3092f864" candidate_uuid: "da8e09c57a064940a88f8cc95b89c07b" candidate_term: 1 candidate_status { last_received { term: 0 index: 0 } } ignore_live_leader: false dest_uuid: "f84e954354274e9e8695feaeb7570082" is_pre_election: true
I20260713 09:00:47.521185  1115 leader_election.cc:304] T c41dd0c5f28843cb81d358d6ca8895ad P f84e954354274e9e8695feaeb7570082 [CANDIDATE]: Term 1 pre-election: Election decided. Result: candidate won. Election summary: received 2 responses out of 3 voters: 2 yes votes; 0 no votes. yes voters: da8e09c57a064940a88f8cc95b89c07b, f84e954354274e9e8695feaeb7570082; no voters: 
I20260713 09:00:47.524710  1270 raft_consensus.cc:2804] T c41dd0c5f28843cb81d358d6ca8895ad P f84e954354274e9e8695feaeb7570082 [term 0 FOLLOWER]: Leader pre-election won for term 1
I20260713 09:00:47.525161  1270 raft_consensus.cc:493] T c41dd0c5f28843cb81d358d6ca8895ad P f84e954354274e9e8695feaeb7570082 [term 0 FOLLOWER]: Starting leader election (no leader contacted us within the election timeout)
I20260713 09:00:47.525563  1270 raft_consensus.cc:3060] T c41dd0c5f28843cb81d358d6ca8895ad P f84e954354274e9e8695feaeb7570082 [term 0 FOLLOWER]: Advancing to term 1
I20260713 09:00:47.527760  1283 leader_election.cc:290] T ecdf4fd301e94ad6bf4dc3f5088b3b6d P da8e09c57a064940a88f8cc95b89c07b [CANDIDATE]: Term 1 pre-election: Requested pre-vote from peers f84e954354274e9e8695feaeb7570082 (127.0.107.194:42717), 780d85c1afdb4ceaa2a931b6022d4913 (127.0.107.195:45431)
I20260713 09:00:47.521369  1301 raft_consensus.cc:3060] T d01237db541f4b839ce689ce3092f864 P f84e954354274e9e8695feaeb7570082 [term 0 FOLLOWER]: Advancing to term 1
I20260713 09:00:47.546296  1149 tablet_service.cc:1917] Received RequestConsensusVote() RPC: tablet_id: "ffc6bcb261be46b09406b073ec71ffa9" candidate_uuid: "780d85c1afdb4ceaa2a931b6022d4913" candidate_term: 1 candidate_status { last_received { term: 0 index: 0 } } ignore_live_leader: false dest_uuid: "f84e954354274e9e8695feaeb7570082"
I20260713 09:00:47.551287  1075 tablet_service.cc:1917] Received RequestConsensusVote() RPC: tablet_id: "ffc6bcb261be46b09406b073ec71ffa9" candidate_uuid: "780d85c1afdb4ceaa2a931b6022d4913" candidate_term: 1 candidate_status { last_received { term: 0 index: 0 } } ignore_live_leader: false dest_uuid: "da8e09c57a064940a88f8cc95b89c07b"
I20260713 09:00:47.551934  1075 raft_consensus.cc:3060] T ffc6bcb261be46b09406b073ec71ffa9 P da8e09c57a064940a88f8cc95b89c07b [term 0 FOLLOWER]: Advancing to term 1
I20260713 09:00:47.552235  1151 tablet_service.cc:1917] Received RequestConsensusVote() RPC: tablet_id: "ecdf4fd301e94ad6bf4dc3f5088b3b6d" candidate_uuid: "da8e09c57a064940a88f8cc95b89c07b" candidate_term: 1 candidate_status { last_received { term: 0 index: 0 } } ignore_live_leader: false dest_uuid: "f84e954354274e9e8695feaeb7570082" is_pre_election: true
I20260713 09:00:47.552815  1151 raft_consensus.cc:2468] T ecdf4fd301e94ad6bf4dc3f5088b3b6d P f84e954354274e9e8695feaeb7570082 [term 0 FOLLOWER]: Leader pre-election vote request: Granting yes vote for candidate da8e09c57a064940a88f8cc95b89c07b in term 0.
I20260713 09:00:47.534982  1223 raft_consensus.cc:2393] T ffc6bcb261be46b09406b073ec71ffa9 P 780d85c1afdb4ceaa2a931b6022d4913 [term 1 FOLLOWER]: Leader pre-election vote request: Denying vote to candidate f84e954354274e9e8695feaeb7570082 in current term 1: Already voted for candidate 780d85c1afdb4ceaa2a931b6022d4913 in this term.
I20260713 09:00:47.556124  1039 leader_election.cc:304] T ecdf4fd301e94ad6bf4dc3f5088b3b6d P da8e09c57a064940a88f8cc95b89c07b [CANDIDATE]: Term 1 pre-election: Election decided. Result: candidate won. Election summary: received 2 responses out of 3 voters: 2 yes votes; 0 no votes. yes voters: da8e09c57a064940a88f8cc95b89c07b, f84e954354274e9e8695feaeb7570082; no voters: 
I20260713 09:00:47.556973  1283 raft_consensus.cc:2804] T ecdf4fd301e94ad6bf4dc3f5088b3b6d P da8e09c57a064940a88f8cc95b89c07b [term 0 FOLLOWER]: Leader pre-election won for term 1
I20260713 09:00:47.557343  1283 raft_consensus.cc:493] T ecdf4fd301e94ad6bf4dc3f5088b3b6d P da8e09c57a064940a88f8cc95b89c07b [term 0 FOLLOWER]: Starting leader election (no leader contacted us within the election timeout)
I20260713 09:00:47.557641  1283 raft_consensus.cc:3060] T ecdf4fd301e94ad6bf4dc3f5088b3b6d P da8e09c57a064940a88f8cc95b89c07b [term 0 FOLLOWER]: Advancing to term 1
I20260713 09:00:47.535682   971 catalog_manager.cc:5697] T 760f9311c1934f6ea99400c7cae7ac63 P 780d85c1afdb4ceaa2a931b6022d4913 reported cstate change: term changed from 0 to 1, leader changed from <none> to 780d85c1afdb4ceaa2a931b6022d4913 (127.0.107.195). New cstate: current_term: 1 leader_uuid: "780d85c1afdb4ceaa2a931b6022d4913" committed_config { opid_index: -1 OBSOLETE_local: false peers { permanent_uuid: "da8e09c57a064940a88f8cc95b89c07b" member_type: VOTER last_known_addr { host: "127.0.107.193" port: 40063 } health_report { overall_health: UNKNOWN } } peers { permanent_uuid: "f84e954354274e9e8695feaeb7570082" member_type: VOTER last_known_addr { host: "127.0.107.194" port: 42717 } health_report { overall_health: UNKNOWN } } peers { permanent_uuid: "780d85c1afdb4ceaa2a931b6022d4913" member_type: VOTER last_known_addr { host: "127.0.107.195" port: 45431 } health_report { overall_health: HEALTHY } } }
I20260713 09:00:47.569208  1222 tablet_service.cc:1917] Received RequestConsensusVote() RPC: tablet_id: "ecdf4fd301e94ad6bf4dc3f5088b3b6d" candidate_uuid: "da8e09c57a064940a88f8cc95b89c07b" candidate_term: 1 candidate_status { last_received { term: 0 index: 0 } } ignore_live_leader: false dest_uuid: "780d85c1afdb4ceaa2a931b6022d4913" is_pre_election: true
W20260713 09:00:47.570899  1041 leader_election.cc:343] T ecdf4fd301e94ad6bf4dc3f5088b3b6d P da8e09c57a064940a88f8cc95b89c07b [CANDIDATE]: Term 1 pre-election: Tablet error from VoteRequest() call to peer 780d85c1afdb4ceaa2a931b6022d4913 (127.0.107.195:45431): Illegal state: must be running to vote when last-logged opid is not known
I20260713 09:00:47.575306  1075 raft_consensus.cc:2468] T ffc6bcb261be46b09406b073ec71ffa9 P da8e09c57a064940a88f8cc95b89c07b [term 1 FOLLOWER]: Leader election vote request: Granting yes vote for candidate 780d85c1afdb4ceaa2a931b6022d4913 in term 1.
I20260713 09:00:47.576515  1189 leader_election.cc:304] T ffc6bcb261be46b09406b073ec71ffa9 P 780d85c1afdb4ceaa2a931b6022d4913 [CANDIDATE]: Term 1 election: Election decided. Result: candidate won. Election summary: received 2 responses out of 3 voters: 2 yes votes; 0 no votes. yes voters: 780d85c1afdb4ceaa2a931b6022d4913, da8e09c57a064940a88f8cc95b89c07b; no voters: 
I20260713 09:00:47.578558  1300 raft_consensus.cc:515] T ffc6bcb261be46b09406b073ec71ffa9 P f84e954354274e9e8695feaeb7570082 [term 1 FOLLOWER]: Starting leader election with config: opid_index: -1 OBSOLETE_local: false peers { permanent_uuid: "f84e954354274e9e8695feaeb7570082" member_type: VOTER last_known_addr { host: "127.0.107.194" port: 42717 } } peers { permanent_uuid: "780d85c1afdb4ceaa2a931b6022d4913" member_type: VOTER last_known_addr { host: "127.0.107.195" port: 45431 } } peers { permanent_uuid: "da8e09c57a064940a88f8cc95b89c07b" member_type: VOTER last_known_addr { host: "127.0.107.193" port: 40063 } }
I20260713 09:00:47.579617  1149 raft_consensus.cc:2393] T ffc6bcb261be46b09406b073ec71ffa9 P f84e954354274e9e8695feaeb7570082 [term 1 FOLLOWER]: Leader election vote request: Denying vote to candidate 780d85c1afdb4ceaa2a931b6022d4913 in current term 1: Already voted for candidate f84e954354274e9e8695feaeb7570082 in this term.
I20260713 09:00:47.580430  1272 raft_consensus.cc:2804] T ffc6bcb261be46b09406b073ec71ffa9 P 780d85c1afdb4ceaa2a931b6022d4913 [term 1 FOLLOWER]: Leader election won for term 1
I20260713 09:00:47.580883  1272 raft_consensus.cc:697] T ffc6bcb261be46b09406b073ec71ffa9 P 780d85c1afdb4ceaa2a931b6022d4913 [term 1 LEADER]: Becoming Leader. State: Replica: 780d85c1afdb4ceaa2a931b6022d4913, State: Running, Role: LEADER
I20260713 09:00:47.581712  1272 consensus_queue.cc:237] T ffc6bcb261be46b09406b073ec71ffa9 P 780d85c1afdb4ceaa2a931b6022d4913 [LEADER]: Queue going to LEADER mode. State: All replicated index: 0, Majority replicated index: 0, Committed index: 0, Last appended: 0.0, Last appended by leader: 0, Current term: 1, Majority size: 2, State: 0, Mode: LEADER, active raft config: opid_index: -1 OBSOLETE_local: false peers { permanent_uuid: "f84e954354274e9e8695feaeb7570082" member_type: VOTER last_known_addr { host: "127.0.107.194" port: 42717 } } peers { permanent_uuid: "780d85c1afdb4ceaa2a931b6022d4913" member_type: VOTER last_known_addr { host: "127.0.107.195" port: 45431 } } peers { permanent_uuid: "da8e09c57a064940a88f8cc95b89c07b" member_type: VOTER last_known_addr { host: "127.0.107.193" port: 40063 } }
I20260713 09:00:47.592017  1302 raft_consensus.cc:697] T 6ebd33f0d509449ea1f54976a7c57cf1 P 780d85c1afdb4ceaa2a931b6022d4913 [term 1 LEADER]: Becoming Leader. State: Replica: 780d85c1afdb4ceaa2a931b6022d4913, State: Running, Role: LEADER
I20260713 09:00:47.595750  1075 tablet_service.cc:1917] Received RequestConsensusVote() RPC: tablet_id: "a0c40691582947ff92a3032c9402eea2" candidate_uuid: "780d85c1afdb4ceaa2a931b6022d4913" candidate_term: 1 candidate_status { last_received { term: 0 index: 0 } } ignore_live_leader: false dest_uuid: "da8e09c57a064940a88f8cc95b89c07b" is_pre_election: true
I20260713 09:00:47.595602  1302 consensus_queue.cc:237] T 6ebd33f0d509449ea1f54976a7c57cf1 P 780d85c1afdb4ceaa2a931b6022d4913 [LEADER]: Queue going to LEADER mode. State: All replicated index: 0, Majority replicated index: 0, Committed index: 0, Last appended: 0.0, Last appended by leader: 0, Current term: 1, Majority size: 2, State: 0, Mode: LEADER, active raft config: opid_index: -1 OBSOLETE_local: false peers { permanent_uuid: "da8e09c57a064940a88f8cc95b89c07b" member_type: VOTER last_known_addr { host: "127.0.107.193" port: 40063 } } peers { permanent_uuid: "f84e954354274e9e8695feaeb7570082" member_type: VOTER last_known_addr { host: "127.0.107.194" port: 42717 } } peers { permanent_uuid: "780d85c1afdb4ceaa2a931b6022d4913" member_type: VOTER last_known_addr { host: "127.0.107.195" port: 45431 } }
I20260713 09:00:47.596422  1075 raft_consensus.cc:2468] T a0c40691582947ff92a3032c9402eea2 P da8e09c57a064940a88f8cc95b89c07b [term 0 FOLLOWER]: Leader pre-election vote request: Granting yes vote for candidate 780d85c1afdb4ceaa2a931b6022d4913 in term 0.
I20260713 09:00:47.597766  1189 leader_election.cc:304] T a0c40691582947ff92a3032c9402eea2 P 780d85c1afdb4ceaa2a931b6022d4913 [CANDIDATE]: Term 1 pre-election: Election decided. Result: candidate won. Election summary: received 2 responses out of 3 voters: 2 yes votes; 0 no votes. yes voters: 780d85c1afdb4ceaa2a931b6022d4913, da8e09c57a064940a88f8cc95b89c07b; no voters: 
I20260713 09:00:47.601956  1300 leader_election.cc:290] T ffc6bcb261be46b09406b073ec71ffa9 P f84e954354274e9e8695feaeb7570082 [CANDIDATE]: Term 1 election: Requested vote from peers 780d85c1afdb4ceaa2a931b6022d4913 (127.0.107.195:45431), da8e09c57a064940a88f8cc95b89c07b (127.0.107.193:40063)
I20260713 09:00:47.603402  1075 tablet_service.cc:1917] Received RequestConsensusVote() RPC: tablet_id: "ffc6bcb261be46b09406b073ec71ffa9" candidate_uuid: "f84e954354274e9e8695feaeb7570082" candidate_term: 1 candidate_status { last_received { term: 0 index: 0 } } ignore_live_leader: false dest_uuid: "da8e09c57a064940a88f8cc95b89c07b"
I20260713 09:00:47.604472  1075 raft_consensus.cc:2393] T ffc6bcb261be46b09406b073ec71ffa9 P da8e09c57a064940a88f8cc95b89c07b [term 1 FOLLOWER]: Leader election vote request: Denying vote to candidate f84e954354274e9e8695feaeb7570082 in current term 1: Already voted for candidate 780d85c1afdb4ceaa2a931b6022d4913 in this term.
I20260713 09:00:47.607812  1265 tablet_bootstrap.cc:492] T 6a38571d0130467c9a0d52da5e4ec088 P f84e954354274e9e8695feaeb7570082: No bootstrap required, opened a new log
I20260713 09:00:47.608305  1265 ts_tablet_manager.cc:1403] T 6a38571d0130467c9a0d52da5e4ec088 P f84e954354274e9e8695feaeb7570082: Time spent bootstrapping tablet: real 0.112s	user 0.019s	sys 0.002s
I20260713 09:00:47.608372  1304 leader_election.cc:290] T a0c40691582947ff92a3032c9402eea2 P 780d85c1afdb4ceaa2a931b6022d4913 [CANDIDATE]: Term 1 pre-election: Requested pre-vote from peers da8e09c57a064940a88f8cc95b89c07b (127.0.107.193:40063), f84e954354274e9e8695feaeb7570082 (127.0.107.194:42717)
I20260713 09:00:47.613600  1149 tablet_service.cc:1917] Received RequestConsensusVote() RPC: tablet_id: "a0c40691582947ff92a3032c9402eea2" candidate_uuid: "780d85c1afdb4ceaa2a931b6022d4913" candidate_term: 1 candidate_status { last_received { term: 0 index: 0 } } ignore_live_leader: false dest_uuid: "f84e954354274e9e8695feaeb7570082" is_pre_election: true
I20260713 09:00:47.617174  1274 raft_consensus.cc:515] T d01237db541f4b839ce689ce3092f864 P da8e09c57a064940a88f8cc95b89c07b [term 1 FOLLOWER]: Starting leader election with config: opid_index: -1 OBSOLETE_local: false peers { permanent_uuid: "da8e09c57a064940a88f8cc95b89c07b" member_type: VOTER last_known_addr { host: "127.0.107.193" port: 40063 } } peers { permanent_uuid: "f84e954354274e9e8695feaeb7570082" member_type: VOTER last_known_addr { host: "127.0.107.194" port: 42717 } } peers { permanent_uuid: "780d85c1afdb4ceaa2a931b6022d4913" member_type: VOTER last_known_addr { host: "127.0.107.195" port: 45431 } }
I20260713 09:00:47.594170  1222 tablet_service.cc:1917] Received RequestConsensusVote() RPC: tablet_id: "ffc6bcb261be46b09406b073ec71ffa9" candidate_uuid: "f84e954354274e9e8695feaeb7570082" candidate_term: 1 candidate_status { last_received { term: 0 index: 0 } } ignore_live_leader: false dest_uuid: "780d85c1afdb4ceaa2a931b6022d4913"
I20260713 09:00:47.619035  1283 raft_consensus.cc:515] T ecdf4fd301e94ad6bf4dc3f5088b3b6d P da8e09c57a064940a88f8cc95b89c07b [term 1 FOLLOWER]: Starting leader election with config: opid_index: -1 OBSOLETE_local: false peers { permanent_uuid: "da8e09c57a064940a88f8cc95b89c07b" member_type: VOTER last_known_addr { host: "127.0.107.193" port: 40063 } } peers { permanent_uuid: "f84e954354274e9e8695feaeb7570082" member_type: VOTER last_known_addr { host: "127.0.107.194" port: 42717 } } peers { permanent_uuid: "780d85c1afdb4ceaa2a931b6022d4913" member_type: VOTER last_known_addr { host: "127.0.107.195" port: 45431 } }
W20260713 09:00:47.620183  1188 leader_election.cc:343] T a0c40691582947ff92a3032c9402eea2 P 780d85c1afdb4ceaa2a931b6022d4913 [CANDIDATE]: Term 1 pre-election: Tablet error from VoteRequest() call to peer f84e954354274e9e8695feaeb7570082 (127.0.107.194:42717): Illegal state: must be running to vote when last-logged opid is not known
I20260713 09:00:47.627908  1309 raft_consensus.cc:2804] T a0c40691582947ff92a3032c9402eea2 P 780d85c1afdb4ceaa2a931b6022d4913 [term 0 FOLLOWER]: Leader pre-election won for term 1
I20260713 09:00:47.628525  1309 raft_consensus.cc:493] T a0c40691582947ff92a3032c9402eea2 P 780d85c1afdb4ceaa2a931b6022d4913 [term 0 FOLLOWER]: Starting leader election (no leader contacted us within the election timeout)
I20260713 09:00:47.628886  1149 tablet_service.cc:1917] Received RequestConsensusVote() RPC: tablet_id: "ecdf4fd301e94ad6bf4dc3f5088b3b6d" candidate_uuid: "da8e09c57a064940a88f8cc95b89c07b" candidate_term: 1 candidate_status { last_received { term: 0 index: 0 } } ignore_live_leader: false dest_uuid: "f84e954354274e9e8695feaeb7570082"
I20260713 09:00:47.629585  1149 raft_consensus.cc:3060] T ecdf4fd301e94ad6bf4dc3f5088b3b6d P f84e954354274e9e8695feaeb7570082 [term 0 FOLLOWER]: Advancing to term 1
I20260713 09:00:47.630019  1151 tablet_service.cc:1917] Received RequestConsensusVote() RPC: tablet_id: "d01237db541f4b839ce689ce3092f864" candidate_uuid: "da8e09c57a064940a88f8cc95b89c07b" candidate_term: 1 candidate_status { last_received { term: 0 index: 0 } } ignore_live_leader: false dest_uuid: "f84e954354274e9e8695feaeb7570082"
I20260713 09:00:47.621243  1301 raft_consensus.cc:515] T d01237db541f4b839ce689ce3092f864 P f84e954354274e9e8695feaeb7570082 [term 1 FOLLOWER]: Starting leader election with config: opid_index: -1 OBSOLETE_local: false peers { permanent_uuid: "da8e09c57a064940a88f8cc95b89c07b" member_type: VOTER last_known_addr { host: "127.0.107.193" port: 40063 } } peers { permanent_uuid: "f84e954354274e9e8695feaeb7570082" member_type: VOTER last_known_addr { host: "127.0.107.194" port: 42717 } } peers { permanent_uuid: "780d85c1afdb4ceaa2a931b6022d4913" member_type: VOTER last_known_addr { host: "127.0.107.195" port: 45431 } }
I20260713 09:00:47.632354  1150 raft_consensus.cc:2393] T d01237db541f4b839ce689ce3092f864 P f84e954354274e9e8695feaeb7570082 [term 1 FOLLOWER]: Leader pre-election vote request: Denying vote to candidate da8e09c57a064940a88f8cc95b89c07b in current term 1: Already voted for candidate f84e954354274e9e8695feaeb7570082 in this term.
I20260713 09:00:47.628955  1309 raft_consensus.cc:3060] T a0c40691582947ff92a3032c9402eea2 P 780d85c1afdb4ceaa2a931b6022d4913 [term 0 FOLLOWER]: Advancing to term 1
I20260713 09:00:47.633548  1265 raft_consensus.cc:359] T 6a38571d0130467c9a0d52da5e4ec088 P f84e954354274e9e8695feaeb7570082 [term 0 FOLLOWER]: Replica starting. Triggering 0 pending ops. Active config: opid_index: -1 OBSOLETE_local: false peers { permanent_uuid: "da8e09c57a064940a88f8cc95b89c07b" member_type: VOTER last_known_addr { host: "127.0.107.193" port: 40063 } } peers { permanent_uuid: "f84e954354274e9e8695feaeb7570082" member_type: VOTER last_known_addr { host: "127.0.107.194" port: 42717 } } peers { permanent_uuid: "780d85c1afdb4ceaa2a931b6022d4913" member_type: VOTER last_known_addr { host: "127.0.107.195" port: 45431 } }
I20260713 09:00:47.635700  1265 raft_consensus.cc:385] T 6a38571d0130467c9a0d52da5e4ec088 P f84e954354274e9e8695feaeb7570082 [term 0 FOLLOWER]: Consensus starting up: Expiring failure detector timer to make a prompt election more likely
I20260713 09:00:47.636089  1265 raft_consensus.cc:740] T 6a38571d0130467c9a0d52da5e4ec088 P f84e954354274e9e8695feaeb7570082 [term 0 FOLLOWER]: Becoming Follower/Learner. State: Replica: f84e954354274e9e8695feaeb7570082, State: Initialized, Role: FOLLOWER
I20260713 09:00:47.642745  1265 consensus_queue.cc:260] T 6a38571d0130467c9a0d52da5e4ec088 P f84e954354274e9e8695feaeb7570082 [NON_LEADER]: Queue going to NON_LEADER mode. State: All replicated index: 0, Majority replicated index: 0, Committed index: 0, Last appended: 0.0, Last appended by leader: 0, Current term: 0, Majority size: -1, State: 0, Mode: NON_LEADER, active raft config: opid_index: -1 OBSOLETE_local: false peers { permanent_uuid: "da8e09c57a064940a88f8cc95b89c07b" member_type: VOTER last_known_addr { host: "127.0.107.193" port: 40063 } } peers { permanent_uuid: "f84e954354274e9e8695feaeb7570082" member_type: VOTER last_known_addr { host: "127.0.107.194" port: 42717 } } peers { permanent_uuid: "780d85c1afdb4ceaa2a931b6022d4913" member_type: VOTER last_known_addr { host: "127.0.107.195" port: 45431 } }
W20260713 09:00:47.645905  1189 outbound_call.cc:321] RPC callback for RPC call kudu.consensus.ConsensusService.RequestConsensusVote -> {remote=127.0.107.193:40063, user_credentials={real_user=slave}} blocked reactor thread for 48235.5us
I20260713 09:00:47.646561  1265 ts_tablet_manager.cc:1434] T 6a38571d0130467c9a0d52da5e4ec088 P f84e954354274e9e8695feaeb7570082: Time spent starting tablet: real 0.038s	user 0.008s	sys 0.000s
I20260713 09:00:47.647374  1223 tablet_service.cc:1917] Received RequestConsensusVote() RPC: tablet_id: "ecdf4fd301e94ad6bf4dc3f5088b3b6d" candidate_uuid: "da8e09c57a064940a88f8cc95b89c07b" candidate_term: 1 candidate_status { last_received { term: 0 index: 0 } } ignore_live_leader: false dest_uuid: "780d85c1afdb4ceaa2a931b6022d4913"
I20260713 09:00:47.647881  1265 tablet_bootstrap.cc:492] T a0c40691582947ff92a3032c9402eea2 P f84e954354274e9e8695feaeb7570082: Bootstrap starting.
I20260713 09:00:47.648658  1269 tablet_bootstrap.cc:492] T 6a38571d0130467c9a0d52da5e4ec088 P da8e09c57a064940a88f8cc95b89c07b: No bootstrap required, opened a new log
I20260713 09:00:47.649228  1269 ts_tablet_manager.cc:1403] T 6a38571d0130467c9a0d52da5e4ec088 P da8e09c57a064940a88f8cc95b89c07b: Time spent bootstrapping tablet: real 0.150s	user 0.012s	sys 0.000s
W20260713 09:00:47.651785  1041 leader_election.cc:343] T ecdf4fd301e94ad6bf4dc3f5088b3b6d P da8e09c57a064940a88f8cc95b89c07b [CANDIDATE]: Term 1 election: Tablet error from VoteRequest() call to peer 780d85c1afdb4ceaa2a931b6022d4913 (127.0.107.195:45431): Illegal state: must be running to vote when last-logged opid is not known
I20260713 09:00:47.640566  1283 leader_election.cc:290] T ecdf4fd301e94ad6bf4dc3f5088b3b6d P da8e09c57a064940a88f8cc95b89c07b [CANDIDATE]: Term 1 election: Requested vote from peers f84e954354274e9e8695feaeb7570082 (127.0.107.194:42717), 780d85c1afdb4ceaa2a931b6022d4913 (127.0.107.195:45431)
I20260713 09:00:47.643955  1270 raft_consensus.cc:515] T c41dd0c5f28843cb81d358d6ca8895ad P f84e954354274e9e8695feaeb7570082 [term 1 FOLLOWER]: Starting leader election with config: opid_index: -1 OBSOLETE_local: false peers { permanent_uuid: "da8e09c57a064940a88f8cc95b89c07b" member_type: VOTER last_known_addr { host: "127.0.107.193" port: 40063 } } peers { permanent_uuid: "f84e954354274e9e8695feaeb7570082" member_type: VOTER last_known_addr { host: "127.0.107.194" port: 42717 } } peers { permanent_uuid: "780d85c1afdb4ceaa2a931b6022d4913" member_type: VOTER last_known_addr { host: "127.0.107.195" port: 45431 } }
I20260713 09:00:47.656802  1272 raft_consensus.cc:493] T defe9cfa874c4819a1e4f0c4b33e6b59 P 780d85c1afdb4ceaa2a931b6022d4913 [term 0 FOLLOWER]: Starting pre-election (no leader contacted us within the election timeout)
I20260713 09:00:47.656760  1300 raft_consensus.cc:493] T 6a38571d0130467c9a0d52da5e4ec088 P f84e954354274e9e8695feaeb7570082 [term 0 FOLLOWER]: Starting pre-election (no leader contacted us within the election timeout)
I20260713 09:00:47.660522  1269 raft_consensus.cc:359] T 6a38571d0130467c9a0d52da5e4ec088 P da8e09c57a064940a88f8cc95b89c07b [term 0 FOLLOWER]: Replica starting. Triggering 0 pending ops. Active config: opid_index: -1 OBSOLETE_local: false peers { permanent_uuid: "da8e09c57a064940a88f8cc95b89c07b" member_type: VOTER last_known_addr { host: "127.0.107.193" port: 40063 } } peers { permanent_uuid: "f84e954354274e9e8695feaeb7570082" member_type: VOTER last_known_addr { host: "127.0.107.194" port: 42717 } } peers { permanent_uuid: "780d85c1afdb4ceaa2a931b6022d4913" member_type: VOTER last_known_addr { host: "127.0.107.195" port: 45431 } }
I20260713 09:00:47.666851  1269 raft_consensus.cc:385] T 6a38571d0130467c9a0d52da5e4ec088 P da8e09c57a064940a88f8cc95b89c07b [term 0 FOLLOWER]: Consensus starting up: Expiring failure detector timer to make a prompt election more likely
I20260713 09:00:47.666234  1075 tablet_service.cc:1917] Received RequestConsensusVote() RPC: tablet_id: "d01237db541f4b839ce689ce3092f864" candidate_uuid: "f84e954354274e9e8695feaeb7570082" candidate_term: 1 candidate_status { last_received { term: 0 index: 0 } } ignore_live_leader: false dest_uuid: "da8e09c57a064940a88f8cc95b89c07b"
I20260713 09:00:47.667800  1075 raft_consensus.cc:2393] T d01237db541f4b839ce689ce3092f864 P da8e09c57a064940a88f8cc95b89c07b [term 1 FOLLOWER]: Leader election vote request: Denying vote to candidate f84e954354274e9e8695feaeb7570082 in current term 1: Already voted for candidate da8e09c57a064940a88f8cc95b89c07b in this term.
I20260713 09:00:47.661966  1222 tablet_service.cc:1917] Received RequestConsensusVote() RPC: tablet_id: "d01237db541f4b839ce689ce3092f864" candidate_uuid: "da8e09c57a064940a88f8cc95b89c07b" candidate_term: 1 candidate_status { last_received { term: 0 index: 0 } } ignore_live_leader: false dest_uuid: "780d85c1afdb4ceaa2a931b6022d4913"
I20260713 09:00:47.662992  1149 raft_consensus.cc:2468] T ecdf4fd301e94ad6bf4dc3f5088b3b6d P f84e954354274e9e8695feaeb7570082 [term 1 FOLLOWER]: Leader election vote request: Granting yes vote for candidate da8e09c57a064940a88f8cc95b89c07b in term 1.
I20260713 09:00:47.668289  1222 raft_consensus.cc:3060] T d01237db541f4b839ce689ce3092f864 P 780d85c1afdb4ceaa2a931b6022d4913 [term 0 FOLLOWER]: Advancing to term 1
I20260713 09:00:47.666690  1300 raft_consensus.cc:515] T 6a38571d0130467c9a0d52da5e4ec088 P f84e954354274e9e8695feaeb7570082 [term 0 FOLLOWER]: Starting pre-election with config: opid_index: -1 OBSOLETE_local: false peers { permanent_uuid: "da8e09c57a064940a88f8cc95b89c07b" member_type: VOTER last_known_addr { host: "127.0.107.193" port: 40063 } } peers { permanent_uuid: "f84e954354274e9e8695feaeb7570082" member_type: VOTER last_known_addr { host: "127.0.107.194" port: 42717 } } peers { permanent_uuid: "780d85c1afdb4ceaa2a931b6022d4913" member_type: VOTER last_known_addr { host: "127.0.107.195" port: 45431 } }
I20260713 09:00:47.669091  1039 leader_election.cc:304] T ecdf4fd301e94ad6bf4dc3f5088b3b6d P da8e09c57a064940a88f8cc95b89c07b [CANDIDATE]: Term 1 election: Election decided. Result: candidate won. Election summary: received 3 responses out of 3 voters: 2 yes votes; 1 no votes. yes voters: da8e09c57a064940a88f8cc95b89c07b, f84e954354274e9e8695feaeb7570082; no voters: 780d85c1afdb4ceaa2a931b6022d4913
I20260713 09:00:47.670053  1283 raft_consensus.cc:2804] T ecdf4fd301e94ad6bf4dc3f5088b3b6d P da8e09c57a064940a88f8cc95b89c07b [term 1 FOLLOWER]: Leader election won for term 1
I20260713 09:00:47.667208  1269 raft_consensus.cc:740] T 6a38571d0130467c9a0d52da5e4ec088 P da8e09c57a064940a88f8cc95b89c07b [term 0 FOLLOWER]: Becoming Follower/Learner. State: Replica: da8e09c57a064940a88f8cc95b89c07b, State: Initialized, Role: FOLLOWER
I20260713 09:00:47.670619  1309 raft_consensus.cc:515] T a0c40691582947ff92a3032c9402eea2 P 780d85c1afdb4ceaa2a931b6022d4913 [term 1 FOLLOWER]: Starting leader election with config: opid_index: -1 OBSOLETE_local: false peers { permanent_uuid: "da8e09c57a064940a88f8cc95b89c07b" member_type: VOTER last_known_addr { host: "127.0.107.193" port: 40063 } } peers { permanent_uuid: "f84e954354274e9e8695feaeb7570082" member_type: VOTER last_known_addr { host: "127.0.107.194" port: 42717 } } peers { permanent_uuid: "780d85c1afdb4ceaa2a931b6022d4913" member_type: VOTER last_known_addr { host: "127.0.107.195" port: 45431 } }
I20260713 09:00:47.671074  1300 leader_election.cc:290] T 6a38571d0130467c9a0d52da5e4ec088 P f84e954354274e9e8695feaeb7570082 [CANDIDATE]: Term 1 pre-election: Requested pre-vote from peers da8e09c57a064940a88f8cc95b89c07b (127.0.107.193:40063), 780d85c1afdb4ceaa2a931b6022d4913 (127.0.107.195:45431)
I20260713 09:00:47.670868  1269 consensus_queue.cc:260] T 6a38571d0130467c9a0d52da5e4ec088 P da8e09c57a064940a88f8cc95b89c07b [NON_LEADER]: Queue going to NON_LEADER mode. State: All replicated index: 0, Majority replicated index: 0, Committed index: 0, Last appended: 0.0, Last appended by leader: 0, Current term: 0, Majority size: -1, State: 0, Mode: NON_LEADER, active raft config: opid_index: -1 OBSOLETE_local: false peers { permanent_uuid: "da8e09c57a064940a88f8cc95b89c07b" member_type: VOTER last_known_addr { host: "127.0.107.193" port: 40063 } } peers { permanent_uuid: "f84e954354274e9e8695feaeb7570082" member_type: VOTER last_known_addr { host: "127.0.107.194" port: 42717 } } peers { permanent_uuid: "780d85c1afdb4ceaa2a931b6022d4913" member_type: VOTER last_known_addr { host: "127.0.107.195" port: 45431 } }
I20260713 09:00:47.666683  1116 leader_election.cc:304] T ffc6bcb261be46b09406b073ec71ffa9 P f84e954354274e9e8695feaeb7570082 [CANDIDATE]: Term 1 election: Election decided. Result: candidate lost. Election summary: received 3 responses out of 3 voters: 1 yes votes; 2 no votes. yes voters: f84e954354274e9e8695feaeb7570082; no voters: 780d85c1afdb4ceaa2a931b6022d4913, da8e09c57a064940a88f8cc95b89c07b
I20260713 09:00:47.673048  1300 raft_consensus.cc:2749] T ffc6bcb261be46b09406b073ec71ffa9 P f84e954354274e9e8695feaeb7570082 [term 1 FOLLOWER]: Leader election lost for term 1. Reason: could not achieve majority
I20260713 09:00:47.673267  1309 leader_election.cc:290] T a0c40691582947ff92a3032c9402eea2 P 780d85c1afdb4ceaa2a931b6022d4913 [CANDIDATE]: Term 1 election: Requested vote from peers da8e09c57a064940a88f8cc95b89c07b (127.0.107.193:40063), f84e954354274e9e8695feaeb7570082 (127.0.107.194:42717)
I20260713 09:00:47.674465  1225 tablet_service.cc:1917] Received RequestConsensusVote() RPC: tablet_id: "6a38571d0130467c9a0d52da5e4ec088" candidate_uuid: "f84e954354274e9e8695feaeb7570082" candidate_term: 1 candidate_status { last_received { term: 0 index: 0 } } ignore_live_leader: false dest_uuid: "780d85c1afdb4ceaa2a931b6022d4913" is_pre_election: true
I20260713 09:00:47.674511  1075 tablet_service.cc:1917] Received RequestConsensusVote() RPC: tablet_id: "6a38571d0130467c9a0d52da5e4ec088" candidate_uuid: "f84e954354274e9e8695feaeb7570082" candidate_term: 1 candidate_status { last_received { term: 0 index: 0 } } ignore_live_leader: false dest_uuid: "da8e09c57a064940a88f8cc95b89c07b" is_pre_election: true
I20260713 09:00:47.675211  1225 raft_consensus.cc:2468] T 6a38571d0130467c9a0d52da5e4ec088 P 780d85c1afdb4ceaa2a931b6022d4913 [term 0 FOLLOWER]: Leader pre-election vote request: Granting yes vote for candidate f84e954354274e9e8695feaeb7570082 in term 0.
I20260713 09:00:47.675310  1075 raft_consensus.cc:2468] T 6a38571d0130467c9a0d52da5e4ec088 P da8e09c57a064940a88f8cc95b89c07b [term 0 FOLLOWER]: Leader pre-election vote request: Granting yes vote for candidate f84e954354274e9e8695feaeb7570082 in term 0.
I20260713 09:00:47.675516  1149 tablet_service.cc:1917] Received RequestConsensusVote() RPC: tablet_id: "a0c40691582947ff92a3032c9402eea2" candidate_uuid: "780d85c1afdb4ceaa2a931b6022d4913" candidate_term: 1 candidate_status { last_received { term: 0 index: 0 } } ignore_live_leader: false dest_uuid: "f84e954354274e9e8695feaeb7570082"
I20260713 09:00:47.676568  1269 ts_tablet_manager.cc:1434] T 6a38571d0130467c9a0d52da5e4ec088 P da8e09c57a064940a88f8cc95b89c07b: Time spent starting tablet: real 0.027s	user 0.007s	sys 0.001s
I20260713 09:00:47.676508  1116 leader_election.cc:304] T 6a38571d0130467c9a0d52da5e4ec088 P f84e954354274e9e8695feaeb7570082 [CANDIDATE]: Term 1 pre-election: Election decided. Result: candidate won. Election summary: received 2 responses out of 3 voters: 2 yes votes; 0 no votes. yes voters: 780d85c1afdb4ceaa2a931b6022d4913, f84e954354274e9e8695feaeb7570082; no voters: 
I20260713 09:00:47.677654  1269 tablet_bootstrap.cc:492] T ffa9dbd56b074401b209e03d109720f4 P da8e09c57a064940a88f8cc95b89c07b: Bootstrap starting.
W20260713 09:00:47.677575  1188 leader_election.cc:343] T a0c40691582947ff92a3032c9402eea2 P 780d85c1afdb4ceaa2a931b6022d4913 [CANDIDATE]: Term 1 election: Tablet error from VoteRequest() call to peer f84e954354274e9e8695feaeb7570082 (127.0.107.194:42717): Illegal state: must be running to vote when last-logged opid is not known
I20260713 09:00:47.678429  1300 raft_consensus.cc:2804] T 6a38571d0130467c9a0d52da5e4ec088 P f84e954354274e9e8695feaeb7570082 [term 0 FOLLOWER]: Leader pre-election won for term 1
I20260713 09:00:47.679631  1300 raft_consensus.cc:493] T 6a38571d0130467c9a0d52da5e4ec088 P f84e954354274e9e8695feaeb7570082 [term 0 FOLLOWER]: Starting leader election (no leader contacted us within the election timeout)
I20260713 09:00:47.680014  1300 raft_consensus.cc:3060] T 6a38571d0130467c9a0d52da5e4ec088 P f84e954354274e9e8695feaeb7570082 [term 0 FOLLOWER]: Advancing to term 1
I20260713 09:00:47.681685  1283 raft_consensus.cc:697] T ecdf4fd301e94ad6bf4dc3f5088b3b6d P da8e09c57a064940a88f8cc95b89c07b [term 1 LEADER]: Becoming Leader. State: Replica: da8e09c57a064940a88f8cc95b89c07b, State: Running, Role: LEADER
I20260713 09:00:47.681977  1270 leader_election.cc:290] T c41dd0c5f28843cb81d358d6ca8895ad P f84e954354274e9e8695feaeb7570082 [CANDIDATE]: Term 1 election: Requested vote from peers da8e09c57a064940a88f8cc95b89c07b (127.0.107.193:40063), 780d85c1afdb4ceaa2a931b6022d4913 (127.0.107.195:45431)
I20260713 09:00:47.656828  1274 leader_election.cc:290] T d01237db541f4b839ce689ce3092f864 P da8e09c57a064940a88f8cc95b89c07b [CANDIDATE]: Term 1 election: Requested vote from peers f84e954354274e9e8695feaeb7570082 (127.0.107.194:42717), 780d85c1afdb4ceaa2a931b6022d4913 (127.0.107.195:45431)
I20260713 09:00:47.683248  1301 leader_election.cc:290] T d01237db541f4b839ce689ce3092f864 P f84e954354274e9e8695feaeb7570082 [CANDIDATE]: Term 1 election: Requested vote from peers da8e09c57a064940a88f8cc95b89c07b (127.0.107.193:40063), 780d85c1afdb4ceaa2a931b6022d4913 (127.0.107.195:45431)
I20260713 09:00:47.683933  1283 consensus_queue.cc:237] T ecdf4fd301e94ad6bf4dc3f5088b3b6d P da8e09c57a064940a88f8cc95b89c07b [LEADER]: Queue going to LEADER mode. State: All replicated index: 0, Majority replicated index: 0, Committed index: 0, Last appended: 0.0, Last appended by leader: 0, Current term: 1, Majority size: 2, State: 0, Mode: LEADER, active raft config: opid_index: -1 OBSOLETE_local: false peers { permanent_uuid: "da8e09c57a064940a88f8cc95b89c07b" member_type: VOTER last_known_addr { host: "127.0.107.193" port: 40063 } } peers { permanent_uuid: "f84e954354274e9e8695feaeb7570082" member_type: VOTER last_known_addr { host: "127.0.107.194" port: 42717 } } peers { permanent_uuid: "780d85c1afdb4ceaa2a931b6022d4913" member_type: VOTER last_known_addr { host: "127.0.107.195" port: 45431 } }
I20260713 09:00:47.686102  1221 tablet_service.cc:1917] Received RequestConsensusVote() RPC: tablet_id: "d01237db541f4b839ce689ce3092f864" candidate_uuid: "f84e954354274e9e8695feaeb7570082" candidate_term: 1 candidate_status { last_received { term: 0 index: 0 } } ignore_live_leader: false dest_uuid: "780d85c1afdb4ceaa2a931b6022d4913"
I20260713 09:00:47.666119  1266 tablet_bootstrap.cc:492] T ecdf4fd301e94ad6bf4dc3f5088b3b6d P 780d85c1afdb4ceaa2a931b6022d4913: No bootstrap required, opened a new log
I20260713 09:00:47.684715  1074 tablet_service.cc:1917] Received RequestConsensusVote() RPC: tablet_id: "c41dd0c5f28843cb81d358d6ca8895ad" candidate_uuid: "f84e954354274e9e8695feaeb7570082" candidate_term: 1 candidate_status { last_received { term: 0 index: 0 } } ignore_live_leader: false dest_uuid: "da8e09c57a064940a88f8cc95b89c07b"
I20260713 09:00:47.687081  1074 raft_consensus.cc:3060] T c41dd0c5f28843cb81d358d6ca8895ad P da8e09c57a064940a88f8cc95b89c07b [term 0 FOLLOWER]: Advancing to term 1
I20260713 09:00:47.687227  1222 raft_consensus.cc:2468] T d01237db541f4b839ce689ce3092f864 P 780d85c1afdb4ceaa2a931b6022d4913 [term 1 FOLLOWER]: Leader election vote request: Granting yes vote for candidate da8e09c57a064940a88f8cc95b89c07b in term 1.
I20260713 09:00:47.687405  1225 tablet_service.cc:1917] Received RequestConsensusVote() RPC: tablet_id: "c41dd0c5f28843cb81d358d6ca8895ad" candidate_uuid: "f84e954354274e9e8695feaeb7570082" candidate_term: 1 candidate_status { last_received { term: 0 index: 0 } } ignore_live_leader: false dest_uuid: "780d85c1afdb4ceaa2a931b6022d4913"
I20260713 09:00:47.687987  1225 raft_consensus.cc:3060] T c41dd0c5f28843cb81d358d6ca8895ad P 780d85c1afdb4ceaa2a931b6022d4913 [term 0 FOLLOWER]: Advancing to term 1
I20260713 09:00:47.688328  1041 leader_election.cc:304] T d01237db541f4b839ce689ce3092f864 P da8e09c57a064940a88f8cc95b89c07b [CANDIDATE]: Term 1 election: Election decided. Result: candidate won. Election summary: received 3 responses out of 3 voters: 2 yes votes; 1 no votes. yes voters: 780d85c1afdb4ceaa2a931b6022d4913, da8e09c57a064940a88f8cc95b89c07b; no voters: f84e954354274e9e8695feaeb7570082
I20260713 09:00:47.689706  1274 raft_consensus.cc:2804] T d01237db541f4b839ce689ce3092f864 P da8e09c57a064940a88f8cc95b89c07b [term 1 FOLLOWER]: Leader election won for term 1
I20260713 09:00:47.690367  1116 leader_election.cc:304] T d01237db541f4b839ce689ce3092f864 P f84e954354274e9e8695feaeb7570082 [CANDIDATE]: Term 1 election: Election decided. Result: candidate lost. Election summary: received 3 responses out of 3 voters: 1 yes votes; 2 no votes. yes voters: f84e954354274e9e8695feaeb7570082; no voters: 780d85c1afdb4ceaa2a931b6022d4913, da8e09c57a064940a88f8cc95b89c07b
I20260713 09:00:47.690583  1274 raft_consensus.cc:697] T d01237db541f4b839ce689ce3092f864 P da8e09c57a064940a88f8cc95b89c07b [term 1 LEADER]: Becoming Leader. State: Replica: da8e09c57a064940a88f8cc95b89c07b, State: Running, Role: LEADER
I20260713 09:00:47.678964  1075 tablet_service.cc:1917] Received RequestConsensusVote() RPC: tablet_id: "a0c40691582947ff92a3032c9402eea2" candidate_uuid: "780d85c1afdb4ceaa2a931b6022d4913" candidate_term: 1 candidate_status { last_received { term: 0 index: 0 } } ignore_live_leader: false dest_uuid: "da8e09c57a064940a88f8cc95b89c07b"
I20260713 09:00:47.691560  1075 raft_consensus.cc:3060] T a0c40691582947ff92a3032c9402eea2 P da8e09c57a064940a88f8cc95b89c07b [term 0 FOLLOWER]: Advancing to term 1
I20260713 09:00:47.694209  1269 tablet_bootstrap.cc:654] T ffa9dbd56b074401b209e03d109720f4 P da8e09c57a064940a88f8cc95b89c07b: Neither blocks nor log segments found. Creating new log.
I20260713 09:00:47.694401  1116 leader_election.cc:304] T 6ebd33f0d509449ea1f54976a7c57cf1 P f84e954354274e9e8695feaeb7570082 [CANDIDATE]: Term 1 pre-election: Election decided. Result: candidate lost. Election summary: received 3 responses out of 3 voters: 1 yes votes; 2 no votes. yes voters: f84e954354274e9e8695feaeb7570082; no voters: 780d85c1afdb4ceaa2a931b6022d4913, da8e09c57a064940a88f8cc95b89c07b
I20260713 09:00:47.702183  1075 raft_consensus.cc:2468] T a0c40691582947ff92a3032c9402eea2 P da8e09c57a064940a88f8cc95b89c07b [term 1 FOLLOWER]: Leader election vote request: Granting yes vote for candidate 780d85c1afdb4ceaa2a931b6022d4913 in term 1.
I20260713 09:00:47.703116  1300 raft_consensus.cc:515] T 6a38571d0130467c9a0d52da5e4ec088 P f84e954354274e9e8695feaeb7570082 [term 1 FOLLOWER]: Starting leader election with config: opid_index: -1 OBSOLETE_local: false peers { permanent_uuid: "da8e09c57a064940a88f8cc95b89c07b" member_type: VOTER last_known_addr { host: "127.0.107.193" port: 40063 } } peers { permanent_uuid: "f84e954354274e9e8695feaeb7570082" member_type: VOTER last_known_addr { host: "127.0.107.194" port: 42717 } } peers { permanent_uuid: "780d85c1afdb4ceaa2a931b6022d4913" member_type: VOTER last_known_addr { host: "127.0.107.195" port: 45431 } }
I20260713 09:00:47.703426  1189 leader_election.cc:304] T a0c40691582947ff92a3032c9402eea2 P 780d85c1afdb4ceaa2a931b6022d4913 [CANDIDATE]: Term 1 election: Election decided. Result: candidate won. Election summary: received 3 responses out of 3 voters: 2 yes votes; 1 no votes. yes voters: 780d85c1afdb4ceaa2a931b6022d4913, da8e09c57a064940a88f8cc95b89c07b; no voters: f84e954354274e9e8695feaeb7570082
I20260713 09:00:47.703948  1265 tablet_bootstrap.cc:654] T a0c40691582947ff92a3032c9402eea2 P f84e954354274e9e8695feaeb7570082: Neither blocks nor log segments found. Creating new log.
I20260713 09:00:47.695279  1074 raft_consensus.cc:2468] T c41dd0c5f28843cb81d358d6ca8895ad P da8e09c57a064940a88f8cc95b89c07b [term 1 FOLLOWER]: Leader election vote request: Granting yes vote for candidate f84e954354274e9e8695feaeb7570082 in term 1.
I20260713 09:00:47.687085  1266 ts_tablet_manager.cc:1403] T ecdf4fd301e94ad6bf4dc3f5088b3b6d P 780d85c1afdb4ceaa2a931b6022d4913: Time spent bootstrapping tablet: real 0.235s	user 0.060s	sys 0.099s
I20260713 09:00:47.705507  1115 leader_election.cc:304] T c41dd0c5f28843cb81d358d6ca8895ad P f84e954354274e9e8695feaeb7570082 [CANDIDATE]: Term 1 election: Election decided. Result: candidate won. Election summary: received 2 responses out of 3 voters: 2 yes votes; 0 no votes. yes voters: da8e09c57a064940a88f8cc95b89c07b, f84e954354274e9e8695feaeb7570082; no voters: 
I20260713 09:00:47.706135  1075 tablet_service.cc:1917] Received RequestConsensusVote() RPC: tablet_id: "6a38571d0130467c9a0d52da5e4ec088" candidate_uuid: "f84e954354274e9e8695feaeb7570082" candidate_term: 1 candidate_status { last_received { term: 0 index: 0 } } ignore_live_leader: false dest_uuid: "da8e09c57a064940a88f8cc95b89c07b"
I20260713 09:00:47.706933  1075 raft_consensus.cc:3060] T 6a38571d0130467c9a0d52da5e4ec088 P da8e09c57a064940a88f8cc95b89c07b [term 0 FOLLOWER]: Advancing to term 1
I20260713 09:00:47.708281  1266 raft_consensus.cc:359] T ecdf4fd301e94ad6bf4dc3f5088b3b6d P 780d85c1afdb4ceaa2a931b6022d4913 [term 0 FOLLOWER]: Replica starting. Triggering 0 pending ops. Active config: opid_index: -1 OBSOLETE_local: false peers { permanent_uuid: "da8e09c57a064940a88f8cc95b89c07b" member_type: VOTER last_known_addr { host: "127.0.107.193" port: 40063 } } peers { permanent_uuid: "f84e954354274e9e8695feaeb7570082" member_type: VOTER last_known_addr { host: "127.0.107.194" port: 42717 } } peers { permanent_uuid: "780d85c1afdb4ceaa2a931b6022d4913" member_type: VOTER last_known_addr { host: "127.0.107.195" port: 45431 } }
I20260713 09:00:47.709153  1266 raft_consensus.cc:385] T ecdf4fd301e94ad6bf4dc3f5088b3b6d P 780d85c1afdb4ceaa2a931b6022d4913 [term 0 FOLLOWER]: Consensus starting up: Expiring failure detector timer to make a prompt election more likely
I20260713 09:00:47.709527  1266 raft_consensus.cc:740] T ecdf4fd301e94ad6bf4dc3f5088b3b6d P 780d85c1afdb4ceaa2a931b6022d4913 [term 0 FOLLOWER]: Becoming Follower/Learner. State: Replica: 780d85c1afdb4ceaa2a931b6022d4913, State: Initialized, Role: FOLLOWER
I20260713 09:00:47.710346  1266 consensus_queue.cc:260] T ecdf4fd301e94ad6bf4dc3f5088b3b6d P 780d85c1afdb4ceaa2a931b6022d4913 [NON_LEADER]: Queue going to NON_LEADER mode. State: All replicated index: 0, Majority replicated index: 0, Committed index: 0, Last appended: 0.0, Last appended by leader: 0, Current term: 0, Majority size: -1, State: 0, Mode: NON_LEADER, active raft config: opid_index: -1 OBSOLETE_local: false peers { permanent_uuid: "da8e09c57a064940a88f8cc95b89c07b" member_type: VOTER last_known_addr { host: "127.0.107.193" port: 40063 } } peers { permanent_uuid: "f84e954354274e9e8695feaeb7570082" member_type: VOTER last_known_addr { host: "127.0.107.194" port: 42717 } } peers { permanent_uuid: "780d85c1afdb4ceaa2a931b6022d4913" member_type: VOTER last_known_addr { host: "127.0.107.195" port: 45431 } }
