I20260713 09:12:20.299690  1478 consensus_queue.cc:237] T 4a69b44adb594269864f78f1da447820 P 17f9a8f6059d42c29b70abb667d22287 [LEADER]: Queue going to LEADER mode. State: All replicated index: 0, Majority replicated index: 1, Committed index: 1, Last appended: 1.1, Last appended by leader: 0, Current term: 1, Majority size: 2, State: 0, Mode: LEADER, active raft config: opid_index: 2 OBSOLETE_local: false peers { permanent_uuid: "9fae0b581cac4a019d1dc5f19936b27e" member_type: VOTER last_known_addr { host: "127.0.75.65" port: 34767 } } peers { permanent_uuid: "17f9a8f6059d42c29b70abb667d22287" member_type: VOTER last_known_addr { host: "127.0.75.66" port: 37119 } } peers { permanent_uuid: "861244c7d7a74e709cc2d64feeefce4e" member_type: VOTER last_known_addr { host: "127.0.75.67" port: 44241 } attrs { replace: true } } peers { permanent_uuid: "7bc5885f39be4693b7488111c3b22253" member_type: NON_VOTER last_known_addr { host: "127.0.75.68" port: 33459 } attrs { promote: true } }
I20260713 09:12:20.307368  1301 catalog_manager.cc:5697] T e73cb44c67664bf389569ec156a06ec6 P 861244c7d7a74e709cc2d64feeefce4e reported cstate change: config changed from index -1 to 2, NON_VOTER 7bc5885f39be4693b7488111c3b22253 (127.0.75.68) added. New cstate: current_term: 1 leader_uuid: "17f9a8f6059d42c29b70abb667d22287" committed_config { opid_index: 2 OBSOLETE_local: false peers { permanent_uuid: "9fae0b581cac4a019d1dc5f19936b27e" member_type: VOTER last_known_addr { host: "127.0.75.65" port: 34767 } attrs { replace: true } } peers { permanent_uuid: "17f9a8f6059d42c29b70abb667d22287" member_type: VOTER last_known_addr { host: "127.0.75.66" port: 37119 } } peers { permanent_uuid: "861244c7d7a74e709cc2d64feeefce4e" member_type: VOTER last_known_addr { host: "127.0.75.67" port: 44241 } } peers { permanent_uuid: "7bc5885f39be4693b7488111c3b22253" member_type: NON_VOTER last_known_addr { host: "127.0.75.68" port: 33459 } attrs { promote: true } } }
W20260713 09:12:20.320772  1447 consensus_peers.cc:597] T e73cb44c67664bf389569ec156a06ec6 P 17f9a8f6059d42c29b70abb667d22287 -> Peer 7bc5885f39be4693b7488111c3b22253 (127.0.75.68:33459): Couldn't send request to peer 7bc5885f39be4693b7488111c3b22253. Error code: TABLET_NOT_FOUND (6). Status: Not found: Tablet not found: e73cb44c67664bf389569ec156a06ec6. This is attempt 1: this message will repeat every 5th retry.
W20260713 09:12:20.321509  1447 consensus_peers.cc:597] T 4a69b44adb594269864f78f1da447820 P 17f9a8f6059d42c29b70abb667d22287 -> Peer 7bc5885f39be4693b7488111c3b22253 (127.0.75.68:33459): Couldn't send request to peer 7bc5885f39be4693b7488111c3b22253. Error code: TABLET_NOT_FOUND (6). Status: Not found: Tablet not found: 4a69b44adb594269864f78f1da447820. This is attempt 1: this message will repeat every 5th retry.
I20260713 09:12:20.322500  1555 raft_consensus.cc:1275] T 4a69b44adb594269864f78f1da447820 P 861244c7d7a74e709cc2d64feeefce4e [term 1 FOLLOWER]: Refusing update from remote peer 17f9a8f6059d42c29b70abb667d22287: Log matching property violated. Preceding OpId in replica: term: 1 index: 1. Preceding OpId from leader: term: 1 index: 2. (index mismatch)
I20260713 09:12:20.322866  1404 raft_consensus.cc:1275] T 4a69b44adb594269864f78f1da447820 P 9fae0b581cac4a019d1dc5f19936b27e [term 1 FOLLOWER]: Refusing update from remote peer 17f9a8f6059d42c29b70abb667d22287: Log matching property violated. Preceding OpId in replica: term: 1 index: 1. Preceding OpId from leader: term: 1 index: 2. (index mismatch)
I20260713 09:12:20.323711  1600 consensus_queue.cc:1048] T 4a69b44adb594269864f78f1da447820 P 17f9a8f6059d42c29b70abb667d22287 [LEADER]: Connected to new peer: Peer: permanent_uuid: "861244c7d7a74e709cc2d64feeefce4e" member_type: VOTER last_known_addr { host: "127.0.75.67" port: 44241 } attrs { replace: true }, Status: LMP_MISMATCH, Last received: 0.0, Next index: 2, Last known committed idx: 1, Time since last communication: 0.000s
I20260713 09:12:20.324554  1602 consensus_queue.cc:1048] T 4a69b44adb594269864f78f1da447820 P 17f9a8f6059d42c29b70abb667d22287 [LEADER]: Connected to new peer: Peer: permanent_uuid: "9fae0b581cac4a019d1dc5f19936b27e" member_type: VOTER last_known_addr { host: "127.0.75.65" port: 34767 }, Status: LMP_MISMATCH, Last received: 0.0, Next index: 2, Last known committed idx: 1, Time since last communication: 0.000s
I20260713 09:12:20.330868  1600 raft_consensus.cc:2955] T 4a69b44adb594269864f78f1da447820 P 17f9a8f6059d42c29b70abb667d22287 [term 1 LEADER]: Committing config change with OpId 1.2: config changed from index -1 to 2, NON_VOTER 7bc5885f39be4693b7488111c3b22253 (127.0.75.68) added. New config: { opid_index: 2 OBSOLETE_local: false peers { permanent_uuid: "9fae0b581cac4a019d1dc5f19936b27e" member_type: VOTER last_known_addr { host: "127.0.75.65" port: 34767 } } peers { permanent_uuid: "17f9a8f6059d42c29b70abb667d22287" member_type: VOTER last_known_addr { host: "127.0.75.66" port: 37119 } } peers { permanent_uuid: "861244c7d7a74e709cc2d64feeefce4e" member_type: VOTER last_known_addr { host: "127.0.75.67" port: 44241 } attrs { replace: true } } peers { permanent_uuid: "7bc5885f39be4693b7488111c3b22253" member_type: NON_VOTER last_known_addr { host: "127.0.75.68" port: 33459 } attrs { promote: true } } }
I20260713 09:12:20.341918  1555 raft_consensus.cc:2955] T 4a69b44adb594269864f78f1da447820 P 861244c7d7a74e709cc2d64feeefce4e [term 1 FOLLOWER]: Committing config change with OpId 1.2: config changed from index -1 to 2, NON_VOTER 7bc5885f39be4693b7488111c3b22253 (127.0.75.68) added. New config: { opid_index: 2 OBSOLETE_local: false peers { permanent_uuid: "9fae0b581cac4a019d1dc5f19936b27e" member_type: VOTER last_known_addr { host: "127.0.75.65" port: 34767 } } peers { permanent_uuid: "17f9a8f6059d42c29b70abb667d22287" member_type: VOTER last_known_addr { host: "127.0.75.66" port: 37119 } } peers { permanent_uuid: "861244c7d7a74e709cc2d64feeefce4e" member_type: VOTER last_known_addr { host: "127.0.75.67" port: 44241 } attrs { replace: true } } peers { permanent_uuid: "7bc5885f39be4693b7488111c3b22253" member_type: NON_VOTER last_known_addr { host: "127.0.75.68" port: 33459 } attrs { promote: true } } }
I20260713 09:12:20.345409  1478 consensus_queue.cc:237] T e65bf50b1066427f8b7002009b0a51fd P 17f9a8f6059d42c29b70abb667d22287 [LEADER]: Queue going to LEADER mode. State: All replicated index: 0, Majority replicated index: 1, Committed index: 1, Last appended: 1.1, Last appended by leader: 0, Current term: 1, Majority size: 2, State: 0, Mode: LEADER, active raft config: opid_index: 2 OBSOLETE_local: false peers { permanent_uuid: "9fae0b581cac4a019d1dc5f19936b27e" member_type: VOTER last_known_addr { host: "127.0.75.65" port: 34767 } } peers { permanent_uuid: "17f9a8f6059d42c29b70abb667d22287" member_type: VOTER last_known_addr { host: "127.0.75.66" port: 37119 } } peers { permanent_uuid: "861244c7d7a74e709cc2d64feeefce4e" member_type: VOTER last_known_addr { host: "127.0.75.67" port: 44241 } attrs { replace: true } } peers { permanent_uuid: "7bc5885f39be4693b7488111c3b22253" member_type: NON_VOTER last_known_addr { host: "127.0.75.68" port: 33459 } attrs { promote: true } }
I20260713 09:12:20.345683  1301 catalog_manager.cc:5697] T 4a69b44adb594269864f78f1da447820 P 17f9a8f6059d42c29b70abb667d22287 reported cstate change: config changed from index -1 to 2, NON_VOTER 7bc5885f39be4693b7488111c3b22253 (127.0.75.68) added. New cstate: current_term: 1 leader_uuid: "17f9a8f6059d42c29b70abb667d22287" committed_config { opid_index: 2 OBSOLETE_local: false peers { permanent_uuid: "9fae0b581cac4a019d1dc5f19936b27e" member_type: VOTER last_known_addr { host: "127.0.75.65" port: 34767 } health_report { overall_health: HEALTHY } } peers { permanent_uuid: "17f9a8f6059d42c29b70abb667d22287" member_type: VOTER last_known_addr { host: "127.0.75.66" port: 37119 } health_report { overall_health: HEALTHY } } peers { permanent_uuid: "861244c7d7a74e709cc2d64feeefce4e" member_type: VOTER last_known_addr { host: "127.0.75.67" port: 44241 } attrs { replace: true } health_report { overall_health: HEALTHY } } peers { permanent_uuid: "7bc5885f39be4693b7488111c3b22253" member_type: NON_VOTER last_known_addr { host: "127.0.75.68" port: 33459 } attrs { promote: true } health_report { overall_health: UNKNOWN } } }
I20260713 09:12:20.350023  1404 raft_consensus.cc:2955] T 4a69b44adb594269864f78f1da447820 P 9fae0b581cac4a019d1dc5f19936b27e [term 1 FOLLOWER]: Committing config change with OpId 1.2: config changed from index -1 to 2, NON_VOTER 7bc5885f39be4693b7488111c3b22253 (127.0.75.68) added. New config: { opid_index: 2 OBSOLETE_local: false peers { permanent_uuid: "9fae0b581cac4a019d1dc5f19936b27e" member_type: VOTER last_known_addr { host: "127.0.75.65" port: 34767 } } peers { permanent_uuid: "17f9a8f6059d42c29b70abb667d22287" member_type: VOTER last_known_addr { host: "127.0.75.66" port: 37119 } } peers { permanent_uuid: "861244c7d7a74e709cc2d64feeefce4e" member_type: VOTER last_known_addr { host: "127.0.75.67" port: 44241 } attrs { replace: true } } peers { permanent_uuid: "7bc5885f39be4693b7488111c3b22253" member_type: NON_VOTER last_known_addr { host: "127.0.75.68" port: 33459 } attrs { promote: true } } }
I20260713 09:12:20.357475  1555 raft_consensus.cc:1275] T e65bf50b1066427f8b7002009b0a51fd P 861244c7d7a74e709cc2d64feeefce4e [term 1 FOLLOWER]: Refusing update from remote peer 17f9a8f6059d42c29b70abb667d22287: Log matching property violated. Preceding OpId in replica: term: 1 index: 1. Preceding OpId from leader: term: 1 index: 2. (index mismatch)
I20260713 09:12:20.358682  1405 raft_consensus.cc:1275] T e65bf50b1066427f8b7002009b0a51fd P 9fae0b581cac4a019d1dc5f19936b27e [term 1 FOLLOWER]: Refusing update from remote peer 17f9a8f6059d42c29b70abb667d22287: Log matching property violated. Preceding OpId in replica: term: 1 index: 1. Preceding OpId from leader: term: 1 index: 2. (index mismatch)
W20260713 09:12:20.358830  1447 consensus_peers.cc:597] T e65bf50b1066427f8b7002009b0a51fd P 17f9a8f6059d42c29b70abb667d22287 -> Peer 7bc5885f39be4693b7488111c3b22253 (127.0.75.68:33459): Couldn't send request to peer 7bc5885f39be4693b7488111c3b22253. Error code: TABLET_NOT_FOUND (6). Status: Not found: Tablet not found: e65bf50b1066427f8b7002009b0a51fd. This is attempt 1: this message will repeat every 5th retry.
I20260713 09:12:20.359961  1681 consensus_queue.cc:1048] T e65bf50b1066427f8b7002009b0a51fd P 17f9a8f6059d42c29b70abb667d22287 [LEADER]: Connected to new peer: Peer: permanent_uuid: "9fae0b581cac4a019d1dc5f19936b27e" member_type: VOTER last_known_addr { host: "127.0.75.65" port: 34767 }, Status: LMP_MISMATCH, Last received: 0.0, Next index: 2, Last known committed idx: 1, Time since last communication: 0.000s
I20260713 09:12:20.361723  1602 consensus_queue.cc:1048] T e65bf50b1066427f8b7002009b0a51fd P 17f9a8f6059d42c29b70abb667d22287 [LEADER]: Connected to new peer: Peer: permanent_uuid: "861244c7d7a74e709cc2d64feeefce4e" member_type: VOTER last_known_addr { host: "127.0.75.67" port: 44241 } attrs { replace: true }, Status: LMP_MISMATCH, Last received: 0.0, Next index: 2, Last known committed idx: 1, Time since last communication: 0.000s
I20260713 09:12:20.371078  1741 raft_consensus.cc:2955] T e65bf50b1066427f8b7002009b0a51fd P 17f9a8f6059d42c29b70abb667d22287 [term 1 LEADER]: Committing config change with OpId 1.2: config changed from index -1 to 2, NON_VOTER 7bc5885f39be4693b7488111c3b22253 (127.0.75.68) added. New config: { opid_index: 2 OBSOLETE_local: false peers { permanent_uuid: "9fae0b581cac4a019d1dc5f19936b27e" member_type: VOTER last_known_addr { host: "127.0.75.65" port: 34767 } } peers { permanent_uuid: "17f9a8f6059d42c29b70abb667d22287" member_type: VOTER last_known_addr { host: "127.0.75.66" port: 37119 } } peers { permanent_uuid: "861244c7d7a74e709cc2d64feeefce4e" member_type: VOTER last_known_addr { host: "127.0.75.67" port: 44241 } attrs { replace: true } } peers { permanent_uuid: "7bc5885f39be4693b7488111c3b22253" member_type: NON_VOTER last_known_addr { host: "127.0.75.68" port: 33459 } attrs { promote: true } } }
I20260713 09:12:20.373116  1555 raft_consensus.cc:2955] T e65bf50b1066427f8b7002009b0a51fd P 861244c7d7a74e709cc2d64feeefce4e [term 1 FOLLOWER]: Committing config change with OpId 1.2: config changed from index -1 to 2, NON_VOTER 7bc5885f39be4693b7488111c3b22253 (127.0.75.68) added. New config: { opid_index: 2 OBSOLETE_local: false peers { permanent_uuid: "9fae0b581cac4a019d1dc5f19936b27e" member_type: VOTER last_known_addr { host: "127.0.75.65" port: 34767 } } peers { permanent_uuid: "17f9a8f6059d42c29b70abb667d22287" member_type: VOTER last_known_addr { host: "127.0.75.66" port: 37119 } } peers { permanent_uuid: "861244c7d7a74e709cc2d64feeefce4e" member_type: VOTER last_known_addr { host: "127.0.75.67" port: 44241 } attrs { replace: true } } peers { permanent_uuid: "7bc5885f39be4693b7488111c3b22253" member_type: NON_VOTER last_known_addr { host: "127.0.75.68" port: 33459 } attrs { promote: true } } }
I20260713 09:12:20.390743  1300 catalog_manager.cc:5697] T e65bf50b1066427f8b7002009b0a51fd P 17f9a8f6059d42c29b70abb667d22287 reported cstate change: config changed from index -1 to 2, NON_VOTER 7bc5885f39be4693b7488111c3b22253 (127.0.75.68) added. New cstate: current_term: 1 leader_uuid: "17f9a8f6059d42c29b70abb667d22287" committed_config { opid_index: 2 OBSOLETE_local: false peers { permanent_uuid: "9fae0b581cac4a019d1dc5f19936b27e" member_type: VOTER last_known_addr { host: "127.0.75.65" port: 34767 } health_report { overall_health: UNKNOWN } } peers { permanent_uuid: "17f9a8f6059d42c29b70abb667d22287" member_type: VOTER last_known_addr { host: "127.0.75.66" port: 37119 } health_report { overall_health: HEALTHY } } peers { permanent_uuid: "861244c7d7a74e709cc2d64feeefce4e" member_type: VOTER last_known_addr { host: "127.0.75.67" port: 44241 } attrs { replace: true } health_report { overall_health: HEALTHY } } peers { permanent_uuid: "7bc5885f39be4693b7488111c3b22253" member_type: NON_VOTER last_known_addr { host: "127.0.75.68" port: 33459 } attrs { promote: true } health_report { overall_health: UNKNOWN } } }
I20260713 09:12:20.391639  1404 raft_consensus.cc:2955] T e65bf50b1066427f8b7002009b0a51fd P 9fae0b581cac4a019d1dc5f19936b27e [term 1 FOLLOWER]: Committing config change with OpId 1.2: config changed from index -1 to 2, NON_VOTER 7bc5885f39be4693b7488111c3b22253 (127.0.75.68) added. New config: { opid_index: 2 OBSOLETE_local: false peers { permanent_uuid: "9fae0b581cac4a019d1dc5f19936b27e" member_type: VOTER last_known_addr { host: "127.0.75.65" port: 34767 } } peers { permanent_uuid: "17f9a8f6059d42c29b70abb667d22287" member_type: VOTER last_known_addr { host: "127.0.75.66" port: 37119 } } peers { permanent_uuid: "861244c7d7a74e709cc2d64feeefce4e" member_type: VOTER last_known_addr { host: "127.0.75.67" port: 44241 } attrs { replace: true } } peers { permanent_uuid: "7bc5885f39be4693b7488111c3b22253" member_type: NON_VOTER last_known_addr { host: "127.0.75.68" port: 33459 } attrs { promote: true } } }
I20260713 09:12:20.575333  1741 raft_consensus.cc:493] T 48673dd41dfb4d56b0d26921af345174 P 17f9a8f6059d42c29b70abb667d22287 [term 1 FOLLOWER]: Starting pre-election (detected failure of leader 9fae0b581cac4a019d1dc5f19936b27e)
I20260713 09:12:20.575881  1741 raft_consensus.cc:515] T 48673dd41dfb4d56b0d26921af345174 P 17f9a8f6059d42c29b70abb667d22287 [term 1 FOLLOWER]: Starting pre-election with config: opid_index: -1 OBSOLETE_local: false peers { permanent_uuid: "9fae0b581cac4a019d1dc5f19936b27e" member_type: VOTER last_known_addr { host: "127.0.75.65" port: 34767 } } peers { permanent_uuid: "17f9a8f6059d42c29b70abb667d22287" member_type: VOTER last_known_addr { host: "127.0.75.66" port: 37119 } } peers { permanent_uuid: "861244c7d7a74e709cc2d64feeefce4e" member_type: VOTER last_known_addr { host: "127.0.75.67" port: 44241 } }
I20260713 09:12:20.578013  1741 leader_election.cc:290] T 48673dd41dfb4d56b0d26921af345174 P 17f9a8f6059d42c29b70abb667d22287 [CANDIDATE]: Term 2 pre-election: Requested pre-vote from peers 9fae0b581cac4a019d1dc5f19936b27e (127.0.75.65:34767), 861244c7d7a74e709cc2d64feeefce4e (127.0.75.67:44241)
I20260713 09:12:20.579691  1552 tablet_service.cc:1917] Received RequestConsensusVote() RPC: tablet_id: "48673dd41dfb4d56b0d26921af345174" candidate_uuid: "17f9a8f6059d42c29b70abb667d22287" candidate_term: 2 candidate_status { last_received { term: 1 index: 1 } } ignore_live_leader: false dest_uuid: "861244c7d7a74e709cc2d64feeefce4e" is_pre_election: true
I20260713 09:12:20.580494  1552 raft_consensus.cc:2393] T 48673dd41dfb4d56b0d26921af345174 P 861244c7d7a74e709cc2d64feeefce4e [term 2 FOLLOWER]: Leader pre-election vote request: Denying vote to candidate 17f9a8f6059d42c29b70abb667d22287 in current term 2: Already voted for candidate 861244c7d7a74e709cc2d64feeefce4e in this term.
I20260713 09:12:20.580578  1404 tablet_service.cc:1917] Received RequestConsensusVote() RPC: tablet_id: "48673dd41dfb4d56b0d26921af345174" candidate_uuid: "17f9a8f6059d42c29b70abb667d22287" candidate_term: 2 candidate_status { last_received { term: 1 index: 1 } } ignore_live_leader: false dest_uuid: "9fae0b581cac4a019d1dc5f19936b27e" is_pre_election: true
I20260713 09:12:20.581373  1404 raft_consensus.cc:2468] T 48673dd41dfb4d56b0d26921af345174 P 9fae0b581cac4a019d1dc5f19936b27e [term 2 FOLLOWER]: Leader pre-election vote request: Granting yes vote for candidate 17f9a8f6059d42c29b70abb667d22287 in term 2.
I20260713 09:12:20.582620  1444 leader_election.cc:304] T 48673dd41dfb4d56b0d26921af345174 P 17f9a8f6059d42c29b70abb667d22287 [CANDIDATE]: Term 2 pre-election: Election decided. Result: candidate won. Election summary: received 3 responses out of 3 voters: 2 yes votes; 1 no votes. yes voters: 17f9a8f6059d42c29b70abb667d22287, 9fae0b581cac4a019d1dc5f19936b27e; no voters: 861244c7d7a74e709cc2d64feeefce4e
I20260713 09:12:20.583408  1741 raft_consensus.cc:2804] T 48673dd41dfb4d56b0d26921af345174 P 17f9a8f6059d42c29b70abb667d22287 [term 1 FOLLOWER]: Leader pre-election won for term 2
I20260713 09:12:20.583782  1741 raft_consensus.cc:493] T 48673dd41dfb4d56b0d26921af345174 P 17f9a8f6059d42c29b70abb667d22287 [term 1 FOLLOWER]: Starting leader election (detected failure of leader 9fae0b581cac4a019d1dc5f19936b27e)
I20260713 09:12:20.584132  1741 raft_consensus.cc:3060] T 48673dd41dfb4d56b0d26921af345174 P 17f9a8f6059d42c29b70abb667d22287 [term 1 FOLLOWER]: Advancing to term 2
I20260713 09:12:20.590606  1741 raft_consensus.cc:515] T 48673dd41dfb4d56b0d26921af345174 P 17f9a8f6059d42c29b70abb667d22287 [term 2 FOLLOWER]: Starting leader election with config: opid_index: -1 OBSOLETE_local: false peers { permanent_uuid: "9fae0b581cac4a019d1dc5f19936b27e" member_type: VOTER last_known_addr { host: "127.0.75.65" port: 34767 } } peers { permanent_uuid: "17f9a8f6059d42c29b70abb667d22287" member_type: VOTER last_known_addr { host: "127.0.75.66" port: 37119 } } peers { permanent_uuid: "861244c7d7a74e709cc2d64feeefce4e" member_type: VOTER last_known_addr { host: "127.0.75.67" port: 44241 } }
I20260713 09:12:20.592710  1741 leader_election.cc:290] T 48673dd41dfb4d56b0d26921af345174 P 17f9a8f6059d42c29b70abb667d22287 [CANDIDATE]: Term 2 election: Requested vote from peers 9fae0b581cac4a019d1dc5f19936b27e (127.0.75.65:34767), 861244c7d7a74e709cc2d64feeefce4e (127.0.75.67:44241)
I20260713 09:12:20.593410  1404 tablet_service.cc:1917] Received RequestConsensusVote() RPC: tablet_id: "48673dd41dfb4d56b0d26921af345174" candidate_uuid: "17f9a8f6059d42c29b70abb667d22287" candidate_term: 2 candidate_status { last_received { term: 1 index: 1 } } ignore_live_leader: false dest_uuid: "9fae0b581cac4a019d1dc5f19936b27e"
I20260713 09:12:20.593747  1552 tablet_service.cc:1917] Received RequestConsensusVote() RPC: tablet_id: "48673dd41dfb4d56b0d26921af345174" candidate_uuid: "17f9a8f6059d42c29b70abb667d22287" candidate_term: 2 candidate_status { last_received { term: 1 index: 1 } } ignore_live_leader: false dest_uuid: "861244c7d7a74e709cc2d64feeefce4e"
I20260713 09:12:20.594522  1552 raft_consensus.cc:2393] T 48673dd41dfb4d56b0d26921af345174 P 861244c7d7a74e709cc2d64feeefce4e [term 2 FOLLOWER]: Leader election vote request: Denying vote to candidate 17f9a8f6059d42c29b70abb667d22287 in current term 2: Already voted for candidate 861244c7d7a74e709cc2d64feeefce4e in this term.
I20260713 09:12:20.598366  1404 raft_consensus.cc:2468] T 48673dd41dfb4d56b0d26921af345174 P 9fae0b581cac4a019d1dc5f19936b27e [term 2 FOLLOWER]: Leader election vote request: Granting yes vote for candidate 17f9a8f6059d42c29b70abb667d22287 in term 2.
I20260713 09:12:20.599483  1444 leader_election.cc:304] T 48673dd41dfb4d56b0d26921af345174 P 17f9a8f6059d42c29b70abb667d22287 [CANDIDATE]: Term 2 election: Election decided. Result: candidate won. Election summary: received 3 responses out of 3 voters: 2 yes votes; 1 no votes. yes voters: 17f9a8f6059d42c29b70abb667d22287, 9fae0b581cac4a019d1dc5f19936b27e; no voters: 861244c7d7a74e709cc2d64feeefce4e
I20260713 09:12:20.600198  1741 raft_consensus.cc:2804] T 48673dd41dfb4d56b0d26921af345174 P 17f9a8f6059d42c29b70abb667d22287 [term 2 FOLLOWER]: Leader election won for term 2
I20260713 09:12:20.600700  1741 raft_consensus.cc:697] T 48673dd41dfb4d56b0d26921af345174 P 17f9a8f6059d42c29b70abb667d22287 [term 2 LEADER]: Becoming Leader. State: Replica: 17f9a8f6059d42c29b70abb667d22287, State: Running, Role: LEADER
I20260713 09:12:20.601451  1741 consensus_queue.cc:237] T 48673dd41dfb4d56b0d26921af345174 P 17f9a8f6059d42c29b70abb667d22287 [LEADER]: Queue going to LEADER mode. State: All replicated index: 0, Majority replicated index: 0, Committed index: 0, Last appended: 1.1, Last appended by leader: 1, Current term: 2, Majority size: 2, State: 0, Mode: LEADER, active raft config: opid_index: -1 OBSOLETE_local: false peers { permanent_uuid: "9fae0b581cac4a019d1dc5f19936b27e" member_type: VOTER last_known_addr { host: "127.0.75.65" port: 34767 } } peers { permanent_uuid: "17f9a8f6059d42c29b70abb667d22287" member_type: VOTER last_known_addr { host: "127.0.75.66" port: 37119 } } peers { permanent_uuid: "861244c7d7a74e709cc2d64feeefce4e" member_type: VOTER last_known_addr { host: "127.0.75.67" port: 44241 } }
I20260713 09:12:20.609314  1301 catalog_manager.cc:5697] T 48673dd41dfb4d56b0d26921af345174 P 17f9a8f6059d42c29b70abb667d22287 reported cstate change: term changed from 1 to 2, leader changed from 9fae0b581cac4a019d1dc5f19936b27e (127.0.75.65) to 17f9a8f6059d42c29b70abb667d22287 (127.0.75.66). New cstate: current_term: 2 leader_uuid: "17f9a8f6059d42c29b70abb667d22287" committed_config { opid_index: -1 OBSOLETE_local: false peers { permanent_uuid: "9fae0b581cac4a019d1dc5f19936b27e" member_type: VOTER last_known_addr { host: "127.0.75.65" port: 34767 } health_report { overall_health: UNKNOWN } } peers { permanent_uuid: "17f9a8f6059d42c29b70abb667d22287" member_type: VOTER last_known_addr { host: "127.0.75.66" port: 37119 } health_report { overall_health: HEALTHY } } peers { permanent_uuid: "861244c7d7a74e709cc2d64feeefce4e" member_type: VOTER last_known_addr { host: "127.0.75.67" port: 44241 } health_report { overall_health: UNKNOWN } } }
I20260713 09:12:20.668715  1864 ts_tablet_manager.cc:933] T 312305f101fb47d9ab467978e32cfd03 P 7bc5885f39be4693b7488111c3b22253: Initiating tablet copy from peer 861244c7d7a74e709cc2d64feeefce4e (127.0.75.67:44241)
I20260713 09:12:20.671133  1864 tablet_copy_client.cc:323] T 312305f101fb47d9ab467978e32cfd03 P 7bc5885f39be4693b7488111c3b22253: tablet copy: Beginning tablet copy session from remote peer at address 127.0.75.67:44241
I20260713 09:12:20.682482  1565 tablet_copy_service.cc:140] P 861244c7d7a74e709cc2d64feeefce4e: Received BeginTabletCopySession request for tablet 312305f101fb47d9ab467978e32cfd03 from peer 7bc5885f39be4693b7488111c3b22253 ({username='slave'} at 127.0.0.1:40488)
I20260713 09:12:20.683099  1565 tablet_copy_service.cc:161] P 861244c7d7a74e709cc2d64feeefce4e: Beginning new tablet copy session on tablet 312305f101fb47d9ab467978e32cfd03 from peer 7bc5885f39be4693b7488111c3b22253 at {username='slave'} at 127.0.0.1:40488: session id = 7bc5885f39be4693b7488111c3b22253-312305f101fb47d9ab467978e32cfd03
I20260713 09:12:20.691057  1565 tablet_copy_source_session.cc:215] T 312305f101fb47d9ab467978e32cfd03 P 861244c7d7a74e709cc2d64feeefce4e: Tablet Copy: opened 0 blocks and 1 log segments
I20260713 09:12:20.694945  1864 data_dirs.cc:400] Could only allocate 1 dirs of requested 3 for tablet 312305f101fb47d9ab467978e32cfd03. 1 dirs total, 0 dirs full, 0 dirs failed
I20260713 09:12:20.708395  1867 ts_tablet_manager.cc:933] T e73cb44c67664bf389569ec156a06ec6 P 7bc5885f39be4693b7488111c3b22253: Initiating tablet copy from peer 17f9a8f6059d42c29b70abb667d22287 (127.0.75.66:37119)
I20260713 09:12:20.710028  1864 tablet_copy_client.cc:806] T 312305f101fb47d9ab467978e32cfd03 P 7bc5885f39be4693b7488111c3b22253: tablet copy: Starting download of 0 data blocks...
I20260713 09:12:20.710460  1867 tablet_copy_client.cc:323] T e73cb44c67664bf389569ec156a06ec6 P 7bc5885f39be4693b7488111c3b22253: tablet copy: Beginning tablet copy session from remote peer at address 127.0.75.66:37119
I20260713 09:12:20.710644  1864 tablet_copy_client.cc:670] T 312305f101fb47d9ab467978e32cfd03 P 7bc5885f39be4693b7488111c3b22253: tablet copy: Starting download of 1 WAL segments...
I20260713 09:12:20.715937  1864 tablet_copy_client.cc:538] T 312305f101fb47d9ab467978e32cfd03 P 7bc5885f39be4693b7488111c3b22253: tablet copy: Tablet Copy complete. Replacing tablet superblock.
I20260713 09:12:20.721207  1491 tablet_copy_service.cc:140] P 17f9a8f6059d42c29b70abb667d22287: Received BeginTabletCopySession request for tablet e73cb44c67664bf389569ec156a06ec6 from peer 7bc5885f39be4693b7488111c3b22253 ({username='slave'} at 127.0.0.1:57566)
I20260713 09:12:20.721715  1491 tablet_copy_service.cc:161] P 17f9a8f6059d42c29b70abb667d22287: Beginning new tablet copy session on tablet e73cb44c67664bf389569ec156a06ec6 from peer 7bc5885f39be4693b7488111c3b22253 at {username='slave'} at 127.0.0.1:57566: session id = 7bc5885f39be4693b7488111c3b22253-e73cb44c67664bf389569ec156a06ec6
I20260713 09:12:20.725025  1864 tablet_bootstrap.cc:492] T 312305f101fb47d9ab467978e32cfd03 P 7bc5885f39be4693b7488111c3b22253: Bootstrap starting.
I20260713 09:12:20.728807  1491 tablet_copy_source_session.cc:215] T e73cb44c67664bf389569ec156a06ec6 P 17f9a8f6059d42c29b70abb667d22287: Tablet Copy: opened 0 blocks and 1 log segments
I20260713 09:12:20.732630  1867 data_dirs.cc:400] Could only allocate 1 dirs of requested 3 for tablet e73cb44c67664bf389569ec156a06ec6. 1 dirs total, 0 dirs full, 0 dirs failed
I20260713 09:12:20.746598  1864 tablet_bootstrap.cc:492] T 312305f101fb47d9ab467978e32cfd03 P 7bc5885f39be4693b7488111c3b22253: Bootstrap replayed 1/1 log segments. Stats: ops{read=2 overwritten=0 applied=2 ignored=0} inserts{seen=0 ignored=0} mutations{seen=0 ignored=0} orphaned_commits=0. Pending: 0 replicates
I20260713 09:12:20.747536  1864 tablet_bootstrap.cc:492] T 312305f101fb47d9ab467978e32cfd03 P 7bc5885f39be4693b7488111c3b22253: Bootstrap complete.
I20260713 09:12:20.747627  1867 tablet_copy_client.cc:806] T e73cb44c67664bf389569ec156a06ec6 P 7bc5885f39be4693b7488111c3b22253: tablet copy: Starting download of 0 data blocks...
I20260713 09:12:20.748122  1867 tablet_copy_client.cc:670] T e73cb44c67664bf389569ec156a06ec6 P 7bc5885f39be4693b7488111c3b22253: tablet copy: Starting download of 1 WAL segments...
I20260713 09:12:20.748235  1864 ts_tablet_manager.cc:1403] T 312305f101fb47d9ab467978e32cfd03 P 7bc5885f39be4693b7488111c3b22253: Time spent bootstrapping tablet: real 0.023s	user 0.012s	sys 0.008s
I20260713 09:12:20.750934  1864 raft_consensus.cc:359] T 312305f101fb47d9ab467978e32cfd03 P 7bc5885f39be4693b7488111c3b22253 [term 1 LEARNER]: Replica starting. Triggering 0 pending ops. Active config: opid_index: 2 OBSOLETE_local: false peers { permanent_uuid: "9fae0b581cac4a019d1dc5f19936b27e" member_type: VOTER last_known_addr { host: "127.0.75.65" port: 34767 } } peers { permanent_uuid: "17f9a8f6059d42c29b70abb667d22287" member_type: VOTER last_known_addr { host: "127.0.75.66" port: 37119 } attrs { replace: true } } peers { permanent_uuid: "861244c7d7a74e709cc2d64feeefce4e" member_type: VOTER last_known_addr { host: "127.0.75.67" port: 44241 } } peers { permanent_uuid: "7bc5885f39be4693b7488111c3b22253" member_type: NON_VOTER last_known_addr { host: "127.0.75.68" port: 33459 } attrs { promote: true } }
I20260713 09:12:20.751669  1864 raft_consensus.cc:740] T 312305f101fb47d9ab467978e32cfd03 P 7bc5885f39be4693b7488111c3b22253 [term 1 LEARNER]: Becoming Follower/Learner. State: Replica: 7bc5885f39be4693b7488111c3b22253, State: Initialized, Role: LEARNER
I20260713 09:12:20.752305  1864 consensus_queue.cc:260] T 312305f101fb47d9ab467978e32cfd03 P 7bc5885f39be4693b7488111c3b22253 [NON_LEADER]: Queue going to NON_LEADER mode. State: All replicated index: 0, Majority replicated index: 0, Committed index: 2, Last appended: 1.2, Last appended by leader: 2, Current term: 0, Majority size: -1, State: 0, Mode: NON_LEADER, active raft config: opid_index: 2 OBSOLETE_local: false peers { permanent_uuid: "9fae0b581cac4a019d1dc5f19936b27e" member_type: VOTER last_known_addr { host: "127.0.75.65" port: 34767 } } peers { permanent_uuid: "17f9a8f6059d42c29b70abb667d22287" member_type: VOTER last_known_addr { host: "127.0.75.66" port: 37119 } attrs { replace: true } } peers { permanent_uuid: "861244c7d7a74e709cc2d64feeefce4e" member_type: VOTER last_known_addr { host: "127.0.75.67" port: 44241 } } peers { permanent_uuid: "7bc5885f39be4693b7488111c3b22253" member_type: NON_VOTER last_known_addr { host: "127.0.75.68" port: 33459 } attrs { promote: true } }
I20260713 09:12:20.752930  1867 tablet_copy_client.cc:538] T e73cb44c67664bf389569ec156a06ec6 P 7bc5885f39be4693b7488111c3b22253: tablet copy: Tablet Copy complete. Replacing tablet superblock.
I20260713 09:12:20.754782  1842 heartbeater.cc:499] Master 127.0.75.126:38359 was elected leader, sending a full tablet report...
I20260713 09:12:20.755014  1864 ts_tablet_manager.cc:1434] T 312305f101fb47d9ab467978e32cfd03 P 7bc5885f39be4693b7488111c3b22253: Time spent starting tablet: real 0.006s	user 0.006s	sys 0.004s
I20260713 09:12:20.756981  1565 tablet_copy_service.cc:342] P 861244c7d7a74e709cc2d64feeefce4e: Request end of tablet copy session 7bc5885f39be4693b7488111c3b22253-312305f101fb47d9ab467978e32cfd03 received from {username='slave'} at 127.0.0.1:40488
I20260713 09:12:20.757390  1565 tablet_copy_service.cc:434] P 861244c7d7a74e709cc2d64feeefce4e: ending tablet copy session 7bc5885f39be4693b7488111c3b22253-312305f101fb47d9ab467978e32cfd03 on tablet 312305f101fb47d9ab467978e32cfd03 with peer 7bc5885f39be4693b7488111c3b22253
I20260713 09:12:20.764931  1867 tablet_bootstrap.cc:492] T e73cb44c67664bf389569ec156a06ec6 P 7bc5885f39be4693b7488111c3b22253: Bootstrap starting.
I20260713 09:12:20.785392  1867 tablet_bootstrap.cc:492] T e73cb44c67664bf389569ec156a06ec6 P 7bc5885f39be4693b7488111c3b22253: Bootstrap replayed 1/1 log segments. Stats: ops{read=2 overwritten=0 applied=2 ignored=0} inserts{seen=0 ignored=0} mutations{seen=0 ignored=0} orphaned_commits=0. Pending: 0 replicates
I20260713 09:12:20.786264  1867 tablet_bootstrap.cc:492] T e73cb44c67664bf389569ec156a06ec6 P 7bc5885f39be4693b7488111c3b22253: Bootstrap complete.
I20260713 09:12:20.786911  1867 ts_tablet_manager.cc:1403] T e73cb44c67664bf389569ec156a06ec6 P 7bc5885f39be4693b7488111c3b22253: Time spent bootstrapping tablet: real 0.022s	user 0.010s	sys 0.009s
I20260713 09:12:20.789817  1867 raft_consensus.cc:359] T e73cb44c67664bf389569ec156a06ec6 P 7bc5885f39be4693b7488111c3b22253 [term 1 LEARNER]: Replica starting. Triggering 0 pending ops. Active config: opid_index: 2 OBSOLETE_local: false peers { permanent_uuid: "9fae0b581cac4a019d1dc5f19936b27e" member_type: VOTER last_known_addr { host: "127.0.75.65" port: 34767 } attrs { replace: true } } peers { permanent_uuid: "17f9a8f6059d42c29b70abb667d22287" member_type: VOTER last_known_addr { host: "127.0.75.66" port: 37119 } } peers { permanent_uuid: "861244c7d7a74e709cc2d64feeefce4e" member_type: VOTER last_known_addr { host: "127.0.75.67" port: 44241 } } peers { permanent_uuid: "7bc5885f39be4693b7488111c3b22253" member_type: NON_VOTER last_known_addr { host: "127.0.75.68" port: 33459 } attrs { promote: true } }
I20260713 09:12:20.790637  1867 raft_consensus.cc:740] T e73cb44c67664bf389569ec156a06ec6 P 7bc5885f39be4693b7488111c3b22253 [term 1 LEARNER]: Becoming Follower/Learner. State: Replica: 7bc5885f39be4693b7488111c3b22253, State: Initialized, Role: LEARNER
I20260713 09:12:20.791253  1867 consensus_queue.cc:260] T e73cb44c67664bf389569ec156a06ec6 P 7bc5885f39be4693b7488111c3b22253 [NON_LEADER]: Queue going to NON_LEADER mode. State: All replicated index: 0, Majority replicated index: 0, Committed index: 2, Last appended: 1.2, Last appended by leader: 2, Current term: 0, Majority size: -1, State: 0, Mode: NON_LEADER, active raft config: opid_index: 2 OBSOLETE_local: false peers { permanent_uuid: "9fae0b581cac4a019d1dc5f19936b27e" member_type: VOTER last_known_addr { host: "127.0.75.65" port: 34767 } attrs { replace: true } } peers { permanent_uuid: "17f9a8f6059d42c29b70abb667d22287" member_type: VOTER last_known_addr { host: "127.0.75.66" port: 37119 } } peers { permanent_uuid: "861244c7d7a74e709cc2d64feeefce4e" member_type: VOTER last_known_addr { host: "127.0.75.67" port: 44241 } } peers { permanent_uuid: "7bc5885f39be4693b7488111c3b22253" member_type: NON_VOTER last_known_addr { host: "127.0.75.68" port: 33459 } attrs { promote: true } }
I20260713 09:12:20.793432  1867 ts_tablet_manager.cc:1434] T e73cb44c67664bf389569ec156a06ec6 P 7bc5885f39be4693b7488111c3b22253: Time spent starting tablet: real 0.006s	user 0.008s	sys 0.000s
I20260713 09:12:20.794968  1491 tablet_copy_service.cc:342] P 17f9a8f6059d42c29b70abb667d22287: Request end of tablet copy session 7bc5885f39be4693b7488111c3b22253-e73cb44c67664bf389569ec156a06ec6 received from {username='slave'} at 127.0.0.1:57566
I20260713 09:12:20.795303  1491 tablet_copy_service.cc:434] P 17f9a8f6059d42c29b70abb667d22287: ending tablet copy session 7bc5885f39be4693b7488111c3b22253-e73cb44c67664bf389569ec156a06ec6 on tablet e73cb44c67664bf389569ec156a06ec6 with peer 7bc5885f39be4693b7488111c3b22253
I20260713 09:12:20.813593  1867 ts_tablet_manager.cc:933] T e65bf50b1066427f8b7002009b0a51fd P 7bc5885f39be4693b7488111c3b22253: Initiating tablet copy from peer 17f9a8f6059d42c29b70abb667d22287 (127.0.75.66:37119)
I20260713 09:12:20.815132  1867 tablet_copy_client.cc:323] T e65bf50b1066427f8b7002009b0a51fd P 7bc5885f39be4693b7488111c3b22253: tablet copy: Beginning tablet copy session from remote peer at address 127.0.75.66:37119
I20260713 09:12:20.816854  1491 tablet_copy_service.cc:140] P 17f9a8f6059d42c29b70abb667d22287: Received BeginTabletCopySession request for tablet e65bf50b1066427f8b7002009b0a51fd from peer 7bc5885f39be4693b7488111c3b22253 ({username='slave'} at 127.0.0.1:57566)
I20260713 09:12:20.817287  1491 tablet_copy_service.cc:161] P 17f9a8f6059d42c29b70abb667d22287: Beginning new tablet copy session on tablet e65bf50b1066427f8b7002009b0a51fd from peer 7bc5885f39be4693b7488111c3b22253 at {username='slave'} at 127.0.0.1:57566: session id = 7bc5885f39be4693b7488111c3b22253-e65bf50b1066427f8b7002009b0a51fd
I20260713 09:12:20.823575  1491 tablet_copy_source_session.cc:215] T e65bf50b1066427f8b7002009b0a51fd P 17f9a8f6059d42c29b70abb667d22287: Tablet Copy: opened 0 blocks and 1 log segments
I20260713 09:12:20.826176  1867 data_dirs.cc:400] Could only allocate 1 dirs of requested 3 for tablet e65bf50b1066427f8b7002009b0a51fd. 1 dirs total, 0 dirs full, 0 dirs failed
I20260713 09:12:20.840428  1867 tablet_copy_client.cc:806] T e65bf50b1066427f8b7002009b0a51fd P 7bc5885f39be4693b7488111c3b22253: tablet copy: Starting download of 0 data blocks...
I20260713 09:12:20.841017  1867 tablet_copy_client.cc:670] T e65bf50b1066427f8b7002009b0a51fd P 7bc5885f39be4693b7488111c3b22253: tablet copy: Starting download of 1 WAL segments...
I20260713 09:12:20.841634  1864 ts_tablet_manager.cc:933] T 4a69b44adb594269864f78f1da447820 P 7bc5885f39be4693b7488111c3b22253: Initiating tablet copy from peer 17f9a8f6059d42c29b70abb667d22287 (127.0.75.66:37119)
I20260713 09:12:20.846354  1867 tablet_copy_client.cc:538] T e65bf50b1066427f8b7002009b0a51fd P 7bc5885f39be4693b7488111c3b22253: tablet copy: Tablet Copy complete. Replacing tablet superblock.
I20260713 09:12:20.846385  1864 tablet_copy_client.cc:323] T 4a69b44adb594269864f78f1da447820 P 7bc5885f39be4693b7488111c3b22253: tablet copy: Beginning tablet copy session from remote peer at address 127.0.75.66:37119
I20260713 09:12:20.848219  1491 tablet_copy_service.cc:140] P 17f9a8f6059d42c29b70abb667d22287: Received BeginTabletCopySession request for tablet 4a69b44adb594269864f78f1da447820 from peer 7bc5885f39be4693b7488111c3b22253 ({username='slave'} at 127.0.0.1:57566)
I20260713 09:12:20.848762  1491 tablet_copy_service.cc:161] P 17f9a8f6059d42c29b70abb667d22287: Beginning new tablet copy session on tablet 4a69b44adb594269864f78f1da447820 from peer 7bc5885f39be4693b7488111c3b22253 at {username='slave'} at 127.0.0.1:57566: session id = 7bc5885f39be4693b7488111c3b22253-4a69b44adb594269864f78f1da447820
I20260713 09:12:20.855172  1867 tablet_bootstrap.cc:492] T e65bf50b1066427f8b7002009b0a51fd P 7bc5885f39be4693b7488111c3b22253: Bootstrap starting.
I20260713 09:12:20.855525  1491 tablet_copy_source_session.cc:215] T 4a69b44adb594269864f78f1da447820 P 17f9a8f6059d42c29b70abb667d22287: Tablet Copy: opened 0 blocks and 1 log segments
I20260713 09:12:20.858572  1864 data_dirs.cc:400] Could only allocate 1 dirs of requested 3 for tablet 4a69b44adb594269864f78f1da447820. 1 dirs total, 0 dirs full, 0 dirs failed
I20260713 09:12:20.870599  1867 tablet_bootstrap.cc:492] T e65bf50b1066427f8b7002009b0a51fd P 7bc5885f39be4693b7488111c3b22253: Bootstrap replayed 1/1 log segments. Stats: ops{read=2 overwritten=0 applied=2 ignored=0} inserts{seen=0 ignored=0} mutations{seen=0 ignored=0} orphaned_commits=0. Pending: 0 replicates
I20260713 09:12:20.871716  1867 tablet_bootstrap.cc:492] T e65bf50b1066427f8b7002009b0a51fd P 7bc5885f39be4693b7488111c3b22253: Bootstrap complete.
I20260713 09:12:20.872309  1867 ts_tablet_manager.cc:1403] T e65bf50b1066427f8b7002009b0a51fd P 7bc5885f39be4693b7488111c3b22253: Time spent bootstrapping tablet: real 0.017s	user 0.015s	sys 0.003s
I20260713 09:12:20.873328  1864 tablet_copy_client.cc:806] T 4a69b44adb594269864f78f1da447820 P 7bc5885f39be4693b7488111c3b22253: tablet copy: Starting download of 0 data blocks...
I20260713 09:12:20.873881  1864 tablet_copy_client.cc:670] T 4a69b44adb594269864f78f1da447820 P 7bc5885f39be4693b7488111c3b22253: tablet copy: Starting download of 1 WAL segments...
I20260713 09:12:20.875176  1867 raft_consensus.cc:359] T e65bf50b1066427f8b7002009b0a51fd P 7bc5885f39be4693b7488111c3b22253 [term 1 LEARNER]: Replica starting. Triggering 0 pending ops. Active config: opid_index: 2 OBSOLETE_local: false peers { permanent_uuid: "9fae0b581cac4a019d1dc5f19936b27e" member_type: VOTER last_known_addr { host: "127.0.75.65" port: 34767 } } peers { permanent_uuid: "17f9a8f6059d42c29b70abb667d22287" member_type: VOTER last_known_addr { host: "127.0.75.66" port: 37119 } } peers { permanent_uuid: "861244c7d7a74e709cc2d64feeefce4e" member_type: VOTER last_known_addr { host: "127.0.75.67" port: 44241 } attrs { replace: true } } peers { permanent_uuid: "7bc5885f39be4693b7488111c3b22253" member_type: NON_VOTER last_known_addr { host: "127.0.75.68" port: 33459 } attrs { promote: true } }
I20260713 09:12:20.876869  1867 raft_consensus.cc:740] T e65bf50b1066427f8b7002009b0a51fd P 7bc5885f39be4693b7488111c3b22253 [term 1 LEARNER]: Becoming Follower/Learner. State: Replica: 7bc5885f39be4693b7488111c3b22253, State: Initialized, Role: LEARNER
I20260713 09:12:20.877948  1864 tablet_copy_client.cc:538] T 4a69b44adb594269864f78f1da447820 P 7bc5885f39be4693b7488111c3b22253: tablet copy: Tablet Copy complete. Replacing tablet superblock.
I20260713 09:12:20.877470  1867 consensus_queue.cc:260] T e65bf50b1066427f8b7002009b0a51fd P 7bc5885f39be4693b7488111c3b22253 [NON_LEADER]: Queue going to NON_LEADER mode. State: All replicated index: 0, Majority replicated index: 0, Committed index: 2, Last appended: 1.2, Last appended by leader: 2, Current term: 0, Majority size: -1, State: 0, Mode: NON_LEADER, active raft config: opid_index: 2 OBSOLETE_local: false peers { permanent_uuid: "9fae0b581cac4a019d1dc5f19936b27e" member_type: VOTER last_known_addr { host: "127.0.75.65" port: 34767 } } peers { permanent_uuid: "17f9a8f6059d42c29b70abb667d22287" member_type: VOTER last_known_addr { host: "127.0.75.66" port: 37119 } } peers { permanent_uuid: "861244c7d7a74e709cc2d64feeefce4e" member_type: VOTER last_known_addr { host: "127.0.75.67" port: 44241 } attrs { replace: true } } peers { permanent_uuid: "7bc5885f39be4693b7488111c3b22253" member_type: NON_VOTER last_known_addr { host: "127.0.75.68" port: 33459 } attrs { promote: true } }
I20260713 09:12:20.880087  1867 ts_tablet_manager.cc:1434] T e65bf50b1066427f8b7002009b0a51fd P 7bc5885f39be4693b7488111c3b22253: Time spent starting tablet: real 0.008s	user 0.005s	sys 0.000s
I20260713 09:12:20.886086  1491 tablet_copy_service.cc:342] P 17f9a8f6059d42c29b70abb667d22287: Request end of tablet copy session 7bc5885f39be4693b7488111c3b22253-e65bf50b1066427f8b7002009b0a51fd received from {username='slave'} at 127.0.0.1:57566
I20260713 09:12:20.886514  1491 tablet_copy_service.cc:434] P 17f9a8f6059d42c29b70abb667d22287: ending tablet copy session 7bc5885f39be4693b7488111c3b22253-e65bf50b1066427f8b7002009b0a51fd on tablet e65bf50b1066427f8b7002009b0a51fd with peer 7bc5885f39be4693b7488111c3b22253
I20260713 09:12:20.888284  1864 tablet_bootstrap.cc:492] T 4a69b44adb594269864f78f1da447820 P 7bc5885f39be4693b7488111c3b22253: Bootstrap starting.
I20260713 09:12:20.906880  1864 tablet_bootstrap.cc:492] T 4a69b44adb594269864f78f1da447820 P 7bc5885f39be4693b7488111c3b22253: Bootstrap replayed 1/1 log segments. Stats: ops{read=2 overwritten=0 applied=2 ignored=0} inserts{seen=0 ignored=0} mutations{seen=0 ignored=0} orphaned_commits=0. Pending: 0 replicates
I20260713 09:12:20.907546  1864 tablet_bootstrap.cc:492] T 4a69b44adb594269864f78f1da447820 P 7bc5885f39be4693b7488111c3b22253: Bootstrap complete.
I20260713 09:12:20.908041  1864 ts_tablet_manager.cc:1403] T 4a69b44adb594269864f78f1da447820 P 7bc5885f39be4693b7488111c3b22253: Time spent bootstrapping tablet: real 0.020s	user 0.009s	sys 0.007s
I20260713 09:12:20.910110  1864 raft_consensus.cc:359] T 4a69b44adb594269864f78f1da447820 P 7bc5885f39be4693b7488111c3b22253 [term 1 LEARNER]: Replica starting. Triggering 0 pending ops. Active config: opid_index: 2 OBSOLETE_local: false peers { permanent_uuid: "9fae0b581cac4a019d1dc5f19936b27e" member_type: VOTER last_known_addr { host: "127.0.75.65" port: 34767 } } peers { permanent_uuid: "17f9a8f6059d42c29b70abb667d22287" member_type: VOTER last_known_addr { host: "127.0.75.66" port: 37119 } } peers { permanent_uuid: "861244c7d7a74e709cc2d64feeefce4e" member_type: VOTER last_known_addr { host: "127.0.75.67" port: 44241 } attrs { replace: true } } peers { permanent_uuid: "7bc5885f39be4693b7488111c3b22253" member_type: NON_VOTER last_known_addr { host: "127.0.75.68" port: 33459 } attrs { promote: true } }
I20260713 09:12:20.910671  1864 raft_consensus.cc:740] T 4a69b44adb594269864f78f1da447820 P 7bc5885f39be4693b7488111c3b22253 [term 1 LEARNER]: Becoming Follower/Learner. State: Replica: 7bc5885f39be4693b7488111c3b22253, State: Initialized, Role: LEARNER
I20260713 09:12:20.911126  1864 consensus_queue.cc:260] T 4a69b44adb594269864f78f1da447820 P 7bc5885f39be4693b7488111c3b22253 [NON_LEADER]: Queue going to NON_LEADER mode. State: All replicated index: 0, Majority replicated index: 0, Committed index: 2, Last appended: 1.2, Last appended by leader: 2, Current term: 0, Majority size: -1, State: 0, Mode: NON_LEADER, active raft config: opid_index: 2 OBSOLETE_local: false peers { permanent_uuid: "9fae0b581cac4a019d1dc5f19936b27e" member_type: VOTER last_known_addr { host: "127.0.75.65" port: 34767 } } peers { permanent_uuid: "17f9a8f6059d42c29b70abb667d22287" member_type: VOTER last_known_addr { host: "127.0.75.66" port: 37119 } } peers { permanent_uuid: "861244c7d7a74e709cc2d64feeefce4e" member_type: VOTER last_known_addr { host: "127.0.75.67" port: 44241 } attrs { replace: true } } peers { permanent_uuid: "7bc5885f39be4693b7488111c3b22253" member_type: NON_VOTER last_known_addr { host: "127.0.75.68" port: 33459 } attrs { promote: true } }
I20260713 09:12:20.912957  1864 ts_tablet_manager.cc:1434] T 4a69b44adb594269864f78f1da447820 P 7bc5885f39be4693b7488111c3b22253: Time spent starting tablet: real 0.005s	user 0.008s	sys 0.000s
I20260713 09:12:20.914743  1491 tablet_copy_service.cc:342] P 17f9a8f6059d42c29b70abb667d22287: Request end of tablet copy session 7bc5885f39be4693b7488111c3b22253-4a69b44adb594269864f78f1da447820 received from {username='slave'} at 127.0.0.1:57566
I20260713 09:12:20.915146  1491 tablet_copy_service.cc:434] P 17f9a8f6059d42c29b70abb667d22287: ending tablet copy session 7bc5885f39be4693b7488111c3b22253-4a69b44adb594269864f78f1da447820 on tablet 4a69b44adb594269864f78f1da447820 with peer 7bc5885f39be4693b7488111c3b22253
I20260713 09:12:21.106838  1552 raft_consensus.cc:1275] T 48673dd41dfb4d56b0d26921af345174 P 861244c7d7a74e709cc2d64feeefce4e [term 2 FOLLOWER]: Refusing update from remote peer 17f9a8f6059d42c29b70abb667d22287: Log matching property violated. Preceding OpId in replica: term: 1 index: 1. Preceding OpId from leader: term: 2 index: 2. (index mismatch)
I20260713 09:12:21.108101  1681 consensus_queue.cc:1048] T 48673dd41dfb4d56b0d26921af345174 P 17f9a8f6059d42c29b70abb667d22287 [LEADER]: Connected to new peer: Peer: permanent_uuid: "861244c7d7a74e709cc2d64feeefce4e" member_type: VOTER last_known_addr { host: "127.0.75.67" port: 44241 }, Status: LMP_MISMATCH, Last received: 0.0, Next index: 2, Last known committed idx: 0, Time since last communication: 0.000s
I20260713 09:12:21.118829  1405 raft_consensus.cc:1275] T 48673dd41dfb4d56b0d26921af345174 P 9fae0b581cac4a019d1dc5f19936b27e [term 2 FOLLOWER]: Refusing update from remote peer 17f9a8f6059d42c29b70abb667d22287: Log matching property violated. Preceding OpId in replica: term: 1 index: 1. Preceding OpId from leader: term: 2 index: 2. (index mismatch)
I20260713 09:12:21.120251  1681 consensus_queue.cc:1048] T 48673dd41dfb4d56b0d26921af345174 P 17f9a8f6059d42c29b70abb667d22287 [LEADER]: Connected to new peer: Peer: permanent_uuid: "9fae0b581cac4a019d1dc5f19936b27e" member_type: VOTER last_known_addr { host: "127.0.75.65" port: 34767 }, Status: LMP_MISMATCH, Last received: 0.0, Next index: 2, Last known committed idx: 1, Time since last communication: 0.000s
I20260713 09:12:21.214568  1816 raft_consensus.cc:1217] T e73cb44c67664bf389569ec156a06ec6 P 7bc5885f39be4693b7488111c3b22253 [term 1 LEARNER]: Deduplicated request from leader. Original: 1.1->[1.2-1.2]   Dedup: 1.2->[]
I20260713 09:12:21.242780  1816 raft_consensus.cc:1217] T 312305f101fb47d9ab467978e32cfd03 P 7bc5885f39be4693b7488111c3b22253 [term 1 LEARNER]: Deduplicated request from leader. Original: 1.1->[1.2-1.2]   Dedup: 1.2->[]
I20260713 09:12:21.401798  1816 raft_consensus.cc:1217] T e65bf50b1066427f8b7002009b0a51fd P 7bc5885f39be4693b7488111c3b22253 [term 1 LEARNER]: Deduplicated request from leader. Original: 1.1->[1.2-1.2]   Dedup: 1.2->[]
I20260713 09:12:21.436897  1816 raft_consensus.cc:1217] T 4a69b44adb594269864f78f1da447820 P 7bc5885f39be4693b7488111c3b22253 [term 1 LEARNER]: Deduplicated request from leader. Original: 1.1->[1.2-1.2]   Dedup: 1.2->[]
I20260713 09:12:21.654215  1883 raft_consensus.cc:1064] T 312305f101fb47d9ab467978e32cfd03 P 861244c7d7a74e709cc2d64feeefce4e: attempting to promote NON_VOTER 7bc5885f39be4693b7488111c3b22253 to VOTER
I20260713 09:12:21.656370  1883 consensus_queue.cc:237] T 312305f101fb47d9ab467978e32cfd03 P 861244c7d7a74e709cc2d64feeefce4e [LEADER]: Queue going to LEADER mode. State: All replicated index: 0, Majority replicated index: 2, Committed index: 2, Last appended: 1.2, Last appended by leader: 0, Current term: 1, Majority size: 3, State: 0, Mode: LEADER, active raft config: opid_index: 3 OBSOLETE_local: false peers { permanent_uuid: "9fae0b581cac4a019d1dc5f19936b27e" member_type: VOTER last_known_addr { host: "127.0.75.65" port: 34767 } } peers { permanent_uuid: "17f9a8f6059d42c29b70abb667d22287" member_type: VOTER last_known_addr { host: "127.0.75.66" port: 37119 } attrs { replace: true } } peers { permanent_uuid: "861244c7d7a74e709cc2d64feeefce4e" member_type: VOTER last_known_addr { host: "127.0.75.67" port: 44241 } } peers { permanent_uuid: "7bc5885f39be4693b7488111c3b22253" member_type: VOTER last_known_addr { host: "127.0.75.68" port: 33459 } attrs { promote: false } }
I20260713 09:12:21.665210  1481 raft_consensus.cc:1275] T 312305f101fb47d9ab467978e32cfd03 P 17f9a8f6059d42c29b70abb667d22287 [term 1 FOLLOWER]: Refusing update from remote peer 861244c7d7a74e709cc2d64feeefce4e: Log matching property violated. Preceding OpId in replica: term: 1 index: 2. Preceding OpId from leader: term: 1 index: 3. (index mismatch)
I20260713 09:12:21.665577  1405 raft_consensus.cc:1275] T 312305f101fb47d9ab467978e32cfd03 P 9fae0b581cac4a019d1dc5f19936b27e [term 1 FOLLOWER]: Refusing update from remote peer 861244c7d7a74e709cc2d64feeefce4e: Log matching property violated. Preceding OpId in replica: term: 1 index: 2. Preceding OpId from leader: term: 1 index: 3. (index mismatch)
