I20260713 09:12:13.984149 28480 ts_tablet_manager.cc:1403] T 2f199737011e431a96b1d4f70d54e583 P 1b9d5f8b1f1c4a7680121ea43517ce35: Time spent bootstrapping tablet: real 0.220s	user 0.012s	sys 0.010s
W20260713 09:12:13.976487 28405 leader_election.cc:343] T 187fbf0c3c084b32880762b42f766363 P 6bbda1474f9344689e4a1bd79f8f9da5 [CANDIDATE]: Term 1 pre-election: Tablet error from VoteRequest() call to peer 1b9d5f8b1f1c4a7680121ea43517ce35 (127.26.141.193:39061): Illegal state: must be running to vote when last-logged opid is not known
I20260713 09:12:13.987337 28363 raft_consensus.cc:2468] T ac84db299c1240c687ac164de3d1ae73 P 8d0816cee23f493cbc9c3b2718100f8d [term 1 FOLLOWER]: Leader election vote request: Granting yes vote for candidate 1b9d5f8b1f1c4a7680121ea43517ce35 in term 1.
I20260713 09:12:13.988130 28524 raft_consensus.cc:2749] T a053f77a75f348b196e04d3ee0e78e5c P 8d0816cee23f493cbc9c3b2718100f8d [term 1 FOLLOWER]: Leader pre-election lost for term 2. Reason: could not achieve majority
I20260713 09:12:13.987905 28480 raft_consensus.cc:359] T 2f199737011e431a96b1d4f70d54e583 P 1b9d5f8b1f1c4a7680121ea43517ce35 [term 0 FOLLOWER]: Replica starting. Triggering 0 pending ops. Active config: opid_index: -1 OBSOLETE_local: false peers { permanent_uuid: "1b9d5f8b1f1c4a7680121ea43517ce35" member_type: VOTER last_known_addr { host: "127.26.141.193" port: 39061 } } peers { permanent_uuid: "8d0816cee23f493cbc9c3b2718100f8d" member_type: VOTER last_known_addr { host: "127.26.141.194" port: 45943 } } peers { permanent_uuid: "6bbda1474f9344689e4a1bd79f8f9da5" member_type: VOTER last_known_addr { host: "127.26.141.195" port: 44655 } }
I20260713 09:12:13.998533 28480 raft_consensus.cc:385] T 2f199737011e431a96b1d4f70d54e583 P 1b9d5f8b1f1c4a7680121ea43517ce35 [term 0 FOLLOWER]: Consensus starting up: Expiring failure detector timer to make a prompt election more likely
I20260713 09:12:13.999111 28480 raft_consensus.cc:740] T 2f199737011e431a96b1d4f70d54e583 P 1b9d5f8b1f1c4a7680121ea43517ce35 [term 0 FOLLOWER]: Becoming Follower/Learner. State: Replica: 1b9d5f8b1f1c4a7680121ea43517ce35, State: Initialized, Role: FOLLOWER
I20260713 09:12:13.992274 28517 consensus_queue.cc:1048] T 0bc37f15220a47cea6551f310bda55de P 6bbda1474f9344689e4a1bd79f8f9da5 [LEADER]: Connected to new peer: Peer: permanent_uuid: "1b9d5f8b1f1c4a7680121ea43517ce35" member_type: VOTER last_known_addr { host: "127.26.141.193" port: 39061 }, Status: LMP_MISMATCH, Last received: 0.0, Next index: 1, Last known committed idx: 0, Time since last communication: 0.008s
I20260713 09:12:13.994331 28479 ts_tablet_manager.cc:1434] T a294777fed3d4c1b8606659242bd10a3 P 8d0816cee23f493cbc9c3b2718100f8d: Time spent starting tablet: real 0.037s	user 0.009s	sys 0.000s
I20260713 09:12:13.999985 28481 tablet_bootstrap.cc:654] T 7aba5ac4ff6f47e1af016ee4edca56d1 P 6bbda1474f9344689e4a1bd79f8f9da5: Neither blocks nor log segments found. Creating new log.
I20260713 09:12:13.998840 28331 leader_election.cc:304] T 8e622c9fecde49b7a8e4ebfee74d9d03 P 8d0816cee23f493cbc9c3b2718100f8d [CANDIDATE]: Term 1 election: Election decided. Result: candidate won. Election summary: received 2 responses out of 3 voters: 2 yes votes; 0 no votes. yes voters: 1b9d5f8b1f1c4a7680121ea43517ce35, 8d0816cee23f493cbc9c3b2718100f8d; no voters: 
I20260713 09:12:14.000713 28480 consensus_queue.cc:260] T 2f199737011e431a96b1d4f70d54e583 P 1b9d5f8b1f1c4a7680121ea43517ce35 [NON_LEADER]: Queue going to NON_LEADER mode. State: All replicated index: 0, Majority replicated index: 0, Committed index: 0, Last appended: 0.0, Last appended by leader: 0, Current term: 0, Majority size: -1, State: 0, Mode: NON_LEADER, active raft config: opid_index: -1 OBSOLETE_local: false peers { permanent_uuid: "1b9d5f8b1f1c4a7680121ea43517ce35" member_type: VOTER last_known_addr { host: "127.26.141.193" port: 39061 } } peers { permanent_uuid: "8d0816cee23f493cbc9c3b2718100f8d" member_type: VOTER last_known_addr { host: "127.26.141.194" port: 45943 } } peers { permanent_uuid: "6bbda1474f9344689e4a1bd79f8f9da5" member_type: VOTER last_known_addr { host: "127.26.141.195" port: 44655 } }
I20260713 09:12:14.005681 28479 tablet_bootstrap.cc:492] T ab2545292e6a43069eed83ded3c62124 P 8d0816cee23f493cbc9c3b2718100f8d: Bootstrap starting.
W20260713 09:12:14.007071 28597 log.cc:927] Time spent T a053f77a75f348b196e04d3ee0e78e5c P 8d0816cee23f493cbc9c3b2718100f8d: Append to log took a long time: real 0.061s	user 0.000s	sys 0.001s
I20260713 09:12:13.995180 28488 raft_consensus.cc:2764] T ac84db299c1240c687ac164de3d1ae73 P 8d0816cee23f493cbc9c3b2718100f8d [term 1 FOLLOWER]: Leader pre-election decision vote started in defunct term 0: won
I20260713 09:12:14.015831 28480 ts_tablet_manager.cc:1434] T 2f199737011e431a96b1d4f70d54e583 P 1b9d5f8b1f1c4a7680121ea43517ce35: Time spent starting tablet: real 0.031s	user 0.008s	sys 0.000s
I20260713 09:12:14.007953 28524 raft_consensus.cc:2804] T 8e622c9fecde49b7a8e4ebfee74d9d03 P 8d0816cee23f493cbc9c3b2718100f8d [term 1 FOLLOWER]: Leader election won for term 1
I20260713 09:12:14.019373 28524 raft_consensus.cc:697] T 8e622c9fecde49b7a8e4ebfee74d9d03 P 8d0816cee23f493cbc9c3b2718100f8d [term 1 LEADER]: Becoming Leader. State: Replica: 8d0816cee23f493cbc9c3b2718100f8d, State: Running, Role: LEADER
I20260713 09:12:14.020010 28480 tablet_bootstrap.cc:492] T 187fbf0c3c084b32880762b42f766363 P 1b9d5f8b1f1c4a7680121ea43517ce35: Bootstrap starting.
I20260713 09:12:14.020157 28524 consensus_queue.cc:237] T 8e622c9fecde49b7a8e4ebfee74d9d03 P 8d0816cee23f493cbc9c3b2718100f8d [LEADER]: Queue going to LEADER mode. State: All replicated index: 0, Majority replicated index: 0, Committed index: 0, Last appended: 0.0, Last appended by leader: 0, Current term: 1, Majority size: 2, State: 0, Mode: LEADER, active raft config: opid_index: -1 OBSOLETE_local: false peers { permanent_uuid: "1b9d5f8b1f1c4a7680121ea43517ce35" member_type: VOTER last_known_addr { host: "127.26.141.193" port: 39061 } } peers { permanent_uuid: "8d0816cee23f493cbc9c3b2718100f8d" member_type: VOTER last_known_addr { host: "127.26.141.194" port: 45943 } } peers { permanent_uuid: "6bbda1474f9344689e4a1bd79f8f9da5" member_type: VOTER last_known_addr { host: "127.26.141.195" port: 44655 } }
I20260713 09:12:14.033028 28479 tablet_bootstrap.cc:654] T ab2545292e6a43069eed83ded3c62124 P 8d0816cee23f493cbc9c3b2718100f8d: Neither blocks nor log segments found. Creating new log.
I20260713 09:12:14.059639 28481 tablet_bootstrap.cc:492] T 7aba5ac4ff6f47e1af016ee4edca56d1 P 6bbda1474f9344689e4a1bd79f8f9da5: No bootstrap required, opened a new log
I20260713 09:12:14.060026 28481 ts_tablet_manager.cc:1403] T 7aba5ac4ff6f47e1af016ee4edca56d1 P 6bbda1474f9344689e4a1bd79f8f9da5: Time spent bootstrapping tablet: real 0.143s	user 0.014s	sys 0.005s
I20260713 09:12:14.062965 28481 raft_consensus.cc:359] T 7aba5ac4ff6f47e1af016ee4edca56d1 P 6bbda1474f9344689e4a1bd79f8f9da5 [term 0 FOLLOWER]: Replica starting. Triggering 0 pending ops. Active config: opid_index: -1 OBSOLETE_local: false peers { permanent_uuid: "1b9d5f8b1f1c4a7680121ea43517ce35" member_type: VOTER last_known_addr { host: "127.26.141.193" port: 39061 } } peers { permanent_uuid: "8d0816cee23f493cbc9c3b2718100f8d" member_type: VOTER last_known_addr { host: "127.26.141.194" port: 45943 } } peers { permanent_uuid: "6bbda1474f9344689e4a1bd79f8f9da5" member_type: VOTER last_known_addr { host: "127.26.141.195" port: 44655 } }
I20260713 09:12:14.064033 28481 raft_consensus.cc:385] T 7aba5ac4ff6f47e1af016ee4edca56d1 P 6bbda1474f9344689e4a1bd79f8f9da5 [term 0 FOLLOWER]: Consensus starting up: Expiring failure detector timer to make a prompt election more likely
I20260713 09:12:14.064460 28481 raft_consensus.cc:740] T 7aba5ac4ff6f47e1af016ee4edca56d1 P 6bbda1474f9344689e4a1bd79f8f9da5 [term 0 FOLLOWER]: Becoming Follower/Learner. State: Replica: 6bbda1474f9344689e4a1bd79f8f9da5, State: Initialized, Role: FOLLOWER
I20260713 09:12:14.065049 28481 consensus_queue.cc:260] T 7aba5ac4ff6f47e1af016ee4edca56d1 P 6bbda1474f9344689e4a1bd79f8f9da5 [NON_LEADER]: Queue going to NON_LEADER mode. State: All replicated index: 0, Majority replicated index: 0, Committed index: 0, Last appended: 0.0, Last appended by leader: 0, Current term: 0, Majority size: -1, State: 0, Mode: NON_LEADER, active raft config: opid_index: -1 OBSOLETE_local: false peers { permanent_uuid: "1b9d5f8b1f1c4a7680121ea43517ce35" member_type: VOTER last_known_addr { host: "127.26.141.193" port: 39061 } } peers { permanent_uuid: "8d0816cee23f493cbc9c3b2718100f8d" member_type: VOTER last_known_addr { host: "127.26.141.194" port: 45943 } } peers { permanent_uuid: "6bbda1474f9344689e4a1bd79f8f9da5" member_type: VOTER last_known_addr { host: "127.26.141.195" port: 44655 } }
I20260713 09:12:14.066126 28480 tablet_bootstrap.cc:654] T 187fbf0c3c084b32880762b42f766363 P 1b9d5f8b1f1c4a7680121ea43517ce35: Neither blocks nor log segments found. Creating new log.
I20260713 09:12:14.068660 28255 leader_election.cc:304] T ac84db299c1240c687ac164de3d1ae73 P 1b9d5f8b1f1c4a7680121ea43517ce35 [CANDIDATE]: Term 1 election: Election decided. Result: candidate won. Election summary: received 3 responses out of 3 voters: 2 yes votes; 1 no votes. yes voters: 1b9d5f8b1f1c4a7680121ea43517ce35, 8d0816cee23f493cbc9c3b2718100f8d; no voters: 6bbda1474f9344689e4a1bd79f8f9da5
I20260713 09:12:14.069382 28499 raft_consensus.cc:2804] T ac84db299c1240c687ac164de3d1ae73 P 1b9d5f8b1f1c4a7680121ea43517ce35 [term 1 FOLLOWER]: Leader election won for term 1
I20260713 09:12:14.069808 28499 raft_consensus.cc:697] T ac84db299c1240c687ac164de3d1ae73 P 1b9d5f8b1f1c4a7680121ea43517ce35 [term 1 LEADER]: Becoming Leader. State: Replica: 1b9d5f8b1f1c4a7680121ea43517ce35, State: Running, Role: LEADER
I20260713 09:12:14.070470 28499 consensus_queue.cc:237] T ac84db299c1240c687ac164de3d1ae73 P 1b9d5f8b1f1c4a7680121ea43517ce35 [LEADER]: Queue going to LEADER mode. State: All replicated index: 0, Majority replicated index: 0, Committed index: 0, Last appended: 0.0, Last appended by leader: 0, Current term: 1, Majority size: 2, State: 0, Mode: LEADER, active raft config: opid_index: -1 OBSOLETE_local: false peers { permanent_uuid: "1b9d5f8b1f1c4a7680121ea43517ce35" member_type: VOTER last_known_addr { host: "127.26.141.193" port: 39061 } } peers { permanent_uuid: "8d0816cee23f493cbc9c3b2718100f8d" member_type: VOTER last_known_addr { host: "127.26.141.194" port: 45943 } } peers { permanent_uuid: "6bbda1474f9344689e4a1bd79f8f9da5" member_type: VOTER last_known_addr { host: "127.26.141.195" port: 44655 } }
I20260713 09:12:14.075278 28363 tablet_service.cc:1917] Received RequestConsensusVote() RPC: tablet_id: "187fbf0c3c084b32880762b42f766363" candidate_uuid: "6bbda1474f9344689e4a1bd79f8f9da5" candidate_term: 1 candidate_status { last_received { term: 0 index: 0 } } ignore_live_leader: false dest_uuid: "8d0816cee23f493cbc9c3b2718100f8d" is_pre_election: true
I20260713 09:12:14.076172 28185 catalog_manager.cc:5697] T 4fb28a6fc16d4377aed111e419115fa4 P 8d0816cee23f493cbc9c3b2718100f8d reported cstate change: term changed from 0 to 1, leader changed from <none> to 8d0816cee23f493cbc9c3b2718100f8d (127.26.141.194). New cstate: current_term: 1 leader_uuid: "8d0816cee23f493cbc9c3b2718100f8d" committed_config { opid_index: -1 OBSOLETE_local: false peers { permanent_uuid: "1b9d5f8b1f1c4a7680121ea43517ce35" member_type: VOTER last_known_addr { host: "127.26.141.193" port: 39061 } health_report { overall_health: UNKNOWN } } peers { permanent_uuid: "8d0816cee23f493cbc9c3b2718100f8d" member_type: VOTER last_known_addr { host: "127.26.141.194" port: 45943 } health_report { overall_health: HEALTHY } } peers { permanent_uuid: "6bbda1474f9344689e4a1bd79f8f9da5" member_type: VOTER last_known_addr { host: "127.26.141.195" port: 44655 } health_report { overall_health: UNKNOWN } } }
I20260713 09:12:14.081331 28481 ts_tablet_manager.cc:1434] T 7aba5ac4ff6f47e1af016ee4edca56d1 P 6bbda1474f9344689e4a1bd79f8f9da5: Time spent starting tablet: real 0.021s	user 0.006s	sys 0.000s
I20260713 09:12:14.082252 28481 tablet_bootstrap.cc:492] T ac84db299c1240c687ac164de3d1ae73 P 6bbda1474f9344689e4a1bd79f8f9da5: Bootstrap starting.
I20260713 09:12:14.083614 28479 tablet_bootstrap.cc:492] T ab2545292e6a43069eed83ded3c62124 P 8d0816cee23f493cbc9c3b2718100f8d: No bootstrap required, opened a new log
I20260713 09:12:14.084028 28479 ts_tablet_manager.cc:1403] T ab2545292e6a43069eed83ded3c62124 P 8d0816cee23f493cbc9c3b2718100f8d: Time spent bootstrapping tablet: real 0.079s	user 0.010s	sys 0.006s
W20260713 09:12:14.086903 28404 leader_election.cc:343] T 187fbf0c3c084b32880762b42f766363 P 6bbda1474f9344689e4a1bd79f8f9da5 [CANDIDATE]: Term 1 pre-election: Tablet error from VoteRequest() call to peer 8d0816cee23f493cbc9c3b2718100f8d (127.26.141.194:45943): Illegal state: must be running to vote when last-logged opid is not known
I20260713 09:12:14.087339 28404 leader_election.cc:304] T 187fbf0c3c084b32880762b42f766363 P 6bbda1474f9344689e4a1bd79f8f9da5 [CANDIDATE]: Term 1 pre-election: Election decided. Result: candidate lost. Election summary: received 3 responses out of 3 voters: 1 yes votes; 2 no votes. yes voters: 6bbda1474f9344689e4a1bd79f8f9da5; no voters: 1b9d5f8b1f1c4a7680121ea43517ce35, 8d0816cee23f493cbc9c3b2718100f8d
I20260713 09:12:14.088055 28479 raft_consensus.cc:359] T ab2545292e6a43069eed83ded3c62124 P 8d0816cee23f493cbc9c3b2718100f8d [term 0 FOLLOWER]: Replica starting. Triggering 0 pending ops. Active config: opid_index: -1 OBSOLETE_local: false peers { permanent_uuid: "1b9d5f8b1f1c4a7680121ea43517ce35" member_type: VOTER last_known_addr { host: "127.26.141.193" port: 39061 } } peers { permanent_uuid: "8d0816cee23f493cbc9c3b2718100f8d" member_type: VOTER last_known_addr { host: "127.26.141.194" port: 45943 } } peers { permanent_uuid: "6bbda1474f9344689e4a1bd79f8f9da5" member_type: VOTER last_known_addr { host: "127.26.141.195" port: 44655 } }
I20260713 09:12:14.088723 28479 raft_consensus.cc:385] T ab2545292e6a43069eed83ded3c62124 P 8d0816cee23f493cbc9c3b2718100f8d [term 0 FOLLOWER]: Consensus starting up: Expiring failure detector timer to make a prompt election more likely
I20260713 09:12:14.088922 28479 raft_consensus.cc:740] T ab2545292e6a43069eed83ded3c62124 P 8d0816cee23f493cbc9c3b2718100f8d [term 0 FOLLOWER]: Becoming Follower/Learner. State: Replica: 8d0816cee23f493cbc9c3b2718100f8d, State: Initialized, Role: FOLLOWER
I20260713 09:12:14.089443 28479 consensus_queue.cc:260] T ab2545292e6a43069eed83ded3c62124 P 8d0816cee23f493cbc9c3b2718100f8d [NON_LEADER]: Queue going to NON_LEADER mode. State: All replicated index: 0, Majority replicated index: 0, Committed index: 0, Last appended: 0.0, Last appended by leader: 0, Current term: 0, Majority size: -1, State: 0, Mode: NON_LEADER, active raft config: opid_index: -1 OBSOLETE_local: false peers { permanent_uuid: "1b9d5f8b1f1c4a7680121ea43517ce35" member_type: VOTER last_known_addr { host: "127.26.141.193" port: 39061 } } peers { permanent_uuid: "8d0816cee23f493cbc9c3b2718100f8d" member_type: VOTER last_known_addr { host: "127.26.141.194" port: 45943 } } peers { permanent_uuid: "6bbda1474f9344689e4a1bd79f8f9da5" member_type: VOTER last_known_addr { host: "127.26.141.195" port: 44655 } }
I20260713 09:12:14.088538 28515 raft_consensus.cc:2749] T 187fbf0c3c084b32880762b42f766363 P 6bbda1474f9344689e4a1bd79f8f9da5 [term 0 FOLLOWER]: Leader pre-election lost for term 1. Reason: could not achieve majority
I20260713 09:12:14.095757 28479 ts_tablet_manager.cc:1434] T ab2545292e6a43069eed83ded3c62124 P 8d0816cee23f493cbc9c3b2718100f8d: Time spent starting tablet: real 0.011s	user 0.006s	sys 0.000s
I20260713 09:12:14.096621 28479 tablet_bootstrap.cc:492] T 2f199737011e431a96b1d4f70d54e583 P 8d0816cee23f493cbc9c3b2718100f8d: Bootstrap starting.
I20260713 09:12:14.078909 28185 catalog_manager.cc:5697] T c13e5b0f34b541408b760fb5d81e58e5 P 8d0816cee23f493cbc9c3b2718100f8d reported cstate change: term changed from 0 to 1, leader changed from <none> to 8d0816cee23f493cbc9c3b2718100f8d (127.26.141.194). New cstate: current_term: 1 leader_uuid: "8d0816cee23f493cbc9c3b2718100f8d" committed_config { opid_index: -1 OBSOLETE_local: false peers { permanent_uuid: "1b9d5f8b1f1c4a7680121ea43517ce35" member_type: VOTER last_known_addr { host: "127.26.141.193" port: 39061 } health_report { overall_health: UNKNOWN } } peers { permanent_uuid: "8d0816cee23f493cbc9c3b2718100f8d" member_type: VOTER last_known_addr { host: "127.26.141.194" port: 45943 } health_report { overall_health: HEALTHY } } peers { permanent_uuid: "6bbda1474f9344689e4a1bd79f8f9da5" member_type: VOTER last_known_addr { host: "127.26.141.195" port: 44655 } health_report { overall_health: UNKNOWN } } }
I20260713 09:12:14.100873 28524 consensus_queue.cc:1048] T 4fb28a6fc16d4377aed111e419115fa4 P 8d0816cee23f493cbc9c3b2718100f8d [LEADER]: Connected to new peer: Peer: permanent_uuid: "6bbda1474f9344689e4a1bd79f8f9da5" member_type: VOTER last_known_addr { host: "127.26.141.195" port: 44655 }, Status: LMP_MISMATCH, Last received: 0.0, Next index: 1, Last known committed idx: 0, Time since last communication: 0.002s
I20260713 09:12:14.104684 28488 consensus_queue.cc:1048] T 4fb28a6fc16d4377aed111e419115fa4 P 8d0816cee23f493cbc9c3b2718100f8d [LEADER]: Connected to new peer: Peer: permanent_uuid: "1b9d5f8b1f1c4a7680121ea43517ce35" member_type: VOTER last_known_addr { host: "127.26.141.193" port: 39061 }, Status: LMP_MISMATCH, Last received: 0.0, Next index: 1, Last known committed idx: 0, Time since last communication: 0.000s
I20260713 09:12:14.107756 28480 tablet_bootstrap.cc:492] T 187fbf0c3c084b32880762b42f766363 P 1b9d5f8b1f1c4a7680121ea43517ce35: No bootstrap required, opened a new log
I20260713 09:12:14.108251 28480 ts_tablet_manager.cc:1403] T 187fbf0c3c084b32880762b42f766363 P 1b9d5f8b1f1c4a7680121ea43517ce35: Time spent bootstrapping tablet: real 0.092s	user 0.014s	sys 0.000s
I20260713 09:12:14.111199 28480 raft_consensus.cc:359] T 187fbf0c3c084b32880762b42f766363 P 1b9d5f8b1f1c4a7680121ea43517ce35 [term 0 FOLLOWER]: Replica starting. Triggering 0 pending ops. Active config: opid_index: -1 OBSOLETE_local: false peers { permanent_uuid: "1b9d5f8b1f1c4a7680121ea43517ce35" member_type: VOTER last_known_addr { host: "127.26.141.193" port: 39061 } } peers { permanent_uuid: "8d0816cee23f493cbc9c3b2718100f8d" member_type: VOTER last_known_addr { host: "127.26.141.194" port: 45943 } } peers { permanent_uuid: "6bbda1474f9344689e4a1bd79f8f9da5" member_type: VOTER last_known_addr { host: "127.26.141.195" port: 44655 } }
I20260713 09:12:14.111796 28480 raft_consensus.cc:385] T 187fbf0c3c084b32880762b42f766363 P 1b9d5f8b1f1c4a7680121ea43517ce35 [term 0 FOLLOWER]: Consensus starting up: Expiring failure detector timer to make a prompt election more likely
I20260713 09:12:14.112090 28480 raft_consensus.cc:740] T 187fbf0c3c084b32880762b42f766363 P 1b9d5f8b1f1c4a7680121ea43517ce35 [term 0 FOLLOWER]: Becoming Follower/Learner. State: Replica: 1b9d5f8b1f1c4a7680121ea43517ce35, State: Initialized, Role: FOLLOWER
I20260713 09:12:14.112715 28480 consensus_queue.cc:260] T 187fbf0c3c084b32880762b42f766363 P 1b9d5f8b1f1c4a7680121ea43517ce35 [NON_LEADER]: Queue going to NON_LEADER mode. State: All replicated index: 0, Majority replicated index: 0, Committed index: 0, Last appended: 0.0, Last appended by leader: 0, Current term: 0, Majority size: -1, State: 0, Mode: NON_LEADER, active raft config: opid_index: -1 OBSOLETE_local: false peers { permanent_uuid: "1b9d5f8b1f1c4a7680121ea43517ce35" member_type: VOTER last_known_addr { host: "127.26.141.193" port: 39061 } } peers { permanent_uuid: "8d0816cee23f493cbc9c3b2718100f8d" member_type: VOTER last_known_addr { host: "127.26.141.194" port: 45943 } } peers { permanent_uuid: "6bbda1474f9344689e4a1bd79f8f9da5" member_type: VOTER last_known_addr { host: "127.26.141.195" port: 44655 } }
I20260713 09:12:14.114682 28480 ts_tablet_manager.cc:1434] T 187fbf0c3c084b32880762b42f766363 P 1b9d5f8b1f1c4a7680121ea43517ce35: Time spent starting tablet: real 0.006s	user 0.006s	sys 0.000s
I20260713 09:12:14.115504 28480 tablet_bootstrap.cc:492] T bd74464aabe04fde95d5658095058cd3 P 1b9d5f8b1f1c4a7680121ea43517ce35: Bootstrap starting.
I20260713 09:12:14.116113 28479 tablet_bootstrap.cc:654] T 2f199737011e431a96b1d4f70d54e583 P 8d0816cee23f493cbc9c3b2718100f8d: Neither blocks nor log segments found. Creating new log.
I20260713 09:12:14.128769 28481 tablet_bootstrap.cc:654] T ac84db299c1240c687ac164de3d1ae73 P 6bbda1474f9344689e4a1bd79f8f9da5: Neither blocks nor log segments found. Creating new log.
I20260713 09:12:14.131487 28187 catalog_manager.cc:5697] T a294777fed3d4c1b8606659242bd10a3 P 6bbda1474f9344689e4a1bd79f8f9da5 reported cstate change: term changed from 0 to 1, leader changed from <none> to 6bbda1474f9344689e4a1bd79f8f9da5 (127.26.141.195). New cstate: current_term: 1 leader_uuid: "6bbda1474f9344689e4a1bd79f8f9da5" committed_config { opid_index: -1 OBSOLETE_local: false peers { permanent_uuid: "1b9d5f8b1f1c4a7680121ea43517ce35" member_type: VOTER last_known_addr { host: "127.26.141.193" port: 39061 } health_report { overall_health: UNKNOWN } } peers { permanent_uuid: "8d0816cee23f493cbc9c3b2718100f8d" member_type: VOTER last_known_addr { host: "127.26.141.194" port: 45943 } health_report { overall_health: UNKNOWN } } peers { permanent_uuid: "6bbda1474f9344689e4a1bd79f8f9da5" member_type: VOTER last_known_addr { host: "127.26.141.195" port: 44655 } health_report { overall_health: HEALTHY } } }
I20260713 09:12:14.138303 28480 tablet_bootstrap.cc:654] T bd74464aabe04fde95d5658095058cd3 P 1b9d5f8b1f1c4a7680121ea43517ce35: Neither blocks nor log segments found. Creating new log.
I20260713 09:12:14.138868 28615 raft_consensus.cc:493] T 187fbf0c3c084b32880762b42f766363 P 1b9d5f8b1f1c4a7680121ea43517ce35 [term 0 FOLLOWER]: Starting pre-election (no leader contacted us within the election timeout)
I20260713 09:12:14.139873 28615 raft_consensus.cc:515] T 187fbf0c3c084b32880762b42f766363 P 1b9d5f8b1f1c4a7680121ea43517ce35 [term 0 FOLLOWER]: Starting pre-election with config: opid_index: -1 OBSOLETE_local: false peers { permanent_uuid: "1b9d5f8b1f1c4a7680121ea43517ce35" member_type: VOTER last_known_addr { host: "127.26.141.193" port: 39061 } } peers { permanent_uuid: "8d0816cee23f493cbc9c3b2718100f8d" member_type: VOTER last_known_addr { host: "127.26.141.194" port: 45943 } } peers { permanent_uuid: "6bbda1474f9344689e4a1bd79f8f9da5" member_type: VOTER last_known_addr { host: "127.26.141.195" port: 44655 } }
I20260713 09:12:14.144811 28615 leader_election.cc:290] T 187fbf0c3c084b32880762b42f766363 P 1b9d5f8b1f1c4a7680121ea43517ce35 [CANDIDATE]: Term 1 pre-election: Requested pre-vote from peers 8d0816cee23f493cbc9c3b2718100f8d (127.26.141.194:45943), 6bbda1474f9344689e4a1bd79f8f9da5 (127.26.141.195:44655)
I20260713 09:12:14.145905 28359 tablet_service.cc:1917] Received RequestConsensusVote() RPC: tablet_id: "187fbf0c3c084b32880762b42f766363" candidate_uuid: "1b9d5f8b1f1c4a7680121ea43517ce35" candidate_term: 1 candidate_status { last_received { term: 0 index: 0 } } ignore_live_leader: false dest_uuid: "8d0816cee23f493cbc9c3b2718100f8d" is_pre_election: true
W20260713 09:12:14.147305 28255 leader_election.cc:343] T 187fbf0c3c084b32880762b42f766363 P 1b9d5f8b1f1c4a7680121ea43517ce35 [CANDIDATE]: Term 1 pre-election: Tablet error from VoteRequest() call to peer 8d0816cee23f493cbc9c3b2718100f8d (127.26.141.194:45943): Illegal state: must be running to vote when last-logged opid is not known
I20260713 09:12:14.162716 28437 tablet_service.cc:1917] Received RequestConsensusVote() RPC: tablet_id: "187fbf0c3c084b32880762b42f766363" candidate_uuid: "1b9d5f8b1f1c4a7680121ea43517ce35" candidate_term: 1 candidate_status { last_received { term: 0 index: 0 } } ignore_live_leader: false dest_uuid: "6bbda1474f9344689e4a1bd79f8f9da5" is_pre_election: true
I20260713 09:12:14.163319 28437 raft_consensus.cc:2468] T 187fbf0c3c084b32880762b42f766363 P 6bbda1474f9344689e4a1bd79f8f9da5 [term 0 FOLLOWER]: Leader pre-election vote request: Granting yes vote for candidate 1b9d5f8b1f1c4a7680121ea43517ce35 in term 0.
I20260713 09:12:14.165114 28256 leader_election.cc:304] T 187fbf0c3c084b32880762b42f766363 P 1b9d5f8b1f1c4a7680121ea43517ce35 [CANDIDATE]: Term 1 pre-election: Election decided. Result: candidate won. Election summary: received 3 responses out of 3 voters: 2 yes votes; 1 no votes. yes voters: 1b9d5f8b1f1c4a7680121ea43517ce35, 6bbda1474f9344689e4a1bd79f8f9da5; no voters: 8d0816cee23f493cbc9c3b2718100f8d
I20260713 09:12:14.166430 28615 raft_consensus.cc:2804] T 187fbf0c3c084b32880762b42f766363 P 1b9d5f8b1f1c4a7680121ea43517ce35 [term 0 FOLLOWER]: Leader pre-election won for term 1
I20260713 09:12:14.166901 28615 raft_consensus.cc:493] T 187fbf0c3c084b32880762b42f766363 P 1b9d5f8b1f1c4a7680121ea43517ce35 [term 0 FOLLOWER]: Starting leader election (no leader contacted us within the election timeout)
I20260713 09:12:14.166960 28515 raft_consensus.cc:493] T 7aba5ac4ff6f47e1af016ee4edca56d1 P 6bbda1474f9344689e4a1bd79f8f9da5 [term 0 FOLLOWER]: Starting pre-election (no leader contacted us within the election timeout)
I20260713 09:12:14.167392 28615 raft_consensus.cc:3060] T 187fbf0c3c084b32880762b42f766363 P 1b9d5f8b1f1c4a7680121ea43517ce35 [term 0 FOLLOWER]: Advancing to term 1
I20260713 09:12:14.167586 28515 raft_consensus.cc:515] T 7aba5ac4ff6f47e1af016ee4edca56d1 P 6bbda1474f9344689e4a1bd79f8f9da5 [term 0 FOLLOWER]: Starting pre-election with config: opid_index: -1 OBSOLETE_local: false peers { permanent_uuid: "1b9d5f8b1f1c4a7680121ea43517ce35" member_type: VOTER last_known_addr { host: "127.26.141.193" port: 39061 } } peers { permanent_uuid: "8d0816cee23f493cbc9c3b2718100f8d" member_type: VOTER last_known_addr { host: "127.26.141.194" port: 45943 } } peers { permanent_uuid: "6bbda1474f9344689e4a1bd79f8f9da5" member_type: VOTER last_known_addr { host: "127.26.141.195" port: 44655 } }
I20260713 09:12:14.172851 28515 leader_election.cc:290] T 7aba5ac4ff6f47e1af016ee4edca56d1 P 6bbda1474f9344689e4a1bd79f8f9da5 [CANDIDATE]: Term 1 pre-election: Requested pre-vote from peers 1b9d5f8b1f1c4a7680121ea43517ce35 (127.26.141.193:39061), 8d0816cee23f493cbc9c3b2718100f8d (127.26.141.194:45943)
I20260713 09:12:14.174841 28359 tablet_service.cc:1917] Received RequestConsensusVote() RPC: tablet_id: "7aba5ac4ff6f47e1af016ee4edca56d1" candidate_uuid: "6bbda1474f9344689e4a1bd79f8f9da5" candidate_term: 1 candidate_status { last_received { term: 0 index: 0 } } ignore_live_leader: false dest_uuid: "8d0816cee23f493cbc9c3b2718100f8d" is_pre_election: true
I20260713 09:12:14.181691 28288 tablet_service.cc:1917] Received RequestConsensusVote() RPC: tablet_id: "7aba5ac4ff6f47e1af016ee4edca56d1" candidate_uuid: "6bbda1474f9344689e4a1bd79f8f9da5" candidate_term: 1 candidate_status { last_received { term: 0 index: 0 } } ignore_live_leader: false dest_uuid: "1b9d5f8b1f1c4a7680121ea43517ce35" is_pre_election: true
W20260713 09:12:14.186071 28404 leader_election.cc:343] T 7aba5ac4ff6f47e1af016ee4edca56d1 P 6bbda1474f9344689e4a1bd79f8f9da5 [CANDIDATE]: Term 1 pre-election: Tablet error from VoteRequest() call to peer 8d0816cee23f493cbc9c3b2718100f8d (127.26.141.194:45943): Illegal state: must be running to vote when last-logged opid is not known
W20260713 09:12:14.186796 28405 leader_election.cc:343] T 7aba5ac4ff6f47e1af016ee4edca56d1 P 6bbda1474f9344689e4a1bd79f8f9da5 [CANDIDATE]: Term 1 pre-election: Tablet error from VoteRequest() call to peer 1b9d5f8b1f1c4a7680121ea43517ce35 (127.26.141.193:39061): Illegal state: must be running to vote when last-logged opid is not known
I20260713 09:12:14.187274 28405 leader_election.cc:304] T 7aba5ac4ff6f47e1af016ee4edca56d1 P 6bbda1474f9344689e4a1bd79f8f9da5 [CANDIDATE]: Term 1 pre-election: Election decided. Result: candidate lost. Election summary: received 3 responses out of 3 voters: 1 yes votes; 2 no votes. yes voters: 6bbda1474f9344689e4a1bd79f8f9da5; no voters: 1b9d5f8b1f1c4a7680121ea43517ce35, 8d0816cee23f493cbc9c3b2718100f8d
I20260713 09:12:14.188433 28515 raft_consensus.cc:2749] T 7aba5ac4ff6f47e1af016ee4edca56d1 P 6bbda1474f9344689e4a1bd79f8f9da5 [term 0 FOLLOWER]: Leader pre-election lost for term 1. Reason: could not achieve majority
I20260713 09:12:14.190076 28479 tablet_bootstrap.cc:492] T 2f199737011e431a96b1d4f70d54e583 P 8d0816cee23f493cbc9c3b2718100f8d: No bootstrap required, opened a new log
I20260713 09:12:14.189484 28186 catalog_manager.cc:5697] T ac84db299c1240c687ac164de3d1ae73 P 1b9d5f8b1f1c4a7680121ea43517ce35 reported cstate change: term changed from 0 to 1, leader changed from <none> to 1b9d5f8b1f1c4a7680121ea43517ce35 (127.26.141.193). New cstate: current_term: 1 leader_uuid: "1b9d5f8b1f1c4a7680121ea43517ce35" committed_config { opid_index: -1 OBSOLETE_local: false peers { permanent_uuid: "1b9d5f8b1f1c4a7680121ea43517ce35" member_type: VOTER last_known_addr { host: "127.26.141.193" port: 39061 } health_report { overall_health: HEALTHY } } peers { permanent_uuid: "8d0816cee23f493cbc9c3b2718100f8d" member_type: VOTER last_known_addr { host: "127.26.141.194" port: 45943 } health_report { overall_health: UNKNOWN } } peers { permanent_uuid: "6bbda1474f9344689e4a1bd79f8f9da5" member_type: VOTER last_known_addr { host: "127.26.141.195" port: 44655 } health_report { overall_health: UNKNOWN } } }
I20260713 09:12:14.190653 28479 ts_tablet_manager.cc:1403] T 2f199737011e431a96b1d4f70d54e583 P 8d0816cee23f493cbc9c3b2718100f8d: Time spent bootstrapping tablet: real 0.094s	user 0.013s	sys 0.018s
I20260713 09:12:14.199990 28615 raft_consensus.cc:515] T 187fbf0c3c084b32880762b42f766363 P 1b9d5f8b1f1c4a7680121ea43517ce35 [term 1 FOLLOWER]: Starting leader election with config: opid_index: -1 OBSOLETE_local: false peers { permanent_uuid: "1b9d5f8b1f1c4a7680121ea43517ce35" member_type: VOTER last_known_addr { host: "127.26.141.193" port: 39061 } } peers { permanent_uuid: "8d0816cee23f493cbc9c3b2718100f8d" member_type: VOTER last_known_addr { host: "127.26.141.194" port: 45943 } } peers { permanent_uuid: "6bbda1474f9344689e4a1bd79f8f9da5" member_type: VOTER last_known_addr { host: "127.26.141.195" port: 44655 } }
I20260713 09:12:14.201315 28480 tablet_bootstrap.cc:492] T bd74464aabe04fde95d5658095058cd3 P 1b9d5f8b1f1c4a7680121ea43517ce35: No bootstrap required, opened a new log
I20260713 09:12:14.202593 28359 tablet_service.cc:1917] Received RequestConsensusVote() RPC: tablet_id: "187fbf0c3c084b32880762b42f766363" candidate_uuid: "1b9d5f8b1f1c4a7680121ea43517ce35" candidate_term: 1 candidate_status { last_received { term: 0 index: 0 } } ignore_live_leader: false dest_uuid: "8d0816cee23f493cbc9c3b2718100f8d"
I20260713 09:12:14.203154 28480 ts_tablet_manager.cc:1403] T bd74464aabe04fde95d5658095058cd3 P 1b9d5f8b1f1c4a7680121ea43517ce35: Time spent bootstrapping tablet: real 0.088s	user 0.015s	sys 0.030s
I20260713 09:12:14.203197 28615 leader_election.cc:290] T 187fbf0c3c084b32880762b42f766363 P 1b9d5f8b1f1c4a7680121ea43517ce35 [CANDIDATE]: Term 1 election: Requested vote from peers 8d0816cee23f493cbc9c3b2718100f8d (127.26.141.194:45943), 6bbda1474f9344689e4a1bd79f8f9da5 (127.26.141.195:44655)
W20260713 09:12:14.203707 28255 leader_election.cc:343] T 187fbf0c3c084b32880762b42f766363 P 1b9d5f8b1f1c4a7680121ea43517ce35 [CANDIDATE]: Term 1 election: Tablet error from VoteRequest() call to peer 8d0816cee23f493cbc9c3b2718100f8d (127.26.141.194:45943): Illegal state: must be running to vote when last-logged opid is not known
I20260713 09:12:14.203738 28437 tablet_service.cc:1917] Received RequestConsensusVote() RPC: tablet_id: "187fbf0c3c084b32880762b42f766363" candidate_uuid: "1b9d5f8b1f1c4a7680121ea43517ce35" candidate_term: 1 candidate_status { last_received { term: 0 index: 0 } } ignore_live_leader: false dest_uuid: "6bbda1474f9344689e4a1bd79f8f9da5"
I20260713 09:12:14.204381 28437 raft_consensus.cc:3060] T 187fbf0c3c084b32880762b42f766363 P 6bbda1474f9344689e4a1bd79f8f9da5 [term 0 FOLLOWER]: Advancing to term 1
I20260713 09:12:14.205313 28481 tablet_bootstrap.cc:492] T ac84db299c1240c687ac164de3d1ae73 P 6bbda1474f9344689e4a1bd79f8f9da5: No bootstrap required, opened a new log
I20260713 09:12:14.205713 28481 ts_tablet_manager.cc:1403] T ac84db299c1240c687ac164de3d1ae73 P 6bbda1474f9344689e4a1bd79f8f9da5: Time spent bootstrapping tablet: real 0.124s	user 0.010s	sys 0.021s
I20260713 09:12:14.204047 28479 raft_consensus.cc:359] T 2f199737011e431a96b1d4f70d54e583 P 8d0816cee23f493cbc9c3b2718100f8d [term 0 FOLLOWER]: Replica starting. Triggering 0 pending ops. Active config: opid_index: -1 OBSOLETE_local: false peers { permanent_uuid: "1b9d5f8b1f1c4a7680121ea43517ce35" member_type: VOTER last_known_addr { host: "127.26.141.193" port: 39061 } } peers { permanent_uuid: "8d0816cee23f493cbc9c3b2718100f8d" member_type: VOTER last_known_addr { host: "127.26.141.194" port: 45943 } } peers { permanent_uuid: "6bbda1474f9344689e4a1bd79f8f9da5" member_type: VOTER last_known_addr { host: "127.26.141.195" port: 44655 } }
I20260713 09:12:14.206238 28479 raft_consensus.cc:385] T 2f199737011e431a96b1d4f70d54e583 P 8d0816cee23f493cbc9c3b2718100f8d [term 0 FOLLOWER]: Consensus starting up: Expiring failure detector timer to make a prompt election more likely
I20260713 09:12:14.206490 28479 raft_consensus.cc:740] T 2f199737011e431a96b1d4f70d54e583 P 8d0816cee23f493cbc9c3b2718100f8d [term 0 FOLLOWER]: Becoming Follower/Learner. State: Replica: 8d0816cee23f493cbc9c3b2718100f8d, State: Initialized, Role: FOLLOWER
I20260713 09:12:14.207333 28479 consensus_queue.cc:260] T 2f199737011e431a96b1d4f70d54e583 P 8d0816cee23f493cbc9c3b2718100f8d [NON_LEADER]: Queue going to NON_LEADER mode. State: All replicated index: 0, Majority replicated index: 0, Committed index: 0, Last appended: 0.0, Last appended by leader: 0, Current term: 0, Majority size: -1, State: 0, Mode: NON_LEADER, active raft config: opid_index: -1 OBSOLETE_local: false peers { permanent_uuid: "1b9d5f8b1f1c4a7680121ea43517ce35" member_type: VOTER last_known_addr { host: "127.26.141.193" port: 39061 } } peers { permanent_uuid: "8d0816cee23f493cbc9c3b2718100f8d" member_type: VOTER last_known_addr { host: "127.26.141.194" port: 45943 } } peers { permanent_uuid: "6bbda1474f9344689e4a1bd79f8f9da5" member_type: VOTER last_known_addr { host: "127.26.141.195" port: 44655 } }
I20260713 09:12:14.207350 28480 raft_consensus.cc:359] T bd74464aabe04fde95d5658095058cd3 P 1b9d5f8b1f1c4a7680121ea43517ce35 [term 0 FOLLOWER]: Replica starting. Triggering 0 pending ops. Active config: opid_index: -1 OBSOLETE_local: false peers { permanent_uuid: "1b9d5f8b1f1c4a7680121ea43517ce35" member_type: VOTER last_known_addr { host: "127.26.141.193" port: 39061 } } peers { permanent_uuid: "8d0816cee23f493cbc9c3b2718100f8d" member_type: VOTER last_known_addr { host: "127.26.141.194" port: 45943 } } peers { permanent_uuid: "6bbda1474f9344689e4a1bd79f8f9da5" member_type: VOTER last_known_addr { host: "127.26.141.195" port: 44655 } }
I20260713 09:12:14.208711 28480 raft_consensus.cc:385] T bd74464aabe04fde95d5658095058cd3 P 1b9d5f8b1f1c4a7680121ea43517ce35 [term 0 FOLLOWER]: Consensus starting up: Expiring failure detector timer to make a prompt election more likely
I20260713 09:12:14.208951 28480 raft_consensus.cc:740] T bd74464aabe04fde95d5658095058cd3 P 1b9d5f8b1f1c4a7680121ea43517ce35 [term 0 FOLLOWER]: Becoming Follower/Learner. State: Replica: 1b9d5f8b1f1c4a7680121ea43517ce35, State: Initialized, Role: FOLLOWER
I20260713 09:12:14.209506 28480 consensus_queue.cc:260] T bd74464aabe04fde95d5658095058cd3 P 1b9d5f8b1f1c4a7680121ea43517ce35 [NON_LEADER]: Queue going to NON_LEADER mode. State: All replicated index: 0, Majority replicated index: 0, Committed index: 0, Last appended: 0.0, Last appended by leader: 0, Current term: 0, Majority size: -1, State: 0, Mode: NON_LEADER, active raft config: opid_index: -1 OBSOLETE_local: false peers { permanent_uuid: "1b9d5f8b1f1c4a7680121ea43517ce35" member_type: VOTER last_known_addr { host: "127.26.141.193" port: 39061 } } peers { permanent_uuid: "8d0816cee23f493cbc9c3b2718100f8d" member_type: VOTER last_known_addr { host: "127.26.141.194" port: 45943 } } peers { permanent_uuid: "6bbda1474f9344689e4a1bd79f8f9da5" member_type: VOTER last_known_addr { host: "127.26.141.195" port: 44655 } }
I20260713 09:12:14.211169 28480 ts_tablet_manager.cc:1434] T bd74464aabe04fde95d5658095058cd3 P 1b9d5f8b1f1c4a7680121ea43517ce35: Time spent starting tablet: real 0.008s	user 0.004s	sys 0.001s
I20260713 09:12:14.211907 28480 tablet_bootstrap.cc:492] T 7aba5ac4ff6f47e1af016ee4edca56d1 P 1b9d5f8b1f1c4a7680121ea43517ce35: Bootstrap starting.
I20260713 09:12:14.217096 28437 raft_consensus.cc:2468] T 187fbf0c3c084b32880762b42f766363 P 6bbda1474f9344689e4a1bd79f8f9da5 [term 1 FOLLOWER]: Leader election vote request: Granting yes vote for candidate 1b9d5f8b1f1c4a7680121ea43517ce35 in term 1.
I20260713 09:12:14.218374 28256 leader_election.cc:304] T 187fbf0c3c084b32880762b42f766363 P 1b9d5f8b1f1c4a7680121ea43517ce35 [CANDIDATE]: Term 1 election: Election decided. Result: candidate won. Election summary: received 3 responses out of 3 voters: 2 yes votes; 1 no votes. yes voters: 1b9d5f8b1f1c4a7680121ea43517ce35, 6bbda1474f9344689e4a1bd79f8f9da5; no voters: 8d0816cee23f493cbc9c3b2718100f8d
I20260713 09:12:14.219725 28615 raft_consensus.cc:2804] T 187fbf0c3c084b32880762b42f766363 P 1b9d5f8b1f1c4a7680121ea43517ce35 [term 1 FOLLOWER]: Leader election won for term 1
I20260713 09:12:14.220570 28615 raft_consensus.cc:697] T 187fbf0c3c084b32880762b42f766363 P 1b9d5f8b1f1c4a7680121ea43517ce35 [term 1 LEADER]: Becoming Leader. State: Replica: 1b9d5f8b1f1c4a7680121ea43517ce35, State: Running, Role: LEADER
I20260713 09:12:14.221503 28615 consensus_queue.cc:237] T 187fbf0c3c084b32880762b42f766363 P 1b9d5f8b1f1c4a7680121ea43517ce35 [LEADER]: Queue going to LEADER mode. State: All replicated index: 0, Majority replicated index: 0, Committed index: 0, Last appended: 0.0, Last appended by leader: 0, Current term: 1, Majority size: 2, State: 0, Mode: LEADER, active raft config: opid_index: -1 OBSOLETE_local: false peers { permanent_uuid: "1b9d5f8b1f1c4a7680121ea43517ce35" member_type: VOTER last_known_addr { host: "127.26.141.193" port: 39061 } } peers { permanent_uuid: "8d0816cee23f493cbc9c3b2718100f8d" member_type: VOTER last_known_addr { host: "127.26.141.194" port: 45943 } } peers { permanent_uuid: "6bbda1474f9344689e4a1bd79f8f9da5" member_type: VOTER last_known_addr { host: "127.26.141.195" port: 44655 } }
I20260713 09:12:14.223968 28185 catalog_manager.cc:5697] T 8e622c9fecde49b7a8e4ebfee74d9d03 P 8d0816cee23f493cbc9c3b2718100f8d reported cstate change: term changed from 0 to 1, leader changed from <none> to 8d0816cee23f493cbc9c3b2718100f8d (127.26.141.194). New cstate: current_term: 1 leader_uuid: "8d0816cee23f493cbc9c3b2718100f8d" committed_config { opid_index: -1 OBSOLETE_local: false peers { permanent_uuid: "1b9d5f8b1f1c4a7680121ea43517ce35" member_type: VOTER last_known_addr { host: "127.26.141.193" port: 39061 } health_report { overall_health: UNKNOWN } } peers { permanent_uuid: "8d0816cee23f493cbc9c3b2718100f8d" member_type: VOTER last_known_addr { host: "127.26.141.194" port: 45943 } health_report { overall_health: HEALTHY } } peers { permanent_uuid: "6bbda1474f9344689e4a1bd79f8f9da5" member_type: VOTER last_known_addr { host: "127.26.141.195" port: 44655 } health_report { overall_health: UNKNOWN } } }
I20260713 09:12:14.225098 28479 ts_tablet_manager.cc:1434] T 2f199737011e431a96b1d4f70d54e583 P 8d0816cee23f493cbc9c3b2718100f8d: Time spent starting tablet: real 0.034s	user 0.005s	sys 0.000s
I20260713 09:12:14.225543 28481 raft_consensus.cc:359] T ac84db299c1240c687ac164de3d1ae73 P 6bbda1474f9344689e4a1bd79f8f9da5 [term 0 FOLLOWER]: Replica starting. Triggering 0 pending ops. Active config: opid_index: -1 OBSOLETE_local: false peers { permanent_uuid: "1b9d5f8b1f1c4a7680121ea43517ce35" member_type: VOTER last_known_addr { host: "127.26.141.193" port: 39061 } } peers { permanent_uuid: "8d0816cee23f493cbc9c3b2718100f8d" member_type: VOTER last_known_addr { host: "127.26.141.194" port: 45943 } } peers { permanent_uuid: "6bbda1474f9344689e4a1bd79f8f9da5" member_type: VOTER last_known_addr { host: "127.26.141.195" port: 44655 } }
I20260713 09:12:14.226123 28481 raft_consensus.cc:385] T ac84db299c1240c687ac164de3d1ae73 P 6bbda1474f9344689e4a1bd79f8f9da5 [term 0 FOLLOWER]: Consensus starting up: Expiring failure detector timer to make a prompt election more likely
I20260713 09:12:14.226358 28481 raft_consensus.cc:740] T ac84db299c1240c687ac164de3d1ae73 P 6bbda1474f9344689e4a1bd79f8f9da5 [term 0 FOLLOWER]: Becoming Follower/Learner. State: Replica: 6bbda1474f9344689e4a1bd79f8f9da5, State: Initialized, Role: FOLLOWER
W20260713 09:12:14.227065 28236 auto_rebalancer.cc:288] Could not retrieve cluster info: Service unavailable: Tablet not running
I20260713 09:12:14.227010 28481 consensus_queue.cc:260] T ac84db299c1240c687ac164de3d1ae73 P 6bbda1474f9344689e4a1bd79f8f9da5 [NON_LEADER]: Queue going to NON_LEADER mode. State: All replicated index: 0, Majority replicated index: 0, Committed index: 0, Last appended: 0.0, Last appended by leader: 0, Current term: 0, Majority size: -1, State: 0, Mode: NON_LEADER, active raft config: opid_index: -1 OBSOLETE_local: false peers { permanent_uuid: "1b9d5f8b1f1c4a7680121ea43517ce35" member_type: VOTER last_known_addr { host: "127.26.141.193" port: 39061 } } peers { permanent_uuid: "8d0816cee23f493cbc9c3b2718100f8d" member_type: VOTER last_known_addr { host: "127.26.141.194" port: 45943 } } peers { permanent_uuid: "6bbda1474f9344689e4a1bd79f8f9da5" member_type: VOTER last_known_addr { host: "127.26.141.195" port: 44655 } }
I20260713 09:12:14.225896 28479 tablet_bootstrap.cc:492] T 7aba5ac4ff6f47e1af016ee4edca56d1 P 8d0816cee23f493cbc9c3b2718100f8d: Bootstrap starting.
I20260713 09:12:14.228417 28480 tablet_bootstrap.cc:654] T 7aba5ac4ff6f47e1af016ee4edca56d1 P 1b9d5f8b1f1c4a7680121ea43517ce35: Neither blocks nor log segments found. Creating new log.
I20260713 09:12:14.229796 28481 ts_tablet_manager.cc:1434] T ac84db299c1240c687ac164de3d1ae73 P 6bbda1474f9344689e4a1bd79f8f9da5: Time spent starting tablet: real 0.024s	user 0.008s	sys 0.004s
I20260713 09:12:14.230682 28481 tablet_bootstrap.cc:492] T ab2545292e6a43069eed83ded3c62124 P 6bbda1474f9344689e4a1bd79f8f9da5: Bootstrap starting.
I20260713 09:12:14.233242 28479 tablet_bootstrap.cc:654] T 7aba5ac4ff6f47e1af016ee4edca56d1 P 8d0816cee23f493cbc9c3b2718100f8d: Neither blocks nor log segments found. Creating new log.
I20260713 09:12:14.238751 28481 tablet_bootstrap.cc:654] T ab2545292e6a43069eed83ded3c62124 P 6bbda1474f9344689e4a1bd79f8f9da5: Neither blocks nor log segments found. Creating new log.
I20260713 09:12:14.239676 28615 raft_consensus.cc:493] T 2f199737011e431a96b1d4f70d54e583 P 1b9d5f8b1f1c4a7680121ea43517ce35 [term 0 FOLLOWER]: Starting pre-election (no leader contacted us within the election timeout)
I20260713 09:12:14.240154 28615 raft_consensus.cc:515] T 2f199737011e431a96b1d4f70d54e583 P 1b9d5f8b1f1c4a7680121ea43517ce35 [term 0 FOLLOWER]: Starting pre-election with config: opid_index: -1 OBSOLETE_local: false peers { permanent_uuid: "1b9d5f8b1f1c4a7680121ea43517ce35" member_type: VOTER last_known_addr { host: "127.26.141.193" port: 39061 } } peers { permanent_uuid: "8d0816cee23f493cbc9c3b2718100f8d" member_type: VOTER last_known_addr { host: "127.26.141.194" port: 45943 } } peers { permanent_uuid: "6bbda1474f9344689e4a1bd79f8f9da5" member_type: VOTER last_known_addr { host: "127.26.141.195" port: 44655 } }
I20260713 09:12:14.243064 28359 tablet_service.cc:1917] Received RequestConsensusVote() RPC: tablet_id: "2f199737011e431a96b1d4f70d54e583" candidate_uuid: "1b9d5f8b1f1c4a7680121ea43517ce35" candidate_term: 1 candidate_status { last_received { term: 0 index: 0 } } ignore_live_leader: false dest_uuid: "8d0816cee23f493cbc9c3b2718100f8d" is_pre_election: true
I20260713 09:12:14.243214 28615 leader_election.cc:290] T 2f199737011e431a96b1d4f70d54e583 P 1b9d5f8b1f1c4a7680121ea43517ce35 [CANDIDATE]: Term 1 pre-election: Requested pre-vote from peers 8d0816cee23f493cbc9c3b2718100f8d (127.26.141.194:45943), 6bbda1474f9344689e4a1bd79f8f9da5 (127.26.141.195:44655)
I20260713 09:12:14.243654 28359 raft_consensus.cc:2468] T 2f199737011e431a96b1d4f70d54e583 P 8d0816cee23f493cbc9c3b2718100f8d [term 0 FOLLOWER]: Leader pre-election vote request: Granting yes vote for candidate 1b9d5f8b1f1c4a7680121ea43517ce35 in term 0.
I20260713 09:12:14.244590 28437 tablet_service.cc:1917] Received RequestConsensusVote() RPC: tablet_id: "2f199737011e431a96b1d4f70d54e583" candidate_uuid: "1b9d5f8b1f1c4a7680121ea43517ce35" candidate_term: 1 candidate_status { last_received { term: 0 index: 0 } } ignore_live_leader: false dest_uuid: "6bbda1474f9344689e4a1bd79f8f9da5" is_pre_election: true
I20260713 09:12:14.245208 28437 raft_consensus.cc:2468] T 2f199737011e431a96b1d4f70d54e583 P 6bbda1474f9344689e4a1bd79f8f9da5 [term 0 FOLLOWER]: Leader pre-election vote request: Granting yes vote for candidate 1b9d5f8b1f1c4a7680121ea43517ce35 in term 0.
I20260713 09:12:14.245738 28480 tablet_bootstrap.cc:492] T 7aba5ac4ff6f47e1af016ee4edca56d1 P 1b9d5f8b1f1c4a7680121ea43517ce35: No bootstrap required, opened a new log
I20260713 09:12:14.246140 28480 ts_tablet_manager.cc:1403] T 7aba5ac4ff6f47e1af016ee4edca56d1 P 1b9d5f8b1f1c4a7680121ea43517ce35: Time spent bootstrapping tablet: real 0.034s	user 0.021s	sys 0.004s
I20260713 09:12:14.246323 28256 leader_election.cc:304] T 2f199737011e431a96b1d4f70d54e583 P 1b9d5f8b1f1c4a7680121ea43517ce35 [CANDIDATE]: Term 1 pre-election: Election decided. Result: candidate won. Election summary: received 2 responses out of 3 voters: 2 yes votes; 0 no votes. yes voters: 1b9d5f8b1f1c4a7680121ea43517ce35, 6bbda1474f9344689e4a1bd79f8f9da5; no voters: 
I20260713 09:12:14.247886 28615 raft_consensus.cc:2804] T 2f199737011e431a96b1d4f70d54e583 P 1b9d5f8b1f1c4a7680121ea43517ce35 [term 0 FOLLOWER]: Leader pre-election won for term 1
I20260713 09:12:14.248216 28615 raft_consensus.cc:493] T 2f199737011e431a96b1d4f70d54e583 P 1b9d5f8b1f1c4a7680121ea43517ce35 [term 0 FOLLOWER]: Starting leader election (no leader contacted us within the election timeout)
I20260713 09:12:14.248546 28615 raft_consensus.cc:3060] T 2f199737011e431a96b1d4f70d54e583 P 1b9d5f8b1f1c4a7680121ea43517ce35 [term 0 FOLLOWER]: Advancing to term 1
I20260713 09:12:14.248795 28480 raft_consensus.cc:359] T 7aba5ac4ff6f47e1af016ee4edca56d1 P 1b9d5f8b1f1c4a7680121ea43517ce35 [term 0 FOLLOWER]: Replica starting. Triggering 0 pending ops. Active config: opid_index: -1 OBSOLETE_local: false peers { permanent_uuid: "1b9d5f8b1f1c4a7680121ea43517ce35" member_type: VOTER last_known_addr { host: "127.26.141.193" port: 39061 } } peers { permanent_uuid: "8d0816cee23f493cbc9c3b2718100f8d" member_type: VOTER last_known_addr { host: "127.26.141.194" port: 45943 } } peers { permanent_uuid: "6bbda1474f9344689e4a1bd79f8f9da5" member_type: VOTER last_known_addr { host: "127.26.141.195" port: 44655 } }
I20260713 09:12:14.249372 28480 raft_consensus.cc:385] T 7aba5ac4ff6f47e1af016ee4edca56d1 P 1b9d5f8b1f1c4a7680121ea43517ce35 [term 0 FOLLOWER]: Consensus starting up: Expiring failure detector timer to make a prompt election more likely
I20260713 09:12:14.249606 28480 raft_consensus.cc:740] T 7aba5ac4ff6f47e1af016ee4edca56d1 P 1b9d5f8b1f1c4a7680121ea43517ce35 [term 0 FOLLOWER]: Becoming Follower/Learner. State: Replica: 1b9d5f8b1f1c4a7680121ea43517ce35, State: Initialized, Role: FOLLOWER
I20260713 09:12:14.250216 28480 consensus_queue.cc:260] T 7aba5ac4ff6f47e1af016ee4edca56d1 P 1b9d5f8b1f1c4a7680121ea43517ce35 [NON_LEADER]: Queue going to NON_LEADER mode. State: All replicated index: 0, Majority replicated index: 0, Committed index: 0, Last appended: 0.0, Last appended by leader: 0, Current term: 0, Majority size: -1, State: 0, Mode: NON_LEADER, active raft config: opid_index: -1 OBSOLETE_local: false peers { permanent_uuid: "1b9d5f8b1f1c4a7680121ea43517ce35" member_type: VOTER last_known_addr { host: "127.26.141.193" port: 39061 } } peers { permanent_uuid: "8d0816cee23f493cbc9c3b2718100f8d" member_type: VOTER last_known_addr { host: "127.26.141.194" port: 45943 } } peers { permanent_uuid: "6bbda1474f9344689e4a1bd79f8f9da5" member_type: VOTER last_known_addr { host: "127.26.141.195" port: 44655 } }
I20260713 09:12:14.255476 28480 ts_tablet_manager.cc:1434] T 7aba5ac4ff6f47e1af016ee4edca56d1 P 1b9d5f8b1f1c4a7680121ea43517ce35: Time spent starting tablet: real 0.009s	user 0.007s	sys 0.000s
I20260713 09:12:14.255532 28615 raft_consensus.cc:515] T 2f199737011e431a96b1d4f70d54e583 P 1b9d5f8b1f1c4a7680121ea43517ce35 [term 1 FOLLOWER]: Starting leader election with config: opid_index: -1 OBSOLETE_local: false peers { permanent_uuid: "1b9d5f8b1f1c4a7680121ea43517ce35" member_type: VOTER last_known_addr { host: "127.26.141.193" port: 39061 } } peers { permanent_uuid: "8d0816cee23f493cbc9c3b2718100f8d" member_type: VOTER last_known_addr { host: "127.26.141.194" port: 45943 } } peers { permanent_uuid: "6bbda1474f9344689e4a1bd79f8f9da5" member_type: VOTER last_known_addr { host: "127.26.141.195" port: 44655 } }
I20260713 09:12:14.256294 28480 tablet_bootstrap.cc:492] T 2789b72d8b404e04885e3da14ea2223d P 1b9d5f8b1f1c4a7680121ea43517ce35: Bootstrap starting.
I20260713 09:12:14.257920 28359 tablet_service.cc:1917] Received RequestConsensusVote() RPC: tablet_id: "2f199737011e431a96b1d4f70d54e583" candidate_uuid: "1b9d5f8b1f1c4a7680121ea43517ce35" candidate_term: 1 candidate_status { last_received { term: 0 index: 0 } } ignore_live_leader: false dest_uuid: "8d0816cee23f493cbc9c3b2718100f8d"
I20260713 09:12:14.258440 28359 raft_consensus.cc:3060] T 2f199737011e431a96b1d4f70d54e583 P 8d0816cee23f493cbc9c3b2718100f8d [term 0 FOLLOWER]: Advancing to term 1
