I20260713 09:00:48.855834  1365 raft_consensus.cc:993] T 613958b2c98347b793086134346a18d0 P 84b8a2cc35cb478a92186675d0944765: : Instructing follower 6f6e1d289b7d4c039ecccc4d445b04df to start an election
I20260713 09:00:48.856240  1388 raft_consensus.cc:1081] T 613958b2c98347b793086134346a18d0 P 84b8a2cc35cb478a92186675d0944765 [term 3 LEADER]: Signalling peer 6f6e1d289b7d4c039ecccc4d445b04df to start an election
I20260713 09:00:48.856632   965 catalog_manager.cc:5697] T 092d25de51c24373b2afd46ac96425d4 P 56f919eaee674a269159a362be0ea18d reported cstate change: term changed from 4 to 5, leader changed from 84b8a2cc35cb478a92186675d0944765 (127.0.107.193) to 56f919eaee674a269159a362be0ea18d (127.0.107.194). New cstate: current_term: 5 leader_uuid: "56f919eaee674a269159a362be0ea18d" committed_config { opid_index: -1 OBSOLETE_local: false peers { permanent_uuid: "84b8a2cc35cb478a92186675d0944765" member_type: VOTER last_known_addr { host: "127.0.107.193" port: 40849 } health_report { overall_health: UNKNOWN } } peers { permanent_uuid: "56f919eaee674a269159a362be0ea18d" member_type: VOTER last_known_addr { host: "127.0.107.194" port: 40351 } health_report { overall_health: HEALTHY } } peers { permanent_uuid: "6f6e1d289b7d4c039ecccc4d445b04df" member_type: VOTER last_known_addr { host: "127.0.107.195" port: 36059 } health_report { overall_health: UNKNOWN } } }
I20260713 09:00:48.857545  1217 tablet_service.cc:2044] Received Run Leader Election RPC: tablet_id: "613958b2c98347b793086134346a18d0"
dest_uuid: "6f6e1d289b7d4c039ecccc4d445b04df"
 from {username='slave'} at 127.0.0.1:34430
I20260713 09:00:48.858028  1217 raft_consensus.cc:493] T 613958b2c98347b793086134346a18d0 P 6f6e1d289b7d4c039ecccc4d445b04df [term 3 FOLLOWER]: Starting forced leader election (received explicit request)
I20260713 09:00:48.858341  1217 raft_consensus.cc:3060] T 613958b2c98347b793086134346a18d0 P 6f6e1d289b7d4c039ecccc4d445b04df [term 3 FOLLOWER]: Advancing to term 4
I20260713 09:00:48.862488  1217 raft_consensus.cc:515] T 613958b2c98347b793086134346a18d0 P 6f6e1d289b7d4c039ecccc4d445b04df [term 4 FOLLOWER]: Starting forced leader election with config: opid_index: -1 OBSOLETE_local: false peers { permanent_uuid: "84b8a2cc35cb478a92186675d0944765" member_type: VOTER last_known_addr { host: "127.0.107.193" port: 40849 } } peers { permanent_uuid: "56f919eaee674a269159a362be0ea18d" member_type: VOTER last_known_addr { host: "127.0.107.194" port: 40351 } } peers { permanent_uuid: "6f6e1d289b7d4c039ecccc4d445b04df" member_type: VOTER last_known_addr { host: "127.0.107.195" port: 36059 } }
I20260713 09:00:48.864300  1217 leader_election.cc:290] T 613958b2c98347b793086134346a18d0 P 6f6e1d289b7d4c039ecccc4d445b04df [CANDIDATE]: Term 4 election: Requested vote from peers 84b8a2cc35cb478a92186675d0944765 (127.0.107.193:40849), 56f919eaee674a269159a362be0ea18d (127.0.107.194:40351)
I20260713 09:00:48.864921  1066 tablet_service.cc:1917] Received RequestConsensusVote() RPC: tablet_id: "613958b2c98347b793086134346a18d0" candidate_uuid: "6f6e1d289b7d4c039ecccc4d445b04df" candidate_term: 4 candidate_status { last_received { term: 3 index: 3 } } ignore_live_leader: true dest_uuid: "84b8a2cc35cb478a92186675d0944765"
I20260713 09:00:48.865466  1066 raft_consensus.cc:3055] T 613958b2c98347b793086134346a18d0 P 84b8a2cc35cb478a92186675d0944765 [term 3 LEADER]: Stepping down as leader of term 3
I20260713 09:00:48.865887  1066 raft_consensus.cc:740] T 613958b2c98347b793086134346a18d0 P 84b8a2cc35cb478a92186675d0944765 [term 3 LEADER]: Becoming Follower/Learner. State: Replica: 84b8a2cc35cb478a92186675d0944765, State: Running, Role: LEADER
I20260713 09:00:48.865486  1143 tablet_service.cc:1917] Received RequestConsensusVote() RPC: tablet_id: "613958b2c98347b793086134346a18d0" candidate_uuid: "6f6e1d289b7d4c039ecccc4d445b04df" candidate_term: 4 candidate_status { last_received { term: 3 index: 3 } } ignore_live_leader: true dest_uuid: "56f919eaee674a269159a362be0ea18d"
I20260713 09:00:48.866430  1143 raft_consensus.cc:3060] T 613958b2c98347b793086134346a18d0 P 56f919eaee674a269159a362be0ea18d [term 3 FOLLOWER]: Advancing to term 4
I20260713 09:00:48.866703  1066 consensus_queue.cc:260] T 613958b2c98347b793086134346a18d0 P 84b8a2cc35cb478a92186675d0944765 [NON_LEADER]: Queue going to NON_LEADER mode. State: All replicated index: 0, Majority replicated index: 3, Committed index: 3, Last appended: 3.3, Last appended by leader: 3, Current term: 3, Majority size: -1, State: 0, Mode: NON_LEADER, active raft config: opid_index: -1 OBSOLETE_local: false peers { permanent_uuid: "84b8a2cc35cb478a92186675d0944765" member_type: VOTER last_known_addr { host: "127.0.107.193" port: 40849 } } peers { permanent_uuid: "56f919eaee674a269159a362be0ea18d" member_type: VOTER last_known_addr { host: "127.0.107.194" port: 40351 } } peers { permanent_uuid: "6f6e1d289b7d4c039ecccc4d445b04df" member_type: VOTER last_known_addr { host: "127.0.107.195" port: 36059 } }
I20260713 09:00:48.867933  1066 raft_consensus.cc:3060] T 613958b2c98347b793086134346a18d0 P 84b8a2cc35cb478a92186675d0944765 [term 3 FOLLOWER]: Advancing to term 4
I20260713 09:00:48.871955  1143 raft_consensus.cc:2468] T 613958b2c98347b793086134346a18d0 P 56f919eaee674a269159a362be0ea18d [term 4 FOLLOWER]: Leader election vote request: Granting yes vote for candidate 6f6e1d289b7d4c039ecccc4d445b04df in term 4.
I20260713 09:00:48.873080  1182 leader_election.cc:304] T 613958b2c98347b793086134346a18d0 P 6f6e1d289b7d4c039ecccc4d445b04df [CANDIDATE]: Term 4 election: Election decided. Result: candidate won. Election summary: received 2 responses out of 3 voters: 2 yes votes; 0 no votes. yes voters: 56f919eaee674a269159a362be0ea18d, 6f6e1d289b7d4c039ecccc4d445b04df; no voters: 
I20260713 09:00:48.873572  1066 raft_consensus.cc:2468] T 613958b2c98347b793086134346a18d0 P 84b8a2cc35cb478a92186675d0944765 [term 4 FOLLOWER]: Leader election vote request: Granting yes vote for candidate 6f6e1d289b7d4c039ecccc4d445b04df in term 4.
I20260713 09:00:48.873862  1349 raft_consensus.cc:2804] T 613958b2c98347b793086134346a18d0 P 6f6e1d289b7d4c039ecccc4d445b04df [term 4 FOLLOWER]: Leader election won for term 4
I20260713 09:00:48.874939  1349 raft_consensus.cc:697] T 613958b2c98347b793086134346a18d0 P 6f6e1d289b7d4c039ecccc4d445b04df [term 4 LEADER]: Becoming Leader. State: Replica: 6f6e1d289b7d4c039ecccc4d445b04df, State: Running, Role: LEADER
I20260713 09:00:48.875754  1349 consensus_queue.cc:237] T 613958b2c98347b793086134346a18d0 P 6f6e1d289b7d4c039ecccc4d445b04df [LEADER]: Queue going to LEADER mode. State: All replicated index: 0, Majority replicated index: 3, Committed index: 3, Last appended: 3.3, Last appended by leader: 3, Current term: 4, Majority size: 2, State: 0, Mode: LEADER, active raft config: opid_index: -1 OBSOLETE_local: false peers { permanent_uuid: "84b8a2cc35cb478a92186675d0944765" member_type: VOTER last_known_addr { host: "127.0.107.193" port: 40849 } } peers { permanent_uuid: "56f919eaee674a269159a362be0ea18d" member_type: VOTER last_known_addr { host: "127.0.107.194" port: 40351 } } peers { permanent_uuid: "6f6e1d289b7d4c039ecccc4d445b04df" member_type: VOTER last_known_addr { host: "127.0.107.195" port: 36059 } }
I20260713 09:00:48.882026   965 catalog_manager.cc:5697] T 613958b2c98347b793086134346a18d0 P 6f6e1d289b7d4c039ecccc4d445b04df reported cstate change: term changed from 3 to 4, leader changed from 84b8a2cc35cb478a92186675d0944765 (127.0.107.193) to 6f6e1d289b7d4c039ecccc4d445b04df (127.0.107.195). New cstate: current_term: 4 leader_uuid: "6f6e1d289b7d4c039ecccc4d445b04df" committed_config { opid_index: -1 OBSOLETE_local: false peers { permanent_uuid: "84b8a2cc35cb478a92186675d0944765" member_type: VOTER last_known_addr { host: "127.0.107.193" port: 40849 } health_report { overall_health: UNKNOWN } } peers { permanent_uuid: "56f919eaee674a269159a362be0ea18d" member_type: VOTER last_known_addr { host: "127.0.107.194" port: 40351 } health_report { overall_health: UNKNOWN } } peers { permanent_uuid: "6f6e1d289b7d4c039ecccc4d445b04df" member_type: VOTER last_known_addr { host: "127.0.107.195" port: 36059 } health_report { overall_health: HEALTHY } } }
I20260713 09:00:49.112494  1365 raft_consensus.cc:993] T fde88dba85f14a7aa3ab16d1656fbb78 P 84b8a2cc35cb478a92186675d0944765: : Instructing follower 6f6e1d289b7d4c039ecccc4d445b04df to start an election
I20260713 09:00:49.112926  1388 raft_consensus.cc:1081] T fde88dba85f14a7aa3ab16d1656fbb78 P 84b8a2cc35cb478a92186675d0944765 [term 2 LEADER]: Signalling peer 6f6e1d289b7d4c039ecccc4d445b04df to start an election
I20260713 09:00:49.114315  1217 tablet_service.cc:2044] Received Run Leader Election RPC: tablet_id: "fde88dba85f14a7aa3ab16d1656fbb78"
dest_uuid: "6f6e1d289b7d4c039ecccc4d445b04df"
 from {username='slave'} at 127.0.0.1:34430
I20260713 09:00:49.114662  1217 raft_consensus.cc:493] T fde88dba85f14a7aa3ab16d1656fbb78 P 6f6e1d289b7d4c039ecccc4d445b04df [term 2 FOLLOWER]: Starting forced leader election (received explicit request)
I20260713 09:00:49.114883  1217 raft_consensus.cc:3060] T fde88dba85f14a7aa3ab16d1656fbb78 P 6f6e1d289b7d4c039ecccc4d445b04df [term 2 FOLLOWER]: Advancing to term 3
I20260713 09:00:49.118634  1217 raft_consensus.cc:515] T fde88dba85f14a7aa3ab16d1656fbb78 P 6f6e1d289b7d4c039ecccc4d445b04df [term 3 FOLLOWER]: Starting forced leader election with config: opid_index: -1 OBSOLETE_local: false peers { permanent_uuid: "84b8a2cc35cb478a92186675d0944765" member_type: VOTER last_known_addr { host: "127.0.107.193" port: 40849 } } peers { permanent_uuid: "56f919eaee674a269159a362be0ea18d" member_type: VOTER last_known_addr { host: "127.0.107.194" port: 40351 } } peers { permanent_uuid: "6f6e1d289b7d4c039ecccc4d445b04df" member_type: VOTER last_known_addr { host: "127.0.107.195" port: 36059 } }
I20260713 09:00:49.119972  1217 leader_election.cc:290] T fde88dba85f14a7aa3ab16d1656fbb78 P 6f6e1d289b7d4c039ecccc4d445b04df [CANDIDATE]: Term 3 election: Requested vote from peers 84b8a2cc35cb478a92186675d0944765 (127.0.107.193:40849), 56f919eaee674a269159a362be0ea18d (127.0.107.194:40351)
I20260713 09:00:49.120442  1066 tablet_service.cc:1917] Received RequestConsensusVote() RPC: tablet_id: "fde88dba85f14a7aa3ab16d1656fbb78" candidate_uuid: "6f6e1d289b7d4c039ecccc4d445b04df" candidate_term: 3 candidate_status { last_received { term: 2 index: 2 } } ignore_live_leader: true dest_uuid: "84b8a2cc35cb478a92186675d0944765"
I20260713 09:00:49.120950  1066 raft_consensus.cc:3055] T fde88dba85f14a7aa3ab16d1656fbb78 P 84b8a2cc35cb478a92186675d0944765 [term 2 LEADER]: Stepping down as leader of term 2
I20260713 09:00:49.120855  1143 tablet_service.cc:1917] Received RequestConsensusVote() RPC: tablet_id: "fde88dba85f14a7aa3ab16d1656fbb78" candidate_uuid: "6f6e1d289b7d4c039ecccc4d445b04df" candidate_term: 3 candidate_status { last_received { term: 2 index: 2 } } ignore_live_leader: true dest_uuid: "56f919eaee674a269159a362be0ea18d"
I20260713 09:00:49.121281  1066 raft_consensus.cc:740] T fde88dba85f14a7aa3ab16d1656fbb78 P 84b8a2cc35cb478a92186675d0944765 [term 2 LEADER]: Becoming Follower/Learner. State: Replica: 84b8a2cc35cb478a92186675d0944765, State: Running, Role: LEADER
I20260713 09:00:49.121439  1143 raft_consensus.cc:3060] T fde88dba85f14a7aa3ab16d1656fbb78 P 56f919eaee674a269159a362be0ea18d [term 2 FOLLOWER]: Advancing to term 3
I20260713 09:00:49.122061  1066 consensus_queue.cc:260] T fde88dba85f14a7aa3ab16d1656fbb78 P 84b8a2cc35cb478a92186675d0944765 [NON_LEADER]: Queue going to NON_LEADER mode. State: All replicated index: 0, Majority replicated index: 2, Committed index: 2, Last appended: 2.2, Last appended by leader: 2, Current term: 2, Majority size: -1, State: 0, Mode: NON_LEADER, active raft config: opid_index: -1 OBSOLETE_local: false peers { permanent_uuid: "84b8a2cc35cb478a92186675d0944765" member_type: VOTER last_known_addr { host: "127.0.107.193" port: 40849 } } peers { permanent_uuid: "56f919eaee674a269159a362be0ea18d" member_type: VOTER last_known_addr { host: "127.0.107.194" port: 40351 } } peers { permanent_uuid: "6f6e1d289b7d4c039ecccc4d445b04df" member_type: VOTER last_known_addr { host: "127.0.107.195" port: 36059 } }
I20260713 09:00:49.123100  1066 raft_consensus.cc:3060] T fde88dba85f14a7aa3ab16d1656fbb78 P 84b8a2cc35cb478a92186675d0944765 [term 2 FOLLOWER]: Advancing to term 3
I20260713 09:00:49.125188  1143 raft_consensus.cc:2468] T fde88dba85f14a7aa3ab16d1656fbb78 P 56f919eaee674a269159a362be0ea18d [term 3 FOLLOWER]: Leader election vote request: Granting yes vote for candidate 6f6e1d289b7d4c039ecccc4d445b04df in term 3.
I20260713 09:00:49.125991  1182 leader_election.cc:304] T fde88dba85f14a7aa3ab16d1656fbb78 P 6f6e1d289b7d4c039ecccc4d445b04df [CANDIDATE]: Term 3 election: Election decided. Result: candidate won. Election summary: received 2 responses out of 3 voters: 2 yes votes; 0 no votes. yes voters: 56f919eaee674a269159a362be0ea18d, 6f6e1d289b7d4c039ecccc4d445b04df; no voters: 
I20260713 09:00:49.126569  1349 raft_consensus.cc:2804] T fde88dba85f14a7aa3ab16d1656fbb78 P 6f6e1d289b7d4c039ecccc4d445b04df [term 3 FOLLOWER]: Leader election won for term 3
I20260713 09:00:49.126844  1066 raft_consensus.cc:2468] T fde88dba85f14a7aa3ab16d1656fbb78 P 84b8a2cc35cb478a92186675d0944765 [term 3 FOLLOWER]: Leader election vote request: Granting yes vote for candidate 6f6e1d289b7d4c039ecccc4d445b04df in term 3.
I20260713 09:00:49.127053  1349 raft_consensus.cc:697] T fde88dba85f14a7aa3ab16d1656fbb78 P 6f6e1d289b7d4c039ecccc4d445b04df [term 3 LEADER]: Becoming Leader. State: Replica: 6f6e1d289b7d4c039ecccc4d445b04df, State: Running, Role: LEADER
I20260713 09:00:49.127961  1349 consensus_queue.cc:237] T fde88dba85f14a7aa3ab16d1656fbb78 P 6f6e1d289b7d4c039ecccc4d445b04df [LEADER]: Queue going to LEADER mode. State: All replicated index: 0, Majority replicated index: 2, Committed index: 2, Last appended: 2.2, Last appended by leader: 2, Current term: 3, Majority size: 2, State: 0, Mode: LEADER, active raft config: opid_index: -1 OBSOLETE_local: false peers { permanent_uuid: "84b8a2cc35cb478a92186675d0944765" member_type: VOTER last_known_addr { host: "127.0.107.193" port: 40849 } } peers { permanent_uuid: "56f919eaee674a269159a362be0ea18d" member_type: VOTER last_known_addr { host: "127.0.107.194" port: 40351 } } peers { permanent_uuid: "6f6e1d289b7d4c039ecccc4d445b04df" member_type: VOTER last_known_addr { host: "127.0.107.195" port: 36059 } }
I20260713 09:00:49.134384   965 catalog_manager.cc:5697] T fde88dba85f14a7aa3ab16d1656fbb78 P 6f6e1d289b7d4c039ecccc4d445b04df reported cstate change: term changed from 2 to 3, leader changed from 84b8a2cc35cb478a92186675d0944765 (127.0.107.193) to 6f6e1d289b7d4c039ecccc4d445b04df (127.0.107.195). New cstate: current_term: 3 leader_uuid: "6f6e1d289b7d4c039ecccc4d445b04df" committed_config { opid_index: -1 OBSOLETE_local: false peers { permanent_uuid: "84b8a2cc35cb478a92186675d0944765" member_type: VOTER last_known_addr { host: "127.0.107.193" port: 40849 } health_report { overall_health: UNKNOWN } } peers { permanent_uuid: "56f919eaee674a269159a362be0ea18d" member_type: VOTER last_known_addr { host: "127.0.107.194" port: 40351 } health_report { overall_health: UNKNOWN } } peers { permanent_uuid: "6f6e1d289b7d4c039ecccc4d445b04df" member_type: VOTER last_known_addr { host: "127.0.107.195" port: 36059 } health_report { overall_health: HEALTHY } } }
I20260713 09:00:49.287194  1066 raft_consensus.cc:1275] T 64141ced961046b887c833132c3b465c P 84b8a2cc35cb478a92186675d0944765 [term 4 FOLLOWER]: Refusing update from remote peer 56f919eaee674a269159a362be0ea18d: Log matching property violated. Preceding OpId in replica: term: 3 index: 3. Preceding OpId from leader: term: 4 index: 4. (index mismatch)
I20260713 09:00:49.288339  1266 consensus_queue.cc:1048] T 64141ced961046b887c833132c3b465c P 56f919eaee674a269159a362be0ea18d [LEADER]: Connected to new peer: Peer: permanent_uuid: "84b8a2cc35cb478a92186675d0944765" member_type: VOTER last_known_addr { host: "127.0.107.193" port: 40849 }, Status: LMP_MISMATCH, Last received: 0.0, Next index: 4, Last known committed idx: 3, Time since last communication: 0.000s
I20260713 09:00:49.297698  1217 raft_consensus.cc:1275] T 64141ced961046b887c833132c3b465c P 6f6e1d289b7d4c039ecccc4d445b04df [term 4 FOLLOWER]: Refusing update from remote peer 56f919eaee674a269159a362be0ea18d: Log matching property violated. Preceding OpId in replica: term: 3 index: 3. Preceding OpId from leader: term: 4 index: 4. (index mismatch)
I20260713 09:00:49.299636  1389 consensus_queue.cc:1048] T 64141ced961046b887c833132c3b465c P 56f919eaee674a269159a362be0ea18d [LEADER]: Connected to new peer: Peer: permanent_uuid: "6f6e1d289b7d4c039ecccc4d445b04df" member_type: VOTER last_known_addr { host: "127.0.107.195" port: 36059 }, Status: LMP_MISMATCH, Last received: 0.0, Next index: 4, Last known committed idx: 3, Time since last communication: 0.000s
I20260713 09:00:49.332650  1144 raft_consensus.cc:1275] T 613958b2c98347b793086134346a18d0 P 56f919eaee674a269159a362be0ea18d [term 4 FOLLOWER]: Refusing update from remote peer 6f6e1d289b7d4c039ecccc4d445b04df: Log matching property violated. Preceding OpId in replica: term: 3 index: 3. Preceding OpId from leader: term: 4 index: 4. (index mismatch)
I20260713 09:00:49.333617  1349 consensus_queue.cc:1048] T 613958b2c98347b793086134346a18d0 P 6f6e1d289b7d4c039ecccc4d445b04df [LEADER]: Connected to new peer: Peer: permanent_uuid: "56f919eaee674a269159a362be0ea18d" member_type: VOTER last_known_addr { host: "127.0.107.194" port: 40351 }, Status: LMP_MISMATCH, Last received: 0.0, Next index: 4, Last known committed idx: 3, Time since last communication: 0.000s
I20260713 09:00:49.340629  1066 raft_consensus.cc:1275] T 092d25de51c24373b2afd46ac96425d4 P 84b8a2cc35cb478a92186675d0944765 [term 5 FOLLOWER]: Refusing update from remote peer 56f919eaee674a269159a362be0ea18d: Log matching property violated. Preceding OpId in replica: term: 4 index: 4. Preceding OpId from leader: term: 5 index: 5. (index mismatch)
I20260713 09:00:49.342216  1068 raft_consensus.cc:1275] T 613958b2c98347b793086134346a18d0 P 84b8a2cc35cb478a92186675d0944765 [term 4 FOLLOWER]: Refusing update from remote peer 6f6e1d289b7d4c039ecccc4d445b04df: Log matching property violated. Preceding OpId in replica: term: 3 index: 3. Preceding OpId from leader: term: 4 index: 4. (index mismatch)
I20260713 09:00:49.343431  1389 consensus_queue.cc:1048] T 092d25de51c24373b2afd46ac96425d4 P 56f919eaee674a269159a362be0ea18d [LEADER]: Connected to new peer: Peer: permanent_uuid: "84b8a2cc35cb478a92186675d0944765" member_type: VOTER last_known_addr { host: "127.0.107.193" port: 40849 }, Status: LMP_MISMATCH, Last received: 0.0, Next index: 5, Last known committed idx: 4, Time since last communication: 0.000s
I20260713 09:00:49.343977  1405 consensus_queue.cc:1048] T 613958b2c98347b793086134346a18d0 P 6f6e1d289b7d4c039ecccc4d445b04df [LEADER]: Connected to new peer: Peer: permanent_uuid: "84b8a2cc35cb478a92186675d0944765" member_type: VOTER last_known_addr { host: "127.0.107.193" port: 40849 }, Status: LMP_MISMATCH, Last received: 0.0, Next index: 4, Last known committed idx: 3, Time since last communication: 0.001s
I20260713 09:00:49.357497  1217 raft_consensus.cc:1275] T 092d25de51c24373b2afd46ac96425d4 P 6f6e1d289b7d4c039ecccc4d445b04df [term 5 FOLLOWER]: Refusing update from remote peer 56f919eaee674a269159a362be0ea18d: Log matching property violated. Preceding OpId in replica: term: 4 index: 4. Preceding OpId from leader: term: 5 index: 5. (index mismatch)
I20260713 09:00:49.359711  1409 consensus_queue.cc:1048] T 092d25de51c24373b2afd46ac96425d4 P 56f919eaee674a269159a362be0ea18d [LEADER]: Connected to new peer: Peer: permanent_uuid: "6f6e1d289b7d4c039ecccc4d445b04df" member_type: VOTER last_known_addr { host: "127.0.107.195" port: 36059 }, Status: LMP_MISMATCH, Last received: 0.0, Next index: 5, Last known committed idx: 4, Time since last communication: 0.001s
I20260713 09:00:49.517594  1066 raft_consensus.cc:1275] T fde88dba85f14a7aa3ab16d1656fbb78 P 84b8a2cc35cb478a92186675d0944765 [term 3 FOLLOWER]: Refusing update from remote peer 6f6e1d289b7d4c039ecccc4d445b04df: Log matching property violated. Preceding OpId in replica: term: 2 index: 2. Preceding OpId from leader: term: 3 index: 3. (index mismatch)
I20260713 09:00:49.518735  1405 consensus_queue.cc:1048] T fde88dba85f14a7aa3ab16d1656fbb78 P 6f6e1d289b7d4c039ecccc4d445b04df [LEADER]: Connected to new peer: Peer: permanent_uuid: "84b8a2cc35cb478a92186675d0944765" member_type: VOTER last_known_addr { host: "127.0.107.193" port: 40849 }, Status: LMP_MISMATCH, Last received: 0.0, Next index: 3, Last known committed idx: 2, Time since last communication: 0.000s
I20260713 09:00:49.526336  1144 raft_consensus.cc:1275] T fde88dba85f14a7aa3ab16d1656fbb78 P 56f919eaee674a269159a362be0ea18d [term 3 FOLLOWER]: Refusing update from remote peer 6f6e1d289b7d4c039ecccc4d445b04df: Log matching property violated. Preceding OpId in replica: term: 2 index: 2. Preceding OpId from leader: term: 3 index: 3. (index mismatch)
I20260713 09:00:49.527711  1405 consensus_queue.cc:1048] T fde88dba85f14a7aa3ab16d1656fbb78 P 6f6e1d289b7d4c039ecccc4d445b04df [LEADER]: Connected to new peer: Peer: permanent_uuid: "56f919eaee674a269159a362be0ea18d" member_type: VOTER last_known_addr { host: "127.0.107.194" port: 40351 }, Status: LMP_MISMATCH, Last received: 0.0, Next index: 3, Last known committed idx: 2, Time since last communication: 0.000s
I20260713 09:00:49.685057   431 auto_leader_rebalancer.cc:141] leader rebalance for table test-workload
I20260713 09:00:49.690805   431 tablet_server.cc:179] TabletServer@127.0.107.193:0 shutting down...
I20260713 09:00:49.718724   431 ts_tablet_manager.cc:1507] Shutting down tablet manager...
I20260713 09:00:49.719436   431 tablet_replica.cc:333] T debfb32375664ab09115018d50b1616f P 84b8a2cc35cb478a92186675d0944765: stopping tablet replica
I20260713 09:00:49.720077   431 raft_consensus.cc:2243] T debfb32375664ab09115018d50b1616f P 84b8a2cc35cb478a92186675d0944765 [term 3 LEADER]: Raft consensus shutting down.
I20260713 09:00:49.720824   431 raft_consensus.cc:2272] T debfb32375664ab09115018d50b1616f P 84b8a2cc35cb478a92186675d0944765 [term 3 FOLLOWER]: Raft consensus is shut down!
I20260713 09:00:49.722555   431 tablet_replica.cc:333] T 2ffd19bceea144f8a8ed82a8cc01cefc P 84b8a2cc35cb478a92186675d0944765: stopping tablet replica
I20260713 09:00:49.723091   431 raft_consensus.cc:2243] T 2ffd19bceea144f8a8ed82a8cc01cefc P 84b8a2cc35cb478a92186675d0944765 [term 2 LEADER]: Raft consensus shutting down.
I20260713 09:00:49.723817   431 raft_consensus.cc:2272] T 2ffd19bceea144f8a8ed82a8cc01cefc P 84b8a2cc35cb478a92186675d0944765 [term 2 FOLLOWER]: Raft consensus is shut down!
I20260713 09:00:49.725315   431 tablet_replica.cc:333] T 72b422eae7e64c8e9b8dbb7f259ca30b P 84b8a2cc35cb478a92186675d0944765: stopping tablet replica
I20260713 09:00:49.725777   431 raft_consensus.cc:2243] T 72b422eae7e64c8e9b8dbb7f259ca30b P 84b8a2cc35cb478a92186675d0944765 [term 1 FOLLOWER]: Raft consensus shutting down.
I20260713 09:00:49.726235   431 raft_consensus.cc:2272] T 72b422eae7e64c8e9b8dbb7f259ca30b P 84b8a2cc35cb478a92186675d0944765 [term 1 FOLLOWER]: Raft consensus is shut down!
I20260713 09:00:49.727674   431 tablet_replica.cc:333] T 613958b2c98347b793086134346a18d0 P 84b8a2cc35cb478a92186675d0944765: stopping tablet replica
I20260713 09:00:49.728158   431 raft_consensus.cc:2243] T 613958b2c98347b793086134346a18d0 P 84b8a2cc35cb478a92186675d0944765 [term 4 FOLLOWER]: Raft consensus shutting down.
I20260713 09:00:49.728518   431 raft_consensus.cc:2272] T 613958b2c98347b793086134346a18d0 P 84b8a2cc35cb478a92186675d0944765 [term 4 FOLLOWER]: Raft consensus is shut down!
I20260713 09:00:49.730361   431 tablet_replica.cc:333] T 092d25de51c24373b2afd46ac96425d4 P 84b8a2cc35cb478a92186675d0944765: stopping tablet replica
I20260713 09:00:49.730809   431 raft_consensus.cc:2243] T 092d25de51c24373b2afd46ac96425d4 P 84b8a2cc35cb478a92186675d0944765 [term 5 FOLLOWER]: Raft consensus shutting down.
I20260713 09:00:49.731166   431 raft_consensus.cc:2272] T 092d25de51c24373b2afd46ac96425d4 P 84b8a2cc35cb478a92186675d0944765 [term 5 FOLLOWER]: Raft consensus is shut down!
I20260713 09:00:49.732898   431 tablet_replica.cc:333] T 2b45de845dad4c3eb8e9e09489d530f4 P 84b8a2cc35cb478a92186675d0944765: stopping tablet replica
I20260713 09:00:49.733352   431 raft_consensus.cc:2243] T 2b45de845dad4c3eb8e9e09489d530f4 P 84b8a2cc35cb478a92186675d0944765 [term 2 LEADER]: Raft consensus shutting down.
I20260713 09:00:49.734066   431 raft_consensus.cc:2272] T 2b45de845dad4c3eb8e9e09489d530f4 P 84b8a2cc35cb478a92186675d0944765 [term 2 FOLLOWER]: Raft consensus is shut down!
I20260713 09:00:49.735569   431 tablet_replica.cc:333] T fe439efd173d4430b72c838ba9b8aeb8 P 84b8a2cc35cb478a92186675d0944765: stopping tablet replica
I20260713 09:00:49.736052   431 raft_consensus.cc:2243] T fe439efd173d4430b72c838ba9b8aeb8 P 84b8a2cc35cb478a92186675d0944765 [term 2 LEADER]: Raft consensus shutting down.
I20260713 09:00:49.736717   431 raft_consensus.cc:2272] T fe439efd173d4430b72c838ba9b8aeb8 P 84b8a2cc35cb478a92186675d0944765 [term 2 FOLLOWER]: Raft consensus is shut down!
I20260713 09:00:49.738305   431 tablet_replica.cc:333] T fde88dba85f14a7aa3ab16d1656fbb78 P 84b8a2cc35cb478a92186675d0944765: stopping tablet replica
I20260713 09:00:49.738751   431 raft_consensus.cc:2243] T fde88dba85f14a7aa3ab16d1656fbb78 P 84b8a2cc35cb478a92186675d0944765 [term 3 FOLLOWER]: Raft consensus shutting down.
I20260713 09:00:49.739118   431 raft_consensus.cc:2272] T fde88dba85f14a7aa3ab16d1656fbb78 P 84b8a2cc35cb478a92186675d0944765 [term 3 FOLLOWER]: Raft consensus is shut down!
I20260713 09:00:49.740933   431 tablet_replica.cc:333] T f55656d21e05463791b96c8dd5501fbd P 84b8a2cc35cb478a92186675d0944765: stopping tablet replica
I20260713 09:00:49.741376   431 raft_consensus.cc:2243] T f55656d21e05463791b96c8dd5501fbd P 84b8a2cc35cb478a92186675d0944765 [term 2 FOLLOWER]: Raft consensus shutting down.
I20260713 09:00:49.741779   431 raft_consensus.cc:2272] T f55656d21e05463791b96c8dd5501fbd P 84b8a2cc35cb478a92186675d0944765 [term 2 FOLLOWER]: Raft consensus is shut down!
I20260713 09:00:49.743244   431 tablet_replica.cc:333] T 64141ced961046b887c833132c3b465c P 84b8a2cc35cb478a92186675d0944765: stopping tablet replica
I20260713 09:00:49.743613   431 raft_consensus.cc:2243] T 64141ced961046b887c833132c3b465c P 84b8a2cc35cb478a92186675d0944765 [term 4 FOLLOWER]: Raft consensus shutting down.
I20260713 09:00:49.743916   431 raft_consensus.cc:2272] T 64141ced961046b887c833132c3b465c P 84b8a2cc35cb478a92186675d0944765 [term 4 FOLLOWER]: Raft consensus is shut down!
I20260713 09:00:49.775203   431 tablet_server.cc:196] TabletServer@127.0.107.193:0 shutdown complete.
W20260713 09:00:49.785825  1108 proxy.cc:239] Call had error, refreshing address and retrying: Network error: Client connection negotiation failed: client connection to 127.0.107.193:40849: connect: Connection refused (error 111)
W20260713 09:00:49.790066  1108 consensus_peers.cc:597] T 092d25de51c24373b2afd46ac96425d4 P 56f919eaee674a269159a362be0ea18d -> Peer 84b8a2cc35cb478a92186675d0944765 (127.0.107.193:40849): Couldn't send request to peer 84b8a2cc35cb478a92186675d0944765. Status: Network error: Client connection negotiation failed: client connection to 127.0.107.193:40849: connect: Connection refused (error 111). This is attempt 1: this message will repeat every 5th retry.
W20260713 09:00:49.790716  1108 consensus_peers.cc:597] T 64141ced961046b887c833132c3b465c P 56f919eaee674a269159a362be0ea18d -> Peer 84b8a2cc35cb478a92186675d0944765 (127.0.107.193:40849): Couldn't send request to peer 84b8a2cc35cb478a92186675d0944765. Status: Network error: Client connection negotiation failed: client connection to 127.0.107.193:40849: connect: Connection refused (error 111). This is attempt 1: this message will repeat every 5th retry.
I20260713 09:00:49.804906   431 tablet_server.cc:179] TabletServer@127.0.107.194:0 shutting down...
W20260713 09:00:49.818043  1182 consensus_peers.cc:597] T 72b422eae7e64c8e9b8dbb7f259ca30b P 6f6e1d289b7d4c039ecccc4d445b04df -> Peer 84b8a2cc35cb478a92186675d0944765 (127.0.107.193:40849): Couldn't send request to peer 84b8a2cc35cb478a92186675d0944765. Status: Network error: Client connection negotiation failed: client connection to 127.0.107.193:40849: connect: Connection refused (error 111). This is attempt 1: this message will repeat every 5th retry.
I20260713 09:00:49.829977   431 ts_tablet_manager.cc:1507] Shutting down tablet manager...
I20260713 09:00:49.830650   431 tablet_replica.cc:333] T debfb32375664ab09115018d50b1616f P 56f919eaee674a269159a362be0ea18d: stopping tablet replica
I20260713 09:00:49.831239   431 raft_consensus.cc:2243] T debfb32375664ab09115018d50b1616f P 56f919eaee674a269159a362be0ea18d [term 3 FOLLOWER]: Raft consensus shutting down.
I20260713 09:00:49.831681   431 raft_consensus.cc:2272] T debfb32375664ab09115018d50b1616f P 56f919eaee674a269159a362be0ea18d [term 3 FOLLOWER]: Raft consensus is shut down!
I20260713 09:00:49.833348   431 tablet_replica.cc:333] T 092d25de51c24373b2afd46ac96425d4 P 56f919eaee674a269159a362be0ea18d: stopping tablet replica
I20260713 09:00:49.833845   431 raft_consensus.cc:2243] T 092d25de51c24373b2afd46ac96425d4 P 56f919eaee674a269159a362be0ea18d [term 5 LEADER]: Raft consensus shutting down.
I20260713 09:00:49.834589   431 raft_consensus.cc:2272] T 092d25de51c24373b2afd46ac96425d4 P 56f919eaee674a269159a362be0ea18d [term 5 FOLLOWER]: Raft consensus is shut down!
I20260713 09:00:49.836522   431 tablet_replica.cc:333] T 72b422eae7e64c8e9b8dbb7f259ca30b P 56f919eaee674a269159a362be0ea18d: stopping tablet replica
I20260713 09:00:49.836987   431 raft_consensus.cc:2243] T 72b422eae7e64c8e9b8dbb7f259ca30b P 56f919eaee674a269159a362be0ea18d [term 1 FOLLOWER]: Raft consensus shutting down.
I20260713 09:00:49.837368   431 raft_consensus.cc:2272] T 72b422eae7e64c8e9b8dbb7f259ca30b P 56f919eaee674a269159a362be0ea18d [term 1 FOLLOWER]: Raft consensus is shut down!
I20260713 09:00:49.838987   431 tablet_replica.cc:333] T 613958b2c98347b793086134346a18d0 P 56f919eaee674a269159a362be0ea18d: stopping tablet replica
I20260713 09:00:49.839462   431 raft_consensus.cc:2243] T 613958b2c98347b793086134346a18d0 P 56f919eaee674a269159a362be0ea18d [term 4 FOLLOWER]: Raft consensus shutting down.
I20260713 09:00:49.839840   431 raft_consensus.cc:2272] T 613958b2c98347b793086134346a18d0 P 56f919eaee674a269159a362be0ea18d [term 4 FOLLOWER]: Raft consensus is shut down!
I20260713 09:00:49.841547   431 tablet_replica.cc:333] T 2ffd19bceea144f8a8ed82a8cc01cefc P 56f919eaee674a269159a362be0ea18d: stopping tablet replica
I20260713 09:00:49.842109   431 raft_consensus.cc:2243] T 2ffd19bceea144f8a8ed82a8cc01cefc P 56f919eaee674a269159a362be0ea18d [term 2 FOLLOWER]: Raft consensus shutting down.
I20260713 09:00:49.842497   431 raft_consensus.cc:2272] T 2ffd19bceea144f8a8ed82a8cc01cefc P 56f919eaee674a269159a362be0ea18d [term 2 FOLLOWER]: Raft consensus is shut down!
I20260713 09:00:49.843889   431 tablet_replica.cc:333] T f55656d21e05463791b96c8dd5501fbd P 56f919eaee674a269159a362be0ea18d: stopping tablet replica
I20260713 09:00:49.844357   431 raft_consensus.cc:2243] T f55656d21e05463791b96c8dd5501fbd P 56f919eaee674a269159a362be0ea18d [term 2 LEADER]: Raft consensus shutting down.
I20260713 09:00:49.845077   431 raft_consensus.cc:2272] T f55656d21e05463791b96c8dd5501fbd P 56f919eaee674a269159a362be0ea18d [term 2 FOLLOWER]: Raft consensus is shut down!
I20260713 09:00:49.846570   431 tablet_replica.cc:333] T fde88dba85f14a7aa3ab16d1656fbb78 P 56f919eaee674a269159a362be0ea18d: stopping tablet replica
I20260713 09:00:49.847011   431 raft_consensus.cc:2243] T fde88dba85f14a7aa3ab16d1656fbb78 P 56f919eaee674a269159a362be0ea18d [term 3 FOLLOWER]: Raft consensus shutting down.
I20260713 09:00:49.847406   431 raft_consensus.cc:2272] T fde88dba85f14a7aa3ab16d1656fbb78 P 56f919eaee674a269159a362be0ea18d [term 3 FOLLOWER]: Raft consensus is shut down!
I20260713 09:00:49.849112   431 tablet_replica.cc:333] T 64141ced961046b887c833132c3b465c P 56f919eaee674a269159a362be0ea18d: stopping tablet replica
I20260713 09:00:49.849565   431 raft_consensus.cc:2243] T 64141ced961046b887c833132c3b465c P 56f919eaee674a269159a362be0ea18d [term 4 LEADER]: Raft consensus shutting down.
I20260713 09:00:49.850240   431 raft_consensus.cc:2272] T 64141ced961046b887c833132c3b465c P 56f919eaee674a269159a362be0ea18d [term 4 FOLLOWER]: Raft consensus is shut down!
I20260713 09:00:49.851814   431 tablet_replica.cc:333] T fe439efd173d4430b72c838ba9b8aeb8 P 56f919eaee674a269159a362be0ea18d: stopping tablet replica
I20260713 09:00:49.852243   431 raft_consensus.cc:2243] T fe439efd173d4430b72c838ba9b8aeb8 P 56f919eaee674a269159a362be0ea18d [term 2 FOLLOWER]: Raft consensus shutting down.
I20260713 09:00:49.852622   431 raft_consensus.cc:2272] T fe439efd173d4430b72c838ba9b8aeb8 P 56f919eaee674a269159a362be0ea18d [term 2 FOLLOWER]: Raft consensus is shut down!
I20260713 09:00:49.854036   431 tablet_replica.cc:333] T 2b45de845dad4c3eb8e9e09489d530f4 P 56f919eaee674a269159a362be0ea18d: stopping tablet replica
I20260713 09:00:49.854461   431 raft_consensus.cc:2243] T 2b45de845dad4c3eb8e9e09489d530f4 P 56f919eaee674a269159a362be0ea18d [term 2 FOLLOWER]: Raft consensus shutting down.
I20260713 09:00:49.854854   431 raft_consensus.cc:2272] T 2b45de845dad4c3eb8e9e09489d530f4 P 56f919eaee674a269159a362be0ea18d [term 2 FOLLOWER]: Raft consensus is shut down!
I20260713 09:00:49.874877   431 tablet_server.cc:196] TabletServer@127.0.107.194:0 shutdown complete.
W20260713 09:00:49.874827  1182 consensus_peers.cc:597] T 613958b2c98347b793086134346a18d0 P 6f6e1d289b7d4c039ecccc4d445b04df -> Peer 84b8a2cc35cb478a92186675d0944765 (127.0.107.193:40849): Couldn't send request to peer 84b8a2cc35cb478a92186675d0944765. Status: Network error: Client connection negotiation failed: client connection to 127.0.107.193:40849: connect: Connection refused (error 111). This is attempt 1: this message will repeat every 5th retry.
I20260713 09:00:49.893110   431 tablet_server.cc:179] TabletServer@127.0.107.195:0 shutting down...
I20260713 09:00:49.917198   431 ts_tablet_manager.cc:1507] Shutting down tablet manager...
I20260713 09:00:49.918013   431 tablet_replica.cc:333] T 092d25de51c24373b2afd46ac96425d4 P 6f6e1d289b7d4c039ecccc4d445b04df: stopping tablet replica
I20260713 09:00:49.918640   431 raft_consensus.cc:2243] T 092d25de51c24373b2afd46ac96425d4 P 6f6e1d289b7d4c039ecccc4d445b04df [term 5 FOLLOWER]: Raft consensus shutting down.
I20260713 09:00:49.919102   431 raft_consensus.cc:2272] T 092d25de51c24373b2afd46ac96425d4 P 6f6e1d289b7d4c039ecccc4d445b04df [term 5 FOLLOWER]: Raft consensus is shut down!
I20260713 09:00:49.921757   431 tablet_replica.cc:333] T fde88dba85f14a7aa3ab16d1656fbb78 P 6f6e1d289b7d4c039ecccc4d445b04df: stopping tablet replica
I20260713 09:00:49.922330   431 raft_consensus.cc:2243] T fde88dba85f14a7aa3ab16d1656fbb78 P 6f6e1d289b7d4c039ecccc4d445b04df [term 3 LEADER]: Raft consensus shutting down.
I20260713 09:00:49.923065   431 raft_consensus.cc:2272] T fde88dba85f14a7aa3ab16d1656fbb78 P 6f6e1d289b7d4c039ecccc4d445b04df [term 3 FOLLOWER]: Raft consensus is shut down!
I20260713 09:00:49.925375   431 tablet_replica.cc:333] T f55656d21e05463791b96c8dd5501fbd P 6f6e1d289b7d4c039ecccc4d445b04df: stopping tablet replica
I20260713 09:00:49.925884   431 raft_consensus.cc:2243] T f55656d21e05463791b96c8dd5501fbd P 6f6e1d289b7d4c039ecccc4d445b04df [term 2 FOLLOWER]: Raft consensus shutting down.
I20260713 09:00:49.926359   431 raft_consensus.cc:2272] T f55656d21e05463791b96c8dd5501fbd P 6f6e1d289b7d4c039ecccc4d445b04df [term 2 FOLLOWER]: Raft consensus is shut down!
I20260713 09:00:49.927783   431 tablet_replica.cc:333] T 64141ced961046b887c833132c3b465c P 6f6e1d289b7d4c039ecccc4d445b04df: stopping tablet replica
I20260713 09:00:49.928275   431 raft_consensus.cc:2243] T 64141ced961046b887c833132c3b465c P 6f6e1d289b7d4c039ecccc4d445b04df [term 4 FOLLOWER]: Raft consensus shutting down.
I20260713 09:00:49.928646   431 raft_consensus.cc:2272] T 64141ced961046b887c833132c3b465c P 6f6e1d289b7d4c039ecccc4d445b04df [term 4 FOLLOWER]: Raft consensus is shut down!
I20260713 09:00:49.930666   431 tablet_replica.cc:333] T 72b422eae7e64c8e9b8dbb7f259ca30b P 6f6e1d289b7d4c039ecccc4d445b04df: stopping tablet replica
I20260713 09:00:49.931125   431 raft_consensus.cc:2243] T 72b422eae7e64c8e9b8dbb7f259ca30b P 6f6e1d289b7d4c039ecccc4d445b04df [term 1 LEADER]: Raft consensus shutting down.
I20260713 09:00:49.931794   431 raft_consensus.cc:2272] T 72b422eae7e64c8e9b8dbb7f259ca30b P 6f6e1d289b7d4c039ecccc4d445b04df [term 1 FOLLOWER]: Raft consensus is shut down!
I20260713 09:00:49.933207   431 tablet_replica.cc:333] T 613958b2c98347b793086134346a18d0 P 6f6e1d289b7d4c039ecccc4d445b04df: stopping tablet replica
I20260713 09:00:49.933650   431 raft_consensus.cc:2243] T 613958b2c98347b793086134346a18d0 P 6f6e1d289b7d4c039ecccc4d445b04df [term 4 LEADER]: Raft consensus shutting down.
I20260713 09:00:49.934361   431 raft_consensus.cc:2272] T 613958b2c98347b793086134346a18d0 P 6f6e1d289b7d4c039ecccc4d445b04df [term 4 FOLLOWER]: Raft consensus is shut down!
I20260713 09:00:49.935948   431 tablet_replica.cc:333] T 2ffd19bceea144f8a8ed82a8cc01cefc P 6f6e1d289b7d4c039ecccc4d445b04df: stopping tablet replica
I20260713 09:00:49.936420   431 raft_consensus.cc:2243] T 2ffd19bceea144f8a8ed82a8cc01cefc P 6f6e1d289b7d4c039ecccc4d445b04df [term 2 FOLLOWER]: Raft consensus shutting down.
I20260713 09:00:49.936801   431 raft_consensus.cc:2272] T 2ffd19bceea144f8a8ed82a8cc01cefc P 6f6e1d289b7d4c039ecccc4d445b04df [term 2 FOLLOWER]: Raft consensus is shut down!
I20260713 09:00:49.938405   431 tablet_replica.cc:333] T 2b45de845dad4c3eb8e9e09489d530f4 P 6f6e1d289b7d4c039ecccc4d445b04df: stopping tablet replica
I20260713 09:00:49.938849   431 raft_consensus.cc:2243] T 2b45de845dad4c3eb8e9e09489d530f4 P 6f6e1d289b7d4c039ecccc4d445b04df [term 2 FOLLOWER]: Raft consensus shutting down.
I20260713 09:00:49.939252   431 raft_consensus.cc:2272] T 2b45de845dad4c3eb8e9e09489d530f4 P 6f6e1d289b7d4c039ecccc4d445b04df [term 2 FOLLOWER]: Raft consensus is shut down!
I20260713 09:00:49.940752   431 tablet_replica.cc:333] T fe439efd173d4430b72c838ba9b8aeb8 P 6f6e1d289b7d4c039ecccc4d445b04df: stopping tablet replica
I20260713 09:00:49.941195   431 raft_consensus.cc:2243] T fe439efd173d4430b72c838ba9b8aeb8 P 6f6e1d289b7d4c039ecccc4d445b04df [term 2 FOLLOWER]: Raft consensus shutting down.
I20260713 09:00:49.941596   431 raft_consensus.cc:2272] T fe439efd173d4430b72c838ba9b8aeb8 P 6f6e1d289b7d4c039ecccc4d445b04df [term 2 FOLLOWER]: Raft consensus is shut down!
I20260713 09:00:49.943150   431 tablet_replica.cc:333] T debfb32375664ab09115018d50b1616f P 6f6e1d289b7d4c039ecccc4d445b04df: stopping tablet replica
I20260713 09:00:49.943571   431 raft_consensus.cc:2243] T debfb32375664ab09115018d50b1616f P 6f6e1d289b7d4c039ecccc4d445b04df [term 3 FOLLOWER]: Raft consensus shutting down.
I20260713 09:00:49.943969   431 raft_consensus.cc:2272] T debfb32375664ab09115018d50b1616f P 6f6e1d289b7d4c039ecccc4d445b04df [term 3 FOLLOWER]: Raft consensus is shut down!
I20260713 09:00:49.961568   431 tablet_server.cc:196] TabletServer@127.0.107.195:0 shutdown complete.
I20260713 09:00:49.978155   431 master.cc:562] Master@127.0.107.254:35511 shutting down...
W20260713 09:00:49.997009  1015 auto_rebalancer.cc:288] Could not retrieve cluster info: Service unavailable: Catalog manager is not initialized. State: Closing
I20260713 09:00:49.998073   431 raft_consensus.cc:2243] T 00000000000000000000000000000000 P 414fc5be223249fe8c03ff91402a6861 [term 1 LEADER]: Raft consensus shutting down.
I20260713 09:00:49.998641   431 raft_consensus.cc:2272] T 00000000000000000000000000000000 P 414fc5be223249fe8c03ff91402a6861 [term 1 FOLLOWER]: Raft consensus is shut down!
I20260713 09:00:49.998914   431 tablet_replica.cc:333] T 00000000000000000000000000000000 P 414fc5be223249fe8c03ff91402a6861: stopping tablet replica
I20260713 09:00:50.018471   431 master.cc:584] Master@127.0.107.254:35511 shutdown complete.
56f919eaee674a269159a362be0ea18d  4
6f6e1d289b7d4c039ecccc4d445b04df  1
84b8a2cc35cb478a92186675d0944765  5
[       OK ] LeaderRebalancerTest.FunctionalTestForNotDivided (10276 ms)
[ RUN      ] LeaderRebalancerTest.AddTserver
I20260713 09:00:50.055979   431 internal_mini_cluster.cc:156] Creating distributed mini masters. Addrs: 127.0.107.254:37459
I20260713 09:00:50.057052   431 file_cache.cc:504] Constructed file cache file cache with capacity 419430
W20260713 09:00:50.062141  1417 instance_detector.cc:116] could not retrieve AWS instance metadata: Network error: curl error: HTTP response code said error: The requested URL returned error: 404
W20260713 09:00:50.063091  1418 instance_detector.cc:116] could not retrieve Azure instance metadata: Network error: curl error: HTTP response code said error: The requested URL returned error: 404
W20260713 09:00:50.063452  1420 instance_detector.cc:116] could not retrieve OpenStack instance metadata: Network error: curl error: HTTP response code said error: The requested URL returned error: 404
I20260713 09:00:50.064013   431 server_base.cc:1061] running on GCE node
I20260713 09:00:50.064774   431 hybrid_clock.cc:584] initializing the hybrid clock with 'system_unsync' time source
W20260713 09:00:50.064966   431 system_unsync_time.cc:38] NTP support is disabled. Clock error bounds will not be accurate. This configuration is not suitable for distributed clusters.
I20260713 09:00:50.065122   431 hybrid_clock.cc:648] HybridClock initialized: now 1783933250065091 us; error 0 us; skew 500 ppm
I20260713 09:00:50.065629   431 server_base.cc:861] Flag tcmalloc_max_total_thread_cache_bytes is not working since tcmalloc is not enabled.
I20260713 09:00:50.067783   431 webserver.cc:533] Webserver started at http://127.0.107.254:44973/ using document root <none> and password file <none>
I20260713 09:00:50.068269   431 fs_manager.cc:362] Metadata directory not provided
I20260713 09:00:50.068452   431 fs_manager.cc:368] Using write-ahead log directory (fs_wal_dir) as metadata directory
I20260713 09:00:50.068725   431 server_base.cc:909] This appears to be a new deployment of Kudu; creating new FS layout
I20260713 09:00:50.069747   431 fs_manager.cc:1068] Generated new instance metadata in path /tmp/dist-test-task2la1Vu/test-tmp/auto_leader_rebalancer-test.0.LeaderRebalancerTest.AddTserver.1783933227108100-431-0/minicluster-data/master-0-root/instance:
uuid: "49cd3c5a5902480caf9628879290b864"
format_stamp: "Formatted at 2026-07-13 09:00:50 on dist-test-slave-p187"
I20260713 09:00:50.074138   431 fs_manager.cc:696] Time spent creating directory manager: real 0.004s	user 0.003s	sys 0.000s
I20260713 09:00:50.077092  1425 log_block_manager.cc:4127] Time spent loading block containers with low live blocks: real 0.000s	user 0.000s	sys 0.000s
I20260713 09:00:50.077827   431 fs_manager.cc:730] Time spent opening block manager: real 0.002s	user 0.003s	sys 0.000s
I20260713 09:00:50.078181   431 fs_manager.cc:647] Opened local filesystem: /tmp/dist-test-task2la1Vu/test-tmp/auto_leader_rebalancer-test.0.LeaderRebalancerTest.AddTserver.1783933227108100-431-0/minicluster-data/master-0-root
uuid: "49cd3c5a5902480caf9628879290b864"
format_stamp: "Formatted at 2026-07-13 09:00:50 on dist-test-slave-p187"
I20260713 09:00:50.078452   431 fs_report.cc:389] FS layout report
--------------------
wal directory: /tmp/dist-test-task2la1Vu/test-tmp/auto_leader_rebalancer-test.0.LeaderRebalancerTest.AddTserver.1783933227108100-431-0/minicluster-data/master-0-root
metadata directory: /tmp/dist-test-task2la1Vu/test-tmp/auto_leader_rebalancer-test.0.LeaderRebalancerTest.AddTserver.1783933227108100-431-0/minicluster-data/master-0-root
1 data directories: /tmp/dist-test-task2la1Vu/test-tmp/auto_leader_rebalancer-test.0.LeaderRebalancerTest.AddTserver.1783933227108100-431-0/minicluster-data/master-0-root/data
Total live blocks: 0
Total live bytes: 0
Total live bytes (after alignment): 0
Total number of LBM containers: 0 (0 full)
Did not check for missing blocks
Did not check for orphaned blocks
Total full LBM containers with extra space: 0 (0 repaired)
Total full LBM container extra space in bytes: 0 (0 repaired)
Total incomplete LBM containers: 0 (0 repaired)
Total LBM partial records: 0 (0 repaired)
Total corrupted LBM metadata records in RocksDB: 0 (0 repaired)
I20260713 09:00:50.099808   431 rpc_server.cc:225] running with OpenSSL 1.1.1  11 Sep 2018
I20260713 09:00:50.100920   431 kserver.cc:163] Server-wide thread pool size limit: 3276
I20260713 09:00:50.136569   431 rpc_server.cc:307] RPC server started. Bound to: 127.0.107.254:37459
I20260713 09:00:50.136650  1476 acceptor_pool.cc:272] collecting diagnostics on the listening RPC socket 127.0.107.254:37459 every 8 connection(s)
I20260713 09:00:50.140291  1477 data_dirs.cc:400] Could only allocate 1 dirs of requested 3 for tablet 00000000000000000000000000000000. 1 dirs total, 0 dirs full, 0 dirs failed
I20260713 09:00:50.149386  1477 tablet_bootstrap.cc:492] T 00000000000000000000000000000000 P 49cd3c5a5902480caf9628879290b864: Bootstrap starting.
I20260713 09:00:50.153746  1477 tablet_bootstrap.cc:654] T 00000000000000000000000000000000 P 49cd3c5a5902480caf9628879290b864: Neither blocks nor log segments found. Creating new log.
I20260713 09:00:50.157403  1477 tablet_bootstrap.cc:492] T 00000000000000000000000000000000 P 49cd3c5a5902480caf9628879290b864: No bootstrap required, opened a new log
I20260713 09:00:50.159372  1477 raft_consensus.cc:359] T 00000000000000000000000000000000 P 49cd3c5a5902480caf9628879290b864 [term 0 FOLLOWER]: Replica starting. Triggering 0 pending ops. Active config: opid_index: -1 OBSOLETE_local: true peers { permanent_uuid: "49cd3c5a5902480caf9628879290b864" member_type: VOTER }
I20260713 09:00:50.159693  1477 raft_consensus.cc:385] T 00000000000000000000000000000000 P 49cd3c5a5902480caf9628879290b864 [term 0 FOLLOWER]: Consensus starting up: Expiring failure detector timer to make a prompt election more likely
I20260713 09:00:50.159947  1477 raft_consensus.cc:740] T 00000000000000000000000000000000 P 49cd3c5a5902480caf9628879290b864 [term 0 FOLLOWER]: Becoming Follower/Learner. State: Replica: 49cd3c5a5902480caf9628879290b864, State: Initialized, Role: FOLLOWER
I20260713 09:00:50.160480  1477 consensus_queue.cc:260] T 00000000000000000000000000000000 P 49cd3c5a5902480caf9628879290b864 [NON_LEADER]: Queue going to NON_LEADER mode. State: All replicated index: 0, Majority replicated index: 0, Committed index: 0, Last appended: 0.0, Last appended by leader: 0, Current term: 0, Majority size: -1, State: 0, Mode: NON_LEADER, active raft config: opid_index: -1 OBSOLETE_local: true peers { permanent_uuid: "49cd3c5a5902480caf9628879290b864" member_type: VOTER }
I20260713 09:00:50.160902  1477 raft_consensus.cc:399] T 00000000000000000000000000000000 P 49cd3c5a5902480caf9628879290b864 [term 0 FOLLOWER]: Only one voter in the Raft config. Triggering election immediately
I20260713 09:00:50.161144  1477 raft_consensus.cc:493] T 00000000000000000000000000000000 P 49cd3c5a5902480caf9628879290b864 [term 0 FOLLOWER]: Starting leader election (initial election of a single-replica configuration)
I20260713 09:00:50.161417  1477 raft_consensus.cc:3060] T 00000000000000000000000000000000 P 49cd3c5a5902480caf9628879290b864 [term 0 FOLLOWER]: Advancing to term 1
I20260713 09:00:50.165066  1477 raft_consensus.cc:515] T 00000000000000000000000000000000 P 49cd3c5a5902480caf9628879290b864 [term 1 FOLLOWER]: Starting leader election with config: opid_index: -1 OBSOLETE_local: true peers { permanent_uuid: "49cd3c5a5902480caf9628879290b864" member_type: VOTER }
I20260713 09:00:50.165539  1477 leader_election.cc:304] T 00000000000000000000000000000000 P 49cd3c5a5902480caf9628879290b864 [CANDIDATE]: Term 1 election: Election decided. Result: candidate won. Election summary: received 1 responses out of 1 voters: 1 yes votes; 0 no votes. yes voters: 49cd3c5a5902480caf9628879290b864; no voters: 
I20260713 09:00:50.166630  1477 leader_election.cc:290] T 00000000000000000000000000000000 P 49cd3c5a5902480caf9628879290b864 [CANDIDATE]: Term 1 election: Requested vote from peers 
I20260713 09:00:50.166910  1480 raft_consensus.cc:2804] T 00000000000000000000000000000000 P 49cd3c5a5902480caf9628879290b864 [term 1 FOLLOWER]: Leader election won for term 1
I20260713 09:00:50.168174  1480 raft_consensus.cc:697] T 00000000000000000000000000000000 P 49cd3c5a5902480caf9628879290b864 [term 1 LEADER]: Becoming Leader. State: Replica: 49cd3c5a5902480caf9628879290b864, State: Running, Role: LEADER
I20260713 09:00:50.168820  1480 consensus_queue.cc:237] T 00000000000000000000000000000000 P 49cd3c5a5902480caf9628879290b864 [LEADER]: Queue going to LEADER mode. State: All replicated index: 0, Majority replicated index: 0, Committed index: 0, Last appended: 0.0, Last appended by leader: 0, Current term: 1, Majority size: 1, State: 0, Mode: LEADER, active raft config: opid_index: -1 OBSOLETE_local: true peers { permanent_uuid: "49cd3c5a5902480caf9628879290b864" member_type: VOTER }
I20260713 09:00:50.169443  1477 sys_catalog.cc:565] T 00000000000000000000000000000000 P 49cd3c5a5902480caf9628879290b864 [sys.catalog]: configured and running, proceeding with master startup.
