I20260713 09:00:31.297686   812 raft_consensus.cc:697] T 882e8ffe4980468791bbbc364dbc8f2f P bda043f6d8dc4f859b48769467bbca82 [term 2 LEADER]: Becoming Leader. State: Replica: bda043f6d8dc4f859b48769467bbca82, State: Running, Role: LEADER
I20260713 09:00:31.298426   812 consensus_queue.cc:237] T 882e8ffe4980468791bbbc364dbc8f2f P bda043f6d8dc4f859b48769467bbca82 [LEADER]: Queue going to LEADER mode. State: All replicated index: 0, Majority replicated index: 1, Committed index: 1, Last appended: 1.1, Last appended by leader: 1, Current term: 2, Majority size: 2, State: 0, Mode: LEADER, active raft config: opid_index: -1 OBSOLETE_local: false peers { permanent_uuid: "bda043f6d8dc4f859b48769467bbca82" member_type: VOTER last_known_addr { host: "127.0.107.193" port: 43053 } } peers { permanent_uuid: "a8b4b22bb26c4bdab48d83bb12fc1442" member_type: VOTER last_known_addr { host: "127.0.107.194" port: 35963 } } peers { permanent_uuid: "5b809280ec2549f58c40b71e5fac56ef" member_type: VOTER last_known_addr { host: "127.0.107.195" port: 33861 } }
I20260713 09:00:31.307763   463 catalog_manager.cc:5697] T 882e8ffe4980468791bbbc364dbc8f2f P bda043f6d8dc4f859b48769467bbca82 reported cstate change: term changed from 1 to 2, leader changed from 5b809280ec2549f58c40b71e5fac56ef (127.0.107.195) to bda043f6d8dc4f859b48769467bbca82 (127.0.107.193). New cstate: current_term: 2 leader_uuid: "bda043f6d8dc4f859b48769467bbca82" committed_config { opid_index: -1 OBSOLETE_local: false peers { permanent_uuid: "bda043f6d8dc4f859b48769467bbca82" member_type: VOTER last_known_addr { host: "127.0.107.193" port: 43053 } health_report { overall_health: HEALTHY } } peers { permanent_uuid: "a8b4b22bb26c4bdab48d83bb12fc1442" member_type: VOTER last_known_addr { host: "127.0.107.194" port: 35963 } health_report { overall_health: UNKNOWN } } peers { permanent_uuid: "5b809280ec2549f58c40b71e5fac56ef" member_type: VOTER last_known_addr { host: "127.0.107.195" port: 33861 } health_report { overall_health: UNKNOWN } } }
I20260713 09:00:31.320715   785 raft_consensus.cc:993] T 8a52caba2f9d473eb02249e0a94358a2 P 5b809280ec2549f58c40b71e5fac56ef: : Instructing follower bda043f6d8dc4f859b48769467bbca82 to start an election
I20260713 09:00:31.321123   764 raft_consensus.cc:1081] T 8a52caba2f9d473eb02249e0a94358a2 P 5b809280ec2549f58c40b71e5fac56ef [term 1 LEADER]: Signalling peer bda043f6d8dc4f859b48769467bbca82 to start an election
I20260713 09:00:31.322489   566 tablet_service.cc:2044] Received Run Leader Election RPC: tablet_id: "8a52caba2f9d473eb02249e0a94358a2"
dest_uuid: "bda043f6d8dc4f859b48769467bbca82"
 from {username='slave'} at 127.0.0.1:37554
I20260713 09:00:31.323093   566 raft_consensus.cc:493] T 8a52caba2f9d473eb02249e0a94358a2 P bda043f6d8dc4f859b48769467bbca82 [term 1 FOLLOWER]: Starting forced leader election (received explicit request)
I20260713 09:00:31.323434   566 raft_consensus.cc:3060] T 8a52caba2f9d473eb02249e0a94358a2 P bda043f6d8dc4f859b48769467bbca82 [term 1 FOLLOWER]: Advancing to term 2
I20260713 09:00:31.328637   566 raft_consensus.cc:515] T 8a52caba2f9d473eb02249e0a94358a2 P bda043f6d8dc4f859b48769467bbca82 [term 2 FOLLOWER]: Starting forced leader election with config: opid_index: -1 OBSOLETE_local: false peers { permanent_uuid: "bda043f6d8dc4f859b48769467bbca82" member_type: VOTER last_known_addr { host: "127.0.107.193" port: 43053 } } peers { permanent_uuid: "a8b4b22bb26c4bdab48d83bb12fc1442" member_type: VOTER last_known_addr { host: "127.0.107.194" port: 35963 } } peers { permanent_uuid: "5b809280ec2549f58c40b71e5fac56ef" member_type: VOTER last_known_addr { host: "127.0.107.195" port: 33861 } }
I20260713 09:00:31.330109   566 leader_election.cc:290] T 8a52caba2f9d473eb02249e0a94358a2 P bda043f6d8dc4f859b48769467bbca82 [CANDIDATE]: Term 2 election: Requested vote from peers a8b4b22bb26c4bdab48d83bb12fc1442 (127.0.107.194:35963), 5b809280ec2549f58c40b71e5fac56ef (127.0.107.195:33861)
I20260713 09:00:31.330866   640 tablet_service.cc:1917] Received RequestConsensusVote() RPC: tablet_id: "8a52caba2f9d473eb02249e0a94358a2" candidate_uuid: "bda043f6d8dc4f859b48769467bbca82" candidate_term: 2 candidate_status { last_received { term: 1 index: 1 } } ignore_live_leader: true dest_uuid: "a8b4b22bb26c4bdab48d83bb12fc1442"
I20260713 09:00:31.331075   715 tablet_service.cc:1917] Received RequestConsensusVote() RPC: tablet_id: "8a52caba2f9d473eb02249e0a94358a2" candidate_uuid: "bda043f6d8dc4f859b48769467bbca82" candidate_term: 2 candidate_status { last_received { term: 1 index: 1 } } ignore_live_leader: true dest_uuid: "5b809280ec2549f58c40b71e5fac56ef"
I20260713 09:00:31.331508   640 raft_consensus.cc:3060] T 8a52caba2f9d473eb02249e0a94358a2 P a8b4b22bb26c4bdab48d83bb12fc1442 [term 1 FOLLOWER]: Advancing to term 2
I20260713 09:00:31.331645   715 raft_consensus.cc:3055] T 8a52caba2f9d473eb02249e0a94358a2 P 5b809280ec2549f58c40b71e5fac56ef [term 1 LEADER]: Stepping down as leader of term 1
I20260713 09:00:31.332072   715 raft_consensus.cc:740] T 8a52caba2f9d473eb02249e0a94358a2 P 5b809280ec2549f58c40b71e5fac56ef [term 1 LEADER]: Becoming Follower/Learner. State: Replica: 5b809280ec2549f58c40b71e5fac56ef, State: Running, Role: LEADER
I20260713 09:00:31.332806   715 consensus_queue.cc:260] T 8a52caba2f9d473eb02249e0a94358a2 P 5b809280ec2549f58c40b71e5fac56ef [NON_LEADER]: Queue going to NON_LEADER mode. State: All replicated index: 0, Majority replicated index: 1, Committed index: 1, Last appended: 1.1, Last appended by leader: 1, Current term: 1, Majority size: -1, State: 0, Mode: NON_LEADER, active raft config: opid_index: -1 OBSOLETE_local: false peers { permanent_uuid: "bda043f6d8dc4f859b48769467bbca82" member_type: VOTER last_known_addr { host: "127.0.107.193" port: 43053 } } peers { permanent_uuid: "a8b4b22bb26c4bdab48d83bb12fc1442" member_type: VOTER last_known_addr { host: "127.0.107.194" port: 35963 } } peers { permanent_uuid: "5b809280ec2549f58c40b71e5fac56ef" member_type: VOTER last_known_addr { host: "127.0.107.195" port: 33861 } }
I20260713 09:00:31.336918   715 raft_consensus.cc:3060] T 8a52caba2f9d473eb02249e0a94358a2 P 5b809280ec2549f58c40b71e5fac56ef [term 1 FOLLOWER]: Advancing to term 2
I20260713 09:00:31.338423   640 raft_consensus.cc:2468] T 8a52caba2f9d473eb02249e0a94358a2 P a8b4b22bb26c4bdab48d83bb12fc1442 [term 2 FOLLOWER]: Leader election vote request: Granting yes vote for candidate bda043f6d8dc4f859b48769467bbca82 in term 2.
I20260713 09:00:31.339697   530 leader_election.cc:304] T 8a52caba2f9d473eb02249e0a94358a2 P bda043f6d8dc4f859b48769467bbca82 [CANDIDATE]: Term 2 election: Election decided. Result: candidate won. Election summary: received 2 responses out of 3 voters: 2 yes votes; 0 no votes. yes voters: a8b4b22bb26c4bdab48d83bb12fc1442, bda043f6d8dc4f859b48769467bbca82; no voters: 
I20260713 09:00:31.340458   812 raft_consensus.cc:2804] T 8a52caba2f9d473eb02249e0a94358a2 P bda043f6d8dc4f859b48769467bbca82 [term 2 FOLLOWER]: Leader election won for term 2
I20260713 09:00:31.340901   812 raft_consensus.cc:697] T 8a52caba2f9d473eb02249e0a94358a2 P bda043f6d8dc4f859b48769467bbca82 [term 2 LEADER]: Becoming Leader. State: Replica: bda043f6d8dc4f859b48769467bbca82, State: Running, Role: LEADER
I20260713 09:00:31.341684   812 consensus_queue.cc:237] T 8a52caba2f9d473eb02249e0a94358a2 P bda043f6d8dc4f859b48769467bbca82 [LEADER]: Queue going to LEADER mode. State: All replicated index: 0, Majority replicated index: 1, Committed index: 1, Last appended: 1.1, Last appended by leader: 1, Current term: 2, Majority size: 2, State: 0, Mode: LEADER, active raft config: opid_index: -1 OBSOLETE_local: false peers { permanent_uuid: "bda043f6d8dc4f859b48769467bbca82" member_type: VOTER last_known_addr { host: "127.0.107.193" port: 43053 } } peers { permanent_uuid: "a8b4b22bb26c4bdab48d83bb12fc1442" member_type: VOTER last_known_addr { host: "127.0.107.194" port: 35963 } } peers { permanent_uuid: "5b809280ec2549f58c40b71e5fac56ef" member_type: VOTER last_known_addr { host: "127.0.107.195" port: 33861 } }
I20260713 09:00:31.343994   715 raft_consensus.cc:2468] T 8a52caba2f9d473eb02249e0a94358a2 P 5b809280ec2549f58c40b71e5fac56ef [term 2 FOLLOWER]: Leader election vote request: Granting yes vote for candidate bda043f6d8dc4f859b48769467bbca82 in term 2.
I20260713 09:00:31.349370   463 catalog_manager.cc:5697] T 8a52caba2f9d473eb02249e0a94358a2 P bda043f6d8dc4f859b48769467bbca82 reported cstate change: term changed from 1 to 2, leader changed from 5b809280ec2549f58c40b71e5fac56ef (127.0.107.195) to bda043f6d8dc4f859b48769467bbca82 (127.0.107.193). New cstate: current_term: 2 leader_uuid: "bda043f6d8dc4f859b48769467bbca82" committed_config { opid_index: -1 OBSOLETE_local: false peers { permanent_uuid: "bda043f6d8dc4f859b48769467bbca82" member_type: VOTER last_known_addr { host: "127.0.107.193" port: 43053 } health_report { overall_health: HEALTHY } } peers { permanent_uuid: "a8b4b22bb26c4bdab48d83bb12fc1442" member_type: VOTER last_known_addr { host: "127.0.107.194" port: 35963 } health_report { overall_health: UNKNOWN } } peers { permanent_uuid: "5b809280ec2549f58c40b71e5fac56ef" member_type: VOTER last_known_addr { host: "127.0.107.195" port: 33861 } health_report { overall_health: UNKNOWN } } }
I20260713 09:00:31.508966   766 raft_consensus.cc:993] T 99409293e2084be6a4cefcc6742cfad1 P a8b4b22bb26c4bdab48d83bb12fc1442: : Instructing follower bda043f6d8dc4f859b48769467bbca82 to start an election
I20260713 09:00:31.509373   787 raft_consensus.cc:1081] T 99409293e2084be6a4cefcc6742cfad1 P a8b4b22bb26c4bdab48d83bb12fc1442 [term 1 LEADER]: Signalling peer bda043f6d8dc4f859b48769467bbca82 to start an election
I20260713 09:00:31.511497   566 tablet_service.cc:2044] Received Run Leader Election RPC: tablet_id: "99409293e2084be6a4cefcc6742cfad1"
dest_uuid: "bda043f6d8dc4f859b48769467bbca82"
 from {username='slave'} at 127.0.0.1:37568
I20260713 09:00:31.511988   566 raft_consensus.cc:493] T 99409293e2084be6a4cefcc6742cfad1 P bda043f6d8dc4f859b48769467bbca82 [term 1 FOLLOWER]: Starting forced leader election (received explicit request)
I20260713 09:00:31.512310   566 raft_consensus.cc:3060] T 99409293e2084be6a4cefcc6742cfad1 P bda043f6d8dc4f859b48769467bbca82 [term 1 FOLLOWER]: Advancing to term 2
I20260713 09:00:31.518673   566 raft_consensus.cc:515] T 99409293e2084be6a4cefcc6742cfad1 P bda043f6d8dc4f859b48769467bbca82 [term 2 FOLLOWER]: Starting forced leader election with config: opid_index: -1 OBSOLETE_local: false peers { permanent_uuid: "bda043f6d8dc4f859b48769467bbca82" member_type: VOTER last_known_addr { host: "127.0.107.193" port: 43053 } } peers { permanent_uuid: "a8b4b22bb26c4bdab48d83bb12fc1442" member_type: VOTER last_known_addr { host: "127.0.107.194" port: 35963 } } peers { permanent_uuid: "5b809280ec2549f58c40b71e5fac56ef" member_type: VOTER last_known_addr { host: "127.0.107.195" port: 33861 } }
I20260713 09:00:31.520259   566 leader_election.cc:290] T 99409293e2084be6a4cefcc6742cfad1 P bda043f6d8dc4f859b48769467bbca82 [CANDIDATE]: Term 2 election: Requested vote from peers a8b4b22bb26c4bdab48d83bb12fc1442 (127.0.107.194:35963), 5b809280ec2549f58c40b71e5fac56ef (127.0.107.195:33861)
I20260713 09:00:31.521282   715 tablet_service.cc:1917] Received RequestConsensusVote() RPC: tablet_id: "99409293e2084be6a4cefcc6742cfad1" candidate_uuid: "bda043f6d8dc4f859b48769467bbca82" candidate_term: 2 candidate_status { last_received { term: 1 index: 1 } } ignore_live_leader: true dest_uuid: "5b809280ec2549f58c40b71e5fac56ef"
I20260713 09:00:31.521211   640 tablet_service.cc:1917] Received RequestConsensusVote() RPC: tablet_id: "99409293e2084be6a4cefcc6742cfad1" candidate_uuid: "bda043f6d8dc4f859b48769467bbca82" candidate_term: 2 candidate_status { last_received { term: 1 index: 1 } } ignore_live_leader: true dest_uuid: "a8b4b22bb26c4bdab48d83bb12fc1442"
I20260713 09:00:31.521958   640 raft_consensus.cc:3055] T 99409293e2084be6a4cefcc6742cfad1 P a8b4b22bb26c4bdab48d83bb12fc1442 [term 1 LEADER]: Stepping down as leader of term 1
I20260713 09:00:31.521883   715 raft_consensus.cc:3060] T 99409293e2084be6a4cefcc6742cfad1 P 5b809280ec2549f58c40b71e5fac56ef [term 1 FOLLOWER]: Advancing to term 2
I20260713 09:00:31.522384   640 raft_consensus.cc:740] T 99409293e2084be6a4cefcc6742cfad1 P a8b4b22bb26c4bdab48d83bb12fc1442 [term 1 LEADER]: Becoming Follower/Learner. State: Replica: a8b4b22bb26c4bdab48d83bb12fc1442, State: Running, Role: LEADER
I20260713 09:00:31.523144   640 consensus_queue.cc:260] T 99409293e2084be6a4cefcc6742cfad1 P a8b4b22bb26c4bdab48d83bb12fc1442 [NON_LEADER]: Queue going to NON_LEADER mode. State: All replicated index: 0, Majority replicated index: 1, Committed index: 1, Last appended: 1.1, Last appended by leader: 1, Current term: 1, Majority size: -1, State: 0, Mode: NON_LEADER, active raft config: opid_index: -1 OBSOLETE_local: false peers { permanent_uuid: "bda043f6d8dc4f859b48769467bbca82" member_type: VOTER last_known_addr { host: "127.0.107.193" port: 43053 } } peers { permanent_uuid: "a8b4b22bb26c4bdab48d83bb12fc1442" member_type: VOTER last_known_addr { host: "127.0.107.194" port: 35963 } } peers { permanent_uuid: "5b809280ec2549f58c40b71e5fac56ef" member_type: VOTER last_known_addr { host: "127.0.107.195" port: 33861 } }
I20260713 09:00:31.524192   640 raft_consensus.cc:3060] T 99409293e2084be6a4cefcc6742cfad1 P a8b4b22bb26c4bdab48d83bb12fc1442 [term 1 FOLLOWER]: Advancing to term 2
I20260713 09:00:31.529186   715 raft_consensus.cc:2468] T 99409293e2084be6a4cefcc6742cfad1 P 5b809280ec2549f58c40b71e5fac56ef [term 2 FOLLOWER]: Leader election vote request: Granting yes vote for candidate bda043f6d8dc4f859b48769467bbca82 in term 2.
I20260713 09:00:31.530407   529 leader_election.cc:304] T 99409293e2084be6a4cefcc6742cfad1 P bda043f6d8dc4f859b48769467bbca82 [CANDIDATE]: Term 2 election: Election decided. Result: candidate won. Election summary: received 2 responses out of 3 voters: 2 yes votes; 0 no votes. yes voters: 5b809280ec2549f58c40b71e5fac56ef, bda043f6d8dc4f859b48769467bbca82; no voters: 
I20260713 09:00:31.531225   812 raft_consensus.cc:2804] T 99409293e2084be6a4cefcc6742cfad1 P bda043f6d8dc4f859b48769467bbca82 [term 2 FOLLOWER]: Leader election won for term 2
I20260713 09:00:31.530745   640 raft_consensus.cc:2468] T 99409293e2084be6a4cefcc6742cfad1 P a8b4b22bb26c4bdab48d83bb12fc1442 [term 2 FOLLOWER]: Leader election vote request: Granting yes vote for candidate bda043f6d8dc4f859b48769467bbca82 in term 2.
I20260713 09:00:31.531682   812 raft_consensus.cc:697] T 99409293e2084be6a4cefcc6742cfad1 P bda043f6d8dc4f859b48769467bbca82 [term 2 LEADER]: Becoming Leader. State: Replica: bda043f6d8dc4f859b48769467bbca82, State: Running, Role: LEADER
I20260713 09:00:31.532465   812 consensus_queue.cc:237] T 99409293e2084be6a4cefcc6742cfad1 P bda043f6d8dc4f859b48769467bbca82 [LEADER]: Queue going to LEADER mode. State: All replicated index: 0, Majority replicated index: 1, Committed index: 1, Last appended: 1.1, Last appended by leader: 1, Current term: 2, Majority size: 2, State: 0, Mode: LEADER, active raft config: opid_index: -1 OBSOLETE_local: false peers { permanent_uuid: "bda043f6d8dc4f859b48769467bbca82" member_type: VOTER last_known_addr { host: "127.0.107.193" port: 43053 } } peers { permanent_uuid: "a8b4b22bb26c4bdab48d83bb12fc1442" member_type: VOTER last_known_addr { host: "127.0.107.194" port: 35963 } } peers { permanent_uuid: "5b809280ec2549f58c40b71e5fac56ef" member_type: VOTER last_known_addr { host: "127.0.107.195" port: 33861 } }
I20260713 09:00:31.533053   787 raft_consensus.cc:993] T 3d89b65da769479a954c5338c3dbf55d P a8b4b22bb26c4bdab48d83bb12fc1442: : Instructing follower bda043f6d8dc4f859b48769467bbca82 to start an election
I20260713 09:00:31.533468   787 raft_consensus.cc:1081] T 3d89b65da769479a954c5338c3dbf55d P a8b4b22bb26c4bdab48d83bb12fc1442 [term 1 LEADER]: Signalling peer bda043f6d8dc4f859b48769467bbca82 to start an election
I20260713 09:00:31.534941   566 tablet_service.cc:2044] Received Run Leader Election RPC: tablet_id: "3d89b65da769479a954c5338c3dbf55d"
dest_uuid: "bda043f6d8dc4f859b48769467bbca82"
 from {username='slave'} at 127.0.0.1:37568
I20260713 09:00:31.535482   566 raft_consensus.cc:493] T 3d89b65da769479a954c5338c3dbf55d P bda043f6d8dc4f859b48769467bbca82 [term 1 FOLLOWER]: Starting forced leader election (received explicit request)
I20260713 09:00:31.535898   566 raft_consensus.cc:3060] T 3d89b65da769479a954c5338c3dbf55d P bda043f6d8dc4f859b48769467bbca82 [term 1 FOLLOWER]: Advancing to term 2
I20260713 09:00:31.540381   463 catalog_manager.cc:5697] T 99409293e2084be6a4cefcc6742cfad1 P bda043f6d8dc4f859b48769467bbca82 reported cstate change: term changed from 1 to 2, leader changed from a8b4b22bb26c4bdab48d83bb12fc1442 (127.0.107.194) to bda043f6d8dc4f859b48769467bbca82 (127.0.107.193). New cstate: current_term: 2 leader_uuid: "bda043f6d8dc4f859b48769467bbca82" committed_config { opid_index: -1 OBSOLETE_local: false peers { permanent_uuid: "bda043f6d8dc4f859b48769467bbca82" member_type: VOTER last_known_addr { host: "127.0.107.193" port: 43053 } health_report { overall_health: HEALTHY } } peers { permanent_uuid: "a8b4b22bb26c4bdab48d83bb12fc1442" member_type: VOTER last_known_addr { host: "127.0.107.194" port: 35963 } health_report { overall_health: UNKNOWN } } peers { permanent_uuid: "5b809280ec2549f58c40b71e5fac56ef" member_type: VOTER last_known_addr { host: "127.0.107.195" port: 33861 } health_report { overall_health: UNKNOWN } } }
I20260713 09:00:31.543351   566 raft_consensus.cc:515] T 3d89b65da769479a954c5338c3dbf55d P bda043f6d8dc4f859b48769467bbca82 [term 2 FOLLOWER]: Starting forced leader election with config: opid_index: -1 OBSOLETE_local: false peers { permanent_uuid: "bda043f6d8dc4f859b48769467bbca82" member_type: VOTER last_known_addr { host: "127.0.107.193" port: 43053 } } peers { permanent_uuid: "a8b4b22bb26c4bdab48d83bb12fc1442" member_type: VOTER last_known_addr { host: "127.0.107.194" port: 35963 } } peers { permanent_uuid: "5b809280ec2549f58c40b71e5fac56ef" member_type: VOTER last_known_addr { host: "127.0.107.195" port: 33861 } }
I20260713 09:00:31.545920   566 leader_election.cc:290] T 3d89b65da769479a954c5338c3dbf55d P bda043f6d8dc4f859b48769467bbca82 [CANDIDATE]: Term 2 election: Requested vote from peers a8b4b22bb26c4bdab48d83bb12fc1442 (127.0.107.194:35963), 5b809280ec2549f58c40b71e5fac56ef (127.0.107.195:33861)
I20260713 09:00:31.547236   715 raft_consensus.cc:3060] T 9be0af1f602845ddbe98cfc7091196ea P 5b809280ec2549f58c40b71e5fac56ef [term 1 FOLLOWER]: Advancing to term 2
I20260713 09:00:31.547123   714 tablet_service.cc:1917] Received RequestConsensusVote() RPC: tablet_id: "3d89b65da769479a954c5338c3dbf55d" candidate_uuid: "bda043f6d8dc4f859b48769467bbca82" candidate_term: 2 candidate_status { last_received { term: 1 index: 1 } } ignore_live_leader: true dest_uuid: "5b809280ec2549f58c40b71e5fac56ef"
I20260713 09:00:31.547794   714 raft_consensus.cc:3060] T 3d89b65da769479a954c5338c3dbf55d P 5b809280ec2549f58c40b71e5fac56ef [term 1 FOLLOWER]: Advancing to term 2
I20260713 09:00:31.548172   640 tablet_service.cc:1917] Received RequestConsensusVote() RPC: tablet_id: "3d89b65da769479a954c5338c3dbf55d" candidate_uuid: "bda043f6d8dc4f859b48769467bbca82" candidate_term: 2 candidate_status { last_received { term: 1 index: 1 } } ignore_live_leader: true dest_uuid: "a8b4b22bb26c4bdab48d83bb12fc1442"
I20260713 09:00:31.548700   640 raft_consensus.cc:3055] T 3d89b65da769479a954c5338c3dbf55d P a8b4b22bb26c4bdab48d83bb12fc1442 [term 1 LEADER]: Stepping down as leader of term 1
I20260713 09:00:31.548964   640 raft_consensus.cc:740] T 3d89b65da769479a954c5338c3dbf55d P a8b4b22bb26c4bdab48d83bb12fc1442 [term 1 LEADER]: Becoming Follower/Learner. State: Replica: a8b4b22bb26c4bdab48d83bb12fc1442, State: Running, Role: LEADER
I20260713 09:00:31.549628   640 consensus_queue.cc:260] T 3d89b65da769479a954c5338c3dbf55d P a8b4b22bb26c4bdab48d83bb12fc1442 [NON_LEADER]: Queue going to NON_LEADER mode. State: All replicated index: 0, Majority replicated index: 1, Committed index: 1, Last appended: 1.1, Last appended by leader: 1, Current term: 1, Majority size: -1, State: 0, Mode: NON_LEADER, active raft config: opid_index: -1 OBSOLETE_local: false peers { permanent_uuid: "bda043f6d8dc4f859b48769467bbca82" member_type: VOTER last_known_addr { host: "127.0.107.193" port: 43053 } } peers { permanent_uuid: "a8b4b22bb26c4bdab48d83bb12fc1442" member_type: VOTER last_known_addr { host: "127.0.107.194" port: 35963 } } peers { permanent_uuid: "5b809280ec2549f58c40b71e5fac56ef" member_type: VOTER last_known_addr { host: "127.0.107.195" port: 33861 } }
I20260713 09:00:31.550732   640 raft_consensus.cc:3060] T 3d89b65da769479a954c5338c3dbf55d P a8b4b22bb26c4bdab48d83bb12fc1442 [term 1 FOLLOWER]: Advancing to term 2
I20260713 09:00:31.554134   715 raft_consensus.cc:1275] T 9be0af1f602845ddbe98cfc7091196ea P 5b809280ec2549f58c40b71e5fac56ef [term 2 FOLLOWER]: Refusing update from remote peer a8b4b22bb26c4bdab48d83bb12fc1442: Log matching property violated. Preceding OpId in replica: term: 1 index: 1. Preceding OpId from leader: term: 2 index: 2. (index mismatch)
I20260713 09:00:31.554131   714 raft_consensus.cc:2468] T 3d89b65da769479a954c5338c3dbf55d P 5b809280ec2549f58c40b71e5fac56ef [term 2 FOLLOWER]: Leader election vote request: Granting yes vote for candidate bda043f6d8dc4f859b48769467bbca82 in term 2.
I20260713 09:00:31.555438   529 leader_election.cc:304] T 3d89b65da769479a954c5338c3dbf55d P bda043f6d8dc4f859b48769467bbca82 [CANDIDATE]: Term 2 election: Election decided. Result: candidate won. Election summary: received 2 responses out of 3 voters: 2 yes votes; 0 no votes. yes voters: 5b809280ec2549f58c40b71e5fac56ef, bda043f6d8dc4f859b48769467bbca82; no voters: 
I20260713 09:00:31.555612   787 consensus_queue.cc:1048] T 9be0af1f602845ddbe98cfc7091196ea P a8b4b22bb26c4bdab48d83bb12fc1442 [LEADER]: Connected to new peer: Peer: permanent_uuid: "5b809280ec2549f58c40b71e5fac56ef" member_type: VOTER last_known_addr { host: "127.0.107.195" port: 33861 }, Status: LMP_MISMATCH, Last received: 0.0, Next index: 2, Last known committed idx: 1, Time since last communication: 0.000s
I20260713 09:00:31.556360   812 raft_consensus.cc:2804] T 3d89b65da769479a954c5338c3dbf55d P bda043f6d8dc4f859b48769467bbca82 [term 2 FOLLOWER]: Leader election won for term 2
I20260713 09:00:31.557086   812 raft_consensus.cc:697] T 3d89b65da769479a954c5338c3dbf55d P bda043f6d8dc4f859b48769467bbca82 [term 2 LEADER]: Becoming Leader. State: Replica: bda043f6d8dc4f859b48769467bbca82, State: Running, Role: LEADER
I20260713 09:00:31.557950   812 consensus_queue.cc:237] T 3d89b65da769479a954c5338c3dbf55d P bda043f6d8dc4f859b48769467bbca82 [LEADER]: Queue going to LEADER mode. State: All replicated index: 0, Majority replicated index: 1, Committed index: 1, Last appended: 1.1, Last appended by leader: 1, Current term: 2, Majority size: 2, State: 0, Mode: LEADER, active raft config: opid_index: -1 OBSOLETE_local: false peers { permanent_uuid: "bda043f6d8dc4f859b48769467bbca82" member_type: VOTER last_known_addr { host: "127.0.107.193" port: 43053 } } peers { permanent_uuid: "a8b4b22bb26c4bdab48d83bb12fc1442" member_type: VOTER last_known_addr { host: "127.0.107.194" port: 35963 } } peers { permanent_uuid: "5b809280ec2549f58c40b71e5fac56ef" member_type: VOTER last_known_addr { host: "127.0.107.195" port: 33861 } }
I20260713 09:00:31.568138   566 raft_consensus.cc:1275] T 9be0af1f602845ddbe98cfc7091196ea P bda043f6d8dc4f859b48769467bbca82 [term 2 FOLLOWER]: Refusing update from remote peer a8b4b22bb26c4bdab48d83bb12fc1442: Log matching property violated. Preceding OpId in replica: term: 1 index: 1. Preceding OpId from leader: term: 2 index: 2. (index mismatch)
I20260713 09:00:31.569905   787 consensus_queue.cc:1048] T 9be0af1f602845ddbe98cfc7091196ea P a8b4b22bb26c4bdab48d83bb12fc1442 [LEADER]: Connected to new peer: Peer: permanent_uuid: "bda043f6d8dc4f859b48769467bbca82" member_type: VOTER last_known_addr { host: "127.0.107.193" port: 43053 }, Status: LMP_MISMATCH, Last received: 0.0, Next index: 2, Last known committed idx: 1, Time since last communication: 0.000s
I20260713 09:00:31.569675   460 catalog_manager.cc:5697] T 3d89b65da769479a954c5338c3dbf55d P bda043f6d8dc4f859b48769467bbca82 reported cstate change: term changed from 1 to 2, leader changed from a8b4b22bb26c4bdab48d83bb12fc1442 (127.0.107.194) to bda043f6d8dc4f859b48769467bbca82 (127.0.107.193). New cstate: current_term: 2 leader_uuid: "bda043f6d8dc4f859b48769467bbca82" committed_config { opid_index: -1 OBSOLETE_local: false peers { permanent_uuid: "bda043f6d8dc4f859b48769467bbca82" member_type: VOTER last_known_addr { host: "127.0.107.193" port: 43053 } health_report { overall_health: HEALTHY } } peers { permanent_uuid: "a8b4b22bb26c4bdab48d83bb12fc1442" member_type: VOTER last_known_addr { host: "127.0.107.194" port: 35963 } health_report { overall_health: UNKNOWN } } peers { permanent_uuid: "5b809280ec2549f58c40b71e5fac56ef" member_type: VOTER last_known_addr { host: "127.0.107.195" port: 33861 } health_report { overall_health: UNKNOWN } } }
I20260713 09:00:31.570793   640 raft_consensus.cc:2468] T 3d89b65da769479a954c5338c3dbf55d P a8b4b22bb26c4bdab48d83bb12fc1442 [term 2 FOLLOWER]: Leader election vote request: Granting yes vote for candidate bda043f6d8dc4f859b48769467bbca82 in term 2.
I20260713 09:00:31.586246   640 raft_consensus.cc:1275] T 21d8ae794f2a472ea547f88050c738bb P a8b4b22bb26c4bdab48d83bb12fc1442 [term 2 FOLLOWER]: Refusing update from remote peer 5b809280ec2549f58c40b71e5fac56ef: Log matching property violated. Preceding OpId in replica: term: 1 index: 1. Preceding OpId from leader: term: 2 index: 2. (index mismatch)
I20260713 09:00:31.587544   764 consensus_queue.cc:1048] T 21d8ae794f2a472ea547f88050c738bb P 5b809280ec2549f58c40b71e5fac56ef [LEADER]: Connected to new peer: Peer: permanent_uuid: "a8b4b22bb26c4bdab48d83bb12fc1442" member_type: VOTER last_known_addr { host: "127.0.107.194" port: 35963 }, Status: LMP_MISMATCH, Last received: 0.0, Next index: 2, Last known committed idx: 1, Time since last communication: 0.000s
I20260713 09:00:31.597488   566 raft_consensus.cc:1275] T 21d8ae794f2a472ea547f88050c738bb P bda043f6d8dc4f859b48769467bbca82 [term 2 FOLLOWER]: Refusing update from remote peer 5b809280ec2549f58c40b71e5fac56ef: Log matching property violated. Preceding OpId in replica: term: 1 index: 1. Preceding OpId from leader: term: 2 index: 2. (index mismatch)
I20260713 09:00:31.599123   828 consensus_queue.cc:1048] T 21d8ae794f2a472ea547f88050c738bb P 5b809280ec2549f58c40b71e5fac56ef [LEADER]: Connected to new peer: Peer: permanent_uuid: "bda043f6d8dc4f859b48769467bbca82" member_type: VOTER last_known_addr { host: "127.0.107.193" port: 43053 }, Status: LMP_MISMATCH, Last received: 0.0, Next index: 2, Last known committed idx: 1, Time since last communication: 0.000s
I20260713 09:00:31.819939   566 raft_consensus.cc:1275] T 0521e2e09c0c44f38de8734ffd97ea7f P bda043f6d8dc4f859b48769467bbca82 [term 2 FOLLOWER]: Refusing update from remote peer a8b4b22bb26c4bdab48d83bb12fc1442: Log matching property violated. Preceding OpId in replica: term: 1 index: 1. Preceding OpId from leader: term: 2 index: 2. (index mismatch)
I20260713 09:00:31.820992   787 consensus_queue.cc:1048] T 0521e2e09c0c44f38de8734ffd97ea7f P a8b4b22bb26c4bdab48d83bb12fc1442 [LEADER]: Connected to new peer: Peer: permanent_uuid: "bda043f6d8dc4f859b48769467bbca82" member_type: VOTER last_known_addr { host: "127.0.107.193" port: 43053 }, Status: LMP_MISMATCH, Last received: 0.0, Next index: 2, Last known committed idx: 1, Time since last communication: 0.000s
I20260713 09:00:31.822603   640 raft_consensus.cc:1275] T 882e8ffe4980468791bbbc364dbc8f2f P a8b4b22bb26c4bdab48d83bb12fc1442 [term 2 FOLLOWER]: Refusing update from remote peer bda043f6d8dc4f859b48769467bbca82: Log matching property violated. Preceding OpId in replica: term: 1 index: 1. Preceding OpId from leader: term: 2 index: 2. (index mismatch)
I20260713 09:00:31.823958   812 consensus_queue.cc:1048] T 882e8ffe4980468791bbbc364dbc8f2f P bda043f6d8dc4f859b48769467bbca82 [LEADER]: Connected to new peer: Peer: permanent_uuid: "a8b4b22bb26c4bdab48d83bb12fc1442" member_type: VOTER last_known_addr { host: "127.0.107.194" port: 35963 }, Status: LMP_MISMATCH, Last received: 0.0, Next index: 2, Last known committed idx: 1, Time since last communication: 0.000s
I20260713 09:00:31.831619   715 raft_consensus.cc:1275] T 882e8ffe4980468791bbbc364dbc8f2f P 5b809280ec2549f58c40b71e5fac56ef [term 2 FOLLOWER]: Refusing update from remote peer bda043f6d8dc4f859b48769467bbca82: Log matching property violated. Preceding OpId in replica: term: 1 index: 1. Preceding OpId from leader: term: 2 index: 2. (index mismatch)
I20260713 09:00:31.831589   714 raft_consensus.cc:1275] T 0521e2e09c0c44f38de8734ffd97ea7f P 5b809280ec2549f58c40b71e5fac56ef [term 2 FOLLOWER]: Refusing update from remote peer a8b4b22bb26c4bdab48d83bb12fc1442: Log matching property violated. Preceding OpId in replica: term: 1 index: 1. Preceding OpId from leader: term: 2 index: 2. (index mismatch)
I20260713 09:00:31.833199   812 consensus_queue.cc:1048] T 882e8ffe4980468791bbbc364dbc8f2f P bda043f6d8dc4f859b48769467bbca82 [LEADER]: Connected to new peer: Peer: permanent_uuid: "5b809280ec2549f58c40b71e5fac56ef" member_type: VOTER last_known_addr { host: "127.0.107.195" port: 33861 }, Status: LMP_MISMATCH, Last received: 0.0, Next index: 2, Last known committed idx: 1, Time since last communication: 0.000s
I20260713 09:00:31.834055   790 consensus_queue.cc:1048] T 0521e2e09c0c44f38de8734ffd97ea7f P a8b4b22bb26c4bdab48d83bb12fc1442 [LEADER]: Connected to new peer: Peer: permanent_uuid: "5b809280ec2549f58c40b71e5fac56ef" member_type: VOTER last_known_addr { host: "127.0.107.195" port: 33861 }, Status: LMP_MISMATCH, Last received: 0.0, Next index: 2, Last known committed idx: 1, Time since last communication: 0.001s
I20260713 09:00:31.891423   640 raft_consensus.cc:1275] T 8a52caba2f9d473eb02249e0a94358a2 P a8b4b22bb26c4bdab48d83bb12fc1442 [term 2 FOLLOWER]: Refusing update from remote peer bda043f6d8dc4f859b48769467bbca82: Log matching property violated. Preceding OpId in replica: term: 1 index: 1. Preceding OpId from leader: term: 2 index: 2. (index mismatch)
I20260713 09:00:31.892666   765 consensus_queue.cc:1048] T 8a52caba2f9d473eb02249e0a94358a2 P bda043f6d8dc4f859b48769467bbca82 [LEADER]: Connected to new peer: Peer: permanent_uuid: "a8b4b22bb26c4bdab48d83bb12fc1442" member_type: VOTER last_known_addr { host: "127.0.107.194" port: 35963 }, Status: LMP_MISMATCH, Last received: 0.0, Next index: 2, Last known committed idx: 1, Time since last communication: 0.000s
I20260713 09:00:31.900935   715 raft_consensus.cc:1275] T 8a52caba2f9d473eb02249e0a94358a2 P 5b809280ec2549f58c40b71e5fac56ef [term 2 FOLLOWER]: Refusing update from remote peer bda043f6d8dc4f859b48769467bbca82: Log matching property violated. Preceding OpId in replica: term: 1 index: 1. Preceding OpId from leader: term: 2 index: 2. (index mismatch)
I20260713 09:00:31.902211   849 consensus_queue.cc:1048] T 8a52caba2f9d473eb02249e0a94358a2 P bda043f6d8dc4f859b48769467bbca82 [LEADER]: Connected to new peer: Peer: permanent_uuid: "5b809280ec2549f58c40b71e5fac56ef" member_type: VOTER last_known_addr { host: "127.0.107.195" port: 33861 }, Status: LMP_MISMATCH, Last received: 0.0, Next index: 2, Last known committed idx: 1, Time since last communication: 0.000s
I20260713 09:00:31.915982   715 raft_consensus.cc:1275] T 99409293e2084be6a4cefcc6742cfad1 P 5b809280ec2549f58c40b71e5fac56ef [term 2 FOLLOWER]: Refusing update from remote peer bda043f6d8dc4f859b48769467bbca82: Log matching property violated. Preceding OpId in replica: term: 1 index: 1. Preceding OpId from leader: term: 2 index: 2. (index mismatch)
I20260713 09:00:31.917063   849 consensus_queue.cc:1048] T 99409293e2084be6a4cefcc6742cfad1 P bda043f6d8dc4f859b48769467bbca82 [LEADER]: Connected to new peer: Peer: permanent_uuid: "5b809280ec2549f58c40b71e5fac56ef" member_type: VOTER last_known_addr { host: "127.0.107.195" port: 33861 }, Status: LMP_MISMATCH, Last received: 0.0, Next index: 2, Last known committed idx: 1, Time since last communication: 0.000s
I20260713 09:00:31.924777   640 raft_consensus.cc:1275] T 99409293e2084be6a4cefcc6742cfad1 P a8b4b22bb26c4bdab48d83bb12fc1442 [term 2 FOLLOWER]: Refusing update from remote peer bda043f6d8dc4f859b48769467bbca82: Log matching property violated. Preceding OpId in replica: term: 1 index: 1. Preceding OpId from leader: term: 2 index: 2. (index mismatch)
I20260713 09:00:31.926123   812 consensus_queue.cc:1048] T 99409293e2084be6a4cefcc6742cfad1 P bda043f6d8dc4f859b48769467bbca82 [LEADER]: Connected to new peer: Peer: permanent_uuid: "a8b4b22bb26c4bdab48d83bb12fc1442" member_type: VOTER last_known_addr { host: "127.0.107.194" port: 35963 }, Status: LMP_MISMATCH, Last received: 0.0, Next index: 2, Last known committed idx: 1, Time since last communication: 0.000s
I20260713 09:00:32.047245   715 raft_consensus.cc:1275] T 3d89b65da769479a954c5338c3dbf55d P 5b809280ec2549f58c40b71e5fac56ef [term 2 FOLLOWER]: Refusing update from remote peer bda043f6d8dc4f859b48769467bbca82: Log matching property violated. Preceding OpId in replica: term: 1 index: 1. Preceding OpId from leader: term: 2 index: 2. (index mismatch)
I20260713 09:00:32.048328   812 consensus_queue.cc:1048] T 3d89b65da769479a954c5338c3dbf55d P bda043f6d8dc4f859b48769467bbca82 [LEADER]: Connected to new peer: Peer: permanent_uuid: "5b809280ec2549f58c40b71e5fac56ef" member_type: VOTER last_known_addr { host: "127.0.107.195" port: 33861 }, Status: LMP_MISMATCH, Last received: 0.0, Next index: 2, Last known committed idx: 1, Time since last communication: 0.000s
I20260713 09:00:32.055790   640 raft_consensus.cc:1275] T 3d89b65da769479a954c5338c3dbf55d P a8b4b22bb26c4bdab48d83bb12fc1442 [term 2 FOLLOWER]: Refusing update from remote peer bda043f6d8dc4f859b48769467bbca82: Log matching property violated. Preceding OpId in replica: term: 1 index: 1. Preceding OpId from leader: term: 2 index: 2. (index mismatch)
I20260713 09:00:32.057690   765 consensus_queue.cc:1048] T 3d89b65da769479a954c5338c3dbf55d P bda043f6d8dc4f859b48769467bbca82 [LEADER]: Connected to new peer: Peer: permanent_uuid: "a8b4b22bb26c4bdab48d83bb12fc1442" member_type: VOTER last_known_addr { host: "127.0.107.194" port: 35963 }, Status: LMP_MISMATCH, Last received: 0.0, Next index: 2, Last known committed idx: 1, Time since last communication: 0.000s
I20260713 09:00:34.129998   431 auto_leader_rebalancer-test.cc:320] The leader distribution is 
I20260713 09:00:34.130839   431 auto_leader_rebalancer.cc:141] leader rebalance for table test-workload
I20260713 09:00:34.146766   566 tablet_service.cc:2072] Received LeaderStepDown RPC: tablet_id: "3d89b65da769479a954c5338c3dbf55d"
dest_uuid: "bda043f6d8dc4f859b48769467bbca82"
mode: GRACEFUL
new_leader_uuid: "5b809280ec2549f58c40b71e5fac56ef"
 from {username='slave'} at 127.0.0.1:37584
I20260713 09:00:34.147285   566 raft_consensus.cc:606] T 3d89b65da769479a954c5338c3dbf55d P bda043f6d8dc4f859b48769467bbca82 [term 2 LEADER]: Received request to transfer leadership to TS 5b809280ec2549f58c40b71e5fac56ef
I20260713 09:00:34.157337   640 tablet_service.cc:2072] Received LeaderStepDown RPC: tablet_id: "9be0af1f602845ddbe98cfc7091196ea"
dest_uuid: "a8b4b22bb26c4bdab48d83bb12fc1442"
mode: GRACEFUL
new_leader_uuid: "5b809280ec2549f58c40b71e5fac56ef"
 from {username='slave'} at 127.0.0.1:54280
I20260713 09:00:34.157810   640 raft_consensus.cc:606] T 9be0af1f602845ddbe98cfc7091196ea P a8b4b22bb26c4bdab48d83bb12fc1442 [term 2 LEADER]: Received request to transfer leadership to TS 5b809280ec2549f58c40b71e5fac56ef
I20260713 09:00:34.158993   431 auto_leader_rebalancer.cc:479] table: test-workload, leader rebalance finish, leader transfer count: 2
I20260713 09:00:34.159420   431 auto_leader_rebalancer.cc:554] All tables' leader rebalancing finished this round
I20260713 09:00:34.317658   863 raft_consensus.cc:993] T 3d89b65da769479a954c5338c3dbf55d P bda043f6d8dc4f859b48769467bbca82: : Instructing follower 5b809280ec2549f58c40b71e5fac56ef to start an election
I20260713 09:00:34.318182   857 raft_consensus.cc:1081] T 3d89b65da769479a954c5338c3dbf55d P bda043f6d8dc4f859b48769467bbca82 [term 2 LEADER]: Signalling peer 5b809280ec2549f58c40b71e5fac56ef to start an election
I20260713 09:00:34.319607   714 tablet_service.cc:2044] Received Run Leader Election RPC: tablet_id: "3d89b65da769479a954c5338c3dbf55d"
dest_uuid: "5b809280ec2549f58c40b71e5fac56ef"
 from {username='slave'} at 127.0.0.1:42614
I20260713 09:00:34.320012   714 raft_consensus.cc:493] T 3d89b65da769479a954c5338c3dbf55d P 5b809280ec2549f58c40b71e5fac56ef [term 2 FOLLOWER]: Starting forced leader election (received explicit request)
I20260713 09:00:34.320253   714 raft_consensus.cc:3060] T 3d89b65da769479a954c5338c3dbf55d P 5b809280ec2549f58c40b71e5fac56ef [term 2 FOLLOWER]: Advancing to term 3
I20260713 09:00:34.324615   714 raft_consensus.cc:515] T 3d89b65da769479a954c5338c3dbf55d P 5b809280ec2549f58c40b71e5fac56ef [term 3 FOLLOWER]: Starting forced leader election with config: opid_index: -1 OBSOLETE_local: false peers { permanent_uuid: "bda043f6d8dc4f859b48769467bbca82" member_type: VOTER last_known_addr { host: "127.0.107.193" port: 43053 } } peers { permanent_uuid: "a8b4b22bb26c4bdab48d83bb12fc1442" member_type: VOTER last_known_addr { host: "127.0.107.194" port: 35963 } } peers { permanent_uuid: "5b809280ec2549f58c40b71e5fac56ef" member_type: VOTER last_known_addr { host: "127.0.107.195" port: 33861 } }
I20260713 09:00:34.326165   714 leader_election.cc:290] T 3d89b65da769479a954c5338c3dbf55d P 5b809280ec2549f58c40b71e5fac56ef [CANDIDATE]: Term 3 election: Requested vote from peers bda043f6d8dc4f859b48769467bbca82 (127.0.107.193:43053), a8b4b22bb26c4bdab48d83bb12fc1442 (127.0.107.194:35963)
I20260713 09:00:34.326830   566 tablet_service.cc:1917] Received RequestConsensusVote() RPC: tablet_id: "3d89b65da769479a954c5338c3dbf55d" candidate_uuid: "5b809280ec2549f58c40b71e5fac56ef" candidate_term: 3 candidate_status { last_received { term: 2 index: 2 } } ignore_live_leader: true dest_uuid: "bda043f6d8dc4f859b48769467bbca82"
I20260713 09:00:34.327137   640 tablet_service.cc:1917] Received RequestConsensusVote() RPC: tablet_id: "3d89b65da769479a954c5338c3dbf55d" candidate_uuid: "5b809280ec2549f58c40b71e5fac56ef" candidate_term: 3 candidate_status { last_received { term: 2 index: 2 } } ignore_live_leader: true dest_uuid: "a8b4b22bb26c4bdab48d83bb12fc1442"
I20260713 09:00:34.327378   566 raft_consensus.cc:3055] T 3d89b65da769479a954c5338c3dbf55d P bda043f6d8dc4f859b48769467bbca82 [term 2 LEADER]: Stepping down as leader of term 2
I20260713 09:00:34.327677   566 raft_consensus.cc:740] T 3d89b65da769479a954c5338c3dbf55d P bda043f6d8dc4f859b48769467bbca82 [term 2 LEADER]: Becoming Follower/Learner. State: Replica: bda043f6d8dc4f859b48769467bbca82, State: Running, Role: LEADER
I20260713 09:00:34.327688   640 raft_consensus.cc:3060] T 3d89b65da769479a954c5338c3dbf55d P a8b4b22bb26c4bdab48d83bb12fc1442 [term 2 FOLLOWER]: Advancing to term 3
I20260713 09:00:34.328413   566 consensus_queue.cc:260] T 3d89b65da769479a954c5338c3dbf55d P bda043f6d8dc4f859b48769467bbca82 [NON_LEADER]: Queue going to NON_LEADER mode. State: All replicated index: 0, Majority replicated index: 2, Committed index: 2, Last appended: 2.2, Last appended by leader: 2, Current term: 2, Majority size: -1, State: 0, Mode: NON_LEADER, active raft config: opid_index: -1 OBSOLETE_local: false peers { permanent_uuid: "bda043f6d8dc4f859b48769467bbca82" member_type: VOTER last_known_addr { host: "127.0.107.193" port: 43053 } } peers { permanent_uuid: "a8b4b22bb26c4bdab48d83bb12fc1442" member_type: VOTER last_known_addr { host: "127.0.107.194" port: 35963 } } peers { permanent_uuid: "5b809280ec2549f58c40b71e5fac56ef" member_type: VOTER last_known_addr { host: "127.0.107.195" port: 33861 } }
W20260713 09:00:34.329275   529 consensus_peers.cc:183] SignalRequest failed: Illegal state: peer closed
I20260713 09:00:34.329403   566 raft_consensus.cc:3060] T 3d89b65da769479a954c5338c3dbf55d P bda043f6d8dc4f859b48769467bbca82 [term 2 FOLLOWER]: Advancing to term 3
I20260713 09:00:34.332077   640 raft_consensus.cc:2468] T 3d89b65da769479a954c5338c3dbf55d P a8b4b22bb26c4bdab48d83bb12fc1442 [term 3 FOLLOWER]: Leader election vote request: Granting yes vote for candidate 5b809280ec2549f58c40b71e5fac56ef in term 3.
I20260713 09:00:34.333010   679 leader_election.cc:304] T 3d89b65da769479a954c5338c3dbf55d P 5b809280ec2549f58c40b71e5fac56ef [CANDIDATE]: Term 3 election: Election decided. Result: candidate won. Election summary: received 2 responses out of 3 voters: 2 yes votes; 0 no votes. yes voters: 5b809280ec2549f58c40b71e5fac56ef, a8b4b22bb26c4bdab48d83bb12fc1442; no voters: 
I20260713 09:00:34.333634   856 raft_consensus.cc:2804] T 3d89b65da769479a954c5338c3dbf55d P 5b809280ec2549f58c40b71e5fac56ef [term 3 FOLLOWER]: Leader election won for term 3
I20260713 09:00:34.334184   566 raft_consensus.cc:2468] T 3d89b65da769479a954c5338c3dbf55d P bda043f6d8dc4f859b48769467bbca82 [term 3 FOLLOWER]: Leader election vote request: Granting yes vote for candidate 5b809280ec2549f58c40b71e5fac56ef in term 3.
I20260713 09:00:34.335016   856 raft_consensus.cc:697] T 3d89b65da769479a954c5338c3dbf55d P 5b809280ec2549f58c40b71e5fac56ef [term 3 LEADER]: Becoming Leader. State: Replica: 5b809280ec2549f58c40b71e5fac56ef, State: Running, Role: LEADER
I20260713 09:00:34.335723   856 consensus_queue.cc:237] T 3d89b65da769479a954c5338c3dbf55d P 5b809280ec2549f58c40b71e5fac56ef [LEADER]: Queue going to LEADER mode. State: All replicated index: 0, Majority replicated index: 2, Committed index: 2, Last appended: 2.2, Last appended by leader: 2, Current term: 3, Majority size: 2, State: 0, Mode: LEADER, active raft config: opid_index: -1 OBSOLETE_local: false peers { permanent_uuid: "bda043f6d8dc4f859b48769467bbca82" member_type: VOTER last_known_addr { host: "127.0.107.193" port: 43053 } } peers { permanent_uuid: "a8b4b22bb26c4bdab48d83bb12fc1442" member_type: VOTER last_known_addr { host: "127.0.107.194" port: 35963 } } peers { permanent_uuid: "5b809280ec2549f58c40b71e5fac56ef" member_type: VOTER last_known_addr { host: "127.0.107.195" port: 33861 } }
I20260713 09:00:34.341686   460 catalog_manager.cc:5697] T 3d89b65da769479a954c5338c3dbf55d P 5b809280ec2549f58c40b71e5fac56ef reported cstate change: term changed from 2 to 3, leader changed from bda043f6d8dc4f859b48769467bbca82 (127.0.107.193) to 5b809280ec2549f58c40b71e5fac56ef (127.0.107.195). New cstate: current_term: 3 leader_uuid: "5b809280ec2549f58c40b71e5fac56ef" committed_config { opid_index: -1 OBSOLETE_local: false peers { permanent_uuid: "bda043f6d8dc4f859b48769467bbca82" member_type: VOTER last_known_addr { host: "127.0.107.193" port: 43053 } health_report { overall_health: UNKNOWN } } peers { permanent_uuid: "a8b4b22bb26c4bdab48d83bb12fc1442" member_type: VOTER last_known_addr { host: "127.0.107.194" port: 35963 } health_report { overall_health: UNKNOWN } } peers { permanent_uuid: "5b809280ec2549f58c40b71e5fac56ef" member_type: VOTER last_known_addr { host: "127.0.107.195" port: 33861 } health_report { overall_health: HEALTHY } } }
I20260713 09:00:34.505880   858 raft_consensus.cc:993] T 9be0af1f602845ddbe98cfc7091196ea P a8b4b22bb26c4bdab48d83bb12fc1442: : Instructing follower 5b809280ec2549f58c40b71e5fac56ef to start an election
I20260713 09:00:34.506371   870 raft_consensus.cc:1081] T 9be0af1f602845ddbe98cfc7091196ea P a8b4b22bb26c4bdab48d83bb12fc1442 [term 2 LEADER]: Signalling peer 5b809280ec2549f58c40b71e5fac56ef to start an election
I20260713 09:00:34.507937   714 tablet_service.cc:2044] Received Run Leader Election RPC: tablet_id: "9be0af1f602845ddbe98cfc7091196ea"
dest_uuid: "5b809280ec2549f58c40b71e5fac56ef"
 from {username='slave'} at 127.0.0.1:42598
I20260713 09:00:34.508400   714 raft_consensus.cc:493] T 9be0af1f602845ddbe98cfc7091196ea P 5b809280ec2549f58c40b71e5fac56ef [term 2 FOLLOWER]: Starting forced leader election (received explicit request)
I20260713 09:00:34.508706   714 raft_consensus.cc:3060] T 9be0af1f602845ddbe98cfc7091196ea P 5b809280ec2549f58c40b71e5fac56ef [term 2 FOLLOWER]: Advancing to term 3
I20260713 09:00:34.513521   714 raft_consensus.cc:515] T 9be0af1f602845ddbe98cfc7091196ea P 5b809280ec2549f58c40b71e5fac56ef [term 3 FOLLOWER]: Starting forced leader election with config: opid_index: -1 OBSOLETE_local: false peers { permanent_uuid: "bda043f6d8dc4f859b48769467bbca82" member_type: VOTER last_known_addr { host: "127.0.107.193" port: 43053 } } peers { permanent_uuid: "a8b4b22bb26c4bdab48d83bb12fc1442" member_type: VOTER last_known_addr { host: "127.0.107.194" port: 35963 } } peers { permanent_uuid: "5b809280ec2549f58c40b71e5fac56ef" member_type: VOTER last_known_addr { host: "127.0.107.195" port: 33861 } }
I20260713 09:00:34.515039   714 leader_election.cc:290] T 9be0af1f602845ddbe98cfc7091196ea P 5b809280ec2549f58c40b71e5fac56ef [CANDIDATE]: Term 3 election: Requested vote from peers bda043f6d8dc4f859b48769467bbca82 (127.0.107.193:43053), a8b4b22bb26c4bdab48d83bb12fc1442 (127.0.107.194:35963)
I20260713 09:00:34.515784   566 tablet_service.cc:1917] Received RequestConsensusVote() RPC: tablet_id: "9be0af1f602845ddbe98cfc7091196ea" candidate_uuid: "5b809280ec2549f58c40b71e5fac56ef" candidate_term: 3 candidate_status { last_received { term: 2 index: 2 } } ignore_live_leader: true dest_uuid: "bda043f6d8dc4f859b48769467bbca82"
I20260713 09:00:34.516155   640 tablet_service.cc:1917] Received RequestConsensusVote() RPC: tablet_id: "9be0af1f602845ddbe98cfc7091196ea" candidate_uuid: "5b809280ec2549f58c40b71e5fac56ef" candidate_term: 3 candidate_status { last_received { term: 2 index: 2 } } ignore_live_leader: true dest_uuid: "a8b4b22bb26c4bdab48d83bb12fc1442"
I20260713 09:00:34.516279   566 raft_consensus.cc:3060] T 9be0af1f602845ddbe98cfc7091196ea P bda043f6d8dc4f859b48769467bbca82 [term 2 FOLLOWER]: Advancing to term 3
I20260713 09:00:34.516671   640 raft_consensus.cc:3055] T 9be0af1f602845ddbe98cfc7091196ea P a8b4b22bb26c4bdab48d83bb12fc1442 [term 2 LEADER]: Stepping down as leader of term 2
I20260713 09:00:34.516947   640 raft_consensus.cc:740] T 9be0af1f602845ddbe98cfc7091196ea P a8b4b22bb26c4bdab48d83bb12fc1442 [term 2 LEADER]: Becoming Follower/Learner. State: Replica: a8b4b22bb26c4bdab48d83bb12fc1442, State: Running, Role: LEADER
I20260713 09:00:34.517596   640 consensus_queue.cc:260] T 9be0af1f602845ddbe98cfc7091196ea P a8b4b22bb26c4bdab48d83bb12fc1442 [NON_LEADER]: Queue going to NON_LEADER mode. State: All replicated index: 0, Majority replicated index: 2, Committed index: 2, Last appended: 2.2, Last appended by leader: 2, Current term: 2, Majority size: -1, State: 0, Mode: NON_LEADER, active raft config: opid_index: -1 OBSOLETE_local: false peers { permanent_uuid: "bda043f6d8dc4f859b48769467bbca82" member_type: VOTER last_known_addr { host: "127.0.107.193" port: 43053 } } peers { permanent_uuid: "a8b4b22bb26c4bdab48d83bb12fc1442" member_type: VOTER last_known_addr { host: "127.0.107.194" port: 35963 } } peers { permanent_uuid: "5b809280ec2549f58c40b71e5fac56ef" member_type: VOTER last_known_addr { host: "127.0.107.195" port: 33861 } }
I20260713 09:00:34.518514   640 raft_consensus.cc:3060] T 9be0af1f602845ddbe98cfc7091196ea P a8b4b22bb26c4bdab48d83bb12fc1442 [term 2 FOLLOWER]: Advancing to term 3
I20260713 09:00:34.520793   566 raft_consensus.cc:2468] T 9be0af1f602845ddbe98cfc7091196ea P bda043f6d8dc4f859b48769467bbca82 [term 3 FOLLOWER]: Leader election vote request: Granting yes vote for candidate 5b809280ec2549f58c40b71e5fac56ef in term 3.
I20260713 09:00:34.521699   679 leader_election.cc:304] T 9be0af1f602845ddbe98cfc7091196ea P 5b809280ec2549f58c40b71e5fac56ef [CANDIDATE]: Term 3 election: Election decided. Result: candidate won. Election summary: received 2 responses out of 3 voters: 2 yes votes; 0 no votes. yes voters: 5b809280ec2549f58c40b71e5fac56ef, bda043f6d8dc4f859b48769467bbca82; no voters: 
I20260713 09:00:34.522310   640 raft_consensus.cc:2468] T 9be0af1f602845ddbe98cfc7091196ea P a8b4b22bb26c4bdab48d83bb12fc1442 [term 3 FOLLOWER]: Leader election vote request: Granting yes vote for candidate 5b809280ec2549f58c40b71e5fac56ef in term 3.
I20260713 09:00:34.522411   856 raft_consensus.cc:2804] T 9be0af1f602845ddbe98cfc7091196ea P 5b809280ec2549f58c40b71e5fac56ef [term 3 FOLLOWER]: Leader election won for term 3
I20260713 09:00:34.522935   856 raft_consensus.cc:697] T 9be0af1f602845ddbe98cfc7091196ea P 5b809280ec2549f58c40b71e5fac56ef [term 3 LEADER]: Becoming Leader. State: Replica: 5b809280ec2549f58c40b71e5fac56ef, State: Running, Role: LEADER
I20260713 09:00:34.523694   856 consensus_queue.cc:237] T 9be0af1f602845ddbe98cfc7091196ea P 5b809280ec2549f58c40b71e5fac56ef [LEADER]: Queue going to LEADER mode. State: All replicated index: 0, Majority replicated index: 2, Committed index: 2, Last appended: 2.2, Last appended by leader: 2, Current term: 3, Majority size: 2, State: 0, Mode: LEADER, active raft config: opid_index: -1 OBSOLETE_local: false peers { permanent_uuid: "bda043f6d8dc4f859b48769467bbca82" member_type: VOTER last_known_addr { host: "127.0.107.193" port: 43053 } } peers { permanent_uuid: "a8b4b22bb26c4bdab48d83bb12fc1442" member_type: VOTER last_known_addr { host: "127.0.107.194" port: 35963 } } peers { permanent_uuid: "5b809280ec2549f58c40b71e5fac56ef" member_type: VOTER last_known_addr { host: "127.0.107.195" port: 33861 } }
