I20260713 09:11:52.175631   480 consensus_queue.cc:1048] T ad0620c0d5aa4d0dae536a3026d1fa9e P 5f1428eae64a44c8868d6859a626f89c [LEADER]: Connected to new peer: Peer: permanent_uuid: "d6382e2532e745a7b942f9c1b5e85d73" member_type: VOTER last_known_addr { host: "127.31.205.195" port: 39937 }, Status: LMP_MISMATCH, Last received: 0.0, Next index: 3, Last known committed idx: 2, Time since last communication: 0.000s
I20260713 09:11:52.190296   381 raft_consensus.cc:1275] T 8d35da6d1e34440cb4d161b738dc8957 P d6382e2532e745a7b942f9c1b5e85d73 [term 3 FOLLOWER]: Refusing update from remote peer 5f1428eae64a44c8868d6859a626f89c: Log matching property violated. Preceding OpId in replica: term: 2 index: 2. Preceding OpId from leader: term: 3 index: 3. (index mismatch)
I20260713 09:11:52.194393   569 consensus_queue.cc:1048] T 8d35da6d1e34440cb4d161b738dc8957 P 5f1428eae64a44c8868d6859a626f89c [LEADER]: Connected to new peer: Peer: permanent_uuid: "d6382e2532e745a7b942f9c1b5e85d73" member_type: VOTER last_known_addr { host: "127.31.205.195" port: 39937 }, Status: LMP_MISMATCH, Last received: 0.0, Next index: 3, Last known committed idx: 2, Time since last communication: 0.001s
I20260713 09:11:52.206959 32701 raft_consensus.cc:1275] T ad0620c0d5aa4d0dae536a3026d1fa9e P ed01626311be4504bebafac6229b969d [term 3 FOLLOWER]: Refusing update from remote peer 5f1428eae64a44c8868d6859a626f89c: Log matching property violated. Preceding OpId in replica: term: 2 index: 2. Preceding OpId from leader: term: 3 index: 3. (index mismatch)
I20260713 09:11:52.209338   480 consensus_queue.cc:1048] T ad0620c0d5aa4d0dae536a3026d1fa9e P 5f1428eae64a44c8868d6859a626f89c [LEADER]: Connected to new peer: Peer: permanent_uuid: "ed01626311be4504bebafac6229b969d" member_type: VOTER last_known_addr { host: "127.31.205.193" port: 37185 }, Status: LMP_MISMATCH, Last received: 0.0, Next index: 3, Last known committed idx: 2, Time since last communication: 0.000s
I20260713 09:11:52.228655   383 raft_consensus.cc:1275] T 675858a295ec4824a5ef16c2821e45d9 P d6382e2532e745a7b942f9c1b5e85d73 [term 4 FOLLOWER]: Refusing update from remote peer 5f1428eae64a44c8868d6859a626f89c: Log matching property violated. Preceding OpId in replica: term: 3 index: 3. Preceding OpId from leader: term: 4 index: 4. (index mismatch)
I20260713 09:11:52.229974   480 consensus_queue.cc:1048] T 675858a295ec4824a5ef16c2821e45d9 P 5f1428eae64a44c8868d6859a626f89c [LEADER]: Connected to new peer: Peer: permanent_uuid: "d6382e2532e745a7b942f9c1b5e85d73" member_type: VOTER last_known_addr { host: "127.31.205.195" port: 39937 }, Status: LMP_MISMATCH, Last received: 0.0, Next index: 4, Last known committed idx: 3, Time since last communication: 0.000s
I20260713 09:11:52.239984 32701 raft_consensus.cc:1275] T 675858a295ec4824a5ef16c2821e45d9 P ed01626311be4504bebafac6229b969d [term 4 FOLLOWER]: Refusing update from remote peer 5f1428eae64a44c8868d6859a626f89c: Log matching property violated. Preceding OpId in replica: term: 3 index: 3. Preceding OpId from leader: term: 4 index: 4. (index mismatch)
I20260713 09:11:52.241277   569 consensus_queue.cc:1048] T 675858a295ec4824a5ef16c2821e45d9 P 5f1428eae64a44c8868d6859a626f89c [LEADER]: Connected to new peer: Peer: permanent_uuid: "ed01626311be4504bebafac6229b969d" member_type: VOTER last_known_addr { host: "127.31.205.193" port: 37185 }, Status: LMP_MISMATCH, Last received: 0.0, Next index: 4, Last known committed idx: 3, Time since last communication: 0.000s
I20260713 09:11:54.448468 32567 auto_leader_rebalancer.cc:141] leader rebalance for table test-workload
I20260713 09:11:54.456354   309 tablet_service.cc:2072] Received LeaderStepDown RPC: tablet_id: "675858a295ec4824a5ef16c2821e45d9"
dest_uuid: "5f1428eae64a44c8868d6859a626f89c"
mode: GRACEFUL
new_leader_uuid: "d6382e2532e745a7b942f9c1b5e85d73"
 from {username='slave'} at 127.0.0.1:35352
I20260713 09:11:54.456995   309 raft_consensus.cc:606] T 675858a295ec4824a5ef16c2821e45d9 P 5f1428eae64a44c8868d6859a626f89c [term 4 LEADER]: Received request to transfer leadership to TS d6382e2532e745a7b942f9c1b5e85d73
I20260713 09:11:54.459569   309 tablet_service.cc:2072] Received LeaderStepDown RPC: tablet_id: "7acee3a9ed144140bc5cee73298bf2aa"
dest_uuid: "5f1428eae64a44c8868d6859a626f89c"
mode: GRACEFUL
new_leader_uuid: "ed01626311be4504bebafac6229b969d"
 from {username='slave'} at 127.0.0.1:35352
I20260713 09:11:54.460008   309 raft_consensus.cc:606] T 7acee3a9ed144140bc5cee73298bf2aa P 5f1428eae64a44c8868d6859a626f89c [term 2 LEADER]: Received request to transfer leadership to TS ed01626311be4504bebafac6229b969d
I20260713 09:11:54.462260   309 tablet_service.cc:2072] Received LeaderStepDown RPC: tablet_id: "8d35da6d1e34440cb4d161b738dc8957"
dest_uuid: "5f1428eae64a44c8868d6859a626f89c"
mode: GRACEFUL
new_leader_uuid: "ed01626311be4504bebafac6229b969d"
 from {username='slave'} at 127.0.0.1:35352
I20260713 09:11:54.462683   309 raft_consensus.cc:606] T 8d35da6d1e34440cb4d161b738dc8957 P 5f1428eae64a44c8868d6859a626f89c [term 3 LEADER]: Received request to transfer leadership to TS ed01626311be4504bebafac6229b969d
I20260713 09:11:54.464900   309 tablet_service.cc:2072] Received LeaderStepDown RPC: tablet_id: "ad0620c0d5aa4d0dae536a3026d1fa9e"
dest_uuid: "5f1428eae64a44c8868d6859a626f89c"
mode: GRACEFUL
new_leader_uuid: "d6382e2532e745a7b942f9c1b5e85d73"
 from {username='slave'} at 127.0.0.1:35352
I20260713 09:11:54.465320   309 raft_consensus.cc:606] T ad0620c0d5aa4d0dae536a3026d1fa9e P 5f1428eae64a44c8868d6859a626f89c [term 3 LEADER]: Received request to transfer leadership to TS d6382e2532e745a7b942f9c1b5e85d73
I20260713 09:11:54.467429   309 tablet_service.cc:2072] Received LeaderStepDown RPC: tablet_id: "cdce624877634addb34aa1440ae39b11"
dest_uuid: "5f1428eae64a44c8868d6859a626f89c"
mode: GRACEFUL
new_leader_uuid: "ed01626311be4504bebafac6229b969d"
 from {username='slave'} at 127.0.0.1:35352
I20260713 09:11:54.467872   309 raft_consensus.cc:606] T cdce624877634addb34aa1440ae39b11 P 5f1428eae64a44c8868d6859a626f89c [term 2 LEADER]: Received request to transfer leadership to TS ed01626311be4504bebafac6229b969d
I20260713 09:11:54.468832 32567 auto_leader_rebalancer.cc:479] table: test-workload, leader rebalance finish, leader transfer count: 5
I20260713 09:11:54.469256 32567 auto_leader_rebalancer.cc:554] All tables' leader rebalancing finished this round
I20260713 09:11:54.725096   578 raft_consensus.cc:993] T cdce624877634addb34aa1440ae39b11 P 5f1428eae64a44c8868d6859a626f89c: : Instructing follower ed01626311be4504bebafac6229b969d to start an election
I20260713 09:11:54.725615   569 raft_consensus.cc:1081] T cdce624877634addb34aa1440ae39b11 P 5f1428eae64a44c8868d6859a626f89c [term 2 LEADER]: Signalling peer ed01626311be4504bebafac6229b969d to start an election
I20260713 09:11:54.726995 32701 tablet_service.cc:2044] Received Run Leader Election RPC: tablet_id: "cdce624877634addb34aa1440ae39b11"
dest_uuid: "ed01626311be4504bebafac6229b969d"
 from {username='slave'} at 127.0.0.1:42228
I20260713 09:11:54.727481 32701 raft_consensus.cc:493] T cdce624877634addb34aa1440ae39b11 P ed01626311be4504bebafac6229b969d [term 2 FOLLOWER]: Starting forced leader election (received explicit request)
I20260713 09:11:54.727874 32701 raft_consensus.cc:3060] T cdce624877634addb34aa1440ae39b11 P ed01626311be4504bebafac6229b969d [term 2 FOLLOWER]: Advancing to term 3
I20260713 09:11:54.732946 32701 raft_consensus.cc:515] T cdce624877634addb34aa1440ae39b11 P ed01626311be4504bebafac6229b969d [term 3 FOLLOWER]: Starting forced leader election with config: opid_index: -1 OBSOLETE_local: false peers { permanent_uuid: "ed01626311be4504bebafac6229b969d" member_type: VOTER last_known_addr { host: "127.31.205.193" port: 37185 } } peers { permanent_uuid: "5f1428eae64a44c8868d6859a626f89c" member_type: VOTER last_known_addr { host: "127.31.205.194" port: 32929 } } peers { permanent_uuid: "d6382e2532e745a7b942f9c1b5e85d73" member_type: VOTER last_known_addr { host: "127.31.205.195" port: 39937 } }
I20260713 09:11:54.734663 32701 leader_election.cc:290] T cdce624877634addb34aa1440ae39b11 P ed01626311be4504bebafac6229b969d [CANDIDATE]: Term 3 election: Requested vote from peers 5f1428eae64a44c8868d6859a626f89c (127.31.205.194:32929), d6382e2532e745a7b942f9c1b5e85d73 (127.31.205.195:39937)
I20260713 09:11:54.735400   309 tablet_service.cc:1917] Received RequestConsensusVote() RPC: tablet_id: "cdce624877634addb34aa1440ae39b11" candidate_uuid: "ed01626311be4504bebafac6229b969d" candidate_term: 3 candidate_status { last_received { term: 2 index: 2 } } ignore_live_leader: true dest_uuid: "5f1428eae64a44c8868d6859a626f89c"
I20260713 09:11:54.735922   383 tablet_service.cc:1917] Received RequestConsensusVote() RPC: tablet_id: "cdce624877634addb34aa1440ae39b11" candidate_uuid: "ed01626311be4504bebafac6229b969d" candidate_term: 3 candidate_status { last_received { term: 2 index: 2 } } ignore_live_leader: true dest_uuid: "d6382e2532e745a7b942f9c1b5e85d73"
I20260713 09:11:54.736119   309 raft_consensus.cc:3055] T cdce624877634addb34aa1440ae39b11 P 5f1428eae64a44c8868d6859a626f89c [term 2 LEADER]: Stepping down as leader of term 2
I20260713 09:11:54.736492   383 raft_consensus.cc:3060] T cdce624877634addb34aa1440ae39b11 P d6382e2532e745a7b942f9c1b5e85d73 [term 2 FOLLOWER]: Advancing to term 3
I20260713 09:11:54.736510   309 raft_consensus.cc:740] T cdce624877634addb34aa1440ae39b11 P 5f1428eae64a44c8868d6859a626f89c [term 2 LEADER]: Becoming Follower/Learner. State: Replica: 5f1428eae64a44c8868d6859a626f89c, State: Running, Role: LEADER
I20260713 09:11:54.737375   309 consensus_queue.cc:260] T cdce624877634addb34aa1440ae39b11 P 5f1428eae64a44c8868d6859a626f89c [NON_LEADER]: Queue going to NON_LEADER mode. State: All replicated index: 0, Majority replicated index: 2, Committed index: 2, Last appended: 2.2, Last appended by leader: 2, Current term: 2, Majority size: -1, State: 0, Mode: NON_LEADER, active raft config: opid_index: -1 OBSOLETE_local: false peers { permanent_uuid: "ed01626311be4504bebafac6229b969d" member_type: VOTER last_known_addr { host: "127.31.205.193" port: 37185 } } peers { permanent_uuid: "5f1428eae64a44c8868d6859a626f89c" member_type: VOTER last_known_addr { host: "127.31.205.194" port: 32929 } } peers { permanent_uuid: "d6382e2532e745a7b942f9c1b5e85d73" member_type: VOTER last_known_addr { host: "127.31.205.195" port: 39937 } }
I20260713 09:11:54.738286   309 raft_consensus.cc:3060] T cdce624877634addb34aa1440ae39b11 P 5f1428eae64a44c8868d6859a626f89c [term 2 FOLLOWER]: Advancing to term 3
I20260713 09:11:54.741061   383 raft_consensus.cc:2468] T cdce624877634addb34aa1440ae39b11 P d6382e2532e745a7b942f9c1b5e85d73 [term 3 FOLLOWER]: Leader election vote request: Granting yes vote for candidate ed01626311be4504bebafac6229b969d in term 3.
I20260713 09:11:54.742205 32667 leader_election.cc:304] T cdce624877634addb34aa1440ae39b11 P ed01626311be4504bebafac6229b969d [CANDIDATE]: Term 3 election: Election decided. Result: candidate won. Election summary: received 2 responses out of 3 voters: 2 yes votes; 0 no votes. yes voters: d6382e2532e745a7b942f9c1b5e85d73, ed01626311be4504bebafac6229b969d; no voters: 
I20260713 09:11:54.742986   309 raft_consensus.cc:2468] T cdce624877634addb34aa1440ae39b11 P 5f1428eae64a44c8868d6859a626f89c [term 3 FOLLOWER]: Leader election vote request: Granting yes vote for candidate ed01626311be4504bebafac6229b969d in term 3.
I20260713 09:11:54.743857   580 raft_consensus.cc:2804] T cdce624877634addb34aa1440ae39b11 P ed01626311be4504bebafac6229b969d [term 3 FOLLOWER]: Leader election won for term 3
I20260713 09:11:54.744861   580 raft_consensus.cc:697] T cdce624877634addb34aa1440ae39b11 P ed01626311be4504bebafac6229b969d [term 3 LEADER]: Becoming Leader. State: Replica: ed01626311be4504bebafac6229b969d, State: Running, Role: LEADER
I20260713 09:11:54.745621   580 consensus_queue.cc:237] T cdce624877634addb34aa1440ae39b11 P ed01626311be4504bebafac6229b969d [LEADER]: Queue going to LEADER mode. State: All replicated index: 0, Majority replicated index: 2, Committed index: 2, Last appended: 2.2, Last appended by leader: 2, Current term: 3, Majority size: 2, State: 0, Mode: LEADER, active raft config: opid_index: -1 OBSOLETE_local: false peers { permanent_uuid: "ed01626311be4504bebafac6229b969d" member_type: VOTER last_known_addr { host: "127.31.205.193" port: 37185 } } peers { permanent_uuid: "5f1428eae64a44c8868d6859a626f89c" member_type: VOTER last_known_addr { host: "127.31.205.194" port: 32929 } } peers { permanent_uuid: "d6382e2532e745a7b942f9c1b5e85d73" member_type: VOTER last_known_addr { host: "127.31.205.195" port: 39937 } }
I20260713 09:11:54.752801 32597 catalog_manager.cc:5697] T cdce624877634addb34aa1440ae39b11 P ed01626311be4504bebafac6229b969d reported cstate change: term changed from 2 to 3, leader changed from 5f1428eae64a44c8868d6859a626f89c (127.31.205.194) to ed01626311be4504bebafac6229b969d (127.31.205.193). New cstate: current_term: 3 leader_uuid: "ed01626311be4504bebafac6229b969d" committed_config { opid_index: -1 OBSOLETE_local: false peers { permanent_uuid: "ed01626311be4504bebafac6229b969d" member_type: VOTER last_known_addr { host: "127.31.205.193" port: 37185 } health_report { overall_health: HEALTHY } } peers { permanent_uuid: "5f1428eae64a44c8868d6859a626f89c" member_type: VOTER last_known_addr { host: "127.31.205.194" port: 32929 } health_report { overall_health: UNKNOWN } } peers { permanent_uuid: "d6382e2532e745a7b942f9c1b5e85d73" member_type: VOTER last_known_addr { host: "127.31.205.195" port: 39937 } health_report { overall_health: UNKNOWN } } }
I20260713 09:11:54.795766   578 raft_consensus.cc:993] T 675858a295ec4824a5ef16c2821e45d9 P 5f1428eae64a44c8868d6859a626f89c: : Instructing follower d6382e2532e745a7b942f9c1b5e85d73 to start an election
I20260713 09:11:54.796268   569 raft_consensus.cc:1081] T 675858a295ec4824a5ef16c2821e45d9 P 5f1428eae64a44c8868d6859a626f89c [term 4 LEADER]: Signalling peer d6382e2532e745a7b942f9c1b5e85d73 to start an election
I20260713 09:11:54.797821   383 tablet_service.cc:2044] Received Run Leader Election RPC: tablet_id: "675858a295ec4824a5ef16c2821e45d9"
dest_uuid: "d6382e2532e745a7b942f9c1b5e85d73"
 from {username='slave'} at 127.0.0.1:40682
I20260713 09:11:54.798310   383 raft_consensus.cc:493] T 675858a295ec4824a5ef16c2821e45d9 P d6382e2532e745a7b942f9c1b5e85d73 [term 4 FOLLOWER]: Starting forced leader election (received explicit request)
I20260713 09:11:54.798619   383 raft_consensus.cc:3060] T 675858a295ec4824a5ef16c2821e45d9 P d6382e2532e745a7b942f9c1b5e85d73 [term 4 FOLLOWER]: Advancing to term 5
I20260713 09:11:54.801872   578 raft_consensus.cc:993] T 7acee3a9ed144140bc5cee73298bf2aa P 5f1428eae64a44c8868d6859a626f89c: : Instructing follower ed01626311be4504bebafac6229b969d to start an election
I20260713 09:11:54.802325   569 raft_consensus.cc:1081] T 7acee3a9ed144140bc5cee73298bf2aa P 5f1428eae64a44c8868d6859a626f89c [term 2 LEADER]: Signalling peer ed01626311be4504bebafac6229b969d to start an election
I20260713 09:11:54.803951 32701 tablet_service.cc:2044] Received Run Leader Election RPC: tablet_id: "7acee3a9ed144140bc5cee73298bf2aa"
dest_uuid: "ed01626311be4504bebafac6229b969d"
 from {username='slave'} at 127.0.0.1:42228
I20260713 09:11:54.804386 32701 raft_consensus.cc:493] T 7acee3a9ed144140bc5cee73298bf2aa P ed01626311be4504bebafac6229b969d [term 2 FOLLOWER]: Starting forced leader election (received explicit request)
I20260713 09:11:54.804675 32701 raft_consensus.cc:3060] T 7acee3a9ed144140bc5cee73298bf2aa P ed01626311be4504bebafac6229b969d [term 2 FOLLOWER]: Advancing to term 3
I20260713 09:11:54.804837   383 raft_consensus.cc:515] T 675858a295ec4824a5ef16c2821e45d9 P d6382e2532e745a7b942f9c1b5e85d73 [term 5 FOLLOWER]: Starting forced leader election with config: opid_index: -1 OBSOLETE_local: false peers { permanent_uuid: "ed01626311be4504bebafac6229b969d" member_type: VOTER last_known_addr { host: "127.31.205.193" port: 37185 } } peers { permanent_uuid: "5f1428eae64a44c8868d6859a626f89c" member_type: VOTER last_known_addr { host: "127.31.205.194" port: 32929 } } peers { permanent_uuid: "d6382e2532e745a7b942f9c1b5e85d73" member_type: VOTER last_known_addr { host: "127.31.205.195" port: 39937 } }
I20260713 09:11:54.806658   383 leader_election.cc:290] T 675858a295ec4824a5ef16c2821e45d9 P d6382e2532e745a7b942f9c1b5e85d73 [CANDIDATE]: Term 5 election: Requested vote from peers ed01626311be4504bebafac6229b969d (127.31.205.193:37185), 5f1428eae64a44c8868d6859a626f89c (127.31.205.194:32929)
I20260713 09:11:54.807854   309 tablet_service.cc:1917] Received RequestConsensusVote() RPC: tablet_id: "675858a295ec4824a5ef16c2821e45d9" candidate_uuid: "d6382e2532e745a7b942f9c1b5e85d73" candidate_term: 5 candidate_status { last_received { term: 4 index: 4 } } ignore_live_leader: true dest_uuid: "5f1428eae64a44c8868d6859a626f89c"
I20260713 09:11:54.808063 32700 tablet_service.cc:1917] Received RequestConsensusVote() RPC: tablet_id: "675858a295ec4824a5ef16c2821e45d9" candidate_uuid: "d6382e2532e745a7b942f9c1b5e85d73" candidate_term: 5 candidate_status { last_received { term: 4 index: 4 } } ignore_live_leader: true dest_uuid: "ed01626311be4504bebafac6229b969d"
I20260713 09:11:54.808370   309 raft_consensus.cc:3055] T 675858a295ec4824a5ef16c2821e45d9 P 5f1428eae64a44c8868d6859a626f89c [term 4 LEADER]: Stepping down as leader of term 4
I20260713 09:11:54.808691   309 raft_consensus.cc:740] T 675858a295ec4824a5ef16c2821e45d9 P 5f1428eae64a44c8868d6859a626f89c [term 4 LEADER]: Becoming Follower/Learner. State: Replica: 5f1428eae64a44c8868d6859a626f89c, State: Running, Role: LEADER
I20260713 09:11:54.808760 32700 raft_consensus.cc:3060] T 675858a295ec4824a5ef16c2821e45d9 P ed01626311be4504bebafac6229b969d [term 4 FOLLOWER]: Advancing to term 5
I20260713 09:11:54.809427   309 consensus_queue.cc:260] T 675858a295ec4824a5ef16c2821e45d9 P 5f1428eae64a44c8868d6859a626f89c [NON_LEADER]: Queue going to NON_LEADER mode. State: All replicated index: 0, Majority replicated index: 4, Committed index: 4, Last appended: 4.4, Last appended by leader: 4, Current term: 4, Majority size: -1, State: 0, Mode: NON_LEADER, active raft config: opid_index: -1 OBSOLETE_local: false peers { permanent_uuid: "ed01626311be4504bebafac6229b969d" member_type: VOTER last_known_addr { host: "127.31.205.193" port: 37185 } } peers { permanent_uuid: "5f1428eae64a44c8868d6859a626f89c" member_type: VOTER last_known_addr { host: "127.31.205.194" port: 32929 } } peers { permanent_uuid: "d6382e2532e745a7b942f9c1b5e85d73" member_type: VOTER last_known_addr { host: "127.31.205.195" port: 39937 } }
I20260713 09:11:54.810493   309 raft_consensus.cc:3060] T 675858a295ec4824a5ef16c2821e45d9 P 5f1428eae64a44c8868d6859a626f89c [term 4 FOLLOWER]: Advancing to term 5
I20260713 09:11:54.810783 32701 raft_consensus.cc:515] T 7acee3a9ed144140bc5cee73298bf2aa P ed01626311be4504bebafac6229b969d [term 3 FOLLOWER]: Starting forced leader election with config: opid_index: -1 OBSOLETE_local: false peers { permanent_uuid: "ed01626311be4504bebafac6229b969d" member_type: VOTER last_known_addr { host: "127.31.205.193" port: 37185 } } peers { permanent_uuid: "5f1428eae64a44c8868d6859a626f89c" member_type: VOTER last_known_addr { host: "127.31.205.194" port: 32929 } } peers { permanent_uuid: "d6382e2532e745a7b942f9c1b5e85d73" member_type: VOTER last_known_addr { host: "127.31.205.195" port: 39937 } }
I20260713 09:11:54.813023 32701 leader_election.cc:290] T 7acee3a9ed144140bc5cee73298bf2aa P ed01626311be4504bebafac6229b969d [CANDIDATE]: Term 3 election: Requested vote from peers 5f1428eae64a44c8868d6859a626f89c (127.31.205.194:32929), d6382e2532e745a7b942f9c1b5e85d73 (127.31.205.195:39937)
I20260713 09:11:54.813781   308 tablet_service.cc:1917] Received RequestConsensusVote() RPC: tablet_id: "7acee3a9ed144140bc5cee73298bf2aa" candidate_uuid: "ed01626311be4504bebafac6229b969d" candidate_term: 3 candidate_status { last_received { term: 2 index: 2 } } ignore_live_leader: true dest_uuid: "5f1428eae64a44c8868d6859a626f89c"
I20260713 09:11:54.814188   383 tablet_service.cc:1917] Received RequestConsensusVote() RPC: tablet_id: "7acee3a9ed144140bc5cee73298bf2aa" candidate_uuid: "ed01626311be4504bebafac6229b969d" candidate_term: 3 candidate_status { last_received { term: 2 index: 2 } } ignore_live_leader: true dest_uuid: "d6382e2532e745a7b942f9c1b5e85d73"
I20260713 09:11:54.814354   308 raft_consensus.cc:3055] T 7acee3a9ed144140bc5cee73298bf2aa P 5f1428eae64a44c8868d6859a626f89c [term 2 LEADER]: Stepping down as leader of term 2
I20260713 09:11:54.814661   383 raft_consensus.cc:3060] T 7acee3a9ed144140bc5cee73298bf2aa P d6382e2532e745a7b942f9c1b5e85d73 [term 2 FOLLOWER]: Advancing to term 3
I20260713 09:11:54.814750   308 raft_consensus.cc:740] T 7acee3a9ed144140bc5cee73298bf2aa P 5f1428eae64a44c8868d6859a626f89c [term 2 LEADER]: Becoming Follower/Learner. State: Replica: 5f1428eae64a44c8868d6859a626f89c, State: Running, Role: LEADER
I20260713 09:11:54.815613   308 consensus_queue.cc:260] T 7acee3a9ed144140bc5cee73298bf2aa P 5f1428eae64a44c8868d6859a626f89c [NON_LEADER]: Queue going to NON_LEADER mode. State: All replicated index: 0, Majority replicated index: 2, Committed index: 2, Last appended: 2.2, Last appended by leader: 2, Current term: 2, Majority size: -1, State: 0, Mode: NON_LEADER, active raft config: opid_index: -1 OBSOLETE_local: false peers { permanent_uuid: "ed01626311be4504bebafac6229b969d" member_type: VOTER last_known_addr { host: "127.31.205.193" port: 37185 } } peers { permanent_uuid: "5f1428eae64a44c8868d6859a626f89c" member_type: VOTER last_known_addr { host: "127.31.205.194" port: 32929 } } peers { permanent_uuid: "d6382e2532e745a7b942f9c1b5e85d73" member_type: VOTER last_known_addr { host: "127.31.205.195" port: 39937 } }
I20260713 09:11:54.816656   308 raft_consensus.cc:3060] T 7acee3a9ed144140bc5cee73298bf2aa P 5f1428eae64a44c8868d6859a626f89c [term 2 FOLLOWER]: Advancing to term 3
I20260713 09:11:54.816887   309 raft_consensus.cc:2468] T 675858a295ec4824a5ef16c2821e45d9 P 5f1428eae64a44c8868d6859a626f89c [term 5 FOLLOWER]: Leader election vote request: Granting yes vote for candidate d6382e2532e745a7b942f9c1b5e85d73 in term 5.
I20260713 09:11:54.818194   349 leader_election.cc:304] T 675858a295ec4824a5ef16c2821e45d9 P d6382e2532e745a7b942f9c1b5e85d73 [CANDIDATE]: Term 5 election: Election decided. Result: candidate won. Election summary: received 2 responses out of 3 voters: 2 yes votes; 0 no votes. yes voters: 5f1428eae64a44c8868d6859a626f89c, d6382e2532e745a7b942f9c1b5e85d73; no voters: 
I20260713 09:11:54.819099   564 raft_consensus.cc:2804] T 675858a295ec4824a5ef16c2821e45d9 P d6382e2532e745a7b942f9c1b5e85d73 [term 5 FOLLOWER]: Leader election won for term 5
I20260713 09:11:54.820327   564 raft_consensus.cc:697] T 675858a295ec4824a5ef16c2821e45d9 P d6382e2532e745a7b942f9c1b5e85d73 [term 5 LEADER]: Becoming Leader. State: Replica: d6382e2532e745a7b942f9c1b5e85d73, State: Running, Role: LEADER
I20260713 09:11:54.821107   564 consensus_queue.cc:237] T 675858a295ec4824a5ef16c2821e45d9 P d6382e2532e745a7b942f9c1b5e85d73 [LEADER]: Queue going to LEADER mode. State: All replicated index: 0, Majority replicated index: 4, Committed index: 4, Last appended: 4.4, Last appended by leader: 4, Current term: 5, Majority size: 2, State: 0, Mode: LEADER, active raft config: opid_index: -1 OBSOLETE_local: false peers { permanent_uuid: "ed01626311be4504bebafac6229b969d" member_type: VOTER last_known_addr { host: "127.31.205.193" port: 37185 } } peers { permanent_uuid: "5f1428eae64a44c8868d6859a626f89c" member_type: VOTER last_known_addr { host: "127.31.205.194" port: 32929 } } peers { permanent_uuid: "d6382e2532e745a7b942f9c1b5e85d73" member_type: VOTER last_known_addr { host: "127.31.205.195" port: 39937 } }
I20260713 09:11:54.822867   308 raft_consensus.cc:2468] T 7acee3a9ed144140bc5cee73298bf2aa P 5f1428eae64a44c8868d6859a626f89c [term 3 FOLLOWER]: Leader election vote request: Granting yes vote for candidate ed01626311be4504bebafac6229b969d in term 3.
I20260713 09:11:54.824330 32668 leader_election.cc:304] T 7acee3a9ed144140bc5cee73298bf2aa P ed01626311be4504bebafac6229b969d [CANDIDATE]: Term 3 election: Election decided. Result: candidate won. Election summary: received 2 responses out of 3 voters: 2 yes votes; 0 no votes. yes voters: 5f1428eae64a44c8868d6859a626f89c, ed01626311be4504bebafac6229b969d; no voters: 
I20260713 09:11:54.825385   580 raft_consensus.cc:2804] T 7acee3a9ed144140bc5cee73298bf2aa P ed01626311be4504bebafac6229b969d [term 3 FOLLOWER]: Leader election won for term 3
I20260713 09:11:54.825913   580 raft_consensus.cc:697] T 7acee3a9ed144140bc5cee73298bf2aa P ed01626311be4504bebafac6229b969d [term 3 LEADER]: Becoming Leader. State: Replica: ed01626311be4504bebafac6229b969d, State: Running, Role: LEADER
I20260713 09:11:54.826020 32700 raft_consensus.cc:2468] T 675858a295ec4824a5ef16c2821e45d9 P ed01626311be4504bebafac6229b969d [term 5 FOLLOWER]: Leader election vote request: Granting yes vote for candidate d6382e2532e745a7b942f9c1b5e85d73 in term 5.
I20260713 09:11:54.827150   580 consensus_queue.cc:237] T 7acee3a9ed144140bc5cee73298bf2aa P ed01626311be4504bebafac6229b969d [LEADER]: Queue going to LEADER mode. State: All replicated index: 0, Majority replicated index: 2, Committed index: 2, Last appended: 2.2, Last appended by leader: 2, Current term: 3, Majority size: 2, State: 0, Mode: LEADER, active raft config: opid_index: -1 OBSOLETE_local: false peers { permanent_uuid: "ed01626311be4504bebafac6229b969d" member_type: VOTER last_known_addr { host: "127.31.205.193" port: 37185 } } peers { permanent_uuid: "5f1428eae64a44c8868d6859a626f89c" member_type: VOTER last_known_addr { host: "127.31.205.194" port: 32929 } } peers { permanent_uuid: "d6382e2532e745a7b942f9c1b5e85d73" member_type: VOTER last_known_addr { host: "127.31.205.195" port: 39937 } }
I20260713 09:11:54.827776   383 raft_consensus.cc:2468] T 7acee3a9ed144140bc5cee73298bf2aa P d6382e2532e745a7b942f9c1b5e85d73 [term 3 FOLLOWER]: Leader election vote request: Granting yes vote for candidate ed01626311be4504bebafac6229b969d in term 3.
I20260713 09:11:54.830951 32597 catalog_manager.cc:5697] T 675858a295ec4824a5ef16c2821e45d9 P d6382e2532e745a7b942f9c1b5e85d73 reported cstate change: term changed from 4 to 5, leader changed from 5f1428eae64a44c8868d6859a626f89c (127.31.205.194) to d6382e2532e745a7b942f9c1b5e85d73 (127.31.205.195). New cstate: current_term: 5 leader_uuid: "d6382e2532e745a7b942f9c1b5e85d73" committed_config { opid_index: -1 OBSOLETE_local: false peers { permanent_uuid: "ed01626311be4504bebafac6229b969d" member_type: VOTER last_known_addr { host: "127.31.205.193" port: 37185 } health_report { overall_health: UNKNOWN } } peers { permanent_uuid: "5f1428eae64a44c8868d6859a626f89c" member_type: VOTER last_known_addr { host: "127.31.205.194" port: 32929 } health_report { overall_health: UNKNOWN } } peers { permanent_uuid: "d6382e2532e745a7b942f9c1b5e85d73" member_type: VOTER last_known_addr { host: "127.31.205.195" port: 39937 } health_report { overall_health: HEALTHY } } }
I20260713 09:11:54.836072 32598 catalog_manager.cc:5697] T 7acee3a9ed144140bc5cee73298bf2aa P ed01626311be4504bebafac6229b969d reported cstate change: term changed from 2 to 3, leader changed from 5f1428eae64a44c8868d6859a626f89c (127.31.205.194) to ed01626311be4504bebafac6229b969d (127.31.205.193). New cstate: current_term: 3 leader_uuid: "ed01626311be4504bebafac6229b969d" committed_config { opid_index: -1 OBSOLETE_local: false peers { permanent_uuid: "ed01626311be4504bebafac6229b969d" member_type: VOTER last_known_addr { host: "127.31.205.193" port: 37185 } health_report { overall_health: HEALTHY } } peers { permanent_uuid: "5f1428eae64a44c8868d6859a626f89c" member_type: VOTER last_known_addr { host: "127.31.205.194" port: 32929 } health_report { overall_health: UNKNOWN } } peers { permanent_uuid: "d6382e2532e745a7b942f9c1b5e85d73" member_type: VOTER last_known_addr { host: "127.31.205.195" port: 39937 } health_report { overall_health: UNKNOWN } } }
I20260713 09:11:54.871181   578 raft_consensus.cc:993] T ad0620c0d5aa4d0dae536a3026d1fa9e P 5f1428eae64a44c8868d6859a626f89c: : Instructing follower d6382e2532e745a7b942f9c1b5e85d73 to start an election
I20260713 09:11:54.871694   578 raft_consensus.cc:1081] T ad0620c0d5aa4d0dae536a3026d1fa9e P 5f1428eae64a44c8868d6859a626f89c [term 3 LEADER]: Signalling peer d6382e2532e745a7b942f9c1b5e85d73 to start an election
I20260713 09:11:54.873250   383 tablet_service.cc:2044] Received Run Leader Election RPC: tablet_id: "ad0620c0d5aa4d0dae536a3026d1fa9e"
dest_uuid: "d6382e2532e745a7b942f9c1b5e85d73"
 from {username='slave'} at 127.0.0.1:40682
I20260713 09:11:54.873690   383 raft_consensus.cc:493] T ad0620c0d5aa4d0dae536a3026d1fa9e P d6382e2532e745a7b942f9c1b5e85d73 [term 3 FOLLOWER]: Starting forced leader election (received explicit request)
I20260713 09:11:54.873919   383 raft_consensus.cc:3060] T ad0620c0d5aa4d0dae536a3026d1fa9e P d6382e2532e745a7b942f9c1b5e85d73 [term 3 FOLLOWER]: Advancing to term 4
I20260713 09:11:54.878067   383 raft_consensus.cc:515] T ad0620c0d5aa4d0dae536a3026d1fa9e P d6382e2532e745a7b942f9c1b5e85d73 [term 4 FOLLOWER]: Starting forced leader election with config: opid_index: -1 OBSOLETE_local: false peers { permanent_uuid: "ed01626311be4504bebafac6229b969d" member_type: VOTER last_known_addr { host: "127.31.205.193" port: 37185 } } peers { permanent_uuid: "5f1428eae64a44c8868d6859a626f89c" member_type: VOTER last_known_addr { host: "127.31.205.194" port: 32929 } } peers { permanent_uuid: "d6382e2532e745a7b942f9c1b5e85d73" member_type: VOTER last_known_addr { host: "127.31.205.195" port: 39937 } }
I20260713 09:11:54.879419   383 leader_election.cc:290] T ad0620c0d5aa4d0dae536a3026d1fa9e P d6382e2532e745a7b942f9c1b5e85d73 [CANDIDATE]: Term 4 election: Requested vote from peers ed01626311be4504bebafac6229b969d (127.31.205.193:37185), 5f1428eae64a44c8868d6859a626f89c (127.31.205.194:32929)
I20260713 09:11:54.880318 32700 tablet_service.cc:1917] Received RequestConsensusVote() RPC: tablet_id: "ad0620c0d5aa4d0dae536a3026d1fa9e" candidate_uuid: "d6382e2532e745a7b942f9c1b5e85d73" candidate_term: 4 candidate_status { last_received { term: 3 index: 3 } } ignore_live_leader: true dest_uuid: "ed01626311be4504bebafac6229b969d"
I20260713 09:11:54.880599   308 tablet_service.cc:1917] Received RequestConsensusVote() RPC: tablet_id: "ad0620c0d5aa4d0dae536a3026d1fa9e" candidate_uuid: "d6382e2532e745a7b942f9c1b5e85d73" candidate_term: 4 candidate_status { last_received { term: 3 index: 3 } } ignore_live_leader: true dest_uuid: "5f1428eae64a44c8868d6859a626f89c"
I20260713 09:11:54.880919 32700 raft_consensus.cc:3060] T ad0620c0d5aa4d0dae536a3026d1fa9e P ed01626311be4504bebafac6229b969d [term 3 FOLLOWER]: Advancing to term 4
I20260713 09:11:54.881163   308 raft_consensus.cc:3055] T ad0620c0d5aa4d0dae536a3026d1fa9e P 5f1428eae64a44c8868d6859a626f89c [term 3 LEADER]: Stepping down as leader of term 3
I20260713 09:11:54.881480   308 raft_consensus.cc:740] T ad0620c0d5aa4d0dae536a3026d1fa9e P 5f1428eae64a44c8868d6859a626f89c [term 3 LEADER]: Becoming Follower/Learner. State: Replica: 5f1428eae64a44c8868d6859a626f89c, State: Running, Role: LEADER
I20260713 09:11:54.882287   308 consensus_queue.cc:260] T ad0620c0d5aa4d0dae536a3026d1fa9e P 5f1428eae64a44c8868d6859a626f89c [NON_LEADER]: Queue going to NON_LEADER mode. State: All replicated index: 0, Majority replicated index: 3, Committed index: 3, Last appended: 3.3, Last appended by leader: 3, Current term: 3, Majority size: -1, State: 0, Mode: NON_LEADER, active raft config: opid_index: -1 OBSOLETE_local: false peers { permanent_uuid: "ed01626311be4504bebafac6229b969d" member_type: VOTER last_known_addr { host: "127.31.205.193" port: 37185 } } peers { permanent_uuid: "5f1428eae64a44c8868d6859a626f89c" member_type: VOTER last_known_addr { host: "127.31.205.194" port: 32929 } } peers { permanent_uuid: "d6382e2532e745a7b942f9c1b5e85d73" member_type: VOTER last_known_addr { host: "127.31.205.195" port: 39937 } }
I20260713 09:11:54.883490   308 raft_consensus.cc:3060] T ad0620c0d5aa4d0dae536a3026d1fa9e P 5f1428eae64a44c8868d6859a626f89c [term 3 FOLLOWER]: Advancing to term 4
I20260713 09:11:54.887652 32700 raft_consensus.cc:2468] T ad0620c0d5aa4d0dae536a3026d1fa9e P ed01626311be4504bebafac6229b969d [term 4 FOLLOWER]: Leader election vote request: Granting yes vote for candidate d6382e2532e745a7b942f9c1b5e85d73 in term 4.
I20260713 09:11:54.889009   349 leader_election.cc:304] T ad0620c0d5aa4d0dae536a3026d1fa9e P d6382e2532e745a7b942f9c1b5e85d73 [CANDIDATE]: Term 4 election: Election decided. Result: candidate won. Election summary: received 2 responses out of 3 voters: 2 yes votes; 0 no votes. yes voters: d6382e2532e745a7b942f9c1b5e85d73, ed01626311be4504bebafac6229b969d; no voters: 
I20260713 09:11:54.889804   564 raft_consensus.cc:2804] T ad0620c0d5aa4d0dae536a3026d1fa9e P d6382e2532e745a7b942f9c1b5e85d73 [term 4 FOLLOWER]: Leader election won for term 4
I20260713 09:11:54.890295   564 raft_consensus.cc:697] T ad0620c0d5aa4d0dae536a3026d1fa9e P d6382e2532e745a7b942f9c1b5e85d73 [term 4 LEADER]: Becoming Leader. State: Replica: d6382e2532e745a7b942f9c1b5e85d73, State: Running, Role: LEADER
I20260713 09:11:54.891124   564 consensus_queue.cc:237] T ad0620c0d5aa4d0dae536a3026d1fa9e P d6382e2532e745a7b942f9c1b5e85d73 [LEADER]: Queue going to LEADER mode. State: All replicated index: 0, Majority replicated index: 3, Committed index: 3, Last appended: 3.3, Last appended by leader: 3, Current term: 4, Majority size: 2, State: 0, Mode: LEADER, active raft config: opid_index: -1 OBSOLETE_local: false peers { permanent_uuid: "ed01626311be4504bebafac6229b969d" member_type: VOTER last_known_addr { host: "127.31.205.193" port: 37185 } } peers { permanent_uuid: "5f1428eae64a44c8868d6859a626f89c" member_type: VOTER last_known_addr { host: "127.31.205.194" port: 32929 } } peers { permanent_uuid: "d6382e2532e745a7b942f9c1b5e85d73" member_type: VOTER last_known_addr { host: "127.31.205.195" port: 39937 } }
I20260713 09:11:54.891331   569 raft_consensus.cc:993] T 8d35da6d1e34440cb4d161b738dc8957 P 5f1428eae64a44c8868d6859a626f89c: : Instructing follower ed01626311be4504bebafac6229b969d to start an election
I20260713 09:11:54.890304   308 raft_consensus.cc:2468] T ad0620c0d5aa4d0dae536a3026d1fa9e P 5f1428eae64a44c8868d6859a626f89c [term 4 FOLLOWER]: Leader election vote request: Granting yes vote for candidate d6382e2532e745a7b942f9c1b5e85d73 in term 4.
I20260713 09:11:54.891932   578 raft_consensus.cc:1081] T 8d35da6d1e34440cb4d161b738dc8957 P 5f1428eae64a44c8868d6859a626f89c [term 3 LEADER]: Signalling peer ed01626311be4504bebafac6229b969d to start an election
I20260713 09:11:54.893518 32700 tablet_service.cc:2044] Received Run Leader Election RPC: tablet_id: "8d35da6d1e34440cb4d161b738dc8957"
dest_uuid: "ed01626311be4504bebafac6229b969d"
 from {username='slave'} at 127.0.0.1:42228
I20260713 09:11:54.894084 32700 raft_consensus.cc:493] T 8d35da6d1e34440cb4d161b738dc8957 P ed01626311be4504bebafac6229b969d [term 3 FOLLOWER]: Starting forced leader election (received explicit request)
I20260713 09:11:54.894532 32700 raft_consensus.cc:3060] T 8d35da6d1e34440cb4d161b738dc8957 P ed01626311be4504bebafac6229b969d [term 3 FOLLOWER]: Advancing to term 4
I20260713 09:11:54.898577 32598 catalog_manager.cc:5697] T ad0620c0d5aa4d0dae536a3026d1fa9e P d6382e2532e745a7b942f9c1b5e85d73 reported cstate change: term changed from 3 to 4, leader changed from 5f1428eae64a44c8868d6859a626f89c (127.31.205.194) to d6382e2532e745a7b942f9c1b5e85d73 (127.31.205.195). New cstate: current_term: 4 leader_uuid: "d6382e2532e745a7b942f9c1b5e85d73" committed_config { opid_index: -1 OBSOLETE_local: false peers { permanent_uuid: "ed01626311be4504bebafac6229b969d" member_type: VOTER last_known_addr { host: "127.31.205.193" port: 37185 } health_report { overall_health: UNKNOWN } } peers { permanent_uuid: "5f1428eae64a44c8868d6859a626f89c" member_type: VOTER last_known_addr { host: "127.31.205.194" port: 32929 } health_report { overall_health: UNKNOWN } } peers { permanent_uuid: "d6382e2532e745a7b942f9c1b5e85d73" member_type: VOTER last_known_addr { host: "127.31.205.195" port: 39937 } health_report { overall_health: HEALTHY } } }
I20260713 09:11:54.899605 32700 raft_consensus.cc:515] T 8d35da6d1e34440cb4d161b738dc8957 P ed01626311be4504bebafac6229b969d [term 4 FOLLOWER]: Starting forced leader election with config: opid_index: -1 OBSOLETE_local: false peers { permanent_uuid: "d6382e2532e745a7b942f9c1b5e85d73" member_type: VOTER last_known_addr { host: "127.31.205.195" port: 39937 } } peers { permanent_uuid: "ed01626311be4504bebafac6229b969d" member_type: VOTER last_known_addr { host: "127.31.205.193" port: 37185 } } peers { permanent_uuid: "5f1428eae64a44c8868d6859a626f89c" member_type: VOTER last_known_addr { host: "127.31.205.194" port: 32929 } }
I20260713 09:11:54.901904 32700 leader_election.cc:290] T 8d35da6d1e34440cb4d161b738dc8957 P ed01626311be4504bebafac6229b969d [CANDIDATE]: Term 4 election: Requested vote from peers d6382e2532e745a7b942f9c1b5e85d73 (127.31.205.195:39937), 5f1428eae64a44c8868d6859a626f89c (127.31.205.194:32929)
I20260713 09:11:54.902144   383 tablet_service.cc:1917] Received RequestConsensusVote() RPC: tablet_id: "8d35da6d1e34440cb4d161b738dc8957" candidate_uuid: "ed01626311be4504bebafac6229b969d" candidate_term: 4 candidate_status { last_received { term: 3 index: 3 } } ignore_live_leader: true dest_uuid: "d6382e2532e745a7b942f9c1b5e85d73"
I20260713 09:11:54.902526   308 tablet_service.cc:1917] Received RequestConsensusVote() RPC: tablet_id: "8d35da6d1e34440cb4d161b738dc8957" candidate_uuid: "ed01626311be4504bebafac6229b969d" candidate_term: 4 candidate_status { last_received { term: 3 index: 3 } } ignore_live_leader: true dest_uuid: "5f1428eae64a44c8868d6859a626f89c"
I20260713 09:11:54.903200   308 raft_consensus.cc:3055] T 8d35da6d1e34440cb4d161b738dc8957 P 5f1428eae64a44c8868d6859a626f89c [term 3 LEADER]: Stepping down as leader of term 3
I20260713 09:11:54.903528   308 raft_consensus.cc:740] T 8d35da6d1e34440cb4d161b738dc8957 P 5f1428eae64a44c8868d6859a626f89c [term 3 LEADER]: Becoming Follower/Learner. State: Replica: 5f1428eae64a44c8868d6859a626f89c, State: Running, Role: LEADER
I20260713 09:11:54.904392   308 consensus_queue.cc:260] T 8d35da6d1e34440cb4d161b738dc8957 P 5f1428eae64a44c8868d6859a626f89c [NON_LEADER]: Queue going to NON_LEADER mode. State: All replicated index: 0, Majority replicated index: 3, Committed index: 3, Last appended: 3.3, Last appended by leader: 3, Current term: 3, Majority size: -1, State: 0, Mode: NON_LEADER, active raft config: opid_index: -1 OBSOLETE_local: false peers { permanent_uuid: "d6382e2532e745a7b942f9c1b5e85d73" member_type: VOTER last_known_addr { host: "127.31.205.195" port: 39937 } } peers { permanent_uuid: "ed01626311be4504bebafac6229b969d" member_type: VOTER last_known_addr { host: "127.31.205.193" port: 37185 } } peers { permanent_uuid: "5f1428eae64a44c8868d6859a626f89c" member_type: VOTER last_known_addr { host: "127.31.205.194" port: 32929 } }
I20260713 09:11:54.905700   308 raft_consensus.cc:3060] T 8d35da6d1e34440cb4d161b738dc8957 P 5f1428eae64a44c8868d6859a626f89c [term 3 FOLLOWER]: Advancing to term 4
I20260713 09:11:54.906242   383 raft_consensus.cc:3060] T 8d35da6d1e34440cb4d161b738dc8957 P d6382e2532e745a7b942f9c1b5e85d73 [term 3 FOLLOWER]: Advancing to term 4
I20260713 09:11:54.911140   383 raft_consensus.cc:2468] T 8d35da6d1e34440cb4d161b738dc8957 P d6382e2532e745a7b942f9c1b5e85d73 [term 4 FOLLOWER]: Leader election vote request: Granting yes vote for candidate ed01626311be4504bebafac6229b969d in term 4.
I20260713 09:11:54.912016   308 raft_consensus.cc:2468] T 8d35da6d1e34440cb4d161b738dc8957 P 5f1428eae64a44c8868d6859a626f89c [term 4 FOLLOWER]: Leader election vote request: Granting yes vote for candidate ed01626311be4504bebafac6229b969d in term 4.
I20260713 09:11:54.912038 32667 leader_election.cc:304] T 8d35da6d1e34440cb4d161b738dc8957 P ed01626311be4504bebafac6229b969d [CANDIDATE]: Term 4 election: Election decided. Result: candidate won. Election summary: received 2 responses out of 3 voters: 2 yes votes; 0 no votes. yes voters: d6382e2532e745a7b942f9c1b5e85d73, ed01626311be4504bebafac6229b969d; no voters: 
I20260713 09:11:54.912905   580 raft_consensus.cc:2804] T 8d35da6d1e34440cb4d161b738dc8957 P ed01626311be4504bebafac6229b969d [term 4 FOLLOWER]: Leader election won for term 4
I20260713 09:11:54.913344   580 raft_consensus.cc:697] T 8d35da6d1e34440cb4d161b738dc8957 P ed01626311be4504bebafac6229b969d [term 4 LEADER]: Becoming Leader. State: Replica: ed01626311be4504bebafac6229b969d, State: Running, Role: LEADER
I20260713 09:11:54.914143   580 consensus_queue.cc:237] T 8d35da6d1e34440cb4d161b738dc8957 P ed01626311be4504bebafac6229b969d [LEADER]: Queue going to LEADER mode. State: All replicated index: 0, Majority replicated index: 3, Committed index: 3, Last appended: 3.3, Last appended by leader: 3, Current term: 4, Majority size: 2, State: 0, Mode: LEADER, active raft config: opid_index: -1 OBSOLETE_local: false peers { permanent_uuid: "d6382e2532e745a7b942f9c1b5e85d73" member_type: VOTER last_known_addr { host: "127.31.205.195" port: 39937 } } peers { permanent_uuid: "ed01626311be4504bebafac6229b969d" member_type: VOTER last_known_addr { host: "127.31.205.193" port: 37185 } } peers { permanent_uuid: "5f1428eae64a44c8868d6859a626f89c" member_type: VOTER last_known_addr { host: "127.31.205.194" port: 32929 } }
I20260713 09:11:54.920843 32598 catalog_manager.cc:5697] T 8d35da6d1e34440cb4d161b738dc8957 P ed01626311be4504bebafac6229b969d reported cstate change: term changed from 3 to 4, leader changed from 5f1428eae64a44c8868d6859a626f89c (127.31.205.194) to ed01626311be4504bebafac6229b969d (127.31.205.193). New cstate: current_term: 4 leader_uuid: "ed01626311be4504bebafac6229b969d" committed_config { opid_index: -1 OBSOLETE_local: false peers { permanent_uuid: "d6382e2532e745a7b942f9c1b5e85d73" member_type: VOTER last_known_addr { host: "127.31.205.195" port: 39937 } health_report { overall_health: UNKNOWN } } peers { permanent_uuid: "ed01626311be4504bebafac6229b969d" member_type: VOTER last_known_addr { host: "127.31.205.193" port: 37185 } health_report { overall_health: HEALTHY } } peers { permanent_uuid: "5f1428eae64a44c8868d6859a626f89c" member_type: VOTER last_known_addr { host: "127.31.205.194" port: 32929 } health_report { overall_health: UNKNOWN } } }
I20260713 09:11:55.216488 32700 raft_consensus.cc:1275] T 675858a295ec4824a5ef16c2821e45d9 P ed01626311be4504bebafac6229b969d [term 5 FOLLOWER]: Refusing update from remote peer d6382e2532e745a7b942f9c1b5e85d73: Log matching property violated. Preceding OpId in replica: term: 4 index: 4. Preceding OpId from leader: term: 5 index: 5. (index mismatch)
I20260713 09:11:55.218084   564 consensus_queue.cc:1048] T 675858a295ec4824a5ef16c2821e45d9 P d6382e2532e745a7b942f9c1b5e85d73 [LEADER]: Connected to new peer: Peer: permanent_uuid: "ed01626311be4504bebafac6229b969d" member_type: VOTER last_known_addr { host: "127.31.205.193" port: 37185 }, Status: LMP_MISMATCH, Last received: 0.0, Next index: 5, Last known committed idx: 4, Time since last communication: 0.000s
I20260713 09:11:55.228240   308 raft_consensus.cc:1275] T 675858a295ec4824a5ef16c2821e45d9 P 5f1428eae64a44c8868d6859a626f89c [term 5 FOLLOWER]: Refusing update from remote peer d6382e2532e745a7b942f9c1b5e85d73: Log matching property violated. Preceding OpId in replica: term: 4 index: 4. Preceding OpId from leader: term: 5 index: 5. (index mismatch)
I20260713 09:11:55.229938   564 consensus_queue.cc:1048] T 675858a295ec4824a5ef16c2821e45d9 P d6382e2532e745a7b942f9c1b5e85d73 [LEADER]: Connected to new peer: Peer: permanent_uuid: "5f1428eae64a44c8868d6859a626f89c" member_type: VOTER last_known_addr { host: "127.31.205.194" port: 32929 }, Status: LMP_MISMATCH, Last received: 0.0, Next index: 5, Last known committed idx: 4, Time since last communication: 0.001s
I20260713 09:11:55.243430   308 raft_consensus.cc:1275] T 7acee3a9ed144140bc5cee73298bf2aa P 5f1428eae64a44c8868d6859a626f89c [term 3 FOLLOWER]: Refusing update from remote peer ed01626311be4504bebafac6229b969d: Log matching property violated. Preceding OpId in replica: term: 2 index: 2. Preceding OpId from leader: term: 3 index: 3. (index mismatch)
I20260713 09:11:55.244674   580 consensus_queue.cc:1048] T 7acee3a9ed144140bc5cee73298bf2aa P ed01626311be4504bebafac6229b969d [LEADER]: Connected to new peer: Peer: permanent_uuid: "5f1428eae64a44c8868d6859a626f89c" member_type: VOTER last_known_addr { host: "127.31.205.194" port: 32929 }, Status: LMP_MISMATCH, Last received: 0.0, Next index: 3, Last known committed idx: 2, Time since last communication: 0.000s
I20260713 09:11:55.255076   383 raft_consensus.cc:1275] T 7acee3a9ed144140bc5cee73298bf2aa P d6382e2532e745a7b942f9c1b5e85d73 [term 3 FOLLOWER]: Refusing update from remote peer ed01626311be4504bebafac6229b969d: Log matching property violated. Preceding OpId in replica: term: 2 index: 2. Preceding OpId from leader: term: 3 index: 3. (index mismatch)
I20260713 09:11:55.257647   598 consensus_queue.cc:1048] T 7acee3a9ed144140bc5cee73298bf2aa P ed01626311be4504bebafac6229b969d [LEADER]: Connected to new peer: Peer: permanent_uuid: "d6382e2532e745a7b942f9c1b5e85d73" member_type: VOTER last_known_addr { host: "127.31.205.195" port: 39937 }, Status: LMP_MISMATCH, Last received: 0.0, Next index: 3, Last known committed idx: 2, Time since last communication: 0.001s
I20260713 09:11:55.319924   308 raft_consensus.cc:1275] T 8d35da6d1e34440cb4d161b738dc8957 P 5f1428eae64a44c8868d6859a626f89c [term 4 FOLLOWER]: Refusing update from remote peer ed01626311be4504bebafac6229b969d: Log matching property violated. Preceding OpId in replica: term: 3 index: 3. Preceding OpId from leader: term: 4 index: 4. (index mismatch)
I20260713 09:11:55.321110   598 consensus_queue.cc:1048] T 8d35da6d1e34440cb4d161b738dc8957 P ed01626311be4504bebafac6229b969d [LEADER]: Connected to new peer: Peer: permanent_uuid: "5f1428eae64a44c8868d6859a626f89c" member_type: VOTER last_known_addr { host: "127.31.205.194" port: 32929 }, Status: LMP_MISMATCH, Last received: 0.0, Next index: 4, Last known committed idx: 3, Time since last communication: 0.000s
I20260713 09:11:55.329841   383 raft_consensus.cc:1275] T 8d35da6d1e34440cb4d161b738dc8957 P d6382e2532e745a7b942f9c1b5e85d73 [term 4 FOLLOWER]: Refusing update from remote peer ed01626311be4504bebafac6229b969d: Log matching property violated. Preceding OpId in replica: term: 3 index: 3. Preceding OpId from leader: term: 4 index: 4. (index mismatch)
I20260713 09:11:55.331344   580 consensus_queue.cc:1048] T 8d35da6d1e34440cb4d161b738dc8957 P ed01626311be4504bebafac6229b969d [LEADER]: Connected to new peer: Peer: permanent_uuid: "d6382e2532e745a7b942f9c1b5e85d73" member_type: VOTER last_known_addr { host: "127.31.205.195" port: 39937 }, Status: LMP_MISMATCH, Last received: 0.0, Next index: 4, Last known committed idx: 3, Time since last communication: 0.000s
I20260713 09:11:55.346776 32701 raft_consensus.cc:1275] T ad0620c0d5aa4d0dae536a3026d1fa9e P ed01626311be4504bebafac6229b969d [term 4 FOLLOWER]: Refusing update from remote peer d6382e2532e745a7b942f9c1b5e85d73: Log matching property violated. Preceding OpId in replica: term: 3 index: 3. Preceding OpId from leader: term: 4 index: 4. (index mismatch)
I20260713 09:11:55.347951   564 consensus_queue.cc:1048] T ad0620c0d5aa4d0dae536a3026d1fa9e P d6382e2532e745a7b942f9c1b5e85d73 [LEADER]: Connected to new peer: Peer: permanent_uuid: "ed01626311be4504bebafac6229b969d" member_type: VOTER last_known_addr { host: "127.31.205.193" port: 37185 }, Status: LMP_MISMATCH, Last received: 0.0, Next index: 4, Last known committed idx: 3, Time since last communication: 0.000s
I20260713 09:11:55.357903   309 raft_consensus.cc:1275] T ad0620c0d5aa4d0dae536a3026d1fa9e P 5f1428eae64a44c8868d6859a626f89c [term 4 FOLLOWER]: Refusing update from remote peer d6382e2532e745a7b942f9c1b5e85d73: Log matching property violated. Preceding OpId in replica: term: 3 index: 3. Preceding OpId from leader: term: 4 index: 4. (index mismatch)
I20260713 09:11:55.359128   564 consensus_queue.cc:1048] T ad0620c0d5aa4d0dae536a3026d1fa9e P d6382e2532e745a7b942f9c1b5e85d73 [LEADER]: Connected to new peer: Peer: permanent_uuid: "5f1428eae64a44c8868d6859a626f89c" member_type: VOTER last_known_addr { host: "127.31.205.194" port: 32929 }, Status: LMP_MISMATCH, Last received: 0.0, Next index: 4, Last known committed idx: 3, Time since last communication: 0.000s
I20260713 09:11:55.360760   308 raft_consensus.cc:1275] T cdce624877634addb34aa1440ae39b11 P 5f1428eae64a44c8868d6859a626f89c [term 3 FOLLOWER]: Refusing update from remote peer ed01626311be4504bebafac6229b969d: Log matching property violated. Preceding OpId in replica: term: 2 index: 2. Preceding OpId from leader: term: 3 index: 3. (index mismatch)
I20260713 09:11:55.362157   580 consensus_queue.cc:1048] T cdce624877634addb34aa1440ae39b11 P ed01626311be4504bebafac6229b969d [LEADER]: Connected to new peer: Peer: permanent_uuid: "5f1428eae64a44c8868d6859a626f89c" member_type: VOTER last_known_addr { host: "127.31.205.194" port: 32929 }, Status: LMP_MISMATCH, Last received: 0.0, Next index: 3, Last known committed idx: 2, Time since last communication: 0.000s
I20260713 09:11:55.365545   383 raft_consensus.cc:1275] T cdce624877634addb34aa1440ae39b11 P d6382e2532e745a7b942f9c1b5e85d73 [term 3 FOLLOWER]: Refusing update from remote peer ed01626311be4504bebafac6229b969d: Log matching property violated. Preceding OpId in replica: term: 2 index: 2. Preceding OpId from leader: term: 3 index: 3. (index mismatch)
