I20260713 09:12:24.438297  1132 catalog_manager.cc:5697] T 6a320e7b0f9e498cbb6b706efcb8e9d5 P a6d2ce3170e841adbe2be721b9717472 reported cstate change: config changed from index 3 to 4, VOTER 36a6fb54f9ed48e196f27b14f779e7e3 (127.31.205.194) evicted. New cstate: current_term: 1 leader_uuid: "6d47aeb9414e4a8eb8be54f06fd59b67" committed_config { opid_index: 4 OBSOLETE_local: false peers { permanent_uuid: "6d47aeb9414e4a8eb8be54f06fd59b67" member_type: VOTER last_known_addr { host: "127.31.205.193" port: 43589 } } peers { permanent_uuid: "a6d2ce3170e841adbe2be721b9717472" member_type: VOTER last_known_addr { host: "127.31.205.195" port: 44571 } } peers { permanent_uuid: "7980e98733d9437dbfb76b9fb61338a0" member_type: VOTER last_known_addr { host: "127.31.205.196" port: 36151 } attrs { promote: false } } }
I20260713 09:12:24.440116  1659 raft_consensus.cc:2955] T 6a320e7b0f9e498cbb6b706efcb8e9d5 P 7980e98733d9437dbfb76b9fb61338a0 [term 1 FOLLOWER]: Committing config change with OpId 1.4: config changed from index 3 to 4, VOTER 36a6fb54f9ed48e196f27b14f779e7e3 (127.31.205.194) evicted. New config: { opid_index: 4 OBSOLETE_local: false peers { permanent_uuid: "6d47aeb9414e4a8eb8be54f06fd59b67" member_type: VOTER last_known_addr { host: "127.31.205.193" port: 43589 } } peers { permanent_uuid: "a6d2ce3170e841adbe2be721b9717472" member_type: VOTER last_known_addr { host: "127.31.205.195" port: 44571 } } peers { permanent_uuid: "7980e98733d9437dbfb76b9fb61338a0" member_type: VOTER last_known_addr { host: "127.31.205.196" port: 36151 } attrs { promote: false } } }
I20260713 09:12:24.465561  1301 tablet_service.cc:1558] Processing DeleteTablet for tablet 6a320e7b0f9e498cbb6b706efcb8e9d5 with delete_type TABLET_DATA_TOMBSTONED (TS 36a6fb54f9ed48e196f27b14f779e7e3 not found in new config with opid_index 4) from {username='slave'} at 127.0.0.1:46916
I20260713 09:12:24.470875  1120 catalog_manager.cc:5210] ChangeConfig:REMOVE_PEER RPC for tablet 6a320e7b0f9e498cbb6b706efcb8e9d5 with cas_config_opid_index 3: ChangeConfig:REMOVE_PEER succeeded (attempt 1)
I20260713 09:12:24.473403  1925 raft_consensus.cc:2955] T 70a24bf434054ff9bf1958560b3c7a38 P 36a6fb54f9ed48e196f27b14f779e7e3 [term 1 LEADER]: Committing config change with OpId 1.3: config changed from index 2 to 3, 7980e98733d9437dbfb76b9fb61338a0 (127.31.205.196) changed from NON_VOTER to VOTER. New config: { opid_index: 3 OBSOLETE_local: false peers { permanent_uuid: "6d47aeb9414e4a8eb8be54f06fd59b67" member_type: VOTER last_known_addr { host: "127.31.205.193" port: 43589 } attrs { replace: true } } peers { permanent_uuid: "36a6fb54f9ed48e196f27b14f779e7e3" member_type: VOTER last_known_addr { host: "127.31.205.194" port: 38451 } } peers { permanent_uuid: "a6d2ce3170e841adbe2be721b9717472" member_type: VOTER last_known_addr { host: "127.31.205.195" port: 44571 } } peers { permanent_uuid: "7980e98733d9437dbfb76b9fb61338a0" member_type: VOTER last_known_addr { host: "127.31.205.196" port: 36151 } attrs { promote: false } } }
I20260713 09:12:24.476908  1942 tablet_replica.cc:333] T 6a320e7b0f9e498cbb6b706efcb8e9d5 P 36a6fb54f9ed48e196f27b14f779e7e3: stopping tablet replica
I20260713 09:12:24.476995  1924 raft_consensus.cc:1064] T da4bc4c6864b4e6196eedac52817ab0c P 36a6fb54f9ed48e196f27b14f779e7e3: attempting to promote NON_VOTER 7980e98733d9437dbfb76b9fb61338a0 to VOTER
I20260713 09:12:24.479645  1924 consensus_queue.cc:237] T da4bc4c6864b4e6196eedac52817ab0c P 36a6fb54f9ed48e196f27b14f779e7e3 [LEADER]: Queue going to LEADER mode. State: All replicated index: 0, Majority replicated index: 2, Committed index: 2, Last appended: 1.2, Last appended by leader: 0, Current term: 1, Majority size: 3, State: 0, Mode: LEADER, active raft config: opid_index: 3 OBSOLETE_local: false peers { permanent_uuid: "6d47aeb9414e4a8eb8be54f06fd59b67" member_type: VOTER last_known_addr { host: "127.31.205.193" port: 43589 } } peers { permanent_uuid: "36a6fb54f9ed48e196f27b14f779e7e3" member_type: VOTER last_known_addr { host: "127.31.205.194" port: 38451 } } peers { permanent_uuid: "a6d2ce3170e841adbe2be721b9717472" member_type: VOTER last_known_addr { host: "127.31.205.195" port: 44571 } attrs { replace: true } } peers { permanent_uuid: "7980e98733d9437dbfb76b9fb61338a0" member_type: VOTER last_known_addr { host: "127.31.205.196" port: 36151 } attrs { promote: false } }
I20260713 09:12:24.482910  1385 raft_consensus.cc:2955] T 70a24bf434054ff9bf1958560b3c7a38 P a6d2ce3170e841adbe2be721b9717472 [term 1 FOLLOWER]: Committing config change with OpId 1.3: config changed from index 2 to 3, 7980e98733d9437dbfb76b9fb61338a0 (127.31.205.196) changed from NON_VOTER to VOTER. New config: { opid_index: 3 OBSOLETE_local: false peers { permanent_uuid: "6d47aeb9414e4a8eb8be54f06fd59b67" member_type: VOTER last_known_addr { host: "127.31.205.193" port: 43589 } attrs { replace: true } } peers { permanent_uuid: "36a6fb54f9ed48e196f27b14f779e7e3" member_type: VOTER last_known_addr { host: "127.31.205.194" port: 38451 } } peers { permanent_uuid: "a6d2ce3170e841adbe2be721b9717472" member_type: VOTER last_known_addr { host: "127.31.205.195" port: 44571 } } peers { permanent_uuid: "7980e98733d9437dbfb76b9fb61338a0" member_type: VOTER last_known_addr { host: "127.31.205.196" port: 36151 } attrs { promote: false } } }
I20260713 09:12:24.490372  1942 raft_consensus.cc:2243] T 6a320e7b0f9e498cbb6b706efcb8e9d5 P 36a6fb54f9ed48e196f27b14f779e7e3 [term 1 FOLLOWER]: Raft consensus shutting down.
I20260713 09:12:24.491230  1942 raft_consensus.cc:2272] T 6a320e7b0f9e498cbb6b706efcb8e9d5 P 36a6fb54f9ed48e196f27b14f779e7e3 [term 1 FOLLOWER]: Raft consensus is shut down!
I20260713 09:12:24.494984  1235 raft_consensus.cc:2955] T 70a24bf434054ff9bf1958560b3c7a38 P 6d47aeb9414e4a8eb8be54f06fd59b67 [term 1 FOLLOWER]: Committing config change with OpId 1.3: config changed from index 2 to 3, 7980e98733d9437dbfb76b9fb61338a0 (127.31.205.196) changed from NON_VOTER to VOTER. New config: { opid_index: 3 OBSOLETE_local: false peers { permanent_uuid: "6d47aeb9414e4a8eb8be54f06fd59b67" member_type: VOTER last_known_addr { host: "127.31.205.193" port: 43589 } attrs { replace: true } } peers { permanent_uuid: "36a6fb54f9ed48e196f27b14f779e7e3" member_type: VOTER last_known_addr { host: "127.31.205.194" port: 38451 } } peers { permanent_uuid: "a6d2ce3170e841adbe2be721b9717472" member_type: VOTER last_known_addr { host: "127.31.205.195" port: 44571 } } peers { permanent_uuid: "7980e98733d9437dbfb76b9fb61338a0" member_type: VOTER last_known_addr { host: "127.31.205.196" port: 36151 } attrs { promote: false } } }
I20260713 09:12:24.496948  1133 catalog_manager.cc:5697] T 70a24bf434054ff9bf1958560b3c7a38 P 36a6fb54f9ed48e196f27b14f779e7e3 reported cstate change: config changed from index 2 to 3, 7980e98733d9437dbfb76b9fb61338a0 (127.31.205.196) changed from NON_VOTER to VOTER. New cstate: current_term: 1 leader_uuid: "36a6fb54f9ed48e196f27b14f779e7e3" committed_config { opid_index: 3 OBSOLETE_local: false peers { permanent_uuid: "6d47aeb9414e4a8eb8be54f06fd59b67" member_type: VOTER last_known_addr { host: "127.31.205.193" port: 43589 } attrs { replace: true } health_report { overall_health: HEALTHY } } peers { permanent_uuid: "36a6fb54f9ed48e196f27b14f779e7e3" member_type: VOTER last_known_addr { host: "127.31.205.194" port: 38451 } health_report { overall_health: HEALTHY } } peers { permanent_uuid: "a6d2ce3170e841adbe2be721b9717472" member_type: VOTER last_known_addr { host: "127.31.205.195" port: 44571 } health_report { overall_health: HEALTHY } } peers { permanent_uuid: "7980e98733d9437dbfb76b9fb61338a0" member_type: VOTER last_known_addr { host: "127.31.205.196" port: 36151 } attrs { promote: false } health_report { overall_health: HEALTHY } } }
I20260713 09:12:24.499990  1942 ts_tablet_manager.cc:1916] T 6a320e7b0f9e498cbb6b706efcb8e9d5 P 36a6fb54f9ed48e196f27b14f779e7e3: Deleting tablet data with delete state TABLET_DATA_TOMBSTONED
I20260713 09:12:24.519330  1894 raft_consensus.cc:1064] T 4e406dc025044b18b8ee84687771de70 P 6d47aeb9414e4a8eb8be54f06fd59b67: attempting to promote NON_VOTER 7980e98733d9437dbfb76b9fb61338a0 to VOTER
I20260713 09:12:24.522125  1894 consensus_queue.cc:237] T 4e406dc025044b18b8ee84687771de70 P 6d47aeb9414e4a8eb8be54f06fd59b67 [LEADER]: Queue going to LEADER mode. State: All replicated index: 0, Majority replicated index: 2, Committed index: 2, Last appended: 1.2, Last appended by leader: 0, Current term: 1, Majority size: 3, State: 0, Mode: LEADER, active raft config: opid_index: 3 OBSOLETE_local: false peers { permanent_uuid: "6d47aeb9414e4a8eb8be54f06fd59b67" member_type: VOTER last_known_addr { host: "127.31.205.193" port: 43589 } } peers { permanent_uuid: "36a6fb54f9ed48e196f27b14f779e7e3" member_type: VOTER last_known_addr { host: "127.31.205.194" port: 38451 } } peers { permanent_uuid: "a6d2ce3170e841adbe2be721b9717472" member_type: VOTER last_known_addr { host: "127.31.205.195" port: 44571 } attrs { replace: true } } peers { permanent_uuid: "7980e98733d9437dbfb76b9fb61338a0" member_type: VOTER last_known_addr { host: "127.31.205.196" port: 36151 } attrs { promote: false } }
I20260713 09:12:24.526213  1311 consensus_queue.cc:237] T 70a24bf434054ff9bf1958560b3c7a38 P 36a6fb54f9ed48e196f27b14f779e7e3 [LEADER]: Queue going to LEADER mode. State: All replicated index: 0, Majority replicated index: 3, Committed index: 3, Last appended: 1.3, Last appended by leader: 0, Current term: 1, Majority size: 2, State: 0, Mode: LEADER, active raft config: opid_index: 4 OBSOLETE_local: false peers { permanent_uuid: "36a6fb54f9ed48e196f27b14f779e7e3" member_type: VOTER last_known_addr { host: "127.31.205.194" port: 38451 } } peers { permanent_uuid: "a6d2ce3170e841adbe2be721b9717472" member_type: VOTER last_known_addr { host: "127.31.205.195" port: 44571 } } peers { permanent_uuid: "7980e98733d9437dbfb76b9fb61338a0" member_type: VOTER last_known_addr { host: "127.31.205.196" port: 36151 } attrs { promote: false } }
I20260713 09:12:24.527999  1385 raft_consensus.cc:1275] T da4bc4c6864b4e6196eedac52817ab0c P a6d2ce3170e841adbe2be721b9717472 [term 1 FOLLOWER]: Refusing update from remote peer 36a6fb54f9ed48e196f27b14f779e7e3: Log matching property violated. Preceding OpId in replica: term: 1 index: 2. Preceding OpId from leader: term: 1 index: 3. (index mismatch)
I20260713 09:12:24.528510  1238 raft_consensus.cc:1275] T da4bc4c6864b4e6196eedac52817ab0c P 6d47aeb9414e4a8eb8be54f06fd59b67 [term 1 FOLLOWER]: Refusing update from remote peer 36a6fb54f9ed48e196f27b14f779e7e3: Log matching property violated. Preceding OpId in replica: term: 1 index: 2. Preceding OpId from leader: term: 1 index: 3. (index mismatch)
I20260713 09:12:24.515596  1659 raft_consensus.cc:2955] T 70a24bf434054ff9bf1958560b3c7a38 P 7980e98733d9437dbfb76b9fb61338a0 [term 1 FOLLOWER]: Committing config change with OpId 1.3: config changed from index 2 to 3, 7980e98733d9437dbfb76b9fb61338a0 (127.31.205.196) changed from NON_VOTER to VOTER. New config: { opid_index: 3 OBSOLETE_local: false peers { permanent_uuid: "6d47aeb9414e4a8eb8be54f06fd59b67" member_type: VOTER last_known_addr { host: "127.31.205.193" port: 43589 } attrs { replace: true } } peers { permanent_uuid: "36a6fb54f9ed48e196f27b14f779e7e3" member_type: VOTER last_known_addr { host: "127.31.205.194" port: 38451 } } peers { permanent_uuid: "a6d2ce3170e841adbe2be721b9717472" member_type: VOTER last_known_addr { host: "127.31.205.195" port: 44571 } } peers { permanent_uuid: "7980e98733d9437dbfb76b9fb61338a0" member_type: VOTER last_known_addr { host: "127.31.205.196" port: 36151 } attrs { promote: false } } }
I20260713 09:12:24.529284  1891 consensus_queue.cc:1048] T da4bc4c6864b4e6196eedac52817ab0c P 36a6fb54f9ed48e196f27b14f779e7e3 [LEADER]: Connected to new peer: Peer: permanent_uuid: "a6d2ce3170e841adbe2be721b9717472" member_type: VOTER last_known_addr { host: "127.31.205.195" port: 44571 } attrs { replace: true }, Status: LMP_MISMATCH, Last received: 0.0, Next index: 3, Last known committed idx: 2, Time since last communication: 0.000s
I20260713 09:12:24.529548  1661 raft_consensus.cc:1275] T da4bc4c6864b4e6196eedac52817ab0c P 7980e98733d9437dbfb76b9fb61338a0 [term 1 LEARNER]: Refusing update from remote peer 36a6fb54f9ed48e196f27b14f779e7e3: Log matching property violated. Preceding OpId in replica: term: 1 index: 2. Preceding OpId from leader: term: 1 index: 3. (index mismatch)
I20260713 09:12:24.537886  1942 ts_tablet_manager.cc:1929] T 6a320e7b0f9e498cbb6b706efcb8e9d5 P 36a6fb54f9ed48e196f27b14f779e7e3: tablet deleted with delete type TABLET_DATA_TOMBSTONED: last-logged OpId 1.3
I20260713 09:12:24.538554  1942 log.cc:1199] T 6a320e7b0f9e498cbb6b706efcb8e9d5 P 36a6fb54f9ed48e196f27b14f779e7e3: Deleting WAL directory at /tmp/dist-test-taskCAMPyi/test-tmp/auto_leader_rebalancer-test.0.LeaderRebalancerTest.AddTserver.1783933902867318-32567-0/minicluster-data/ts-1-root/wals/6a320e7b0f9e498cbb6b706efcb8e9d5
I20260713 09:12:24.539808  1938 consensus_queue.cc:1048] T da4bc4c6864b4e6196eedac52817ab0c P 36a6fb54f9ed48e196f27b14f779e7e3 [LEADER]: Connected to new peer: Peer: permanent_uuid: "6d47aeb9414e4a8eb8be54f06fd59b67" member_type: VOTER last_known_addr { host: "127.31.205.193" port: 43589 }, Status: LMP_MISMATCH, Last received: 0.0, Next index: 3, Last known committed idx: 2, Time since last communication: 0.001s
I20260713 09:12:24.542984  1123 catalog_manager.cc:5028] TS 36a6fb54f9ed48e196f27b14f779e7e3 (127.31.205.194:38451): tablet 6a320e7b0f9e498cbb6b706efcb8e9d5 (table test-workload [id=b250c2a2e2ea473a87f9a1f32c1ad6bc]) successfully deleted
I20260713 09:12:24.544485  1891 consensus_queue.cc:1048] T da4bc4c6864b4e6196eedac52817ab0c P 36a6fb54f9ed48e196f27b14f779e7e3 [LEADER]: Connected to new peer: Peer: permanent_uuid: "7980e98733d9437dbfb76b9fb61338a0" member_type: VOTER last_known_addr { host: "127.31.205.196" port: 36151 } attrs { promote: false }, Status: LMP_MISMATCH, Last received: 0.0, Next index: 3, Last known committed idx: 2, Time since last communication: 0.000s
I20260713 09:12:24.549117  1660 raft_consensus.cc:1275] T 70a24bf434054ff9bf1958560b3c7a38 P 7980e98733d9437dbfb76b9fb61338a0 [term 1 FOLLOWER]: Refusing update from remote peer 36a6fb54f9ed48e196f27b14f779e7e3: Log matching property violated. Preceding OpId in replica: term: 1 index: 3. Preceding OpId from leader: term: 1 index: 4. (index mismatch)
I20260713 09:12:24.552278  1938 consensus_queue.cc:1048] T 70a24bf434054ff9bf1958560b3c7a38 P 36a6fb54f9ed48e196f27b14f779e7e3 [LEADER]: Connected to new peer: Peer: permanent_uuid: "7980e98733d9437dbfb76b9fb61338a0" member_type: VOTER last_known_addr { host: "127.31.205.196" port: 36151 } attrs { promote: false }, Status: LMP_MISMATCH, Last received: 0.0, Next index: 4, Last known committed idx: 3, Time since last communication: 0.000s
I20260713 09:12:24.556248  1386 raft_consensus.cc:1275] T 70a24bf434054ff9bf1958560b3c7a38 P a6d2ce3170e841adbe2be721b9717472 [term 1 FOLLOWER]: Refusing update from remote peer 36a6fb54f9ed48e196f27b14f779e7e3: Log matching property violated. Preceding OpId in replica: term: 1 index: 3. Preceding OpId from leader: term: 1 index: 4. (index mismatch)
I20260713 09:12:24.557545  1891 consensus_queue.cc:1048] T 70a24bf434054ff9bf1958560b3c7a38 P 36a6fb54f9ed48e196f27b14f779e7e3 [LEADER]: Connected to new peer: Peer: permanent_uuid: "a6d2ce3170e841adbe2be721b9717472" member_type: VOTER last_known_addr { host: "127.31.205.195" port: 44571 }, Status: LMP_MISMATCH, Last received: 0.0, Next index: 4, Last known committed idx: 3, Time since last communication: 0.000s
I20260713 09:12:24.556150  1924 raft_consensus.cc:2955] T da4bc4c6864b4e6196eedac52817ab0c P 36a6fb54f9ed48e196f27b14f779e7e3 [term 1 LEADER]: Committing config change with OpId 1.3: config changed from index 2 to 3, 7980e98733d9437dbfb76b9fb61338a0 (127.31.205.196) changed from NON_VOTER to VOTER. New config: { opid_index: 3 OBSOLETE_local: false peers { permanent_uuid: "6d47aeb9414e4a8eb8be54f06fd59b67" member_type: VOTER last_known_addr { host: "127.31.205.193" port: 43589 } } peers { permanent_uuid: "36a6fb54f9ed48e196f27b14f779e7e3" member_type: VOTER last_known_addr { host: "127.31.205.194" port: 38451 } } peers { permanent_uuid: "a6d2ce3170e841adbe2be721b9717472" member_type: VOTER last_known_addr { host: "127.31.205.195" port: 44571 } attrs { replace: true } } peers { permanent_uuid: "7980e98733d9437dbfb76b9fb61338a0" member_type: VOTER last_known_addr { host: "127.31.205.196" port: 36151 } attrs { promote: false } } }
I20260713 09:12:24.560406  1660 raft_consensus.cc:2955] T da4bc4c6864b4e6196eedac52817ab0c P 7980e98733d9437dbfb76b9fb61338a0 [term 1 FOLLOWER]: Committing config change with OpId 1.3: config changed from index 2 to 3, 7980e98733d9437dbfb76b9fb61338a0 (127.31.205.196) changed from NON_VOTER to VOTER. New config: { opid_index: 3 OBSOLETE_local: false peers { permanent_uuid: "6d47aeb9414e4a8eb8be54f06fd59b67" member_type: VOTER last_known_addr { host: "127.31.205.193" port: 43589 } } peers { permanent_uuid: "36a6fb54f9ed48e196f27b14f779e7e3" member_type: VOTER last_known_addr { host: "127.31.205.194" port: 38451 } } peers { permanent_uuid: "a6d2ce3170e841adbe2be721b9717472" member_type: VOTER last_known_addr { host: "127.31.205.195" port: 44571 } attrs { replace: true } } peers { permanent_uuid: "7980e98733d9437dbfb76b9fb61338a0" member_type: VOTER last_known_addr { host: "127.31.205.196" port: 36151 } attrs { promote: false } } }
I20260713 09:12:24.560799  1938 raft_consensus.cc:2955] T 70a24bf434054ff9bf1958560b3c7a38 P 36a6fb54f9ed48e196f27b14f779e7e3 [term 1 LEADER]: Committing config change with OpId 1.4: config changed from index 3 to 4, VOTER 6d47aeb9414e4a8eb8be54f06fd59b67 (127.31.205.193) evicted. New config: { opid_index: 4 OBSOLETE_local: false peers { permanent_uuid: "36a6fb54f9ed48e196f27b14f779e7e3" member_type: VOTER last_known_addr { host: "127.31.205.194" port: 38451 } } peers { permanent_uuid: "a6d2ce3170e841adbe2be721b9717472" member_type: VOTER last_known_addr { host: "127.31.205.195" port: 44571 } } peers { permanent_uuid: "7980e98733d9437dbfb76b9fb61338a0" member_type: VOTER last_known_addr { host: "127.31.205.196" port: 36151 } attrs { promote: false } } }
I20260713 09:12:24.570957  1661 raft_consensus.cc:2955] T 70a24bf434054ff9bf1958560b3c7a38 P 7980e98733d9437dbfb76b9fb61338a0 [term 1 FOLLOWER]: Committing config change with OpId 1.4: config changed from index 3 to 4, VOTER 6d47aeb9414e4a8eb8be54f06fd59b67 (127.31.205.193) evicted. New config: { opid_index: 4 OBSOLETE_local: false peers { permanent_uuid: "36a6fb54f9ed48e196f27b14f779e7e3" member_type: VOTER last_known_addr { host: "127.31.205.194" port: 38451 } } peers { permanent_uuid: "a6d2ce3170e841adbe2be721b9717472" member_type: VOTER last_known_addr { host: "127.31.205.195" port: 44571 } } peers { permanent_uuid: "7980e98733d9437dbfb76b9fb61338a0" member_type: VOTER last_known_addr { host: "127.31.205.196" port: 36151 } attrs { promote: false } } }
I20260713 09:12:24.571108  1235 raft_consensus.cc:2955] T da4bc4c6864b4e6196eedac52817ab0c P 6d47aeb9414e4a8eb8be54f06fd59b67 [term 1 FOLLOWER]: Committing config change with OpId 1.3: config changed from index 2 to 3, 7980e98733d9437dbfb76b9fb61338a0 (127.31.205.196) changed from NON_VOTER to VOTER. New config: { opid_index: 3 OBSOLETE_local: false peers { permanent_uuid: "6d47aeb9414e4a8eb8be54f06fd59b67" member_type: VOTER last_known_addr { host: "127.31.205.193" port: 43589 } } peers { permanent_uuid: "36a6fb54f9ed48e196f27b14f779e7e3" member_type: VOTER last_known_addr { host: "127.31.205.194" port: 38451 } } peers { permanent_uuid: "a6d2ce3170e841adbe2be721b9717472" member_type: VOTER last_known_addr { host: "127.31.205.195" port: 44571 } attrs { replace: true } } peers { permanent_uuid: "7980e98733d9437dbfb76b9fb61338a0" member_type: VOTER last_known_addr { host: "127.31.205.196" port: 36151 } attrs { promote: false } } }
I20260713 09:12:24.574951  1134 catalog_manager.cc:5697] T da4bc4c6864b4e6196eedac52817ab0c P 36a6fb54f9ed48e196f27b14f779e7e3 reported cstate change: config changed from index 2 to 3, 7980e98733d9437dbfb76b9fb61338a0 (127.31.205.196) changed from NON_VOTER to VOTER. New cstate: current_term: 1 leader_uuid: "36a6fb54f9ed48e196f27b14f779e7e3" committed_config { opid_index: 3 OBSOLETE_local: false peers { permanent_uuid: "6d47aeb9414e4a8eb8be54f06fd59b67" member_type: VOTER last_known_addr { host: "127.31.205.193" port: 43589 } health_report { overall_health: HEALTHY } } peers { permanent_uuid: "36a6fb54f9ed48e196f27b14f779e7e3" member_type: VOTER last_known_addr { host: "127.31.205.194" port: 38451 } health_report { overall_health: HEALTHY } } peers { permanent_uuid: "a6d2ce3170e841adbe2be721b9717472" member_type: VOTER last_known_addr { host: "127.31.205.195" port: 44571 } attrs { replace: true } health_report { overall_health: UNKNOWN } } peers { permanent_uuid: "7980e98733d9437dbfb76b9fb61338a0" member_type: VOTER last_known_addr { host: "127.31.205.196" port: 36151 } attrs { promote: false } health_report { overall_health: HEALTHY } } }
I20260713 09:12:24.580134  1307 raft_consensus.cc:1275] T 4e406dc025044b18b8ee84687771de70 P 36a6fb54f9ed48e196f27b14f779e7e3 [term 1 FOLLOWER]: Refusing update from remote peer 6d47aeb9414e4a8eb8be54f06fd59b67: Log matching property violated. Preceding OpId in replica: term: 1 index: 2. Preceding OpId from leader: term: 1 index: 3. (index mismatch)
I20260713 09:12:24.581611  1928 consensus_queue.cc:1048] T 4e406dc025044b18b8ee84687771de70 P 6d47aeb9414e4a8eb8be54f06fd59b67 [LEADER]: Connected to new peer: Peer: permanent_uuid: "36a6fb54f9ed48e196f27b14f779e7e3" member_type: VOTER last_known_addr { host: "127.31.205.194" port: 38451 }, Status: LMP_MISMATCH, Last received: 0.0, Next index: 3, Last known committed idx: 2, Time since last communication: 0.000s
I20260713 09:12:24.589339  1123 catalog_manager.cc:5210] ChangeConfig:REMOVE_PEER RPC for tablet 70a24bf434054ff9bf1958560b3c7a38 with cas_config_opid_index 3: ChangeConfig:REMOVE_PEER succeeded (attempt 1)
I20260713 09:12:24.589491  1308 consensus_queue.cc:237] T da4bc4c6864b4e6196eedac52817ab0c P 36a6fb54f9ed48e196f27b14f779e7e3 [LEADER]: Queue going to LEADER mode. State: All replicated index: 0, Majority replicated index: 3, Committed index: 3, Last appended: 1.3, Last appended by leader: 0, Current term: 1, Majority size: 2, State: 0, Mode: LEADER, active raft config: opid_index: 4 OBSOLETE_local: false peers { permanent_uuid: "6d47aeb9414e4a8eb8be54f06fd59b67" member_type: VOTER last_known_addr { host: "127.31.205.193" port: 43589 } } peers { permanent_uuid: "36a6fb54f9ed48e196f27b14f779e7e3" member_type: VOTER last_known_addr { host: "127.31.205.194" port: 38451 } } peers { permanent_uuid: "7980e98733d9437dbfb76b9fb61338a0" member_type: VOTER last_known_addr { host: "127.31.205.196" port: 36151 } attrs { promote: false } }
I20260713 09:12:24.596446  1659 raft_consensus.cc:1275] T 4e406dc025044b18b8ee84687771de70 P 7980e98733d9437dbfb76b9fb61338a0 [term 1 LEARNER]: Refusing update from remote peer 6d47aeb9414e4a8eb8be54f06fd59b67: Log matching property violated. Preceding OpId in replica: term: 1 index: 2. Preceding OpId from leader: term: 1 index: 3. (index mismatch)
I20260713 09:12:24.598170  1386 raft_consensus.cc:2955] T 70a24bf434054ff9bf1958560b3c7a38 P a6d2ce3170e841adbe2be721b9717472 [term 1 FOLLOWER]: Committing config change with OpId 1.4: config changed from index 3 to 4, VOTER 6d47aeb9414e4a8eb8be54f06fd59b67 (127.31.205.193) evicted. New config: { opid_index: 4 OBSOLETE_local: false peers { permanent_uuid: "36a6fb54f9ed48e196f27b14f779e7e3" member_type: VOTER last_known_addr { host: "127.31.205.194" port: 38451 } } peers { permanent_uuid: "a6d2ce3170e841adbe2be721b9717472" member_type: VOTER last_known_addr { host: "127.31.205.195" port: 44571 } } peers { permanent_uuid: "7980e98733d9437dbfb76b9fb61338a0" member_type: VOTER last_known_addr { host: "127.31.205.196" port: 36151 } attrs { promote: false } } }
I20260713 09:12:24.609695  1238 raft_consensus.cc:1275] T da4bc4c6864b4e6196eedac52817ab0c P 6d47aeb9414e4a8eb8be54f06fd59b67 [term 1 FOLLOWER]: Refusing update from remote peer 36a6fb54f9ed48e196f27b14f779e7e3: Log matching property violated. Preceding OpId in replica: term: 1 index: 3. Preceding OpId from leader: term: 1 index: 4. (index mismatch)
I20260713 09:12:24.610191  1133 catalog_manager.cc:5697] T 70a24bf434054ff9bf1958560b3c7a38 P 36a6fb54f9ed48e196f27b14f779e7e3 reported cstate change: config changed from index 3 to 4, VOTER 6d47aeb9414e4a8eb8be54f06fd59b67 (127.31.205.193) evicted. New cstate: current_term: 1 leader_uuid: "36a6fb54f9ed48e196f27b14f779e7e3" committed_config { opid_index: 4 OBSOLETE_local: false peers { permanent_uuid: "36a6fb54f9ed48e196f27b14f779e7e3" member_type: VOTER last_known_addr { host: "127.31.205.194" port: 38451 } health_report { overall_health: HEALTHY } } peers { permanent_uuid: "a6d2ce3170e841adbe2be721b9717472" member_type: VOTER last_known_addr { host: "127.31.205.195" port: 44571 } health_report { overall_health: HEALTHY } } peers { permanent_uuid: "7980e98733d9437dbfb76b9fb61338a0" member_type: VOTER last_known_addr { host: "127.31.205.196" port: 36151 } attrs { promote: false } health_report { overall_health: HEALTHY } } }
I20260713 09:12:24.613683  1891 consensus_queue.cc:1048] T da4bc4c6864b4e6196eedac52817ab0c P 36a6fb54f9ed48e196f27b14f779e7e3 [LEADER]: Connected to new peer: Peer: permanent_uuid: "6d47aeb9414e4a8eb8be54f06fd59b67" member_type: VOTER last_known_addr { host: "127.31.205.193" port: 43589 }, Status: LMP_MISMATCH, Last received: 0.0, Next index: 4, Last known committed idx: 3, Time since last communication: 0.000s
I20260713 09:12:24.596424  1385 raft_consensus.cc:1275] T 4e406dc025044b18b8ee84687771de70 P a6d2ce3170e841adbe2be721b9717472 [term 1 FOLLOWER]: Refusing update from remote peer 6d47aeb9414e4a8eb8be54f06fd59b67: Log matching property violated. Preceding OpId in replica: term: 1 index: 2. Preceding OpId from leader: term: 1 index: 3. (index mismatch)
I20260713 09:12:24.623443  1224 tablet_service.cc:1558] Processing DeleteTablet for tablet 70a24bf434054ff9bf1958560b3c7a38 with delete_type TABLET_DATA_TOMBSTONED (TS 6d47aeb9414e4a8eb8be54f06fd59b67 not found in new config with opid_index 4) from {username='slave'} at 127.0.0.1:57494
I20260713 09:12:24.626492  1950 tablet_replica.cc:333] T 70a24bf434054ff9bf1958560b3c7a38 P 6d47aeb9414e4a8eb8be54f06fd59b67: stopping tablet replica
I20260713 09:12:24.625612  1924 raft_consensus.cc:2955] T da4bc4c6864b4e6196eedac52817ab0c P 36a6fb54f9ed48e196f27b14f779e7e3 [term 1 LEADER]: Committing config change with OpId 1.4: config changed from index 3 to 4, VOTER a6d2ce3170e841adbe2be721b9717472 (127.31.205.195) evicted. New config: { opid_index: 4 OBSOLETE_local: false peers { permanent_uuid: "6d47aeb9414e4a8eb8be54f06fd59b67" member_type: VOTER last_known_addr { host: "127.31.205.193" port: 43589 } } peers { permanent_uuid: "36a6fb54f9ed48e196f27b14f779e7e3" member_type: VOTER last_known_addr { host: "127.31.205.194" port: 38451 } } peers { permanent_uuid: "7980e98733d9437dbfb76b9fb61338a0" member_type: VOTER last_known_addr { host: "127.31.205.196" port: 36151 } attrs { promote: false } } }
I20260713 09:12:24.627655  1950 raft_consensus.cc:2243] T 70a24bf434054ff9bf1958560b3c7a38 P 6d47aeb9414e4a8eb8be54f06fd59b67 [term 1 FOLLOWER]: Raft consensus shutting down.
I20260713 09:12:24.628499  1950 raft_consensus.cc:2272] T 70a24bf434054ff9bf1958560b3c7a38 P 6d47aeb9414e4a8eb8be54f06fd59b67 [term 1 FOLLOWER]: Raft consensus is shut down!
I20260713 09:12:24.632323  1950 ts_tablet_manager.cc:1916] T 70a24bf434054ff9bf1958560b3c7a38 P 6d47aeb9414e4a8eb8be54f06fd59b67: Deleting tablet data with delete state TABLET_DATA_TOMBSTONED
I20260713 09:12:24.634389  1658 raft_consensus.cc:1275] T da4bc4c6864b4e6196eedac52817ab0c P 7980e98733d9437dbfb76b9fb61338a0 [term 1 FOLLOWER]: Refusing update from remote peer 36a6fb54f9ed48e196f27b14f779e7e3: Log matching property violated. Preceding OpId in replica: term: 1 index: 3. Preceding OpId from leader: term: 1 index: 4. (index mismatch)
I20260713 09:12:24.637745  1932 consensus_queue.cc:1048] T 4e406dc025044b18b8ee84687771de70 P 6d47aeb9414e4a8eb8be54f06fd59b67 [LEADER]: Connected to new peer: Peer: permanent_uuid: "7980e98733d9437dbfb76b9fb61338a0" member_type: VOTER last_known_addr { host: "127.31.205.196" port: 36151 } attrs { promote: false }, Status: LMP_MISMATCH, Last received: 0.0, Next index: 3, Last known committed idx: 2, Time since last communication: 0.000s
I20260713 09:12:24.637428  1236 raft_consensus.cc:2955] T da4bc4c6864b4e6196eedac52817ab0c P 6d47aeb9414e4a8eb8be54f06fd59b67 [term 1 FOLLOWER]: Committing config change with OpId 1.4: config changed from index 3 to 4, VOTER a6d2ce3170e841adbe2be721b9717472 (127.31.205.195) evicted. New config: { opid_index: 4 OBSOLETE_local: false peers { permanent_uuid: "6d47aeb9414e4a8eb8be54f06fd59b67" member_type: VOTER last_known_addr { host: "127.31.205.193" port: 43589 } } peers { permanent_uuid: "36a6fb54f9ed48e196f27b14f779e7e3" member_type: VOTER last_known_addr { host: "127.31.205.194" port: 38451 } } peers { permanent_uuid: "7980e98733d9437dbfb76b9fb61338a0" member_type: VOTER last_known_addr { host: "127.31.205.196" port: 36151 } attrs { promote: false } } }
I20260713 09:12:24.643172  1925 consensus_queue.cc:1048] T da4bc4c6864b4e6196eedac52817ab0c P 36a6fb54f9ed48e196f27b14f779e7e3 [LEADER]: Connected to new peer: Peer: permanent_uuid: "7980e98733d9437dbfb76b9fb61338a0" member_type: VOTER last_known_addr { host: "127.31.205.196" port: 36151 } attrs { promote: false }, Status: LMP_MISMATCH, Last received: 0.0, Next index: 4, Last known committed idx: 3, Time since last communication: 0.001s
I20260713 09:12:24.646137  1932 consensus_queue.cc:1048] T 4e406dc025044b18b8ee84687771de70 P 6d47aeb9414e4a8eb8be54f06fd59b67 [LEADER]: Connected to new peer: Peer: permanent_uuid: "a6d2ce3170e841adbe2be721b9717472" member_type: VOTER last_known_addr { host: "127.31.205.195" port: 44571 } attrs { replace: true }, Status: LMP_MISMATCH, Last received: 0.0, Next index: 3, Last known committed idx: 2, Time since last communication: 0.000s
I20260713 09:12:24.648196  1658 raft_consensus.cc:2955] T da4bc4c6864b4e6196eedac52817ab0c P 7980e98733d9437dbfb76b9fb61338a0 [term 1 FOLLOWER]: Committing config change with OpId 1.4: config changed from index 3 to 4, VOTER a6d2ce3170e841adbe2be721b9717472 (127.31.205.195) evicted. New config: { opid_index: 4 OBSOLETE_local: false peers { permanent_uuid: "6d47aeb9414e4a8eb8be54f06fd59b67" member_type: VOTER last_known_addr { host: "127.31.205.193" port: 43589 } } peers { permanent_uuid: "36a6fb54f9ed48e196f27b14f779e7e3" member_type: VOTER last_known_addr { host: "127.31.205.194" port: 38451 } } peers { permanent_uuid: "7980e98733d9437dbfb76b9fb61338a0" member_type: VOTER last_known_addr { host: "127.31.205.196" port: 36151 } attrs { promote: false } } }
I20260713 09:12:24.656399  1123 catalog_manager.cc:5210] ChangeConfig:REMOVE_PEER RPC for tablet da4bc4c6864b4e6196eedac52817ab0c with cas_config_opid_index 3: ChangeConfig:REMOVE_PEER succeeded (attempt 1)
I20260713 09:12:24.661984  1134 catalog_manager.cc:5697] T da4bc4c6864b4e6196eedac52817ab0c P 36a6fb54f9ed48e196f27b14f779e7e3 reported cstate change: config changed from index 3 to 4, VOTER a6d2ce3170e841adbe2be721b9717472 (127.31.205.195) evicted. New cstate: current_term: 1 leader_uuid: "36a6fb54f9ed48e196f27b14f779e7e3" committed_config { opid_index: 4 OBSOLETE_local: false peers { permanent_uuid: "6d47aeb9414e4a8eb8be54f06fd59b67" member_type: VOTER last_known_addr { host: "127.31.205.193" port: 43589 } health_report { overall_health: HEALTHY } } peers { permanent_uuid: "36a6fb54f9ed48e196f27b14f779e7e3" member_type: VOTER last_known_addr { host: "127.31.205.194" port: 38451 } health_report { overall_health: HEALTHY } } peers { permanent_uuid: "7980e98733d9437dbfb76b9fb61338a0" member_type: VOTER last_known_addr { host: "127.31.205.196" port: 36151 } attrs { promote: false } health_report { overall_health: UNKNOWN } } }
I20260713 09:12:24.669498  1928 raft_consensus.cc:2955] T 4e406dc025044b18b8ee84687771de70 P 6d47aeb9414e4a8eb8be54f06fd59b67 [term 1 LEADER]: Committing config change with OpId 1.3: config changed from index 2 to 3, 7980e98733d9437dbfb76b9fb61338a0 (127.31.205.196) changed from NON_VOTER to VOTER. New config: { opid_index: 3 OBSOLETE_local: false peers { permanent_uuid: "6d47aeb9414e4a8eb8be54f06fd59b67" member_type: VOTER last_known_addr { host: "127.31.205.193" port: 43589 } } peers { permanent_uuid: "36a6fb54f9ed48e196f27b14f779e7e3" member_type: VOTER last_known_addr { host: "127.31.205.194" port: 38451 } } peers { permanent_uuid: "a6d2ce3170e841adbe2be721b9717472" member_type: VOTER last_known_addr { host: "127.31.205.195" port: 44571 } attrs { replace: true } } peers { permanent_uuid: "7980e98733d9437dbfb76b9fb61338a0" member_type: VOTER last_known_addr { host: "127.31.205.196" port: 36151 } attrs { promote: false } } }
I20260713 09:12:24.677662  1375 tablet_service.cc:1558] Processing DeleteTablet for tablet da4bc4c6864b4e6196eedac52817ab0c with delete_type TABLET_DATA_TOMBSTONED (TS a6d2ce3170e841adbe2be721b9717472 not found in new config with opid_index 4) from {username='slave'} at 127.0.0.1:47240
I20260713 09:12:24.680612  1307 raft_consensus.cc:2955] T 4e406dc025044b18b8ee84687771de70 P 36a6fb54f9ed48e196f27b14f779e7e3 [term 1 FOLLOWER]: Committing config change with OpId 1.3: config changed from index 2 to 3, 7980e98733d9437dbfb76b9fb61338a0 (127.31.205.196) changed from NON_VOTER to VOTER. New config: { opid_index: 3 OBSOLETE_local: false peers { permanent_uuid: "6d47aeb9414e4a8eb8be54f06fd59b67" member_type: VOTER last_known_addr { host: "127.31.205.193" port: 43589 } } peers { permanent_uuid: "36a6fb54f9ed48e196f27b14f779e7e3" member_type: VOTER last_known_addr { host: "127.31.205.194" port: 38451 } } peers { permanent_uuid: "a6d2ce3170e841adbe2be721b9717472" member_type: VOTER last_known_addr { host: "127.31.205.195" port: 44571 } attrs { replace: true } } peers { permanent_uuid: "7980e98733d9437dbfb76b9fb61338a0" member_type: VOTER last_known_addr { host: "127.31.205.196" port: 36151 } attrs { promote: false } } }
I20260713 09:12:24.696949  1953 tablet_replica.cc:333] T da4bc4c6864b4e6196eedac52817ab0c P a6d2ce3170e841adbe2be721b9717472: stopping tablet replica
I20260713 09:12:24.703495  1953 raft_consensus.cc:2243] T da4bc4c6864b4e6196eedac52817ab0c P a6d2ce3170e841adbe2be721b9717472 [term 1 FOLLOWER]: Raft consensus shutting down.
I20260713 09:12:24.702001  1660 raft_consensus.cc:2955] T 4e406dc025044b18b8ee84687771de70 P 7980e98733d9437dbfb76b9fb61338a0 [term 1 FOLLOWER]: Committing config change with OpId 1.3: config changed from index 2 to 3, 7980e98733d9437dbfb76b9fb61338a0 (127.31.205.196) changed from NON_VOTER to VOTER. New config: { opid_index: 3 OBSOLETE_local: false peers { permanent_uuid: "6d47aeb9414e4a8eb8be54f06fd59b67" member_type: VOTER last_known_addr { host: "127.31.205.193" port: 43589 } } peers { permanent_uuid: "36a6fb54f9ed48e196f27b14f779e7e3" member_type: VOTER last_known_addr { host: "127.31.205.194" port: 38451 } } peers { permanent_uuid: "a6d2ce3170e841adbe2be721b9717472" member_type: VOTER last_known_addr { host: "127.31.205.195" port: 44571 } attrs { replace: true } } peers { permanent_uuid: "7980e98733d9437dbfb76b9fb61338a0" member_type: VOTER last_known_addr { host: "127.31.205.196" port: 36151 } attrs { promote: false } } }
I20260713 09:12:24.704922  1385 raft_consensus.cc:2955] T 4e406dc025044b18b8ee84687771de70 P a6d2ce3170e841adbe2be721b9717472 [term 1 FOLLOWER]: Committing config change with OpId 1.3: config changed from index 2 to 3, 7980e98733d9437dbfb76b9fb61338a0 (127.31.205.196) changed from NON_VOTER to VOTER. New config: { opid_index: 3 OBSOLETE_local: false peers { permanent_uuid: "6d47aeb9414e4a8eb8be54f06fd59b67" member_type: VOTER last_known_addr { host: "127.31.205.193" port: 43589 } } peers { permanent_uuid: "36a6fb54f9ed48e196f27b14f779e7e3" member_type: VOTER last_known_addr { host: "127.31.205.194" port: 38451 } } peers { permanent_uuid: "a6d2ce3170e841adbe2be721b9717472" member_type: VOTER last_known_addr { host: "127.31.205.195" port: 44571 } attrs { replace: true } } peers { permanent_uuid: "7980e98733d9437dbfb76b9fb61338a0" member_type: VOTER last_known_addr { host: "127.31.205.196" port: 36151 } attrs { promote: false } } }
I20260713 09:12:24.730722  1953 pending_rounds.cc:70] T da4bc4c6864b4e6196eedac52817ab0c P a6d2ce3170e841adbe2be721b9717472: Trying to abort 1 pending ops.
I20260713 09:12:24.731154  1953 pending_rounds.cc:77] T da4bc4c6864b4e6196eedac52817ab0c P a6d2ce3170e841adbe2be721b9717472: Aborting op as it isn't in flight: id { term: 1 index: 3 } timestamp: 7306993436582391808 op_type: CHANGE_CONFIG_OP change_config_record { tablet_id: "da4bc4c6864b4e6196eedac52817ab0c" old_config { opid_index: 2 OBSOLETE_local: false peers { permanent_uuid: "6d47aeb9414e4a8eb8be54f06fd59b67" member_type: VOTER last_known_addr { host: "127.31.205.193" port: 43589 } } peers { permanent_uuid: "36a6fb54f9ed48e196f27b14f779e7e3" member_type: VOTER last_known_addr { host: "127.31.205.194" port: 38451 } } peers { permanent_uuid: "a6d2ce3170e841adbe2be721b9717472" member_type: VOTER last_known_addr { host: "127.31.205.195" port: 44571 } attrs { replace: true } } peers { permanent_uuid: "7980e98733d9437dbfb76b9fb61338a0" member_type: NON_VOTER last_known_addr { host: "127.31.205.196" port: 36151 } attrs { promote: true } } } new_config { opid_index: 3 OBSOLETE_local: false peers { permanent_uuid: "6d47aeb9414e4a8eb8be54f06fd59b67" member_type: VOTER last_known_addr { host: "127.31.205.193" port: 43589 } } peers { permanent_uuid: "36a6fb54f9ed48e196f27b14f779e7e3" member_type: VOTER last_known_addr { host: "127.31.205.194" port: 38451 } } peers { permanent_uuid: "a6d2ce3170e841adbe2be721b9717472" member_type: VOTER last_known_addr { host: "127.31.205.195" port: 44571 } attrs { replace: true } } peers { permanent_uuid: "7980e98733d9437dbfb76b9fb61338a0" member_type: VOTER last_known_addr { host: "127.31.205.196" port: 36151 } attrs { promote: false } } } }
I20260713 09:12:24.731386  1133 catalog_manager.cc:5697] T 4e406dc025044b18b8ee84687771de70 P 36a6fb54f9ed48e196f27b14f779e7e3 reported cstate change: config changed from index 2 to 3, 7980e98733d9437dbfb76b9fb61338a0 (127.31.205.196) changed from NON_VOTER to VOTER. New cstate: current_term: 1 leader_uuid: "6d47aeb9414e4a8eb8be54f06fd59b67" committed_config { opid_index: 3 OBSOLETE_local: false peers { permanent_uuid: "6d47aeb9414e4a8eb8be54f06fd59b67" member_type: VOTER last_known_addr { host: "127.31.205.193" port: 43589 } } peers { permanent_uuid: "36a6fb54f9ed48e196f27b14f779e7e3" member_type: VOTER last_known_addr { host: "127.31.205.194" port: 38451 } } peers { permanent_uuid: "a6d2ce3170e841adbe2be721b9717472" member_type: VOTER last_known_addr { host: "127.31.205.195" port: 44571 } attrs { replace: true } } peers { permanent_uuid: "7980e98733d9437dbfb76b9fb61338a0" member_type: VOTER last_known_addr { host: "127.31.205.196" port: 36151 } attrs { promote: false } } }
I20260713 09:12:24.732548  1953 raft_consensus.cc:2917] T da4bc4c6864b4e6196eedac52817ab0c P a6d2ce3170e841adbe2be721b9717472 [term 1 FOLLOWER]: Aborting config change with OpId 1.3: Aborted: Op aborted
I20260713 09:12:24.733039  1953 raft_consensus.cc:2889] T da4bc4c6864b4e6196eedac52817ab0c P a6d2ce3170e841adbe2be721b9717472 [term 1 FOLLOWER]: CHANGE_CONFIG_OP replication failed: Aborted: Op aborted
I20260713 09:12:24.733404  1953 raft_consensus.cc:2272] T da4bc4c6864b4e6196eedac52817ab0c P a6d2ce3170e841adbe2be721b9717472 [term 1 FOLLOWER]: Raft consensus is shut down!
I20260713 09:12:24.736994  1953 ts_tablet_manager.cc:1916] T da4bc4c6864b4e6196eedac52817ab0c P a6d2ce3170e841adbe2be721b9717472: Deleting tablet data with delete state TABLET_DATA_TOMBSTONED
I20260713 09:12:24.741173  1950 ts_tablet_manager.cc:1929] T 70a24bf434054ff9bf1958560b3c7a38 P 6d47aeb9414e4a8eb8be54f06fd59b67: tablet deleted with delete type TABLET_DATA_TOMBSTONED: last-logged OpId 1.3
I20260713 09:12:24.747189  1950 log.cc:1199] T 70a24bf434054ff9bf1958560b3c7a38 P 6d47aeb9414e4a8eb8be54f06fd59b67: Deleting WAL directory at /tmp/dist-test-taskCAMPyi/test-tmp/auto_leader_rebalancer-test.0.LeaderRebalancerTest.AddTserver.1783933902867318-32567-0/minicluster-data/ts-0-root/wals/70a24bf434054ff9bf1958560b3c7a38
I20260713 09:12:24.749099  1120 catalog_manager.cc:5028] TS 6d47aeb9414e4a8eb8be54f06fd59b67 (127.31.205.193:43589): tablet 70a24bf434054ff9bf1958560b3c7a38 (table test-workload [id=b250c2a2e2ea473a87f9a1f32c1ad6bc]) successfully deleted
I20260713 09:12:24.765566  1953 ts_tablet_manager.cc:1929] T da4bc4c6864b4e6196eedac52817ab0c P a6d2ce3170e841adbe2be721b9717472: tablet deleted with delete type TABLET_DATA_TOMBSTONED: last-logged OpId 1.3
I20260713 09:12:24.766175  1953 log.cc:1199] T da4bc4c6864b4e6196eedac52817ab0c P a6d2ce3170e841adbe2be721b9717472: Deleting WAL directory at /tmp/dist-test-taskCAMPyi/test-tmp/auto_leader_rebalancer-test.0.LeaderRebalancerTest.AddTserver.1783933902867318-32567-0/minicluster-data/ts-2-root/wals/da4bc4c6864b4e6196eedac52817ab0c
I20260713 09:12:24.768168  1122 catalog_manager.cc:5028] TS a6d2ce3170e841adbe2be721b9717472 (127.31.205.195:44571): tablet da4bc4c6864b4e6196eedac52817ab0c (table test-workload [id=b250c2a2e2ea473a87f9a1f32c1ad6bc]) successfully deleted
I20260713 09:12:24.768576  1236 consensus_queue.cc:237] T 4e406dc025044b18b8ee84687771de70 P 6d47aeb9414e4a8eb8be54f06fd59b67 [LEADER]: Queue going to LEADER mode. State: All replicated index: 0, Majority replicated index: 3, Committed index: 3, Last appended: 1.3, Last appended by leader: 0, Current term: 1, Majority size: 2, State: 0, Mode: LEADER, active raft config: opid_index: 4 OBSOLETE_local: false peers { permanent_uuid: "6d47aeb9414e4a8eb8be54f06fd59b67" member_type: VOTER last_known_addr { host: "127.31.205.193" port: 43589 } } peers { permanent_uuid: "36a6fb54f9ed48e196f27b14f779e7e3" member_type: VOTER last_known_addr { host: "127.31.205.194" port: 38451 } } peers { permanent_uuid: "7980e98733d9437dbfb76b9fb61338a0" member_type: VOTER last_known_addr { host: "127.31.205.196" port: 36151 } attrs { promote: false } }
I20260713 09:12:24.773682  1660 raft_consensus.cc:1275] T 4e406dc025044b18b8ee84687771de70 P 7980e98733d9437dbfb76b9fb61338a0 [term 1 FOLLOWER]: Refusing update from remote peer 6d47aeb9414e4a8eb8be54f06fd59b67: Log matching property violated. Preceding OpId in replica: term: 1 index: 3. Preceding OpId from leader: term: 1 index: 4. (index mismatch)
I20260713 09:12:24.773723  1307 raft_consensus.cc:1275] T 4e406dc025044b18b8ee84687771de70 P 36a6fb54f9ed48e196f27b14f779e7e3 [term 1 FOLLOWER]: Refusing update from remote peer 6d47aeb9414e4a8eb8be54f06fd59b67: Log matching property violated. Preceding OpId in replica: term: 1 index: 3. Preceding OpId from leader: term: 1 index: 4. (index mismatch)
I20260713 09:12:24.775063  1932 consensus_queue.cc:1048] T 4e406dc025044b18b8ee84687771de70 P 6d47aeb9414e4a8eb8be54f06fd59b67 [LEADER]: Connected to new peer: Peer: permanent_uuid: "36a6fb54f9ed48e196f27b14f779e7e3" member_type: VOTER last_known_addr { host: "127.31.205.194" port: 38451 }, Status: LMP_MISMATCH, Last received: 0.0, Next index: 4, Last known committed idx: 3, Time since last communication: 0.000s
I20260713 09:12:24.775940  1928 consensus_queue.cc:1048] T 4e406dc025044b18b8ee84687771de70 P 6d47aeb9414e4a8eb8be54f06fd59b67 [LEADER]: Connected to new peer: Peer: permanent_uuid: "7980e98733d9437dbfb76b9fb61338a0" member_type: VOTER last_known_addr { host: "127.31.205.196" port: 36151 } attrs { promote: false }, Status: LMP_MISMATCH, Last received: 0.0, Next index: 4, Last known committed idx: 3, Time since last communication: 0.000s
I20260713 09:12:24.782313  1875 raft_consensus.cc:2955] T 4e406dc025044b18b8ee84687771de70 P 6d47aeb9414e4a8eb8be54f06fd59b67 [term 1 LEADER]: Committing config change with OpId 1.4: config changed from index 3 to 4, VOTER a6d2ce3170e841adbe2be721b9717472 (127.31.205.195) evicted. New config: { opid_index: 4 OBSOLETE_local: false peers { permanent_uuid: "6d47aeb9414e4a8eb8be54f06fd59b67" member_type: VOTER last_known_addr { host: "127.31.205.193" port: 43589 } } peers { permanent_uuid: "36a6fb54f9ed48e196f27b14f779e7e3" member_type: VOTER last_known_addr { host: "127.31.205.194" port: 38451 } } peers { permanent_uuid: "7980e98733d9437dbfb76b9fb61338a0" member_type: VOTER last_known_addr { host: "127.31.205.196" port: 36151 } attrs { promote: false } } }
I20260713 09:12:24.784170  1660 raft_consensus.cc:2955] T 4e406dc025044b18b8ee84687771de70 P 7980e98733d9437dbfb76b9fb61338a0 [term 1 FOLLOWER]: Committing config change with OpId 1.4: config changed from index 3 to 4, VOTER a6d2ce3170e841adbe2be721b9717472 (127.31.205.195) evicted. New config: { opid_index: 4 OBSOLETE_local: false peers { permanent_uuid: "6d47aeb9414e4a8eb8be54f06fd59b67" member_type: VOTER last_known_addr { host: "127.31.205.193" port: 43589 } } peers { permanent_uuid: "36a6fb54f9ed48e196f27b14f779e7e3" member_type: VOTER last_known_addr { host: "127.31.205.194" port: 38451 } } peers { permanent_uuid: "7980e98733d9437dbfb76b9fb61338a0" member_type: VOTER last_known_addr { host: "127.31.205.196" port: 36151 } attrs { promote: false } } }
I20260713 09:12:24.785440  1311 raft_consensus.cc:2955] T 4e406dc025044b18b8ee84687771de70 P 36a6fb54f9ed48e196f27b14f779e7e3 [term 1 FOLLOWER]: Committing config change with OpId 1.4: config changed from index 3 to 4, VOTER a6d2ce3170e841adbe2be721b9717472 (127.31.205.195) evicted. New config: { opid_index: 4 OBSOLETE_local: false peers { permanent_uuid: "6d47aeb9414e4a8eb8be54f06fd59b67" member_type: VOTER last_known_addr { host: "127.31.205.193" port: 43589 } } peers { permanent_uuid: "36a6fb54f9ed48e196f27b14f779e7e3" member_type: VOTER last_known_addr { host: "127.31.205.194" port: 38451 } } peers { permanent_uuid: "7980e98733d9437dbfb76b9fb61338a0" member_type: VOTER last_known_addr { host: "127.31.205.196" port: 36151 } attrs { promote: false } } }
I20260713 09:12:24.796839  1120 catalog_manager.cc:5210] ChangeConfig:REMOVE_PEER RPC for tablet 4e406dc025044b18b8ee84687771de70 with cas_config_opid_index 3: ChangeConfig:REMOVE_PEER succeeded (attempt 1)
I20260713 09:12:24.797658  1135 catalog_manager.cc:5697] T 4e406dc025044b18b8ee84687771de70 P 7980e98733d9437dbfb76b9fb61338a0 reported cstate change: config changed from index 3 to 4, VOTER a6d2ce3170e841adbe2be721b9717472 (127.31.205.195) evicted. New cstate: current_term: 1 leader_uuid: "6d47aeb9414e4a8eb8be54f06fd59b67" committed_config { opid_index: 4 OBSOLETE_local: false peers { permanent_uuid: "6d47aeb9414e4a8eb8be54f06fd59b67" member_type: VOTER last_known_addr { host: "127.31.205.193" port: 43589 } } peers { permanent_uuid: "36a6fb54f9ed48e196f27b14f779e7e3" member_type: VOTER last_known_addr { host: "127.31.205.194" port: 38451 } } peers { permanent_uuid: "7980e98733d9437dbfb76b9fb61338a0" member_type: VOTER last_known_addr { host: "127.31.205.196" port: 36151 } attrs { promote: false } } }
I20260713 09:12:24.808660  1375 tablet_service.cc:1558] Processing DeleteTablet for tablet 4e406dc025044b18b8ee84687771de70 with delete_type TABLET_DATA_TOMBSTONED (TS a6d2ce3170e841adbe2be721b9717472 not found in new config with opid_index 4) from {username='slave'} at 127.0.0.1:47240
I20260713 09:12:24.809748  1953 tablet_replica.cc:333] T 4e406dc025044b18b8ee84687771de70 P a6d2ce3170e841adbe2be721b9717472: stopping tablet replica
I20260713 09:12:24.810792  1953 raft_consensus.cc:2243] T 4e406dc025044b18b8ee84687771de70 P a6d2ce3170e841adbe2be721b9717472 [term 1 FOLLOWER]: Raft consensus shutting down.
I20260713 09:12:24.811381  1953 raft_consensus.cc:2272] T 4e406dc025044b18b8ee84687771de70 P a6d2ce3170e841adbe2be721b9717472 [term 1 FOLLOWER]: Raft consensus is shut down!
I20260713 09:12:24.815021  1953 ts_tablet_manager.cc:1916] T 4e406dc025044b18b8ee84687771de70 P a6d2ce3170e841adbe2be721b9717472: Deleting tablet data with delete state TABLET_DATA_TOMBSTONED
I20260713 09:12:24.826130  1953 ts_tablet_manager.cc:1929] T 4e406dc025044b18b8ee84687771de70 P a6d2ce3170e841adbe2be721b9717472: tablet deleted with delete type TABLET_DATA_TOMBSTONED: last-logged OpId 1.3
I20260713 09:12:24.826519  1953 log.cc:1199] T 4e406dc025044b18b8ee84687771de70 P a6d2ce3170e841adbe2be721b9717472: Deleting WAL directory at /tmp/dist-test-taskCAMPyi/test-tmp/auto_leader_rebalancer-test.0.LeaderRebalancerTest.AddTserver.1783933902867318-32567-0/minicluster-data/ts-2-root/wals/4e406dc025044b18b8ee84687771de70
I20260713 09:12:24.827724  1122 catalog_manager.cc:5028] TS a6d2ce3170e841adbe2be721b9717472 (127.31.205.195:44571): tablet 4e406dc025044b18b8ee84687771de70 (table test-workload [id=b250c2a2e2ea473a87f9a1f32c1ad6bc]) successfully deleted
