I20260713 09:12:05.347157  1396 consensus_queue.cc:260] T 0492ce5cfdc440ae8f118cd5a8cfbada P 88565d1a515c481c91d60a2a6b2038ed [NON_LEADER]: Queue going to NON_LEADER mode. State: All replicated index: 0, Majority replicated index: 0, Committed index: 0, Last appended: 0.0, Last appended by leader: 0, Current term: 0, Majority size: -1, State: 0, Mode: NON_LEADER, active raft config: opid_index: -1 OBSOLETE_local: false peers { permanent_uuid: "fdb94792bf92415480758acb83e99059" member_type: VOTER last_known_addr { host: "127.31.206.1" port: 45459 } } peers { permanent_uuid: "c4d87dc5db9c494c87e54a84174acf52" member_type: VOTER last_known_addr { host: "127.31.206.2" port: 42597 } } peers { permanent_uuid: "88565d1a515c481c91d60a2a6b2038ed" member_type: VOTER last_known_addr { host: "127.31.206.3" port: 40381 } }
I20260713 09:12:05.347339  1397 tablet_bootstrap.cc:654] T 0492ce5cfdc440ae8f118cd5a8cfbada P c4d87dc5db9c494c87e54a84174acf52: Neither blocks nor log segments found. Creating new log.
I20260713 09:12:05.418433  1352 tablet_service.cc:1917] Received RequestConsensusVote() RPC: tablet_id: "462ef416d8844bbb8b5f37f8e6db6d42" candidate_uuid: "fdb94792bf92415480758acb83e99059" candidate_term: 1 candidate_status { last_received { term: 0 index: 0 } } ignore_live_leader: false dest_uuid: "88565d1a515c481c91d60a2a6b2038ed" is_pre_election: true
I20260713 09:12:05.422610  1396 ts_tablet_manager.cc:1434] T 0492ce5cfdc440ae8f118cd5a8cfbada P 88565d1a515c481c91d60a2a6b2038ed: Time spent starting tablet: real 0.111s	user 0.005s	sys 0.002s
I20260713 09:12:05.423440  1396 tablet_bootstrap.cc:492] T 462ef416d8844bbb8b5f37f8e6db6d42 P 88565d1a515c481c91d60a2a6b2038ed: Bootstrap starting.
W20260713 09:12:05.348172  1169 leader_election.cc:343] T 462ef416d8844bbb8b5f37f8e6db6d42 P fdb94792bf92415480758acb83e99059 [CANDIDATE]: Term 1 pre-election: Tablet error from VoteRequest() call to peer c4d87dc5db9c494c87e54a84174acf52 (127.31.206.2:42597): Illegal state: must be running to vote when last-logged opid is not known
I20260713 09:12:05.416687  1470 leader_election.cc:290] T 462ef416d8844bbb8b5f37f8e6db6d42 P fdb94792bf92415480758acb83e99059 [CANDIDATE]: Term 1 pre-election: Requested pre-vote from peers c4d87dc5db9c494c87e54a84174acf52 (127.31.206.2:42597), 88565d1a515c481c91d60a2a6b2038ed (127.31.206.3:40381)
I20260713 09:12:05.423611  1277 raft_consensus.cc:3060] T 9a3c092de8c0414f96587a725e17bcfa P c4d87dc5db9c494c87e54a84174acf52 [term 0 FOLLOWER]: Advancing to term 1
W20260713 09:12:05.424283  1170 leader_election.cc:343] T 462ef416d8844bbb8b5f37f8e6db6d42 P fdb94792bf92415480758acb83e99059 [CANDIDATE]: Term 1 pre-election: Tablet error from VoteRequest() call to peer 88565d1a515c481c91d60a2a6b2038ed (127.31.206.3:40381): Illegal state: must be running to vote when last-logged opid is not known
I20260713 09:12:05.424750  1169 leader_election.cc:304] T 462ef416d8844bbb8b5f37f8e6db6d42 P fdb94792bf92415480758acb83e99059 [CANDIDATE]: Term 1 pre-election: Election decided. Result: candidate lost. Election summary: received 3 responses out of 3 voters: 1 yes votes; 2 no votes. yes voters: fdb94792bf92415480758acb83e99059; no voters: 88565d1a515c481c91d60a2a6b2038ed, c4d87dc5db9c494c87e54a84174acf52
W20260713 09:12:05.425261  1169 outbound_call.cc:321] RPC callback for RPC call kudu.consensus.ConsensusService.RequestConsensusVote -> {remote=127.31.206.2:42597, user_credentials={real_user=slave}} blocked reactor thread for 77116.5us
I20260713 09:12:05.425320  1470 raft_consensus.cc:2749] T 462ef416d8844bbb8b5f37f8e6db6d42 P fdb94792bf92415480758acb83e99059 [term 0 FOLLOWER]: Leader pre-election lost for term 1. Reason: could not achieve majority
I20260713 09:12:05.429909  1352 tablet_service.cc:1917] Received RequestConsensusVote() RPC: tablet_id: "9ed7989779d94ff3a3d0b811adecbe06" candidate_uuid: "c4d87dc5db9c494c87e54a84174acf52" candidate_term: 1 candidate_status { last_received { term: 0 index: 0 } } ignore_live_leader: false dest_uuid: "88565d1a515c481c91d60a2a6b2038ed" is_pre_election: true
W20260713 09:12:05.431452  1245 leader_election.cc:343] T 9ed7989779d94ff3a3d0b811adecbe06 P c4d87dc5db9c494c87e54a84174acf52 [CANDIDATE]: Term 1 pre-election: Tablet error from VoteRequest() call to peer 88565d1a515c481c91d60a2a6b2038ed (127.31.206.3:40381): Illegal state: must be running to vote when last-logged opid is not known
I20260713 09:12:05.417418  1504 leader_election.cc:290] T 9ed7989779d94ff3a3d0b811adecbe06 P c4d87dc5db9c494c87e54a84174acf52 [CANDIDATE]: Term 1 pre-election: Requested pre-vote from peers fdb94792bf92415480758acb83e99059 (127.31.206.1:45459), 88565d1a515c481c91d60a2a6b2038ed (127.31.206.3:40381)
I20260713 09:12:05.431947  1472 consensus_queue.cc:1048] T 9a3c092de8c0414f96587a725e17bcfa P 88565d1a515c481c91d60a2a6b2038ed [LEADER]: Connected to new peer: Peer: permanent_uuid: "c4d87dc5db9c494c87e54a84174acf52" member_type: VOTER last_known_addr { host: "127.31.206.2" port: 42597 }, Status: LMP_MISMATCH, Last received: 0.0, Next index: 1, Last known committed idx: 0, Time since last communication: 0.001s
I20260713 09:12:05.393680  1403 consensus_queue.cc:1048] T 048e63174efe4b2cb5630af0d41e4718 P fdb94792bf92415480758acb83e99059 [LEADER]: Connected to new peer: Peer: permanent_uuid: "88565d1a515c481c91d60a2a6b2038ed" member_type: VOTER last_known_addr { host: "127.31.206.3" port: 40381 }, Status: LMP_MISMATCH, Last received: 0.0, Next index: 1, Last known committed idx: 0, Time since last communication: 0.030s
I20260713 09:12:05.434401  1394 tablet_bootstrap.cc:492] T 852aa1da204e4e0592dab1522015ca90 P fdb94792bf92415480758acb83e99059: No bootstrap required, opened a new log
I20260713 09:12:05.434921  1394 ts_tablet_manager.cc:1403] T 852aa1da204e4e0592dab1522015ca90 P fdb94792bf92415480758acb83e99059: Time spent bootstrapping tablet: real 0.150s	user 0.008s	sys 0.030s
I20260713 09:12:05.437840  1396 tablet_bootstrap.cc:654] T 462ef416d8844bbb8b5f37f8e6db6d42 P 88565d1a515c481c91d60a2a6b2038ed: Neither blocks nor log segments found. Creating new log.
I20260713 09:12:05.438318  1394 raft_consensus.cc:359] T 852aa1da204e4e0592dab1522015ca90 P fdb94792bf92415480758acb83e99059 [term 0 FOLLOWER]: Replica starting. Triggering 0 pending ops. Active config: opid_index: -1 OBSOLETE_local: false peers { permanent_uuid: "fdb94792bf92415480758acb83e99059" member_type: VOTER last_known_addr { host: "127.31.206.1" port: 45459 } } peers { permanent_uuid: "c4d87dc5db9c494c87e54a84174acf52" member_type: VOTER last_known_addr { host: "127.31.206.2" port: 42597 } } peers { permanent_uuid: "88565d1a515c481c91d60a2a6b2038ed" member_type: VOTER last_known_addr { host: "127.31.206.3" port: 40381 } }
I20260713 09:12:05.438949  1394 raft_consensus.cc:385] T 852aa1da204e4e0592dab1522015ca90 P fdb94792bf92415480758acb83e99059 [term 0 FOLLOWER]: Consensus starting up: Expiring failure detector timer to make a prompt election more likely
I20260713 09:12:05.439221  1394 raft_consensus.cc:740] T 852aa1da204e4e0592dab1522015ca90 P fdb94792bf92415480758acb83e99059 [term 0 FOLLOWER]: Becoming Follower/Learner. State: Replica: fdb94792bf92415480758acb83e99059, State: Initialized, Role: FOLLOWER
W20260713 09:12:05.440303  1170 consensus_peers.cc:597] T 6631740c010342f09224a6e67ea48607 P fdb94792bf92415480758acb83e99059 -> Peer 88565d1a515c481c91d60a2a6b2038ed (127.31.206.3:40381): Couldn't send request to peer 88565d1a515c481c91d60a2a6b2038ed. Error code: TABLET_NOT_RUNNING (12). Status: Illegal state: Tablet not RUNNING: INITIALIZED. This is attempt 1: this message will repeat every 5th retry.
I20260713 09:12:05.440001  1394 consensus_queue.cc:260] T 852aa1da204e4e0592dab1522015ca90 P fdb94792bf92415480758acb83e99059 [NON_LEADER]: Queue going to NON_LEADER mode. State: All replicated index: 0, Majority replicated index: 0, Committed index: 0, Last appended: 0.0, Last appended by leader: 0, Current term: 0, Majority size: -1, State: 0, Mode: NON_LEADER, active raft config: opid_index: -1 OBSOLETE_local: false peers { permanent_uuid: "fdb94792bf92415480758acb83e99059" member_type: VOTER last_known_addr { host: "127.31.206.1" port: 45459 } } peers { permanent_uuid: "c4d87dc5db9c494c87e54a84174acf52" member_type: VOTER last_known_addr { host: "127.31.206.2" port: 42597 } } peers { permanent_uuid: "88565d1a515c481c91d60a2a6b2038ed" member_type: VOTER last_known_addr { host: "127.31.206.3" port: 40381 } }
I20260713 09:12:05.450819  1203 tablet_service.cc:1917] Received RequestConsensusVote() RPC: tablet_id: "9ed7989779d94ff3a3d0b811adecbe06" candidate_uuid: "c4d87dc5db9c494c87e54a84174acf52" candidate_term: 1 candidate_status { last_received { term: 0 index: 0 } } ignore_live_leader: false dest_uuid: "fdb94792bf92415480758acb83e99059" is_pre_election: true
W20260713 09:12:05.463071  1243 leader_election.cc:343] T 9ed7989779d94ff3a3d0b811adecbe06 P c4d87dc5db9c494c87e54a84174acf52 [CANDIDATE]: Term 1 pre-election: Tablet error from VoteRequest() call to peer fdb94792bf92415480758acb83e99059 (127.31.206.1:45459): Illegal state: must be running to vote when last-logged opid is not known
I20260713 09:12:05.463490  1243 leader_election.cc:304] T 9ed7989779d94ff3a3d0b811adecbe06 P c4d87dc5db9c494c87e54a84174acf52 [CANDIDATE]: Term 1 pre-election: Election decided. Result: candidate lost. Election summary: received 3 responses out of 3 voters: 1 yes votes; 2 no votes. yes voters: c4d87dc5db9c494c87e54a84174acf52; no voters: 88565d1a515c481c91d60a2a6b2038ed, fdb94792bf92415480758acb83e99059
I20260713 09:12:05.464468  1445 raft_consensus.cc:2749] T 9ed7989779d94ff3a3d0b811adecbe06 P c4d87dc5db9c494c87e54a84174acf52 [term 0 FOLLOWER]: Leader pre-election lost for term 1. Reason: could not achieve majority
I20260713 09:12:05.468492  1472 consensus_queue.cc:1048] T 9a3c092de8c0414f96587a725e17bcfa P 88565d1a515c481c91d60a2a6b2038ed [LEADER]: Connected to new peer: Peer: permanent_uuid: "fdb94792bf92415480758acb83e99059" member_type: VOTER last_known_addr { host: "127.31.206.1" port: 45459 }, Status: LMP_MISMATCH, Last received: 0.0, Next index: 1, Last known committed idx: 0, Time since last communication: 0.000s
I20260713 09:12:05.455730  1394 ts_tablet_manager.cc:1434] T 852aa1da204e4e0592dab1522015ca90 P fdb94792bf92415480758acb83e99059: Time spent starting tablet: real 0.021s	user 0.002s	sys 0.004s
I20260713 09:12:05.460572  1474 consensus_queue.cc:1048] T caf64b6258fa41858815693a27719538 P 88565d1a515c481c91d60a2a6b2038ed [LEADER]: Connected to new peer: Peer: permanent_uuid: "c4d87dc5db9c494c87e54a84174acf52" member_type: VOTER last_known_addr { host: "127.31.206.2" port: 42597 }, Status: LMP_MISMATCH, Last received: 0.0, Next index: 1, Last known committed idx: 0, Time since last communication: 0.000s
I20260713 09:12:05.474491  1394 tablet_bootstrap.cc:492] T 66df6000c0fb4db4aafe6c5ec6debc87 P fdb94792bf92415480758acb83e99059: Bootstrap starting.
I20260713 09:12:05.482316  1450 consensus_queue.cc:1048] T caf64b6258fa41858815693a27719538 P 88565d1a515c481c91d60a2a6b2038ed [LEADER]: Connected to new peer: Peer: permanent_uuid: "fdb94792bf92415480758acb83e99059" member_type: VOTER last_known_addr { host: "127.31.206.1" port: 45459 }, Status: LMP_MISMATCH, Last received: 0.0, Next index: 1, Last known committed idx: 0, Time since last communication: 0.000s
I20260713 09:12:05.512001  1397 tablet_bootstrap.cc:492] T 0492ce5cfdc440ae8f118cd5a8cfbada P c4d87dc5db9c494c87e54a84174acf52: No bootstrap required, opened a new log
I20260713 09:12:05.512591  1397 ts_tablet_manager.cc:1403] T 0492ce5cfdc440ae8f118cd5a8cfbada P c4d87dc5db9c494c87e54a84174acf52: Time spent bootstrapping tablet: real 0.213s	user 0.019s	sys 0.011s
I20260713 09:12:05.515023  1397 raft_consensus.cc:359] T 0492ce5cfdc440ae8f118cd5a8cfbada P c4d87dc5db9c494c87e54a84174acf52 [term 0 FOLLOWER]: Replica starting. Triggering 0 pending ops. Active config: opid_index: -1 OBSOLETE_local: false peers { permanent_uuid: "fdb94792bf92415480758acb83e99059" member_type: VOTER last_known_addr { host: "127.31.206.1" port: 45459 } } peers { permanent_uuid: "c4d87dc5db9c494c87e54a84174acf52" member_type: VOTER last_known_addr { host: "127.31.206.2" port: 42597 } } peers { permanent_uuid: "88565d1a515c481c91d60a2a6b2038ed" member_type: VOTER last_known_addr { host: "127.31.206.3" port: 40381 } }
I20260713 09:12:05.516340  1394 tablet_bootstrap.cc:654] T 66df6000c0fb4db4aafe6c5ec6debc87 P fdb94792bf92415480758acb83e99059: Neither blocks nor log segments found. Creating new log.
I20260713 09:12:05.519119  1397 raft_consensus.cc:385] T 0492ce5cfdc440ae8f118cd5a8cfbada P c4d87dc5db9c494c87e54a84174acf52 [term 0 FOLLOWER]: Consensus starting up: Expiring failure detector timer to make a prompt election more likely
I20260713 09:12:05.519461  1397 raft_consensus.cc:740] T 0492ce5cfdc440ae8f118cd5a8cfbada P c4d87dc5db9c494c87e54a84174acf52 [term 0 FOLLOWER]: Becoming Follower/Learner. State: Replica: c4d87dc5db9c494c87e54a84174acf52, State: Initialized, Role: FOLLOWER
I20260713 09:12:05.518756  1396 tablet_bootstrap.cc:492] T 462ef416d8844bbb8b5f37f8e6db6d42 P 88565d1a515c481c91d60a2a6b2038ed: No bootstrap required, opened a new log
I20260713 09:12:05.520066  1396 ts_tablet_manager.cc:1403] T 462ef416d8844bbb8b5f37f8e6db6d42 P 88565d1a515c481c91d60a2a6b2038ed: Time spent bootstrapping tablet: real 0.097s	user 0.009s	sys 0.035s
I20260713 09:12:05.520371  1397 consensus_queue.cc:260] T 0492ce5cfdc440ae8f118cd5a8cfbada P c4d87dc5db9c494c87e54a84174acf52 [NON_LEADER]: Queue going to NON_LEADER mode. State: All replicated index: 0, Majority replicated index: 0, Committed index: 0, Last appended: 0.0, Last appended by leader: 0, Current term: 0, Majority size: -1, State: 0, Mode: NON_LEADER, active raft config: opid_index: -1 OBSOLETE_local: false peers { permanent_uuid: "fdb94792bf92415480758acb83e99059" member_type: VOTER last_known_addr { host: "127.31.206.1" port: 45459 } } peers { permanent_uuid: "c4d87dc5db9c494c87e54a84174acf52" member_type: VOTER last_known_addr { host: "127.31.206.2" port: 42597 } } peers { permanent_uuid: "88565d1a515c481c91d60a2a6b2038ed" member_type: VOTER last_known_addr { host: "127.31.206.3" port: 40381 } }
I20260713 09:12:05.523101  1396 raft_consensus.cc:359] T 462ef416d8844bbb8b5f37f8e6db6d42 P 88565d1a515c481c91d60a2a6b2038ed [term 0 FOLLOWER]: Replica starting. Triggering 0 pending ops. Active config: opid_index: -1 OBSOLETE_local: false peers { permanent_uuid: "fdb94792bf92415480758acb83e99059" member_type: VOTER last_known_addr { host: "127.31.206.1" port: 45459 } } peers { permanent_uuid: "c4d87dc5db9c494c87e54a84174acf52" member_type: VOTER last_known_addr { host: "127.31.206.2" port: 42597 } } peers { permanent_uuid: "88565d1a515c481c91d60a2a6b2038ed" member_type: VOTER last_known_addr { host: "127.31.206.3" port: 40381 } }
I20260713 09:12:05.523794  1396 raft_consensus.cc:385] T 462ef416d8844bbb8b5f37f8e6db6d42 P 88565d1a515c481c91d60a2a6b2038ed [term 0 FOLLOWER]: Consensus starting up: Expiring failure detector timer to make a prompt election more likely
I20260713 09:12:05.524044  1396 raft_consensus.cc:740] T 462ef416d8844bbb8b5f37f8e6db6d42 P 88565d1a515c481c91d60a2a6b2038ed [term 0 FOLLOWER]: Becoming Follower/Learner. State: Replica: 88565d1a515c481c91d60a2a6b2038ed, State: Initialized, Role: FOLLOWER
I20260713 09:12:05.524667  1396 consensus_queue.cc:260] T 462ef416d8844bbb8b5f37f8e6db6d42 P 88565d1a515c481c91d60a2a6b2038ed [NON_LEADER]: Queue going to NON_LEADER mode. State: All replicated index: 0, Majority replicated index: 0, Committed index: 0, Last appended: 0.0, Last appended by leader: 0, Current term: 0, Majority size: -1, State: 0, Mode: NON_LEADER, active raft config: opid_index: -1 OBSOLETE_local: false peers { permanent_uuid: "fdb94792bf92415480758acb83e99059" member_type: VOTER last_known_addr { host: "127.31.206.1" port: 45459 } } peers { permanent_uuid: "c4d87dc5db9c494c87e54a84174acf52" member_type: VOTER last_known_addr { host: "127.31.206.2" port: 42597 } } peers { permanent_uuid: "88565d1a515c481c91d60a2a6b2038ed" member_type: VOTER last_known_addr { host: "127.31.206.3" port: 40381 } }
I20260713 09:12:05.526692  1396 ts_tablet_manager.cc:1434] T 462ef416d8844bbb8b5f37f8e6db6d42 P 88565d1a515c481c91d60a2a6b2038ed: Time spent starting tablet: real 0.006s	user 0.006s	sys 0.001s
I20260713 09:12:05.527577  1396 tablet_bootstrap.cc:492] T efc7ac96fa164ea9a744bb8f9cffb35b P 88565d1a515c481c91d60a2a6b2038ed: Bootstrap starting.
I20260713 09:12:05.528702  1397 ts_tablet_manager.cc:1434] T 0492ce5cfdc440ae8f118cd5a8cfbada P c4d87dc5db9c494c87e54a84174acf52: Time spent starting tablet: real 0.016s	user 0.005s	sys 0.000s
I20260713 09:12:05.529587  1397 tablet_bootstrap.cc:492] T efc7ac96fa164ea9a744bb8f9cffb35b P c4d87dc5db9c494c87e54a84174acf52: Bootstrap starting.
I20260713 09:12:05.533277  1396 tablet_bootstrap.cc:654] T efc7ac96fa164ea9a744bb8f9cffb35b P 88565d1a515c481c91d60a2a6b2038ed: Neither blocks nor log segments found. Creating new log.
I20260713 09:12:05.535025  1397 tablet_bootstrap.cc:654] T efc7ac96fa164ea9a744bb8f9cffb35b P c4d87dc5db9c494c87e54a84174acf52: Neither blocks nor log segments found. Creating new log.
I20260713 09:12:05.542884  1397 tablet_bootstrap.cc:492] T efc7ac96fa164ea9a744bb8f9cffb35b P c4d87dc5db9c494c87e54a84174acf52: No bootstrap required, opened a new log
I20260713 09:12:05.543363  1397 ts_tablet_manager.cc:1403] T efc7ac96fa164ea9a744bb8f9cffb35b P c4d87dc5db9c494c87e54a84174acf52: Time spent bootstrapping tablet: real 0.014s	user 0.010s	sys 0.003s
I20260713 09:12:05.545859  1396 tablet_bootstrap.cc:492] T efc7ac96fa164ea9a744bb8f9cffb35b P 88565d1a515c481c91d60a2a6b2038ed: No bootstrap required, opened a new log
I20260713 09:12:05.545840  1397 raft_consensus.cc:359] T efc7ac96fa164ea9a744bb8f9cffb35b P c4d87dc5db9c494c87e54a84174acf52 [term 0 FOLLOWER]: Replica starting. Triggering 0 pending ops. Active config: opid_index: -1 OBSOLETE_local: false peers { permanent_uuid: "fdb94792bf92415480758acb83e99059" member_type: VOTER last_known_addr { host: "127.31.206.1" port: 45459 } } peers { permanent_uuid: "c4d87dc5db9c494c87e54a84174acf52" member_type: VOTER last_known_addr { host: "127.31.206.2" port: 42597 } } peers { permanent_uuid: "88565d1a515c481c91d60a2a6b2038ed" member_type: VOTER last_known_addr { host: "127.31.206.3" port: 40381 } }
I20260713 09:12:05.546327  1394 tablet_bootstrap.cc:492] T 66df6000c0fb4db4aafe6c5ec6debc87 P fdb94792bf92415480758acb83e99059: No bootstrap required, opened a new log
I20260713 09:12:05.546401  1396 ts_tablet_manager.cc:1403] T efc7ac96fa164ea9a744bb8f9cffb35b P 88565d1a515c481c91d60a2a6b2038ed: Time spent bootstrapping tablet: real 0.019s	user 0.010s	sys 0.008s
I20260713 09:12:05.546748  1397 raft_consensus.cc:385] T efc7ac96fa164ea9a744bb8f9cffb35b P c4d87dc5db9c494c87e54a84174acf52 [term 0 FOLLOWER]: Consensus starting up: Expiring failure detector timer to make a prompt election more likely
I20260713 09:12:05.546953  1394 ts_tablet_manager.cc:1403] T 66df6000c0fb4db4aafe6c5ec6debc87 P fdb94792bf92415480758acb83e99059: Time spent bootstrapping tablet: real 0.073s	user 0.010s	sys 0.008s
I20260713 09:12:05.547125  1397 raft_consensus.cc:740] T efc7ac96fa164ea9a744bb8f9cffb35b P c4d87dc5db9c494c87e54a84174acf52 [term 0 FOLLOWER]: Becoming Follower/Learner. State: Replica: c4d87dc5db9c494c87e54a84174acf52, State: Initialized, Role: FOLLOWER
I20260713 09:12:05.547961  1397 consensus_queue.cc:260] T efc7ac96fa164ea9a744bb8f9cffb35b P c4d87dc5db9c494c87e54a84174acf52 [NON_LEADER]: Queue going to NON_LEADER mode. State: All replicated index: 0, Majority replicated index: 0, Committed index: 0, Last appended: 0.0, Last appended by leader: 0, Current term: 0, Majority size: -1, State: 0, Mode: NON_LEADER, active raft config: opid_index: -1 OBSOLETE_local: false peers { permanent_uuid: "fdb94792bf92415480758acb83e99059" member_type: VOTER last_known_addr { host: "127.31.206.1" port: 45459 } } peers { permanent_uuid: "c4d87dc5db9c494c87e54a84174acf52" member_type: VOTER last_known_addr { host: "127.31.206.2" port: 42597 } } peers { permanent_uuid: "88565d1a515c481c91d60a2a6b2038ed" member_type: VOTER last_known_addr { host: "127.31.206.3" port: 40381 } }
I20260713 09:12:05.549510  1396 raft_consensus.cc:359] T efc7ac96fa164ea9a744bb8f9cffb35b P 88565d1a515c481c91d60a2a6b2038ed [term 0 FOLLOWER]: Replica starting. Triggering 0 pending ops. Active config: opid_index: -1 OBSOLETE_local: false peers { permanent_uuid: "fdb94792bf92415480758acb83e99059" member_type: VOTER last_known_addr { host: "127.31.206.1" port: 45459 } } peers { permanent_uuid: "c4d87dc5db9c494c87e54a84174acf52" member_type: VOTER last_known_addr { host: "127.31.206.2" port: 42597 } } peers { permanent_uuid: "88565d1a515c481c91d60a2a6b2038ed" member_type: VOTER last_known_addr { host: "127.31.206.3" port: 40381 } }
I20260713 09:12:05.549736  1394 raft_consensus.cc:359] T 66df6000c0fb4db4aafe6c5ec6debc87 P fdb94792bf92415480758acb83e99059 [term 0 FOLLOWER]: Replica starting. Triggering 0 pending ops. Active config: opid_index: -1 OBSOLETE_local: false peers { permanent_uuid: "fdb94792bf92415480758acb83e99059" member_type: VOTER last_known_addr { host: "127.31.206.1" port: 45459 } } peers { permanent_uuid: "c4d87dc5db9c494c87e54a84174acf52" member_type: VOTER last_known_addr { host: "127.31.206.2" port: 42597 } } peers { permanent_uuid: "88565d1a515c481c91d60a2a6b2038ed" member_type: VOTER last_known_addr { host: "127.31.206.3" port: 40381 } }
I20260713 09:12:05.550186  1396 raft_consensus.cc:385] T efc7ac96fa164ea9a744bb8f9cffb35b P 88565d1a515c481c91d60a2a6b2038ed [term 0 FOLLOWER]: Consensus starting up: Expiring failure detector timer to make a prompt election more likely
I20260713 09:12:05.550431  1394 raft_consensus.cc:385] T 66df6000c0fb4db4aafe6c5ec6debc87 P fdb94792bf92415480758acb83e99059 [term 0 FOLLOWER]: Consensus starting up: Expiring failure detector timer to make a prompt election more likely
I20260713 09:12:05.550542  1396 raft_consensus.cc:740] T efc7ac96fa164ea9a744bb8f9cffb35b P 88565d1a515c481c91d60a2a6b2038ed [term 0 FOLLOWER]: Becoming Follower/Learner. State: Replica: 88565d1a515c481c91d60a2a6b2038ed, State: Initialized, Role: FOLLOWER
I20260713 09:12:05.550938  1394 raft_consensus.cc:740] T 66df6000c0fb4db4aafe6c5ec6debc87 P fdb94792bf92415480758acb83e99059 [term 0 FOLLOWER]: Becoming Follower/Learner. State: Replica: fdb94792bf92415480758acb83e99059, State: Initialized, Role: FOLLOWER
I20260713 09:12:05.551247  1396 consensus_queue.cc:260] T efc7ac96fa164ea9a744bb8f9cffb35b P 88565d1a515c481c91d60a2a6b2038ed [NON_LEADER]: Queue going to NON_LEADER mode. State: All replicated index: 0, Majority replicated index: 0, Committed index: 0, Last appended: 0.0, Last appended by leader: 0, Current term: 0, Majority size: -1, State: 0, Mode: NON_LEADER, active raft config: opid_index: -1 OBSOLETE_local: false peers { permanent_uuid: "fdb94792bf92415480758acb83e99059" member_type: VOTER last_known_addr { host: "127.31.206.1" port: 45459 } } peers { permanent_uuid: "c4d87dc5db9c494c87e54a84174acf52" member_type: VOTER last_known_addr { host: "127.31.206.2" port: 42597 } } peers { permanent_uuid: "88565d1a515c481c91d60a2a6b2038ed" member_type: VOTER last_known_addr { host: "127.31.206.3" port: 40381 } }
I20260713 09:12:05.551715  1394 consensus_queue.cc:260] T 66df6000c0fb4db4aafe6c5ec6debc87 P fdb94792bf92415480758acb83e99059 [NON_LEADER]: Queue going to NON_LEADER mode. State: All replicated index: 0, Majority replicated index: 0, Committed index: 0, Last appended: 0.0, Last appended by leader: 0, Current term: 0, Majority size: -1, State: 0, Mode: NON_LEADER, active raft config: opid_index: -1 OBSOLETE_local: false peers { permanent_uuid: "fdb94792bf92415480758acb83e99059" member_type: VOTER last_known_addr { host: "127.31.206.1" port: 45459 } } peers { permanent_uuid: "c4d87dc5db9c494c87e54a84174acf52" member_type: VOTER last_known_addr { host: "127.31.206.2" port: 42597 } } peers { permanent_uuid: "88565d1a515c481c91d60a2a6b2038ed" member_type: VOTER last_known_addr { host: "127.31.206.3" port: 40381 } }
I20260713 09:12:05.552397  1397 ts_tablet_manager.cc:1434] T efc7ac96fa164ea9a744bb8f9cffb35b P c4d87dc5db9c494c87e54a84174acf52: Time spent starting tablet: real 0.009s	user 0.006s	sys 0.000s
I20260713 09:12:05.553305  1397 tablet_bootstrap.cc:492] T 9f4221c4db184f6ab71d2abe1601465d P c4d87dc5db9c494c87e54a84174acf52: Bootstrap starting.
I20260713 09:12:05.553424  1396 ts_tablet_manager.cc:1434] T efc7ac96fa164ea9a744bb8f9cffb35b P 88565d1a515c481c91d60a2a6b2038ed: Time spent starting tablet: real 0.006s	user 0.005s	sys 0.000s
I20260713 09:12:05.554330  1396 tablet_bootstrap.cc:492] T 6631740c010342f09224a6e67ea48607 P 88565d1a515c481c91d60a2a6b2038ed: Bootstrap starting.
I20260713 09:12:05.558087  1394 ts_tablet_manager.cc:1434] T 66df6000c0fb4db4aafe6c5ec6debc87 P fdb94792bf92415480758acb83e99059: Time spent starting tablet: real 0.011s	user 0.005s	sys 0.000s
I20260713 09:12:05.558995  1394 tablet_bootstrap.cc:492] T eeb273182389472fbcdda3b7bafaf823 P fdb94792bf92415480758acb83e99059: Bootstrap starting.
I20260713 09:12:05.559024  1397 tablet_bootstrap.cc:654] T 9f4221c4db184f6ab71d2abe1601465d P c4d87dc5db9c494c87e54a84174acf52: Neither blocks nor log segments found. Creating new log.
I20260713 09:12:05.561324  1396 tablet_bootstrap.cc:654] T 6631740c010342f09224a6e67ea48607 P 88565d1a515c481c91d60a2a6b2038ed: Neither blocks nor log segments found. Creating new log.
I20260713 09:12:05.565745  1394 tablet_bootstrap.cc:654] T eeb273182389472fbcdda3b7bafaf823 P fdb94792bf92415480758acb83e99059: Neither blocks nor log segments found. Creating new log.
I20260713 09:12:05.575488  1474 consensus_queue.cc:1048] T 66df6000c0fb4db4aafe6c5ec6debc87 P 88565d1a515c481c91d60a2a6b2038ed [LEADER]: Connected to new peer: Peer: permanent_uuid: "c4d87dc5db9c494c87e54a84174acf52" member_type: VOTER last_known_addr { host: "127.31.206.2" port: 42597 }, Status: LMP_MISMATCH, Last received: 0.0, Next index: 1, Last known committed idx: 0, Time since last communication: 0.000s
I20260713 09:12:05.587325  1397 tablet_bootstrap.cc:492] T 9f4221c4db184f6ab71d2abe1601465d P c4d87dc5db9c494c87e54a84174acf52: No bootstrap required, opened a new log
I20260713 09:12:05.587829  1397 ts_tablet_manager.cc:1403] T 9f4221c4db184f6ab71d2abe1601465d P c4d87dc5db9c494c87e54a84174acf52: Time spent bootstrapping tablet: real 0.035s	user 0.016s	sys 0.016s
I20260713 09:12:05.590620  1397 raft_consensus.cc:359] T 9f4221c4db184f6ab71d2abe1601465d P c4d87dc5db9c494c87e54a84174acf52 [term 0 FOLLOWER]: Replica starting. Triggering 0 pending ops. Active config: opid_index: -1 OBSOLETE_local: false peers { permanent_uuid: "fdb94792bf92415480758acb83e99059" member_type: VOTER last_known_addr { host: "127.31.206.1" port: 45459 } } peers { permanent_uuid: "c4d87dc5db9c494c87e54a84174acf52" member_type: VOTER last_known_addr { host: "127.31.206.2" port: 42597 } } peers { permanent_uuid: "88565d1a515c481c91d60a2a6b2038ed" member_type: VOTER last_known_addr { host: "127.31.206.3" port: 40381 } }
I20260713 09:12:05.591288  1397 raft_consensus.cc:385] T 9f4221c4db184f6ab71d2abe1601465d P c4d87dc5db9c494c87e54a84174acf52 [term 0 FOLLOWER]: Consensus starting up: Expiring failure detector timer to make a prompt election more likely
I20260713 09:12:05.591548  1397 raft_consensus.cc:740] T 9f4221c4db184f6ab71d2abe1601465d P c4d87dc5db9c494c87e54a84174acf52 [term 0 FOLLOWER]: Becoming Follower/Learner. State: Replica: c4d87dc5db9c494c87e54a84174acf52, State: Initialized, Role: FOLLOWER
I20260713 09:12:05.594329  1396 tablet_bootstrap.cc:492] T 6631740c010342f09224a6e67ea48607 P 88565d1a515c481c91d60a2a6b2038ed: No bootstrap required, opened a new log
I20260713 09:12:05.594830  1396 ts_tablet_manager.cc:1403] T 6631740c010342f09224a6e67ea48607 P 88565d1a515c481c91d60a2a6b2038ed: Time spent bootstrapping tablet: real 0.041s	user 0.009s	sys 0.011s
I20260713 09:12:05.594425  1397 consensus_queue.cc:260] T 9f4221c4db184f6ab71d2abe1601465d P c4d87dc5db9c494c87e54a84174acf52 [NON_LEADER]: Queue going to NON_LEADER mode. State: All replicated index: 0, Majority replicated index: 0, Committed index: 0, Last appended: 0.0, Last appended by leader: 0, Current term: 0, Majority size: -1, State: 0, Mode: NON_LEADER, active raft config: opid_index: -1 OBSOLETE_local: false peers { permanent_uuid: "fdb94792bf92415480758acb83e99059" member_type: VOTER last_known_addr { host: "127.31.206.1" port: 45459 } } peers { permanent_uuid: "c4d87dc5db9c494c87e54a84174acf52" member_type: VOTER last_known_addr { host: "127.31.206.2" port: 42597 } } peers { permanent_uuid: "88565d1a515c481c91d60a2a6b2038ed" member_type: VOTER last_known_addr { host: "127.31.206.3" port: 40381 } }
I20260713 09:12:05.596724  1397 ts_tablet_manager.cc:1434] T 9f4221c4db184f6ab71d2abe1601465d P c4d87dc5db9c494c87e54a84174acf52: Time spent starting tablet: real 0.009s	user 0.007s	sys 0.000s
I20260713 09:12:05.597374  1396 raft_consensus.cc:359] T 6631740c010342f09224a6e67ea48607 P 88565d1a515c481c91d60a2a6b2038ed [term 0 FOLLOWER]: Replica starting. Triggering 0 pending ops. Active config: opid_index: -1 OBSOLETE_local: false peers { permanent_uuid: "fdb94792bf92415480758acb83e99059" member_type: VOTER last_known_addr { host: "127.31.206.1" port: 45459 } } peers { permanent_uuid: "c4d87dc5db9c494c87e54a84174acf52" member_type: VOTER last_known_addr { host: "127.31.206.2" port: 42597 } } peers { permanent_uuid: "88565d1a515c481c91d60a2a6b2038ed" member_type: VOTER last_known_addr { host: "127.31.206.3" port: 40381 } }
I20260713 09:12:05.597997  1396 raft_consensus.cc:385] T 6631740c010342f09224a6e67ea48607 P 88565d1a515c481c91d60a2a6b2038ed [term 0 FOLLOWER]: Consensus starting up: Expiring failure detector timer to make a prompt election more likely
I20260713 09:12:05.598259  1396 raft_consensus.cc:740] T 6631740c010342f09224a6e67ea48607 P 88565d1a515c481c91d60a2a6b2038ed [term 0 FOLLOWER]: Becoming Follower/Learner. State: Replica: 88565d1a515c481c91d60a2a6b2038ed, State: Initialized, Role: FOLLOWER
I20260713 09:12:05.599016  1394 tablet_bootstrap.cc:492] T eeb273182389472fbcdda3b7bafaf823 P fdb94792bf92415480758acb83e99059: No bootstrap required, opened a new log
I20260713 09:12:05.599110  1205 raft_consensus.cc:3060] T 66df6000c0fb4db4aafe6c5ec6debc87 P fdb94792bf92415480758acb83e99059 [term 0 FOLLOWER]: Advancing to term 1
I20260713 09:12:05.599474  1394 ts_tablet_manager.cc:1403] T eeb273182389472fbcdda3b7bafaf823 P fdb94792bf92415480758acb83e99059: Time spent bootstrapping tablet: real 0.041s	user 0.023s	sys 0.012s
I20260713 09:12:05.599320  1396 consensus_queue.cc:260] T 6631740c010342f09224a6e67ea48607 P 88565d1a515c481c91d60a2a6b2038ed [NON_LEADER]: Queue going to NON_LEADER mode. State: All replicated index: 0, Majority replicated index: 0, Committed index: 0, Last appended: 0.0, Last appended by leader: 0, Current term: 0, Majority size: -1, State: 0, Mode: NON_LEADER, active raft config: opid_index: -1 OBSOLETE_local: false peers { permanent_uuid: "fdb94792bf92415480758acb83e99059" member_type: VOTER last_known_addr { host: "127.31.206.1" port: 45459 } } peers { permanent_uuid: "c4d87dc5db9c494c87e54a84174acf52" member_type: VOTER last_known_addr { host: "127.31.206.2" port: 42597 } } peers { permanent_uuid: "88565d1a515c481c91d60a2a6b2038ed" member_type: VOTER last_known_addr { host: "127.31.206.3" port: 40381 } }
I20260713 09:12:05.601270  1396 ts_tablet_manager.cc:1434] T 6631740c010342f09224a6e67ea48607 P 88565d1a515c481c91d60a2a6b2038ed: Time spent starting tablet: real 0.006s	user 0.004s	sys 0.000s
I20260713 09:12:05.602063  1396 tablet_bootstrap.cc:492] T 852aa1da204e4e0592dab1522015ca90 P 88565d1a515c481c91d60a2a6b2038ed: Bootstrap starting.
I20260713 09:12:05.601945  1394 raft_consensus.cc:359] T eeb273182389472fbcdda3b7bafaf823 P fdb94792bf92415480758acb83e99059 [term 0 FOLLOWER]: Replica starting. Triggering 0 pending ops. Active config: opid_index: -1 OBSOLETE_local: false peers { permanent_uuid: "fdb94792bf92415480758acb83e99059" member_type: VOTER last_known_addr { host: "127.31.206.1" port: 45459 } } peers { permanent_uuid: "c4d87dc5db9c494c87e54a84174acf52" member_type: VOTER last_known_addr { host: "127.31.206.2" port: 42597 } } peers { permanent_uuid: "88565d1a515c481c91d60a2a6b2038ed" member_type: VOTER last_known_addr { host: "127.31.206.3" port: 40381 } }
I20260713 09:12:05.602563  1394 raft_consensus.cc:385] T eeb273182389472fbcdda3b7bafaf823 P fdb94792bf92415480758acb83e99059 [term 0 FOLLOWER]: Consensus starting up: Expiring failure detector timer to make a prompt election more likely
I20260713 09:12:05.602820  1394 raft_consensus.cc:740] T eeb273182389472fbcdda3b7bafaf823 P fdb94792bf92415480758acb83e99059 [term 0 FOLLOWER]: Becoming Follower/Learner. State: Replica: fdb94792bf92415480758acb83e99059, State: Initialized, Role: FOLLOWER
I20260713 09:12:05.603392  1394 consensus_queue.cc:260] T eeb273182389472fbcdda3b7bafaf823 P fdb94792bf92415480758acb83e99059 [NON_LEADER]: Queue going to NON_LEADER mode. State: All replicated index: 0, Majority replicated index: 0, Committed index: 0, Last appended: 0.0, Last appended by leader: 0, Current term: 0, Majority size: -1, State: 0, Mode: NON_LEADER, active raft config: opid_index: -1 OBSOLETE_local: false peers { permanent_uuid: "fdb94792bf92415480758acb83e99059" member_type: VOTER last_known_addr { host: "127.31.206.1" port: 45459 } } peers { permanent_uuid: "c4d87dc5db9c494c87e54a84174acf52" member_type: VOTER last_known_addr { host: "127.31.206.2" port: 42597 } } peers { permanent_uuid: "88565d1a515c481c91d60a2a6b2038ed" member_type: VOTER last_known_addr { host: "127.31.206.3" port: 40381 } }
I20260713 09:12:05.605193  1394 ts_tablet_manager.cc:1434] T eeb273182389472fbcdda3b7bafaf823 P fdb94792bf92415480758acb83e99059: Time spent starting tablet: real 0.005s	user 0.003s	sys 0.000s
I20260713 09:12:05.606014  1394 tablet_bootstrap.cc:492] T bf57ef0fc7514748ad725daf5e6ca03b P fdb94792bf92415480758acb83e99059: Bootstrap starting.
I20260713 09:12:05.607016  1472 raft_consensus.cc:493] T efc7ac96fa164ea9a744bb8f9cffb35b P 88565d1a515c481c91d60a2a6b2038ed [term 0 FOLLOWER]: Starting pre-election (no leader contacted us within the election timeout)
I20260713 09:12:05.607452  1472 raft_consensus.cc:515] T efc7ac96fa164ea9a744bb8f9cffb35b P 88565d1a515c481c91d60a2a6b2038ed [term 0 FOLLOWER]: Starting pre-election with config: opid_index: -1 OBSOLETE_local: false peers { permanent_uuid: "fdb94792bf92415480758acb83e99059" member_type: VOTER last_known_addr { host: "127.31.206.1" port: 45459 } } peers { permanent_uuid: "c4d87dc5db9c494c87e54a84174acf52" member_type: VOTER last_known_addr { host: "127.31.206.2" port: 42597 } } peers { permanent_uuid: "88565d1a515c481c91d60a2a6b2038ed" member_type: VOTER last_known_addr { host: "127.31.206.3" port: 40381 } }
I20260713 09:12:05.609371  1472 leader_election.cc:290] T efc7ac96fa164ea9a744bb8f9cffb35b P 88565d1a515c481c91d60a2a6b2038ed [CANDIDATE]: Term 1 pre-election: Requested pre-vote from peers fdb94792bf92415480758acb83e99059 (127.31.206.1:45459), c4d87dc5db9c494c87e54a84174acf52 (127.31.206.2:42597)
I20260713 09:12:05.610216  1396 tablet_bootstrap.cc:654] T 852aa1da204e4e0592dab1522015ca90 P 88565d1a515c481c91d60a2a6b2038ed: Neither blocks nor log segments found. Creating new log.
I20260713 09:12:05.611243  1394 tablet_bootstrap.cc:654] T bf57ef0fc7514748ad725daf5e6ca03b P fdb94792bf92415480758acb83e99059: Neither blocks nor log segments found. Creating new log.
I20260713 09:12:05.612924  1278 tablet_service.cc:1917] Received RequestConsensusVote() RPC: tablet_id: "efc7ac96fa164ea9a744bb8f9cffb35b" candidate_uuid: "88565d1a515c481c91d60a2a6b2038ed" candidate_term: 1 candidate_status { last_received { term: 0 index: 0 } } ignore_live_leader: false dest_uuid: "c4d87dc5db9c494c87e54a84174acf52" is_pre_election: true
I20260713 09:12:05.613512  1278 raft_consensus.cc:2468] T efc7ac96fa164ea9a744bb8f9cffb35b P c4d87dc5db9c494c87e54a84174acf52 [term 0 FOLLOWER]: Leader pre-election vote request: Granting yes vote for candidate 88565d1a515c481c91d60a2a6b2038ed in term 0.
I20260713 09:12:05.614207  1397 tablet_bootstrap.cc:492] T 462ef416d8844bbb8b5f37f8e6db6d42 P c4d87dc5db9c494c87e54a84174acf52: Bootstrap starting.
I20260713 09:12:05.615902  1205 tablet_service.cc:1917] Received RequestConsensusVote() RPC: tablet_id: "efc7ac96fa164ea9a744bb8f9cffb35b" candidate_uuid: "88565d1a515c481c91d60a2a6b2038ed" candidate_term: 1 candidate_status { last_received { term: 0 index: 0 } } ignore_live_leader: false dest_uuid: "fdb94792bf92415480758acb83e99059" is_pre_election: true
I20260713 09:12:05.616518  1205 raft_consensus.cc:2468] T efc7ac96fa164ea9a744bb8f9cffb35b P fdb94792bf92415480758acb83e99059 [term 0 FOLLOWER]: Leader pre-election vote request: Granting yes vote for candidate 88565d1a515c481c91d60a2a6b2038ed in term 0.
I20260713 09:12:05.618932  1317 leader_election.cc:304] T efc7ac96fa164ea9a744bb8f9cffb35b P 88565d1a515c481c91d60a2a6b2038ed [CANDIDATE]: Term 1 pre-election: Election decided. Result: candidate won. Election summary: received 2 responses out of 3 voters: 2 yes votes; 0 no votes. yes voters: 88565d1a515c481c91d60a2a6b2038ed, fdb94792bf92415480758acb83e99059; no voters: 
I20260713 09:12:05.619652  1450 consensus_queue.cc:1048] T 66df6000c0fb4db4aafe6c5ec6debc87 P 88565d1a515c481c91d60a2a6b2038ed [LEADER]: Connected to new peer: Peer: permanent_uuid: "fdb94792bf92415480758acb83e99059" member_type: VOTER last_known_addr { host: "127.31.206.1" port: 45459 }, Status: LMP_MISMATCH, Last received: 0.0, Next index: 1, Last known committed idx: 0, Time since last communication: 0.000s
I20260713 09:12:05.620859  1450 raft_consensus.cc:2804] T efc7ac96fa164ea9a744bb8f9cffb35b P 88565d1a515c481c91d60a2a6b2038ed [term 0 FOLLOWER]: Leader pre-election won for term 1
I20260713 09:12:05.621153  1450 raft_consensus.cc:493] T efc7ac96fa164ea9a744bb8f9cffb35b P 88565d1a515c481c91d60a2a6b2038ed [term 0 FOLLOWER]: Starting leader election (no leader contacted us within the election timeout)
I20260713 09:12:05.621454  1450 raft_consensus.cc:3060] T efc7ac96fa164ea9a744bb8f9cffb35b P 88565d1a515c481c91d60a2a6b2038ed [term 0 FOLLOWER]: Advancing to term 1
I20260713 09:12:05.628633  1472 raft_consensus.cc:493] T 462ef416d8844bbb8b5f37f8e6db6d42 P 88565d1a515c481c91d60a2a6b2038ed [term 0 FOLLOWER]: Starting pre-election (no leader contacted us within the election timeout)
I20260713 09:12:05.629113  1472 raft_consensus.cc:515] T 462ef416d8844bbb8b5f37f8e6db6d42 P 88565d1a515c481c91d60a2a6b2038ed [term 0 FOLLOWER]: Starting pre-election with config: opid_index: -1 OBSOLETE_local: false peers { permanent_uuid: "fdb94792bf92415480758acb83e99059" member_type: VOTER last_known_addr { host: "127.31.206.1" port: 45459 } } peers { permanent_uuid: "c4d87dc5db9c494c87e54a84174acf52" member_type: VOTER last_known_addr { host: "127.31.206.2" port: 42597 } } peers { permanent_uuid: "88565d1a515c481c91d60a2a6b2038ed" member_type: VOTER last_known_addr { host: "127.31.206.3" port: 40381 } }
I20260713 09:12:05.632206  1450 raft_consensus.cc:515] T efc7ac96fa164ea9a744bb8f9cffb35b P 88565d1a515c481c91d60a2a6b2038ed [term 1 FOLLOWER]: Starting leader election with config: opid_index: -1 OBSOLETE_local: false peers { permanent_uuid: "fdb94792bf92415480758acb83e99059" member_type: VOTER last_known_addr { host: "127.31.206.1" port: 45459 } } peers { permanent_uuid: "c4d87dc5db9c494c87e54a84174acf52" member_type: VOTER last_known_addr { host: "127.31.206.2" port: 42597 } } peers { permanent_uuid: "88565d1a515c481c91d60a2a6b2038ed" member_type: VOTER last_known_addr { host: "127.31.206.3" port: 40381 } }
I20260713 09:12:05.638986  1202 tablet_service.cc:1917] Received RequestConsensusVote() RPC: tablet_id: "462ef416d8844bbb8b5f37f8e6db6d42" candidate_uuid: "88565d1a515c481c91d60a2a6b2038ed" candidate_term: 1 candidate_status { last_received { term: 0 index: 0 } } ignore_live_leader: false dest_uuid: "fdb94792bf92415480758acb83e99059" is_pre_election: true
I20260713 09:12:05.642890  1394 tablet_bootstrap.cc:492] T bf57ef0fc7514748ad725daf5e6ca03b P fdb94792bf92415480758acb83e99059: No bootstrap required, opened a new log
I20260713 09:12:05.643432  1394 ts_tablet_manager.cc:1403] T bf57ef0fc7514748ad725daf5e6ca03b P fdb94792bf92415480758acb83e99059: Time spent bootstrapping tablet: real 0.038s	user 0.011s	sys 0.005s
I20260713 09:12:05.644729  1203 tablet_service.cc:1917] Received RequestConsensusVote() RPC: tablet_id: "efc7ac96fa164ea9a744bb8f9cffb35b" candidate_uuid: "88565d1a515c481c91d60a2a6b2038ed" candidate_term: 1 candidate_status { last_received { term: 0 index: 0 } } ignore_live_leader: false dest_uuid: "fdb94792bf92415480758acb83e99059"
I20260713 09:12:05.645272  1203 raft_consensus.cc:3060] T efc7ac96fa164ea9a744bb8f9cffb35b P fdb94792bf92415480758acb83e99059 [term 0 FOLLOWER]: Advancing to term 1
I20260713 09:12:05.645787  1450 leader_election.cc:290] T efc7ac96fa164ea9a744bb8f9cffb35b P 88565d1a515c481c91d60a2a6b2038ed [CANDIDATE]: Term 1 election: Requested vote from peers fdb94792bf92415480758acb83e99059 (127.31.206.1:45459), c4d87dc5db9c494c87e54a84174acf52 (127.31.206.2:42597)
I20260713 09:12:05.646137  1394 raft_consensus.cc:359] T bf57ef0fc7514748ad725daf5e6ca03b P fdb94792bf92415480758acb83e99059 [term 0 FOLLOWER]: Replica starting. Triggering 0 pending ops. Active config: opid_index: -1 OBSOLETE_local: false peers { permanent_uuid: "fdb94792bf92415480758acb83e99059" member_type: VOTER last_known_addr { host: "127.31.206.1" port: 45459 } } peers { permanent_uuid: "c4d87dc5db9c494c87e54a84174acf52" member_type: VOTER last_known_addr { host: "127.31.206.2" port: 42597 } } peers { permanent_uuid: "88565d1a515c481c91d60a2a6b2038ed" member_type: VOTER last_known_addr { host: "127.31.206.3" port: 40381 } }
I20260713 09:12:05.646881  1394 raft_consensus.cc:385] T bf57ef0fc7514748ad725daf5e6ca03b P fdb94792bf92415480758acb83e99059 [term 0 FOLLOWER]: Consensus starting up: Expiring failure detector timer to make a prompt election more likely
I20260713 09:12:05.647143  1394 raft_consensus.cc:740] T bf57ef0fc7514748ad725daf5e6ca03b P fdb94792bf92415480758acb83e99059 [term 0 FOLLOWER]: Becoming Follower/Learner. State: Replica: fdb94792bf92415480758acb83e99059, State: Initialized, Role: FOLLOWER
I20260713 09:12:05.647924  1394 consensus_queue.cc:260] T bf57ef0fc7514748ad725daf5e6ca03b P fdb94792bf92415480758acb83e99059 [NON_LEADER]: Queue going to NON_LEADER mode. State: All replicated index: 0, Majority replicated index: 0, Committed index: 0, Last appended: 0.0, Last appended by leader: 0, Current term: 0, Majority size: -1, State: 0, Mode: NON_LEADER, active raft config: opid_index: -1 OBSOLETE_local: false peers { permanent_uuid: "fdb94792bf92415480758acb83e99059" member_type: VOTER last_known_addr { host: "127.31.206.1" port: 45459 } } peers { permanent_uuid: "c4d87dc5db9c494c87e54a84174acf52" member_type: VOTER last_known_addr { host: "127.31.206.2" port: 42597 } } peers { permanent_uuid: "88565d1a515c481c91d60a2a6b2038ed" member_type: VOTER last_known_addr { host: "127.31.206.3" port: 40381 } }
I20260713 09:12:05.647143  1397 tablet_bootstrap.cc:654] T 462ef416d8844bbb8b5f37f8e6db6d42 P c4d87dc5db9c494c87e54a84174acf52: Neither blocks nor log segments found. Creating new log.
I20260713 09:12:05.649976  1394 ts_tablet_manager.cc:1434] T bf57ef0fc7514748ad725daf5e6ca03b P fdb94792bf92415480758acb83e99059: Time spent starting tablet: real 0.006s	user 0.004s	sys 0.000s
I20260713 09:12:05.643090  1202 raft_consensus.cc:2468] T 462ef416d8844bbb8b5f37f8e6db6d42 P fdb94792bf92415480758acb83e99059 [term 0 FOLLOWER]: Leader pre-election vote request: Granting yes vote for candidate 88565d1a515c481c91d60a2a6b2038ed in term 0.
I20260713 09:12:05.650864  1394 tablet_bootstrap.cc:492] T 3e3bb06285324392ad37d62b0d9dcc6e P fdb94792bf92415480758acb83e99059: Bootstrap starting.
I20260713 09:12:05.652410  1277 tablet_service.cc:1917] Received RequestConsensusVote() RPC: tablet_id: "efc7ac96fa164ea9a744bb8f9cffb35b" candidate_uuid: "88565d1a515c481c91d60a2a6b2038ed" candidate_term: 1 candidate_status { last_received { term: 0 index: 0 } } ignore_live_leader: false dest_uuid: "c4d87dc5db9c494c87e54a84174acf52"
I20260713 09:12:05.652922  1277 raft_consensus.cc:3060] T efc7ac96fa164ea9a744bb8f9cffb35b P c4d87dc5db9c494c87e54a84174acf52 [term 0 FOLLOWER]: Advancing to term 1
I20260713 09:12:05.660508  1317 leader_election.cc:304] T 462ef416d8844bbb8b5f37f8e6db6d42 P 88565d1a515c481c91d60a2a6b2038ed [CANDIDATE]: Term 1 pre-election: Election decided. Result: candidate won. Election summary: received 2 responses out of 3 voters: 2 yes votes; 0 no votes. yes voters: 88565d1a515c481c91d60a2a6b2038ed, fdb94792bf92415480758acb83e99059; no voters: 
I20260713 09:12:05.661381  1450 raft_consensus.cc:2804] T 462ef416d8844bbb8b5f37f8e6db6d42 P 88565d1a515c481c91d60a2a6b2038ed [term 0 FOLLOWER]: Leader pre-election won for term 1
I20260713 09:12:05.661733  1450 raft_consensus.cc:493] T 462ef416d8844bbb8b5f37f8e6db6d42 P 88565d1a515c481c91d60a2a6b2038ed [term 0 FOLLOWER]: Starting leader election (no leader contacted us within the election timeout)
I20260713 09:12:05.662055  1450 raft_consensus.cc:3060] T 462ef416d8844bbb8b5f37f8e6db6d42 P 88565d1a515c481c91d60a2a6b2038ed [term 0 FOLLOWER]: Advancing to term 1
I20260713 09:12:05.668834  1450 raft_consensus.cc:515] T 462ef416d8844bbb8b5f37f8e6db6d42 P 88565d1a515c481c91d60a2a6b2038ed [term 1 FOLLOWER]: Starting leader election with config: opid_index: -1 OBSOLETE_local: false peers { permanent_uuid: "fdb94792bf92415480758acb83e99059" member_type: VOTER last_known_addr { host: "127.31.206.1" port: 45459 } } peers { permanent_uuid: "c4d87dc5db9c494c87e54a84174acf52" member_type: VOTER last_known_addr { host: "127.31.206.2" port: 42597 } } peers { permanent_uuid: "88565d1a515c481c91d60a2a6b2038ed" member_type: VOTER last_known_addr { host: "127.31.206.3" port: 40381 } }
I20260713 09:12:05.671525  1202 tablet_service.cc:1917] Received RequestConsensusVote() RPC: tablet_id: "462ef416d8844bbb8b5f37f8e6db6d42" candidate_uuid: "88565d1a515c481c91d60a2a6b2038ed" candidate_term: 1 candidate_status { last_received { term: 0 index: 0 } } ignore_live_leader: false dest_uuid: "fdb94792bf92415480758acb83e99059"
I20260713 09:12:05.672103  1202 raft_consensus.cc:3060] T 462ef416d8844bbb8b5f37f8e6db6d42 P fdb94792bf92415480758acb83e99059 [term 0 FOLLOWER]: Advancing to term 1
I20260713 09:12:05.673781  1203 raft_consensus.cc:2468] T efc7ac96fa164ea9a744bb8f9cffb35b P fdb94792bf92415480758acb83e99059 [term 1 FOLLOWER]: Leader election vote request: Granting yes vote for candidate 88565d1a515c481c91d60a2a6b2038ed in term 1.
I20260713 09:12:05.674853  1317 leader_election.cc:304] T efc7ac96fa164ea9a744bb8f9cffb35b P 88565d1a515c481c91d60a2a6b2038ed [CANDIDATE]: Term 1 election: Election decided. Result: candidate won. Election summary: received 2 responses out of 3 voters: 2 yes votes; 0 no votes. yes voters: 88565d1a515c481c91d60a2a6b2038ed, fdb94792bf92415480758acb83e99059; no voters: 
I20260713 09:12:05.675635  1474 raft_consensus.cc:2804] T efc7ac96fa164ea9a744bb8f9cffb35b P 88565d1a515c481c91d60a2a6b2038ed [term 1 FOLLOWER]: Leader election won for term 1
I20260713 09:12:05.677759  1474 raft_consensus.cc:697] T efc7ac96fa164ea9a744bb8f9cffb35b P 88565d1a515c481c91d60a2a6b2038ed [term 1 LEADER]: Becoming Leader. State: Replica: 88565d1a515c481c91d60a2a6b2038ed, State: Running, Role: LEADER
I20260713 09:12:05.678758  1202 raft_consensus.cc:2468] T 462ef416d8844bbb8b5f37f8e6db6d42 P fdb94792bf92415480758acb83e99059 [term 1 FOLLOWER]: Leader election vote request: Granting yes vote for candidate 88565d1a515c481c91d60a2a6b2038ed in term 1.
I20260713 09:12:05.678588  1474 consensus_queue.cc:237] T efc7ac96fa164ea9a744bb8f9cffb35b P 88565d1a515c481c91d60a2a6b2038ed [LEADER]: Queue going to LEADER mode. State: All replicated index: 0, Majority replicated index: 0, Committed index: 0, Last appended: 0.0, Last appended by leader: 0, Current term: 1, Majority size: 2, State: 0, Mode: LEADER, active raft config: opid_index: -1 OBSOLETE_local: false peers { permanent_uuid: "fdb94792bf92415480758acb83e99059" member_type: VOTER last_known_addr { host: "127.31.206.1" port: 45459 } } peers { permanent_uuid: "c4d87dc5db9c494c87e54a84174acf52" member_type: VOTER last_known_addr { host: "127.31.206.2" port: 42597 } } peers { permanent_uuid: "88565d1a515c481c91d60a2a6b2038ed" member_type: VOTER last_known_addr { host: "127.31.206.3" port: 40381 } }
I20260713 09:12:05.679903  1317 leader_election.cc:304] T 462ef416d8844bbb8b5f37f8e6db6d42 P 88565d1a515c481c91d60a2a6b2038ed [CANDIDATE]: Term 1 election: Election decided. Result: candidate won. Election summary: received 2 responses out of 3 voters: 2 yes votes; 0 no votes. yes voters: 88565d1a515c481c91d60a2a6b2038ed, fdb94792bf92415480758acb83e99059; no voters: 
I20260713 09:12:05.680687  1447 raft_consensus.cc:2804] T 462ef416d8844bbb8b5f37f8e6db6d42 P 88565d1a515c481c91d60a2a6b2038ed [term 1 FOLLOWER]: Leader election won for term 1
I20260713 09:12:05.681073  1450 leader_election.cc:290] T 462ef416d8844bbb8b5f37f8e6db6d42 P 88565d1a515c481c91d60a2a6b2038ed [CANDIDATE]: Term 1 election: Requested vote from peers fdb94792bf92415480758acb83e99059 (127.31.206.1:45459), c4d87dc5db9c494c87e54a84174acf52 (127.31.206.2:42597)
I20260713 09:12:05.681143  1447 raft_consensus.cc:697] T 462ef416d8844bbb8b5f37f8e6db6d42 P 88565d1a515c481c91d60a2a6b2038ed [term 1 LEADER]: Becoming Leader. State: Replica: 88565d1a515c481c91d60a2a6b2038ed, State: Running, Role: LEADER
