I20260713 09:01:26.300354  1641 consensus_queue.cc:260] T 5fe296ba7c4d45d6befdbec8db916f2b P 3bbe3ac65728445d8c616f57f967dc9c [NON_LEADER]: Queue going to NON_LEADER mode. State: All replicated index: 0, Majority replicated index: 4, Committed index: 4, Last appended: 1.4, Last appended by leader: 4, Current term: 1, Majority size: -1, State: 0, Mode: NON_LEADER, active raft config: opid_index: 4 OBSOLETE_local: false peers { permanent_uuid: "3bbe3ac65728445d8c616f57f967dc9c" member_type: VOTER last_known_addr { host: "127.0.108.2" port: 40331 } } peers { permanent_uuid: "a4d24b20348d4083a16c78b60519f873" member_type: VOTER last_known_addr { host: "127.0.108.3" port: 40831 } } peers { permanent_uuid: "d835a6af156740078bb4e83715b297d4" member_type: VOTER last_known_addr { host: "127.0.108.4" port: 34675 } attrs { promote: false } }
I20260713 09:01:26.302168  1641 raft_consensus.cc:3060] T 5fe296ba7c4d45d6befdbec8db916f2b P 3bbe3ac65728445d8c616f57f967dc9c [term 1 FOLLOWER]: Advancing to term 2
I20260713 09:01:26.304164  1716 raft_consensus.cc:2468] T 5fe296ba7c4d45d6befdbec8db916f2b P a4d24b20348d4083a16c78b60519f873 [term 2 FOLLOWER]: Leader election vote request: Granting yes vote for candidate d835a6af156740078bb4e83715b297d4 in term 2.
I20260713 09:01:26.305401  1953 leader_election.cc:304] T 5fe296ba7c4d45d6befdbec8db916f2b P d835a6af156740078bb4e83715b297d4 [CANDIDATE]: Term 2 election: Election decided. Result: candidate won. Election summary: received 2 responses out of 3 voters: 2 yes votes; 0 no votes. yes voters: a4d24b20348d4083a16c78b60519f873, d835a6af156740078bb4e83715b297d4; no voters: 
I20260713 09:01:26.306269  2363 raft_consensus.cc:2804] T 5fe296ba7c4d45d6befdbec8db916f2b P d835a6af156740078bb4e83715b297d4 [term 2 FOLLOWER]: Leader election won for term 2
I20260713 09:01:26.306766  2363 raft_consensus.cc:697] T 5fe296ba7c4d45d6befdbec8db916f2b P d835a6af156740078bb4e83715b297d4 [term 2 LEADER]: Becoming Leader. State: Replica: d835a6af156740078bb4e83715b297d4, State: Running, Role: LEADER
I20260713 09:01:26.307605  2363 consensus_queue.cc:237] T 5fe296ba7c4d45d6befdbec8db916f2b P d835a6af156740078bb4e83715b297d4 [LEADER]: Queue going to LEADER mode. State: All replicated index: 0, Majority replicated index: 4, Committed index: 4, Last appended: 1.4, Last appended by leader: 4, Current term: 2, Majority size: 2, State: 0, Mode: LEADER, active raft config: opid_index: 4 OBSOLETE_local: false peers { permanent_uuid: "3bbe3ac65728445d8c616f57f967dc9c" member_type: VOTER last_known_addr { host: "127.0.108.2" port: 40331 } } peers { permanent_uuid: "a4d24b20348d4083a16c78b60519f873" member_type: VOTER last_known_addr { host: "127.0.108.3" port: 40831 } } peers { permanent_uuid: "d835a6af156740078bb4e83715b297d4" member_type: VOTER last_known_addr { host: "127.0.108.4" port: 34675 } attrs { promote: false } }
I20260713 09:01:26.315361  1641 raft_consensus.cc:2468] T 5fe296ba7c4d45d6befdbec8db916f2b P 3bbe3ac65728445d8c616f57f967dc9c [term 2 FOLLOWER]: Leader election vote request: Granting yes vote for candidate d835a6af156740078bb4e83715b297d4 in term 2.
I20260713 09:01:26.317591  1464 catalog_manager.cc:5697] T 5fe296ba7c4d45d6befdbec8db916f2b P d835a6af156740078bb4e83715b297d4 reported cstate change: term changed from 1 to 2, leader changed from 3bbe3ac65728445d8c616f57f967dc9c (127.0.108.2) to d835a6af156740078bb4e83715b297d4 (127.0.108.4). New cstate: current_term: 2 leader_uuid: "d835a6af156740078bb4e83715b297d4" committed_config { opid_index: 4 OBSOLETE_local: false peers { permanent_uuid: "3bbe3ac65728445d8c616f57f967dc9c" member_type: VOTER last_known_addr { host: "127.0.108.2" port: 40331 } health_report { overall_health: UNKNOWN } } peers { permanent_uuid: "a4d24b20348d4083a16c78b60519f873" member_type: VOTER last_known_addr { host: "127.0.108.3" port: 40831 } health_report { overall_health: UNKNOWN } } peers { permanent_uuid: "d835a6af156740078bb4e83715b297d4" member_type: VOTER last_known_addr { host: "127.0.108.4" port: 34675 } attrs { promote: false } health_report { overall_health: HEALTHY } } }
I20260713 09:01:26.429021  2374 raft_consensus.cc:993] T ed923ed9caaa4767859236ea4448ab69 P 74e4fff67181461b8c53e9ff08d9ed10: : Instructing follower d835a6af156740078bb4e83715b297d4 to start an election
I20260713 09:01:26.429847  2353 raft_consensus.cc:1081] T ed923ed9caaa4767859236ea4448ab69 P 74e4fff67181461b8c53e9ff08d9ed10 [term 1 LEADER]: Signalling peer d835a6af156740078bb4e83715b297d4 to start an election
I20260713 09:01:26.431691  1979 tablet_service.cc:2044] Received Run Leader Election RPC: tablet_id: "ed923ed9caaa4767859236ea4448ab69"
dest_uuid: "d835a6af156740078bb4e83715b297d4"
 from {username='slave'} at 127.0.0.1:51236
I20260713 09:01:26.432338  1979 raft_consensus.cc:493] T ed923ed9caaa4767859236ea4448ab69 P d835a6af156740078bb4e83715b297d4 [term 1 FOLLOWER]: Starting forced leader election (received explicit request)
I20260713 09:01:26.432736  1979 raft_consensus.cc:3060] T ed923ed9caaa4767859236ea4448ab69 P d835a6af156740078bb4e83715b297d4 [term 1 FOLLOWER]: Advancing to term 2
I20260713 09:01:26.440346  1979 raft_consensus.cc:515] T ed923ed9caaa4767859236ea4448ab69 P d835a6af156740078bb4e83715b297d4 [term 2 FOLLOWER]: Starting forced leader election with config: opid_index: 4 OBSOLETE_local: false peers { permanent_uuid: "74e4fff67181461b8c53e9ff08d9ed10" member_type: VOTER last_known_addr { host: "127.0.108.1" port: 44983 } } peers { permanent_uuid: "3bbe3ac65728445d8c616f57f967dc9c" member_type: VOTER last_known_addr { host: "127.0.108.2" port: 40331 } } peers { permanent_uuid: "d835a6af156740078bb4e83715b297d4" member_type: VOTER last_known_addr { host: "127.0.108.4" port: 34675 } attrs { promote: false } }
I20260713 09:01:26.442533  1979 leader_election.cc:290] T ed923ed9caaa4767859236ea4448ab69 P d835a6af156740078bb4e83715b297d4 [CANDIDATE]: Term 2 election: Requested vote from peers 74e4fff67181461b8c53e9ff08d9ed10 (127.0.108.1:44983), 3bbe3ac65728445d8c616f57f967dc9c (127.0.108.2:40331)
I20260713 09:01:26.443653  1568 tablet_service.cc:1917] Received RequestConsensusVote() RPC: tablet_id: "ed923ed9caaa4767859236ea4448ab69" candidate_uuid: "d835a6af156740078bb4e83715b297d4" candidate_term: 2 candidate_status { last_received { term: 1 index: 4 } } ignore_live_leader: true dest_uuid: "74e4fff67181461b8c53e9ff08d9ed10"
I20260713 09:01:26.444060  1641 tablet_service.cc:1917] Received RequestConsensusVote() RPC: tablet_id: "ed923ed9caaa4767859236ea4448ab69" candidate_uuid: "d835a6af156740078bb4e83715b297d4" candidate_term: 2 candidate_status { last_received { term: 1 index: 4 } } ignore_live_leader: true dest_uuid: "3bbe3ac65728445d8c616f57f967dc9c"
I20260713 09:01:26.444386  1568 raft_consensus.cc:3055] T ed923ed9caaa4767859236ea4448ab69 P 74e4fff67181461b8c53e9ff08d9ed10 [term 1 LEADER]: Stepping down as leader of term 1
I20260713 09:01:26.444581  1641 raft_consensus.cc:3060] T ed923ed9caaa4767859236ea4448ab69 P 3bbe3ac65728445d8c616f57f967dc9c [term 1 FOLLOWER]: Advancing to term 2
I20260713 09:01:26.444773  1568 raft_consensus.cc:740] T ed923ed9caaa4767859236ea4448ab69 P 74e4fff67181461b8c53e9ff08d9ed10 [term 1 LEADER]: Becoming Follower/Learner. State: Replica: 74e4fff67181461b8c53e9ff08d9ed10, State: Running, Role: LEADER
I20260713 09:01:26.445710  1568 consensus_queue.cc:260] T ed923ed9caaa4767859236ea4448ab69 P 74e4fff67181461b8c53e9ff08d9ed10 [NON_LEADER]: Queue going to NON_LEADER mode. State: All replicated index: 0, Majority replicated index: 4, Committed index: 4, Last appended: 1.4, Last appended by leader: 4, Current term: 1, Majority size: -1, State: 0, Mode: NON_LEADER, active raft config: opid_index: 4 OBSOLETE_local: false peers { permanent_uuid: "74e4fff67181461b8c53e9ff08d9ed10" member_type: VOTER last_known_addr { host: "127.0.108.1" port: 44983 } } peers { permanent_uuid: "3bbe3ac65728445d8c616f57f967dc9c" member_type: VOTER last_known_addr { host: "127.0.108.2" port: 40331 } } peers { permanent_uuid: "d835a6af156740078bb4e83715b297d4" member_type: VOTER last_known_addr { host: "127.0.108.4" port: 34675 } attrs { promote: false } }
I20260713 09:01:26.447153  1568 raft_consensus.cc:3060] T ed923ed9caaa4767859236ea4448ab69 P 74e4fff67181461b8c53e9ff08d9ed10 [term 1 FOLLOWER]: Advancing to term 2
I20260713 09:01:26.453603  1641 raft_consensus.cc:2468] T ed923ed9caaa4767859236ea4448ab69 P 3bbe3ac65728445d8c616f57f967dc9c [term 2 FOLLOWER]: Leader election vote request: Granting yes vote for candidate d835a6af156740078bb4e83715b297d4 in term 2.
I20260713 09:01:26.455075  1950 leader_election.cc:304] T ed923ed9caaa4767859236ea4448ab69 P d835a6af156740078bb4e83715b297d4 [CANDIDATE]: Term 2 election: Election decided. Result: candidate won. Election summary: received 2 responses out of 3 voters: 2 yes votes; 0 no votes. yes voters: 3bbe3ac65728445d8c616f57f967dc9c, d835a6af156740078bb4e83715b297d4; no voters: 
I20260713 09:01:26.456017  1568 raft_consensus.cc:2468] T ed923ed9caaa4767859236ea4448ab69 P 74e4fff67181461b8c53e9ff08d9ed10 [term 2 FOLLOWER]: Leader election vote request: Granting yes vote for candidate d835a6af156740078bb4e83715b297d4 in term 2.
I20260713 09:01:26.456043  2363 raft_consensus.cc:2804] T ed923ed9caaa4767859236ea4448ab69 P d835a6af156740078bb4e83715b297d4 [term 2 FOLLOWER]: Leader election won for term 2
I20260713 09:01:26.456899  2363 raft_consensus.cc:697] T ed923ed9caaa4767859236ea4448ab69 P d835a6af156740078bb4e83715b297d4 [term 2 LEADER]: Becoming Leader. State: Replica: d835a6af156740078bb4e83715b297d4, State: Running, Role: LEADER
I20260713 09:01:26.458001  2363 consensus_queue.cc:237] T ed923ed9caaa4767859236ea4448ab69 P d835a6af156740078bb4e83715b297d4 [LEADER]: Queue going to LEADER mode. State: All replicated index: 0, Majority replicated index: 4, Committed index: 4, Last appended: 1.4, Last appended by leader: 4, Current term: 2, Majority size: 2, State: 0, Mode: LEADER, active raft config: opid_index: 4 OBSOLETE_local: false peers { permanent_uuid: "74e4fff67181461b8c53e9ff08d9ed10" member_type: VOTER last_known_addr { host: "127.0.108.1" port: 44983 } } peers { permanent_uuid: "3bbe3ac65728445d8c616f57f967dc9c" member_type: VOTER last_known_addr { host: "127.0.108.2" port: 40331 } } peers { permanent_uuid: "d835a6af156740078bb4e83715b297d4" member_type: VOTER last_known_addr { host: "127.0.108.4" port: 34675 } attrs { promote: false } }
I20260713 09:01:26.468477  1464 catalog_manager.cc:5697] T ed923ed9caaa4767859236ea4448ab69 P d835a6af156740078bb4e83715b297d4 reported cstate change: term changed from 1 to 2, leader changed from 74e4fff67181461b8c53e9ff08d9ed10 (127.0.108.1) to d835a6af156740078bb4e83715b297d4 (127.0.108.4). New cstate: current_term: 2 leader_uuid: "d835a6af156740078bb4e83715b297d4" committed_config { opid_index: 4 OBSOLETE_local: false peers { permanent_uuid: "74e4fff67181461b8c53e9ff08d9ed10" member_type: VOTER last_known_addr { host: "127.0.108.1" port: 44983 } health_report { overall_health: UNKNOWN } } peers { permanent_uuid: "3bbe3ac65728445d8c616f57f967dc9c" member_type: VOTER last_known_addr { host: "127.0.108.2" port: 40331 } health_report { overall_health: UNKNOWN } } peers { permanent_uuid: "d835a6af156740078bb4e83715b297d4" member_type: VOTER last_known_addr { host: "127.0.108.4" port: 34675 } attrs { promote: false } health_report { overall_health: HEALTHY } } }
I20260713 09:01:26.568687  1641 raft_consensus.cc:1275] T e04f2703c3e44b6bae2c21eb6670b759 P 3bbe3ac65728445d8c616f57f967dc9c [term 2 FOLLOWER]: Refusing update from remote peer d835a6af156740078bb4e83715b297d4: Log matching property violated. Preceding OpId in replica: term: 1 index: 4. Preceding OpId from leader: term: 2 index: 5. (index mismatch)
I20260713 09:01:26.570418  2365 consensus_queue.cc:1048] T e04f2703c3e44b6bae2c21eb6670b759 P d835a6af156740078bb4e83715b297d4 [LEADER]: Connected to new peer: Peer: permanent_uuid: "3bbe3ac65728445d8c616f57f967dc9c" member_type: VOTER last_known_addr { host: "127.0.108.2" port: 40331 }, Status: LMP_MISMATCH, Last received: 0.0, Next index: 5, Last known committed idx: 4, Time since last communication: 0.000s
I20260713 09:01:26.572249  1716 raft_consensus.cc:1275] T 7c4e6454f90242e6814eb0f6f310f793 P a4d24b20348d4083a16c78b60519f873 [term 2 FOLLOWER]: Refusing update from remote peer d835a6af156740078bb4e83715b297d4: Log matching property violated. Preceding OpId in replica: term: 1 index: 4. Preceding OpId from leader: term: 2 index: 5. (index mismatch)
I20260713 09:01:26.574529  2365 consensus_queue.cc:1048] T 7c4e6454f90242e6814eb0f6f310f793 P d835a6af156740078bb4e83715b297d4 [LEADER]: Connected to new peer: Peer: permanent_uuid: "a4d24b20348d4083a16c78b60519f873" member_type: VOTER last_known_addr { host: "127.0.108.3" port: 40831 }, Status: LMP_MISMATCH, Last received: 0.0, Next index: 5, Last known committed idx: 4, Time since last communication: 0.000s
I20260713 09:01:26.582649  1717 raft_consensus.cc:1275] T 642f99758e784220bceeeee05762f4cb P a4d24b20348d4083a16c78b60519f873 [term 2 FOLLOWER]: Refusing update from remote peer d835a6af156740078bb4e83715b297d4: Log matching property violated. Preceding OpId in replica: term: 1 index: 4. Preceding OpId from leader: term: 2 index: 5. (index mismatch)
I20260713 09:01:26.592326  2365 consensus_queue.cc:1048] T 642f99758e784220bceeeee05762f4cb P d835a6af156740078bb4e83715b297d4 [LEADER]: Connected to new peer: Peer: permanent_uuid: "a4d24b20348d4083a16c78b60519f873" member_type: VOTER last_known_addr { host: "127.0.108.3" port: 40831 }, Status: LMP_MISMATCH, Last received: 0.0, Next index: 5, Last known committed idx: 4, Time since last communication: 0.004s
I20260713 09:01:26.640583  1568 raft_consensus.cc:1275] T e04f2703c3e44b6bae2c21eb6670b759 P 74e4fff67181461b8c53e9ff08d9ed10 [term 2 FOLLOWER]: Refusing update from remote peer d835a6af156740078bb4e83715b297d4: Log matching property violated. Preceding OpId in replica: term: 1 index: 4. Preceding OpId from leader: term: 2 index: 5. (index mismatch)
I20260713 09:01:26.644941  1641 raft_consensus.cc:1275] T 7c4e6454f90242e6814eb0f6f310f793 P 3bbe3ac65728445d8c616f57f967dc9c [term 2 FOLLOWER]: Refusing update from remote peer d835a6af156740078bb4e83715b297d4: Log matching property violated. Preceding OpId in replica: term: 1 index: 4. Preceding OpId from leader: term: 2 index: 5. (index mismatch)
I20260713 09:01:26.685537  2363 consensus_queue.cc:1048] T 7c4e6454f90242e6814eb0f6f310f793 P d835a6af156740078bb4e83715b297d4 [LEADER]: Connected to new peer: Peer: permanent_uuid: "3bbe3ac65728445d8c616f57f967dc9c" member_type: VOTER last_known_addr { host: "127.0.108.2" port: 40331 }, Status: LMP_MISMATCH, Last received: 0.0, Next index: 5, Last known committed idx: 4, Time since last communication: 0.001s
I20260713 09:01:26.688617  2363 consensus_queue.cc:1048] T e04f2703c3e44b6bae2c21eb6670b759 P d835a6af156740078bb4e83715b297d4 [LEADER]: Connected to new peer: Peer: permanent_uuid: "74e4fff67181461b8c53e9ff08d9ed10" member_type: VOTER last_known_addr { host: "127.0.108.1" port: 44983 }, Status: LMP_MISMATCH, Last received: 0.0, Next index: 5, Last known committed idx: 4, Time since last communication: 0.001s
I20260713 09:01:26.705494  1644 raft_consensus.cc:1275] T 642f99758e784220bceeeee05762f4cb P 3bbe3ac65728445d8c616f57f967dc9c [term 2 FOLLOWER]: Refusing update from remote peer d835a6af156740078bb4e83715b297d4: Log matching property violated. Preceding OpId in replica: term: 1 index: 4. Preceding OpId from leader: term: 2 index: 5. (index mismatch)
I20260713 09:01:26.720008  2365 consensus_queue.cc:1048] T 642f99758e784220bceeeee05762f4cb P d835a6af156740078bb4e83715b297d4 [LEADER]: Connected to new peer: Peer: permanent_uuid: "3bbe3ac65728445d8c616f57f967dc9c" member_type: VOTER last_known_addr { host: "127.0.108.2" port: 40331 }, Status: LMP_MISMATCH, Last received: 0.0, Next index: 5, Last known committed idx: 4, Time since last communication: 0.001s
I20260713 09:01:26.782294  1643 raft_consensus.cc:1275] T 5fe296ba7c4d45d6befdbec8db916f2b P 3bbe3ac65728445d8c616f57f967dc9c [term 2 FOLLOWER]: Refusing update from remote peer d835a6af156740078bb4e83715b297d4: Log matching property violated. Preceding OpId in replica: term: 1 index: 4. Preceding OpId from leader: term: 2 index: 5. (index mismatch)
I20260713 09:01:26.785045  2365 consensus_queue.cc:1048] T 5fe296ba7c4d45d6befdbec8db916f2b P d835a6af156740078bb4e83715b297d4 [LEADER]: Connected to new peer: Peer: permanent_uuid: "3bbe3ac65728445d8c616f57f967dc9c" member_type: VOTER last_known_addr { host: "127.0.108.2" port: 40331 }, Status: LMP_MISMATCH, Last received: 0.0, Next index: 5, Last known committed idx: 4, Time since last communication: 0.001s
I20260713 09:01:26.816769  1717 raft_consensus.cc:1275] T 5fe296ba7c4d45d6befdbec8db916f2b P a4d24b20348d4083a16c78b60519f873 [term 2 FOLLOWER]: Refusing update from remote peer d835a6af156740078bb4e83715b297d4: Log matching property violated. Preceding OpId in replica: term: 1 index: 4. Preceding OpId from leader: term: 2 index: 5. (index mismatch)
I20260713 09:01:26.832850  2380 consensus_queue.cc:1048] T 5fe296ba7c4d45d6befdbec8db916f2b P d835a6af156740078bb4e83715b297d4 [LEADER]: Connected to new peer: Peer: permanent_uuid: "a4d24b20348d4083a16c78b60519f873" member_type: VOTER last_known_addr { host: "127.0.108.3" port: 40831 }, Status: LMP_MISMATCH, Last received: 0.0, Next index: 5, Last known committed idx: 4, Time since last communication: 0.001s
I20260713 09:01:26.950357  1644 raft_consensus.cc:1275] T ed923ed9caaa4767859236ea4448ab69 P 3bbe3ac65728445d8c616f57f967dc9c [term 2 FOLLOWER]: Refusing update from remote peer d835a6af156740078bb4e83715b297d4: Log matching property violated. Preceding OpId in replica: term: 1 index: 4. Preceding OpId from leader: term: 2 index: 5. (index mismatch)
I20260713 09:01:26.951754  2394 consensus_queue.cc:1048] T ed923ed9caaa4767859236ea4448ab69 P d835a6af156740078bb4e83715b297d4 [LEADER]: Connected to new peer: Peer: permanent_uuid: "3bbe3ac65728445d8c616f57f967dc9c" member_type: VOTER last_known_addr { host: "127.0.108.2" port: 40331 }, Status: LMP_MISMATCH, Last received: 0.0, Next index: 5, Last known committed idx: 4, Time since last communication: 0.001s
I20260713 09:01:26.964191  1568 raft_consensus.cc:1275] T ed923ed9caaa4767859236ea4448ab69 P 74e4fff67181461b8c53e9ff08d9ed10 [term 2 FOLLOWER]: Refusing update from remote peer d835a6af156740078bb4e83715b297d4: Log matching property violated. Preceding OpId in replica: term: 1 index: 4. Preceding OpId from leader: term: 2 index: 5. (index mismatch)
I20260713 09:01:26.965553  2394 consensus_queue.cc:1048] T ed923ed9caaa4767859236ea4448ab69 P d835a6af156740078bb4e83715b297d4 [LEADER]: Connected to new peer: Peer: permanent_uuid: "74e4fff67181461b8c53e9ff08d9ed10" member_type: VOTER last_known_addr { host: "127.0.108.1" port: 44983 }, Status: LMP_MISMATCH, Last received: 0.0, Next index: 5, Last known committed idx: 4, Time since last communication: 0.000s
I20260713 09:01:27.067217   432 auto_leader_rebalancer.cc:141] leader rebalance for table test-workload
I20260713 09:01:27.097913   432 auto_leader_rebalancer.cc:141] leader rebalance for table test-workload
I20260713 09:01:27.137560  1567 tablet_service.cc:2072] Received LeaderStepDown RPC: tablet_id: "7b7d31788377427185a06658b2ed4557"
dest_uuid: "74e4fff67181461b8c53e9ff08d9ed10"
mode: GRACEFUL
new_leader_uuid: "d835a6af156740078bb4e83715b297d4"
 from {username='slave'} at 127.0.0.1:53296
I20260713 09:01:27.144013  1567 raft_consensus.cc:606] T 7b7d31788377427185a06658b2ed4557 P 74e4fff67181461b8c53e9ff08d9ed10 [term 1 LEADER]: Received request to transfer leadership to TS d835a6af156740078bb4e83715b297d4
I20260713 09:01:27.152840  1567 tablet_service.cc:2072] Received LeaderStepDown RPC: tablet_id: "ef020e7eb4d24fe4b252c4091cbba70e"
dest_uuid: "74e4fff67181461b8c53e9ff08d9ed10"
mode: GRACEFUL
new_leader_uuid: "a4d24b20348d4083a16c78b60519f873"
 from {username='slave'} at 127.0.0.1:53296
I20260713 09:01:27.153616  1567 raft_consensus.cc:606] T ef020e7eb4d24fe4b252c4091cbba70e P 74e4fff67181461b8c53e9ff08d9ed10 [term 1 LEADER]: Received request to transfer leadership to TS a4d24b20348d4083a16c78b60519f873
I20260713 09:01:27.156136   432 auto_leader_rebalancer.cc:479] table: test-workload, leader rebalance finish, leader transfer count: 2
I20260713 09:01:27.158746   432 auto_leader_rebalancer.cc:554] All tables' leader rebalancing finished this round
I20260713 09:01:27.356051  2386 raft_consensus.cc:993] T ef020e7eb4d24fe4b252c4091cbba70e P 74e4fff67181461b8c53e9ff08d9ed10: : Instructing follower a4d24b20348d4083a16c78b60519f873 to start an election
I20260713 09:01:27.356823  2353 raft_consensus.cc:1081] T ef020e7eb4d24fe4b252c4091cbba70e P 74e4fff67181461b8c53e9ff08d9ed10 [term 1 LEADER]: Signalling peer a4d24b20348d4083a16c78b60519f873 to start an election
I20260713 09:01:27.358932  1715 tablet_service.cc:2044] Received Run Leader Election RPC: tablet_id: "ef020e7eb4d24fe4b252c4091cbba70e"
dest_uuid: "a4d24b20348d4083a16c78b60519f873"
 from {username='slave'} at 127.0.0.1:47944
I20260713 09:01:27.359534  1715 raft_consensus.cc:493] T ef020e7eb4d24fe4b252c4091cbba70e P a4d24b20348d4083a16c78b60519f873 [term 1 FOLLOWER]: Starting forced leader election (received explicit request)
I20260713 09:01:27.359844  1715 raft_consensus.cc:3060] T ef020e7eb4d24fe4b252c4091cbba70e P a4d24b20348d4083a16c78b60519f873 [term 1 FOLLOWER]: Advancing to term 2
I20260713 09:01:27.366196  1715 raft_consensus.cc:515] T ef020e7eb4d24fe4b252c4091cbba70e P a4d24b20348d4083a16c78b60519f873 [term 2 FOLLOWER]: Starting forced leader election with config: opid_index: -1 OBSOLETE_local: false peers { permanent_uuid: "74e4fff67181461b8c53e9ff08d9ed10" member_type: VOTER last_known_addr { host: "127.0.108.1" port: 44983 } } peers { permanent_uuid: "3bbe3ac65728445d8c616f57f967dc9c" member_type: VOTER last_known_addr { host: "127.0.108.2" port: 40331 } } peers { permanent_uuid: "a4d24b20348d4083a16c78b60519f873" member_type: VOTER last_known_addr { host: "127.0.108.3" port: 40831 } }
I20260713 09:01:27.368978  1567 tablet_service.cc:1917] Received RequestConsensusVote() RPC: tablet_id: "ef020e7eb4d24fe4b252c4091cbba70e" candidate_uuid: "a4d24b20348d4083a16c78b60519f873" candidate_term: 2 candidate_status { last_received { term: 1 index: 1 } } ignore_live_leader: true dest_uuid: "74e4fff67181461b8c53e9ff08d9ed10"
I20260713 09:01:27.369740  1567 raft_consensus.cc:3055] T ef020e7eb4d24fe4b252c4091cbba70e P 74e4fff67181461b8c53e9ff08d9ed10 [term 1 LEADER]: Stepping down as leader of term 1
I20260713 09:01:27.370085  1567 raft_consensus.cc:740] T ef020e7eb4d24fe4b252c4091cbba70e P 74e4fff67181461b8c53e9ff08d9ed10 [term 1 LEADER]: Becoming Follower/Learner. State: Replica: 74e4fff67181461b8c53e9ff08d9ed10, State: Running, Role: LEADER
I20260713 09:01:27.370303  1644 tablet_service.cc:1917] Received RequestConsensusVote() RPC: tablet_id: "ef020e7eb4d24fe4b252c4091cbba70e" candidate_uuid: "a4d24b20348d4083a16c78b60519f873" candidate_term: 2 candidate_status { last_received { term: 1 index: 1 } } ignore_live_leader: true dest_uuid: "3bbe3ac65728445d8c616f57f967dc9c"
I20260713 09:01:27.370965  1567 consensus_queue.cc:260] T ef020e7eb4d24fe4b252c4091cbba70e P 74e4fff67181461b8c53e9ff08d9ed10 [NON_LEADER]: Queue going to NON_LEADER mode. State: All replicated index: 0, Majority replicated index: 1, Committed index: 1, Last appended: 1.1, Last appended by leader: 1, Current term: 1, Majority size: -1, State: 0, Mode: NON_LEADER, active raft config: opid_index: -1 OBSOLETE_local: false peers { permanent_uuid: "74e4fff67181461b8c53e9ff08d9ed10" member_type: VOTER last_known_addr { host: "127.0.108.1" port: 44983 } } peers { permanent_uuid: "3bbe3ac65728445d8c616f57f967dc9c" member_type: VOTER last_known_addr { host: "127.0.108.2" port: 40331 } } peers { permanent_uuid: "a4d24b20348d4083a16c78b60519f873" member_type: VOTER last_known_addr { host: "127.0.108.3" port: 40831 } }
I20260713 09:01:27.369140  1715 leader_election.cc:290] T ef020e7eb4d24fe4b252c4091cbba70e P a4d24b20348d4083a16c78b60519f873 [CANDIDATE]: Term 2 election: Requested vote from peers 74e4fff67181461b8c53e9ff08d9ed10 (127.0.108.1:44983), 3bbe3ac65728445d8c616f57f967dc9c (127.0.108.2:40331)
I20260713 09:01:27.372191  1567 raft_consensus.cc:3060] T ef020e7eb4d24fe4b252c4091cbba70e P 74e4fff67181461b8c53e9ff08d9ed10 [term 1 FOLLOWER]: Advancing to term 2
I20260713 09:01:27.370985  1644 raft_consensus.cc:3060] T ef020e7eb4d24fe4b252c4091cbba70e P 3bbe3ac65728445d8c616f57f967dc9c [term 1 FOLLOWER]: Advancing to term 2
I20260713 09:01:27.381194  1644 raft_consensus.cc:2468] T ef020e7eb4d24fe4b252c4091cbba70e P 3bbe3ac65728445d8c616f57f967dc9c [term 2 FOLLOWER]: Leader election vote request: Granting yes vote for candidate a4d24b20348d4083a16c78b60519f873 in term 2.
I20260713 09:01:27.382177  1567 raft_consensus.cc:2468] T ef020e7eb4d24fe4b252c4091cbba70e P 74e4fff67181461b8c53e9ff08d9ed10 [term 2 FOLLOWER]: Leader election vote request: Granting yes vote for candidate a4d24b20348d4083a16c78b60519f873 in term 2.
I20260713 09:01:27.382761  1681 leader_election.cc:304] T ef020e7eb4d24fe4b252c4091cbba70e P a4d24b20348d4083a16c78b60519f873 [CANDIDATE]: Term 2 election: Election decided. Result: candidate won. Election summary: received 2 responses out of 3 voters: 2 yes votes; 0 no votes. yes voters: 3bbe3ac65728445d8c616f57f967dc9c, a4d24b20348d4083a16c78b60519f873; no voters: 
I20260713 09:01:27.383836  2356 raft_consensus.cc:2804] T ef020e7eb4d24fe4b252c4091cbba70e P a4d24b20348d4083a16c78b60519f873 [term 2 FOLLOWER]: Leader election won for term 2
I20260713 09:01:27.385075  2356 raft_consensus.cc:697] T ef020e7eb4d24fe4b252c4091cbba70e P a4d24b20348d4083a16c78b60519f873 [term 2 LEADER]: Becoming Leader. State: Replica: a4d24b20348d4083a16c78b60519f873, State: Running, Role: LEADER
I20260713 09:01:27.386322  2356 consensus_queue.cc:237] T ef020e7eb4d24fe4b252c4091cbba70e P a4d24b20348d4083a16c78b60519f873 [LEADER]: Queue going to LEADER mode. State: All replicated index: 0, Majority replicated index: 1, Committed index: 1, Last appended: 1.1, Last appended by leader: 1, Current term: 2, Majority size: 2, State: 0, Mode: LEADER, active raft config: opid_index: -1 OBSOLETE_local: false peers { permanent_uuid: "74e4fff67181461b8c53e9ff08d9ed10" member_type: VOTER last_known_addr { host: "127.0.108.1" port: 44983 } } peers { permanent_uuid: "3bbe3ac65728445d8c616f57f967dc9c" member_type: VOTER last_known_addr { host: "127.0.108.2" port: 40331 } } peers { permanent_uuid: "a4d24b20348d4083a16c78b60519f873" member_type: VOTER last_known_addr { host: "127.0.108.3" port: 40831 } }
I20260713 09:01:27.397140  1463 catalog_manager.cc:5697] T ef020e7eb4d24fe4b252c4091cbba70e P a4d24b20348d4083a16c78b60519f873 reported cstate change: term changed from 1 to 2, leader changed from 74e4fff67181461b8c53e9ff08d9ed10 (127.0.108.1) to a4d24b20348d4083a16c78b60519f873 (127.0.108.3). New cstate: current_term: 2 leader_uuid: "a4d24b20348d4083a16c78b60519f873" committed_config { opid_index: -1 OBSOLETE_local: false peers { permanent_uuid: "74e4fff67181461b8c53e9ff08d9ed10" member_type: VOTER last_known_addr { host: "127.0.108.1" port: 44983 } health_report { overall_health: UNKNOWN } } peers { permanent_uuid: "3bbe3ac65728445d8c616f57f967dc9c" member_type: VOTER last_known_addr { host: "127.0.108.2" port: 40331 } health_report { overall_health: UNKNOWN } } peers { permanent_uuid: "a4d24b20348d4083a16c78b60519f873" member_type: VOTER last_known_addr { host: "127.0.108.3" port: 40831 } health_report { overall_health: HEALTHY } } }
I20260713 09:01:27.464766  2386 raft_consensus.cc:993] T 7b7d31788377427185a06658b2ed4557 P 74e4fff67181461b8c53e9ff08d9ed10: : Instructing follower d835a6af156740078bb4e83715b297d4 to start an election
I20260713 09:01:27.465375  2353 raft_consensus.cc:1081] T 7b7d31788377427185a06658b2ed4557 P 74e4fff67181461b8c53e9ff08d9ed10 [term 1 LEADER]: Signalling peer d835a6af156740078bb4e83715b297d4 to start an election
I20260713 09:01:27.467146  1984 tablet_service.cc:2044] Received Run Leader Election RPC: tablet_id: "7b7d31788377427185a06658b2ed4557"
dest_uuid: "d835a6af156740078bb4e83715b297d4"
 from {username='slave'} at 127.0.0.1:51236
I20260713 09:01:27.467747  1984 raft_consensus.cc:493] T 7b7d31788377427185a06658b2ed4557 P d835a6af156740078bb4e83715b297d4 [term 1 FOLLOWER]: Starting forced leader election (received explicit request)
I20260713 09:01:27.468120  1984 raft_consensus.cc:3060] T 7b7d31788377427185a06658b2ed4557 P d835a6af156740078bb4e83715b297d4 [term 1 FOLLOWER]: Advancing to term 2
I20260713 09:01:27.477993  1984 raft_consensus.cc:515] T 7b7d31788377427185a06658b2ed4557 P d835a6af156740078bb4e83715b297d4 [term 2 FOLLOWER]: Starting forced leader election with config: opid_index: 4 OBSOLETE_local: false peers { permanent_uuid: "74e4fff67181461b8c53e9ff08d9ed10" member_type: VOTER last_known_addr { host: "127.0.108.1" port: 44983 } } peers { permanent_uuid: "3bbe3ac65728445d8c616f57f967dc9c" member_type: VOTER last_known_addr { host: "127.0.108.2" port: 40331 } } peers { permanent_uuid: "d835a6af156740078bb4e83715b297d4" member_type: VOTER last_known_addr { host: "127.0.108.4" port: 34675 } attrs { promote: false } }
I20260713 09:01:27.480535  1984 leader_election.cc:290] T 7b7d31788377427185a06658b2ed4557 P d835a6af156740078bb4e83715b297d4 [CANDIDATE]: Term 2 election: Requested vote from peers 74e4fff67181461b8c53e9ff08d9ed10 (127.0.108.1:44983), 3bbe3ac65728445d8c616f57f967dc9c (127.0.108.2:40331)
I20260713 09:01:27.482031  1644 tablet_service.cc:1917] Received RequestConsensusVote() RPC: tablet_id: "7b7d31788377427185a06658b2ed4557" candidate_uuid: "d835a6af156740078bb4e83715b297d4" candidate_term: 2 candidate_status { last_received { term: 1 index: 4 } } ignore_live_leader: true dest_uuid: "3bbe3ac65728445d8c616f57f967dc9c"
I20260713 09:01:27.482669  1644 raft_consensus.cc:3060] T 7b7d31788377427185a06658b2ed4557 P 3bbe3ac65728445d8c616f57f967dc9c [term 1 FOLLOWER]: Advancing to term 2
I20260713 09:01:27.482816  1567 tablet_service.cc:1917] Received RequestConsensusVote() RPC: tablet_id: "7b7d31788377427185a06658b2ed4557" candidate_uuid: "d835a6af156740078bb4e83715b297d4" candidate_term: 2 candidate_status { last_received { term: 1 index: 4 } } ignore_live_leader: true dest_uuid: "74e4fff67181461b8c53e9ff08d9ed10"
I20260713 09:01:27.483464  1567 raft_consensus.cc:3055] T 7b7d31788377427185a06658b2ed4557 P 74e4fff67181461b8c53e9ff08d9ed10 [term 1 LEADER]: Stepping down as leader of term 1
I20260713 09:01:27.483781  1567 raft_consensus.cc:740] T 7b7d31788377427185a06658b2ed4557 P 74e4fff67181461b8c53e9ff08d9ed10 [term 1 LEADER]: Becoming Follower/Learner. State: Replica: 74e4fff67181461b8c53e9ff08d9ed10, State: Running, Role: LEADER
I20260713 09:01:27.484689  1567 consensus_queue.cc:260] T 7b7d31788377427185a06658b2ed4557 P 74e4fff67181461b8c53e9ff08d9ed10 [NON_LEADER]: Queue going to NON_LEADER mode. State: All replicated index: 0, Majority replicated index: 4, Committed index: 4, Last appended: 1.4, Last appended by leader: 4, Current term: 1, Majority size: -1, State: 0, Mode: NON_LEADER, active raft config: opid_index: 4 OBSOLETE_local: false peers { permanent_uuid: "74e4fff67181461b8c53e9ff08d9ed10" member_type: VOTER last_known_addr { host: "127.0.108.1" port: 44983 } } peers { permanent_uuid: "3bbe3ac65728445d8c616f57f967dc9c" member_type: VOTER last_known_addr { host: "127.0.108.2" port: 40331 } } peers { permanent_uuid: "d835a6af156740078bb4e83715b297d4" member_type: VOTER last_known_addr { host: "127.0.108.4" port: 34675 } attrs { promote: false } }
I20260713 09:01:27.486100  1567 raft_consensus.cc:3060] T 7b7d31788377427185a06658b2ed4557 P 74e4fff67181461b8c53e9ff08d9ed10 [term 1 FOLLOWER]: Advancing to term 2
I20260713 09:01:27.489283  1644 raft_consensus.cc:2468] T 7b7d31788377427185a06658b2ed4557 P 3bbe3ac65728445d8c616f57f967dc9c [term 2 FOLLOWER]: Leader election vote request: Granting yes vote for candidate d835a6af156740078bb4e83715b297d4 in term 2.
I20260713 09:01:27.490530  1950 leader_election.cc:304] T 7b7d31788377427185a06658b2ed4557 P d835a6af156740078bb4e83715b297d4 [CANDIDATE]: Term 2 election: Election decided. Result: candidate won. Election summary: received 2 responses out of 3 voters: 2 yes votes; 0 no votes. yes voters: 3bbe3ac65728445d8c616f57f967dc9c, d835a6af156740078bb4e83715b297d4; no voters: 
I20260713 09:01:27.491429  2365 raft_consensus.cc:2804] T 7b7d31788377427185a06658b2ed4557 P d835a6af156740078bb4e83715b297d4 [term 2 FOLLOWER]: Leader election won for term 2
I20260713 09:01:27.491907  2365 raft_consensus.cc:697] T 7b7d31788377427185a06658b2ed4557 P d835a6af156740078bb4e83715b297d4 [term 2 LEADER]: Becoming Leader. State: Replica: d835a6af156740078bb4e83715b297d4, State: Running, Role: LEADER
I20260713 09:01:27.492877  2365 consensus_queue.cc:237] T 7b7d31788377427185a06658b2ed4557 P d835a6af156740078bb4e83715b297d4 [LEADER]: Queue going to LEADER mode. State: All replicated index: 0, Majority replicated index: 4, Committed index: 4, Last appended: 1.4, Last appended by leader: 4, Current term: 2, Majority size: 2, State: 0, Mode: LEADER, active raft config: opid_index: 4 OBSOLETE_local: false peers { permanent_uuid: "74e4fff67181461b8c53e9ff08d9ed10" member_type: VOTER last_known_addr { host: "127.0.108.1" port: 44983 } } peers { permanent_uuid: "3bbe3ac65728445d8c616f57f967dc9c" member_type: VOTER last_known_addr { host: "127.0.108.2" port: 40331 } } peers { permanent_uuid: "d835a6af156740078bb4e83715b297d4" member_type: VOTER last_known_addr { host: "127.0.108.4" port: 34675 } attrs { promote: false } }
I20260713 09:01:27.494474  1567 raft_consensus.cc:2468] T 7b7d31788377427185a06658b2ed4557 P 74e4fff67181461b8c53e9ff08d9ed10 [term 2 FOLLOWER]: Leader election vote request: Granting yes vote for candidate d835a6af156740078bb4e83715b297d4 in term 2.
I20260713 09:01:27.502754  1463 catalog_manager.cc:5697] T 7b7d31788377427185a06658b2ed4557 P d835a6af156740078bb4e83715b297d4 reported cstate change: term changed from 1 to 2, leader changed from 74e4fff67181461b8c53e9ff08d9ed10 (127.0.108.1) to d835a6af156740078bb4e83715b297d4 (127.0.108.4). New cstate: current_term: 2 leader_uuid: "d835a6af156740078bb4e83715b297d4" committed_config { opid_index: 4 OBSOLETE_local: false peers { permanent_uuid: "74e4fff67181461b8c53e9ff08d9ed10" member_type: VOTER last_known_addr { host: "127.0.108.1" port: 44983 } health_report { overall_health: UNKNOWN } } peers { permanent_uuid: "3bbe3ac65728445d8c616f57f967dc9c" member_type: VOTER last_known_addr { host: "127.0.108.2" port: 40331 } health_report { overall_health: UNKNOWN } } peers { permanent_uuid: "d835a6af156740078bb4e83715b297d4" member_type: VOTER last_known_addr { host: "127.0.108.4" port: 34675 } attrs { promote: false } health_report { overall_health: HEALTHY } } }
I20260713 09:01:27.772385  1567 raft_consensus.cc:1275] T ef020e7eb4d24fe4b252c4091cbba70e P 74e4fff67181461b8c53e9ff08d9ed10 [term 2 FOLLOWER]: Refusing update from remote peer a4d24b20348d4083a16c78b60519f873: Log matching property violated. Preceding OpId in replica: term: 1 index: 1. Preceding OpId from leader: term: 2 index: 2. (index mismatch)
I20260713 09:01:27.774585  2356 consensus_queue.cc:1048] T ef020e7eb4d24fe4b252c4091cbba70e P a4d24b20348d4083a16c78b60519f873 [LEADER]: Connected to new peer: Peer: permanent_uuid: "74e4fff67181461b8c53e9ff08d9ed10" member_type: VOTER last_known_addr { host: "127.0.108.1" port: 44983 }, Status: LMP_MISMATCH, Last received: 0.0, Next index: 2, Last known committed idx: 1, Time since last communication: 0.001s
I20260713 09:01:27.801198  1644 raft_consensus.cc:1275] T ef020e7eb4d24fe4b252c4091cbba70e P 3bbe3ac65728445d8c616f57f967dc9c [term 2 FOLLOWER]: Refusing update from remote peer a4d24b20348d4083a16c78b60519f873: Log matching property violated. Preceding OpId in replica: term: 1 index: 1. Preceding OpId from leader: term: 2 index: 2. (index mismatch)
I20260713 09:01:27.803085  2398 consensus_queue.cc:1048] T ef020e7eb4d24fe4b252c4091cbba70e P a4d24b20348d4083a16c78b60519f873 [LEADER]: Connected to new peer: Peer: permanent_uuid: "3bbe3ac65728445d8c616f57f967dc9c" member_type: VOTER last_known_addr { host: "127.0.108.2" port: 40331 }, Status: LMP_MISMATCH, Last received: 0.0, Next index: 2, Last known committed idx: 1, Time since last communication: 0.001s
I20260713 09:01:28.041945  1568 raft_consensus.cc:1275] T 7b7d31788377427185a06658b2ed4557 P 74e4fff67181461b8c53e9ff08d9ed10 [term 2 FOLLOWER]: Refusing update from remote peer d835a6af156740078bb4e83715b297d4: Log matching property violated. Preceding OpId in replica: term: 1 index: 4. Preceding OpId from leader: term: 2 index: 5. (index mismatch)
I20260713 09:01:28.043460  2365 consensus_queue.cc:1048] T 7b7d31788377427185a06658b2ed4557 P d835a6af156740078bb4e83715b297d4 [LEADER]: Connected to new peer: Peer: permanent_uuid: "74e4fff67181461b8c53e9ff08d9ed10" member_type: VOTER last_known_addr { host: "127.0.108.1" port: 44983 }, Status: LMP_MISMATCH, Last received: 0.0, Next index: 5, Last known committed idx: 4, Time since last communication: 0.001s
I20260713 09:01:28.066323  1644 raft_consensus.cc:1275] T 7b7d31788377427185a06658b2ed4557 P 3bbe3ac65728445d8c616f57f967dc9c [term 2 FOLLOWER]: Refusing update from remote peer d835a6af156740078bb4e83715b297d4: Log matching property violated. Preceding OpId in replica: term: 1 index: 4. Preceding OpId from leader: term: 2 index: 5. (index mismatch)
I20260713 09:01:28.074651  2394 consensus_queue.cc:1048] T 7b7d31788377427185a06658b2ed4557 P d835a6af156740078bb4e83715b297d4 [LEADER]: Connected to new peer: Peer: permanent_uuid: "3bbe3ac65728445d8c616f57f967dc9c" member_type: VOTER last_known_addr { host: "127.0.108.2" port: 40331 }, Status: LMP_MISMATCH, Last received: 0.0, Next index: 5, Last known committed idx: 4, Time since last communication: 0.001s
I20260713 09:01:28.159799   432 auto_leader_rebalancer.cc:141] leader rebalance for table test-workload
I20260713 09:01:28.195724   432 tablet_server.cc:179] TabletServer@127.0.108.1:0 shutting down...
I20260713 09:01:28.236835   432 ts_tablet_manager.cc:1507] Shutting down tablet manager...
I20260713 09:01:28.238016   432 tablet_replica.cc:333] T 59400e03c4fb461681d70c670e315723 P 74e4fff67181461b8c53e9ff08d9ed10: stopping tablet replica
I20260713 09:01:28.239266   432 raft_consensus.cc:2243] T 59400e03c4fb461681d70c670e315723 P 74e4fff67181461b8c53e9ff08d9ed10 [term 1 FOLLOWER]: Raft consensus shutting down.
I20260713 09:01:28.240185   432 raft_consensus.cc:2272] T 59400e03c4fb461681d70c670e315723 P 74e4fff67181461b8c53e9ff08d9ed10 [term 1 FOLLOWER]: Raft consensus is shut down!
I20260713 09:01:28.243299   432 tablet_replica.cc:333] T 7b7d31788377427185a06658b2ed4557 P 74e4fff67181461b8c53e9ff08d9ed10: stopping tablet replica
I20260713 09:01:28.244048   432 raft_consensus.cc:2243] T 7b7d31788377427185a06658b2ed4557 P 74e4fff67181461b8c53e9ff08d9ed10 [term 2 FOLLOWER]: Raft consensus shutting down.
I20260713 09:01:28.244880   432 raft_consensus.cc:2272] T 7b7d31788377427185a06658b2ed4557 P 74e4fff67181461b8c53e9ff08d9ed10 [term 2 FOLLOWER]: Raft consensus is shut down!
I20260713 09:01:28.248373   432 tablet_replica.cc:333] T e04f2703c3e44b6bae2c21eb6670b759 P 74e4fff67181461b8c53e9ff08d9ed10: stopping tablet replica
I20260713 09:01:28.249223   432 raft_consensus.cc:2243] T e04f2703c3e44b6bae2c21eb6670b759 P 74e4fff67181461b8c53e9ff08d9ed10 [term 2 FOLLOWER]: Raft consensus shutting down.
I20260713 09:01:28.249699   432 raft_consensus.cc:2272] T e04f2703c3e44b6bae2c21eb6670b759 P 74e4fff67181461b8c53e9ff08d9ed10 [term 2 FOLLOWER]: Raft consensus is shut down!
I20260713 09:01:28.252269   432 tablet_replica.cc:333] T 384d1cf6bb0042dd841a32403106a02a P 74e4fff67181461b8c53e9ff08d9ed10: stopping tablet replica
I20260713 09:01:28.253131   432 raft_consensus.cc:2243] T 384d1cf6bb0042dd841a32403106a02a P 74e4fff67181461b8c53e9ff08d9ed10 [term 1 LEADER]: Raft consensus shutting down.
I20260713 09:01:28.254186   432 raft_consensus.cc:2272] T 384d1cf6bb0042dd841a32403106a02a P 74e4fff67181461b8c53e9ff08d9ed10 [term 1 FOLLOWER]: Raft consensus is shut down!
I20260713 09:01:28.256527   432 tablet_replica.cc:333] T 07b8a6504e31473ca9e70e729520a69e P 74e4fff67181461b8c53e9ff08d9ed10: stopping tablet replica
I20260713 09:01:28.257366   432 raft_consensus.cc:2243] T 07b8a6504e31473ca9e70e729520a69e P 74e4fff67181461b8c53e9ff08d9ed10 [term 1 FOLLOWER]: Raft consensus shutting down.
I20260713 09:01:28.258023   432 raft_consensus.cc:2272] T 07b8a6504e31473ca9e70e729520a69e P 74e4fff67181461b8c53e9ff08d9ed10 [term 1 FOLLOWER]: Raft consensus is shut down!
W20260713 09:01:28.258896  1952 proxy.cc:239] Call had error, refreshing address and retrying: Remote error: Service unavailable: service kudu.consensus.ConsensusService not registered on TabletServer
I20260713 09:01:28.261523   432 tablet_replica.cc:333] T dc06fd3b536a41aca2705762c41f3b23 P 74e4fff67181461b8c53e9ff08d9ed10: stopping tablet replica
I20260713 09:01:28.262832   432 raft_consensus.cc:2243] T dc06fd3b536a41aca2705762c41f3b23 P 74e4fff67181461b8c53e9ff08d9ed10 [term 1 FOLLOWER]: Raft consensus shutting down.
I20260713 09:01:28.263533   432 raft_consensus.cc:2272] T dc06fd3b536a41aca2705762c41f3b23 P 74e4fff67181461b8c53e9ff08d9ed10 [term 1 FOLLOWER]: Raft consensus is shut down!
I20260713 09:01:28.268028   432 tablet_replica.cc:333] T fc3381d4b6d94f18b559ecfc8c44b5a6 P 74e4fff67181461b8c53e9ff08d9ed10: stopping tablet replica
I20260713 09:01:28.269366   432 raft_consensus.cc:2243] T fc3381d4b6d94f18b559ecfc8c44b5a6 P 74e4fff67181461b8c53e9ff08d9ed10 [term 1 LEADER]: Raft consensus shutting down.
I20260713 09:01:28.270699   432 raft_consensus.cc:2272] T fc3381d4b6d94f18b559ecfc8c44b5a6 P 74e4fff67181461b8c53e9ff08d9ed10 [term 1 FOLLOWER]: Raft consensus is shut down!
W20260713 09:01:28.270985  1952 consensus_peers.cc:597] T e04f2703c3e44b6bae2c21eb6670b759 P d835a6af156740078bb4e83715b297d4 -> Peer 74e4fff67181461b8c53e9ff08d9ed10 (127.0.108.1:44983): Couldn't send request to peer 74e4fff67181461b8c53e9ff08d9ed10. Status: Remote error: Service unavailable: service kudu.consensus.ConsensusService not registered on TabletServer. This is attempt 1: this message will repeat every 5th retry.
I20260713 09:01:28.273617   432 tablet_replica.cc:333] T ee3fcbfe4aab436eb32b11c6f38ae3e2 P 74e4fff67181461b8c53e9ff08d9ed10: stopping tablet replica
I20260713 09:01:28.274359   432 raft_consensus.cc:2243] T ee3fcbfe4aab436eb32b11c6f38ae3e2 P 74e4fff67181461b8c53e9ff08d9ed10 [term 1 LEADER]: Raft consensus shutting down.
I20260713 09:01:28.275235   432 raft_consensus.cc:2272] T ee3fcbfe4aab436eb32b11c6f38ae3e2 P 74e4fff67181461b8c53e9ff08d9ed10 [term 1 FOLLOWER]: Raft consensus is shut down!
I20260713 09:01:28.277588   432 tablet_replica.cc:333] T d5893c90422f422187815edeb51c5084 P 74e4fff67181461b8c53e9ff08d9ed10: stopping tablet replica
I20260713 09:01:28.278390   432 raft_consensus.cc:2243] T d5893c90422f422187815edeb51c5084 P 74e4fff67181461b8c53e9ff08d9ed10 [term 1 FOLLOWER]: Raft consensus shutting down.
I20260713 09:01:28.279480   432 raft_consensus.cc:2272] T d5893c90422f422187815edeb51c5084 P 74e4fff67181461b8c53e9ff08d9ed10 [term 1 FOLLOWER]: Raft consensus is shut down!
I20260713 09:01:28.282335   432 tablet_replica.cc:333] T a72301fad45542ee8140901639439d2f P 74e4fff67181461b8c53e9ff08d9ed10: stopping tablet replica
I20260713 09:01:28.282986   432 raft_consensus.cc:2243] T a72301fad45542ee8140901639439d2f P 74e4fff67181461b8c53e9ff08d9ed10 [term 1 FOLLOWER]: Raft consensus shutting down.
I20260713 09:01:28.283473   432 raft_consensus.cc:2272] T a72301fad45542ee8140901639439d2f P 74e4fff67181461b8c53e9ff08d9ed10 [term 1 FOLLOWER]: Raft consensus is shut down!
I20260713 09:01:28.285650   432 tablet_replica.cc:333] T ed923ed9caaa4767859236ea4448ab69 P 74e4fff67181461b8c53e9ff08d9ed10: stopping tablet replica
I20260713 09:01:28.286311   432 raft_consensus.cc:2243] T ed923ed9caaa4767859236ea4448ab69 P 74e4fff67181461b8c53e9ff08d9ed10 [term 2 FOLLOWER]: Raft consensus shutting down.
I20260713 09:01:28.286854   432 raft_consensus.cc:2272] T ed923ed9caaa4767859236ea4448ab69 P 74e4fff67181461b8c53e9ff08d9ed10 [term 2 FOLLOWER]: Raft consensus is shut down!
I20260713 09:01:28.289384   432 tablet_replica.cc:333] T 2823274f966a485599e1d150a47a60ac P 74e4fff67181461b8c53e9ff08d9ed10: stopping tablet replica
I20260713 09:01:28.290060   432 raft_consensus.cc:2243] T 2823274f966a485599e1d150a47a60ac P 74e4fff67181461b8c53e9ff08d9ed10 [term 1 LEADER]: Raft consensus shutting down.
I20260713 09:01:28.290969   432 raft_consensus.cc:2272] T 2823274f966a485599e1d150a47a60ac P 74e4fff67181461b8c53e9ff08d9ed10 [term 1 FOLLOWER]: Raft consensus is shut down!
I20260713 09:01:28.293242   432 tablet_replica.cc:333] T ef020e7eb4d24fe4b252c4091cbba70e P 74e4fff67181461b8c53e9ff08d9ed10: stopping tablet replica
I20260713 09:01:28.293907   432 raft_consensus.cc:2243] T ef020e7eb4d24fe4b252c4091cbba70e P 74e4fff67181461b8c53e9ff08d9ed10 [term 2 FOLLOWER]: Raft consensus shutting down.
I20260713 09:01:28.294546   432 raft_consensus.cc:2272] T ef020e7eb4d24fe4b252c4091cbba70e P 74e4fff67181461b8c53e9ff08d9ed10 [term 2 FOLLOWER]: Raft consensus is shut down!
I20260713 09:01:28.301044   432 tablet_replica.cc:333] T d271fb77c1654f938a469d3b747c3fd5 P 74e4fff67181461b8c53e9ff08d9ed10: stopping tablet replica
I20260713 09:01:28.301960   432 raft_consensus.cc:2243] T d271fb77c1654f938a469d3b747c3fd5 P 74e4fff67181461b8c53e9ff08d9ed10 [term 1 FOLLOWER]: Raft consensus shutting down.
I20260713 09:01:28.302573   432 raft_consensus.cc:2272] T d271fb77c1654f938a469d3b747c3fd5 P 74e4fff67181461b8c53e9ff08d9ed10 [term 1 FOLLOWER]: Raft consensus is shut down!
I20260713 09:01:28.307636   432 tablet_replica.cc:333] T e7c1d5145a10422ea9b88e3472028d4f P 74e4fff67181461b8c53e9ff08d9ed10: stopping tablet replica
W20260713 09:01:28.308051  1683 consensus_peers.cc:597] T d5893c90422f422187815edeb51c5084 P a4d24b20348d4083a16c78b60519f873 -> Peer 74e4fff67181461b8c53e9ff08d9ed10 (127.0.108.1:44983): Couldn't send request to peer 74e4fff67181461b8c53e9ff08d9ed10. Status: Remote error: Service unavailable: service kudu.consensus.ConsensusService not registered on TabletServer. This is attempt 1: this message will repeat every 5th retry.
I20260713 09:01:28.308532   432 raft_consensus.cc:2243] T e7c1d5145a10422ea9b88e3472028d4f P 74e4fff67181461b8c53e9ff08d9ed10 [term 1 LEADER]: Raft consensus shutting down.
I20260713 09:01:28.309854   432 raft_consensus.cc:2272] T e7c1d5145a10422ea9b88e3472028d4f P 74e4fff67181461b8c53e9ff08d9ed10 [term 1 FOLLOWER]: Raft consensus is shut down!
I20260713 09:01:28.312777   432 tablet_replica.cc:333] T 73ed9bd536594083b4c173f0806699f0 P 74e4fff67181461b8c53e9ff08d9ed10: stopping tablet replica
I20260713 09:01:28.313547   432 raft_consensus.cc:2243] T 73ed9bd536594083b4c173f0806699f0 P 74e4fff67181461b8c53e9ff08d9ed10 [term 1 LEADER]: Raft consensus shutting down.
I20260713 09:01:28.314790   432 raft_consensus.cc:2272] T 73ed9bd536594083b4c173f0806699f0 P 74e4fff67181461b8c53e9ff08d9ed10 [term 1 FOLLOWER]: Raft consensus is shut down!
I20260713 09:01:28.317917   432 tablet_replica.cc:333] T c2559d0d3a3749de89242de72a9b6e4d P 74e4fff67181461b8c53e9ff08d9ed10: stopping tablet replica
I20260713 09:01:28.318665   432 raft_consensus.cc:2243] T c2559d0d3a3749de89242de72a9b6e4d P 74e4fff67181461b8c53e9ff08d9ed10 [term 1 FOLLOWER]: Raft consensus shutting down.
I20260713 09:01:28.319314   432 raft_consensus.cc:2272] T c2559d0d3a3749de89242de72a9b6e4d P 74e4fff67181461b8c53e9ff08d9ed10 [term 1 FOLLOWER]: Raft consensus is shut down!
I20260713 09:01:28.322351   432 tablet_replica.cc:333] T 4a4b4bec9927441b8d74b3c1336b68fa P 74e4fff67181461b8c53e9ff08d9ed10: stopping tablet replica
I20260713 09:01:28.323083   432 raft_consensus.cc:2243] T 4a4b4bec9927441b8d74b3c1336b68fa P 74e4fff67181461b8c53e9ff08d9ed10 [term 2 FOLLOWER]: Raft consensus shutting down.
I20260713 09:01:28.323925   432 raft_consensus.cc:2272] T 4a4b4bec9927441b8d74b3c1336b68fa P 74e4fff67181461b8c53e9ff08d9ed10 [term 2 FOLLOWER]: Raft consensus is shut down!
W20260713 09:01:28.358757  1683 consensus_peers.cc:597] T 07b8a6504e31473ca9e70e729520a69e P a4d24b20348d4083a16c78b60519f873 -> Peer 74e4fff67181461b8c53e9ff08d9ed10 (127.0.108.1:44983): Couldn't send request to peer 74e4fff67181461b8c53e9ff08d9ed10. Status: Remote error: Service unavailable: service kudu.consensus.ConsensusService not registered on TabletServer. This is attempt 1: this message will repeat every 5th retry.
W20260713 09:01:28.370365  1609 consensus_peers.cc:597] T 4a4b4bec9927441b8d74b3c1336b68fa P 3bbe3ac65728445d8c616f57f967dc9c -> Peer 74e4fff67181461b8c53e9ff08d9ed10 (127.0.108.1:44983): Couldn't send request to peer 74e4fff67181461b8c53e9ff08d9ed10. Status: Remote error: Service unavailable: service kudu.consensus.ConsensusService not registered on TabletServer. This is attempt 1: this message will repeat every 5th retry.
W20260713 09:01:28.412943  1683 consensus_peers.cc:597] T ef020e7eb4d24fe4b252c4091cbba70e P a4d24b20348d4083a16c78b60519f873 -> Peer 74e4fff67181461b8c53e9ff08d9ed10 (127.0.108.1:44983): Couldn't send request to peer 74e4fff67181461b8c53e9ff08d9ed10. Status: Network error: Client connection negotiation failed: client connection to 127.0.108.1:44983: connect: Connection refused (error 111). This is attempt 1: this message will repeat every 5th retry.
