I20260713 09:11:52.524842   755 leader_election.cc:290] T db4d7b2382e94c5288fd81e14294cf2b P 2d677cf90a074a2d8468cfcac178b257 [CANDIDATE]: Term 1 pre-election: Requested pre-vote from peers 2ceaeb621bcc45dcb28a3e986d4c8b19 (127.31.150.1:46009), 64b208a50e24489ba74a79ff31c2d2d2 (127.31.150.2:39395)
I20260713 09:11:52.525942   604 tablet_service.cc:1917] Received RequestConsensusVote() RPC: tablet_id: "db4d7b2382e94c5288fd81e14294cf2b" candidate_uuid: "2d677cf90a074a2d8468cfcac178b257" candidate_term: 1 candidate_status { last_received { term: 0 index: 0 } } ignore_live_leader: false dest_uuid: "64b208a50e24489ba74a79ff31c2d2d2" is_pre_election: true
I20260713 09:11:52.526574   604 raft_consensus.cc:2468] T db4d7b2382e94c5288fd81e14294cf2b P 64b208a50e24489ba74a79ff31c2d2d2 [term 0 FOLLOWER]: Leader pre-election vote request: Granting yes vote for candidate 2d677cf90a074a2d8468cfcac178b257 in term 0.
I20260713 09:11:52.527036   719 tablet_bootstrap.cc:492] T 20b569118c8840b6bf31a2b805a1a6ef P 2ceaeb621bcc45dcb28a3e986d4c8b19: No bootstrap required, opened a new log
I20260713 09:11:52.527642   719 ts_tablet_manager.cc:1403] T 20b569118c8840b6bf31a2b805a1a6ef P 2ceaeb621bcc45dcb28a3e986d4c8b19: Time spent bootstrapping tablet: real 0.053s	user 0.018s	sys 0.000s
I20260713 09:11:52.528223   644 leader_election.cc:304] T db4d7b2382e94c5288fd81e14294cf2b P 2d677cf90a074a2d8468cfcac178b257 [CANDIDATE]: Term 1 pre-election: Election decided. Result: candidate won. Election summary: received 2 responses out of 3 voters: 2 yes votes; 0 no votes. yes voters: 2d677cf90a074a2d8468cfcac178b257, 64b208a50e24489ba74a79ff31c2d2d2; no voters: 
I20260713 09:11:52.529338   529 tablet_service.cc:1917] Received RequestConsensusVote() RPC: tablet_id: "db4d7b2382e94c5288fd81e14294cf2b" candidate_uuid: "2d677cf90a074a2d8468cfcac178b257" candidate_term: 1 candidate_status { last_received { term: 0 index: 0 } } ignore_live_leader: false dest_uuid: "2ceaeb621bcc45dcb28a3e986d4c8b19" is_pre_election: true
I20260713 09:11:52.529939   529 raft_consensus.cc:2468] T db4d7b2382e94c5288fd81e14294cf2b P 2ceaeb621bcc45dcb28a3e986d4c8b19 [term 0 FOLLOWER]: Leader pre-election vote request: Granting yes vote for candidate 2d677cf90a074a2d8468cfcac178b257 in term 0.
I20260713 09:11:52.531628   755 raft_consensus.cc:2804] T db4d7b2382e94c5288fd81e14294cf2b P 2d677cf90a074a2d8468cfcac178b257 [term 0 FOLLOWER]: Leader pre-election won for term 1
I20260713 09:11:52.532011   755 raft_consensus.cc:493] T db4d7b2382e94c5288fd81e14294cf2b P 2d677cf90a074a2d8468cfcac178b257 [term 0 FOLLOWER]: Starting leader election (no leader contacted us within the election timeout)
I20260713 09:11:52.532362   755 raft_consensus.cc:3060] T db4d7b2382e94c5288fd81e14294cf2b P 2d677cf90a074a2d8468cfcac178b257 [term 0 FOLLOWER]: Advancing to term 1
I20260713 09:11:52.514467   754 raft_consensus.cc:3060] T 01eb29037223411dbf4a7cfbe150d15a P 64b208a50e24489ba74a79ff31c2d2d2 [term 0 FOLLOWER]: Advancing to term 1
I20260713 09:11:52.534070   719 raft_consensus.cc:359] T 20b569118c8840b6bf31a2b805a1a6ef P 2ceaeb621bcc45dcb28a3e986d4c8b19 [term 0 FOLLOWER]: Replica starting. Triggering 0 pending ops. Active config: opid_index: -1 OBSOLETE_local: false peers { permanent_uuid: "2ceaeb621bcc45dcb28a3e986d4c8b19" member_type: VOTER last_known_addr { host: "127.31.150.1" port: 46009 } } peers { permanent_uuid: "64b208a50e24489ba74a79ff31c2d2d2" member_type: VOTER last_known_addr { host: "127.31.150.2" port: 39395 } } peers { permanent_uuid: "2d677cf90a074a2d8468cfcac178b257" member_type: VOTER last_known_addr { host: "127.31.150.3" port: 41185 } }
I20260713 09:11:52.535594   719 raft_consensus.cc:385] T 20b569118c8840b6bf31a2b805a1a6ef P 2ceaeb621bcc45dcb28a3e986d4c8b19 [term 0 FOLLOWER]: Consensus starting up: Expiring failure detector timer to make a prompt election more likely
I20260713 09:11:52.536038   719 raft_consensus.cc:740] T 20b569118c8840b6bf31a2b805a1a6ef P 2ceaeb621bcc45dcb28a3e986d4c8b19 [term 0 FOLLOWER]: Becoming Follower/Learner. State: Replica: 2ceaeb621bcc45dcb28a3e986d4c8b19, State: Initialized, Role: FOLLOWER
I20260713 09:11:52.536165   725 raft_consensus.cc:515] T 572d753567f847298296eee0b55a205e P 2ceaeb621bcc45dcb28a3e986d4c8b19 [term 1 FOLLOWER]: Starting leader election with config: opid_index: -1 OBSOLETE_local: false peers { permanent_uuid: "2ceaeb621bcc45dcb28a3e986d4c8b19" member_type: VOTER last_known_addr { host: "127.31.150.1" port: 46009 } } peers { permanent_uuid: "64b208a50e24489ba74a79ff31c2d2d2" member_type: VOTER last_known_addr { host: "127.31.150.2" port: 39395 } } peers { permanent_uuid: "2d677cf90a074a2d8468cfcac178b257" member_type: VOTER last_known_addr { host: "127.31.150.3" port: 41185 } }
I20260713 09:11:52.537102   751 raft_consensus.cc:515] T 3b432890ca744655b85a354098e8b500 P 2d677cf90a074a2d8468cfcac178b257 [term 1 FOLLOWER]: Starting leader election with config: opid_index: -1 OBSOLETE_local: false peers { permanent_uuid: "64b208a50e24489ba74a79ff31c2d2d2" member_type: VOTER last_known_addr { host: "127.31.150.2" port: 39395 } } peers { permanent_uuid: "2d677cf90a074a2d8468cfcac178b257" member_type: VOTER last_known_addr { host: "127.31.150.3" port: 41185 } } peers { permanent_uuid: "2ceaeb621bcc45dcb28a3e986d4c8b19" member_type: VOTER last_known_addr { host: "127.31.150.1" port: 46009 } }
I20260713 09:11:52.544111   725 leader_election.cc:290] T 572d753567f847298296eee0b55a205e P 2ceaeb621bcc45dcb28a3e986d4c8b19 [CANDIDATE]: Term 1 election: Requested vote from peers 64b208a50e24489ba74a79ff31c2d2d2 (127.31.150.2:39395), 2d677cf90a074a2d8468cfcac178b257 (127.31.150.3:41185)
I20260713 09:11:52.545306   677 tablet_service.cc:1917] Received RequestConsensusVote() RPC: tablet_id: "572d753567f847298296eee0b55a205e" candidate_uuid: "2ceaeb621bcc45dcb28a3e986d4c8b19" candidate_term: 1 candidate_status { last_received { term: 0 index: 0 } } ignore_live_leader: false dest_uuid: "2d677cf90a074a2d8468cfcac178b257"
I20260713 09:11:52.546078   677 raft_consensus.cc:3060] T 572d753567f847298296eee0b55a205e P 2d677cf90a074a2d8468cfcac178b257 [term 0 FOLLOWER]: Advancing to term 1
I20260713 09:11:52.545442   604 tablet_service.cc:1917] Received RequestConsensusVote() RPC: tablet_id: "572d753567f847298296eee0b55a205e" candidate_uuid: "2ceaeb621bcc45dcb28a3e986d4c8b19" candidate_term: 1 candidate_status { last_received { term: 0 index: 0 } } ignore_live_leader: false dest_uuid: "64b208a50e24489ba74a79ff31c2d2d2"
I20260713 09:11:52.546888   751 leader_election.cc:290] T 3b432890ca744655b85a354098e8b500 P 2d677cf90a074a2d8468cfcac178b257 [CANDIDATE]: Term 1 election: Requested vote from peers 64b208a50e24489ba74a79ff31c2d2d2 (127.31.150.2:39395), 2ceaeb621bcc45dcb28a3e986d4c8b19 (127.31.150.1:46009)
I20260713 09:11:52.547019   605 tablet_service.cc:1917] Received RequestConsensusVote() RPC: tablet_id: "3b432890ca744655b85a354098e8b500" candidate_uuid: "2d677cf90a074a2d8468cfcac178b257" candidate_term: 1 candidate_status { last_received { term: 0 index: 0 } } ignore_live_leader: false dest_uuid: "64b208a50e24489ba74a79ff31c2d2d2"
W20260713 09:11:52.548162   495 leader_election.cc:343] T 572d753567f847298296eee0b55a205e P 2ceaeb621bcc45dcb28a3e986d4c8b19 [CANDIDATE]: Term 1 election: Tablet error from VoteRequest() call to peer 64b208a50e24489ba74a79ff31c2d2d2 (127.31.150.2:39395): Illegal state: must be running to vote when last-logged opid is not known
W20260713 09:11:52.549268   644 leader_election.cc:343] T 3b432890ca744655b85a354098e8b500 P 2d677cf90a074a2d8468cfcac178b257 [CANDIDATE]: Term 1 election: Tablet error from VoteRequest() call to peer 64b208a50e24489ba74a79ff31c2d2d2 (127.31.150.2:39395): Illegal state: must be running to vote when last-logged opid is not known
I20260713 09:11:52.549289   529 tablet_service.cc:1917] Received RequestConsensusVote() RPC: tablet_id: "3b432890ca744655b85a354098e8b500" candidate_uuid: "2d677cf90a074a2d8468cfcac178b257" candidate_term: 1 candidate_status { last_received { term: 0 index: 0 } } ignore_live_leader: false dest_uuid: "2ceaeb621bcc45dcb28a3e986d4c8b19"
I20260713 09:11:52.550336   529 raft_consensus.cc:3060] T 3b432890ca744655b85a354098e8b500 P 2ceaeb621bcc45dcb28a3e986d4c8b19 [term 0 FOLLOWER]: Advancing to term 1
I20260713 09:11:52.555862   424 catalog_manager.cc:5697] T 5194c353f8fb41c19b7a22e281a934a4 P 64b208a50e24489ba74a79ff31c2d2d2 reported cstate change: term changed from 0 to 1, leader changed from <none> to 64b208a50e24489ba74a79ff31c2d2d2 (127.31.150.2). New cstate: current_term: 1 leader_uuid: "64b208a50e24489ba74a79ff31c2d2d2" committed_config { opid_index: -1 OBSOLETE_local: false peers { permanent_uuid: "2ceaeb621bcc45dcb28a3e986d4c8b19" member_type: VOTER last_known_addr { host: "127.31.150.1" port: 46009 } health_report { overall_health: UNKNOWN } } peers { permanent_uuid: "64b208a50e24489ba74a79ff31c2d2d2" member_type: VOTER last_known_addr { host: "127.31.150.2" port: 39395 } health_report { overall_health: HEALTHY } } peers { permanent_uuid: "2d677cf90a074a2d8468cfcac178b257" member_type: VOTER last_known_addr { host: "127.31.150.3" port: 41185 } health_report { overall_health: UNKNOWN } } }
I20260713 09:11:52.558530   677 raft_consensus.cc:2468] T 572d753567f847298296eee0b55a205e P 2d677cf90a074a2d8468cfcac178b257 [term 1 FOLLOWER]: Leader election vote request: Granting yes vote for candidate 2ceaeb621bcc45dcb28a3e986d4c8b19 in term 1.
I20260713 09:11:52.537228   719 consensus_queue.cc:260] T 20b569118c8840b6bf31a2b805a1a6ef P 2ceaeb621bcc45dcb28a3e986d4c8b19 [NON_LEADER]: Queue going to NON_LEADER mode. State: All replicated index: 0, Majority replicated index: 0, Committed index: 0, Last appended: 0.0, Last appended by leader: 0, Current term: 0, Majority size: -1, State: 0, Mode: NON_LEADER, active raft config: opid_index: -1 OBSOLETE_local: false peers { permanent_uuid: "2ceaeb621bcc45dcb28a3e986d4c8b19" member_type: VOTER last_known_addr { host: "127.31.150.1" port: 46009 } } peers { permanent_uuid: "64b208a50e24489ba74a79ff31c2d2d2" member_type: VOTER last_known_addr { host: "127.31.150.2" port: 39395 } } peers { permanent_uuid: "2d677cf90a074a2d8468cfcac178b257" member_type: VOTER last_known_addr { host: "127.31.150.3" port: 41185 } }
I20260713 09:11:52.562425   495 leader_election.cc:304] T 572d753567f847298296eee0b55a205e P 2ceaeb621bcc45dcb28a3e986d4c8b19 [CANDIDATE]: Term 1 election: Election decided. Result: candidate won. Election summary: received 3 responses out of 3 voters: 2 yes votes; 1 no votes. yes voters: 2ceaeb621bcc45dcb28a3e986d4c8b19, 2d677cf90a074a2d8468cfcac178b257; no voters: 64b208a50e24489ba74a79ff31c2d2d2
I20260713 09:11:52.563159   725 raft_consensus.cc:2804] T 572d753567f847298296eee0b55a205e P 2ceaeb621bcc45dcb28a3e986d4c8b19 [term 1 FOLLOWER]: Leader election won for term 1
I20260713 09:11:52.566663   720 tablet_bootstrap.cc:492] T 3b432890ca744655b85a354098e8b500 P 64b208a50e24489ba74a79ff31c2d2d2: No bootstrap required, opened a new log
I20260713 09:11:52.570897   720 ts_tablet_manager.cc:1403] T 3b432890ca744655b85a354098e8b500 P 64b208a50e24489ba74a79ff31c2d2d2: Time spent bootstrapping tablet: real 0.054s	user 0.011s	sys 0.007s
I20260713 09:11:52.572381   721 tablet_bootstrap.cc:492] T e0ca569d67bc4973a7cbea5bef0ae5df P 2d677cf90a074a2d8468cfcac178b257: No bootstrap required, opened a new log
I20260713 09:11:52.572832   721 ts_tablet_manager.cc:1403] T e0ca569d67bc4973a7cbea5bef0ae5df P 2d677cf90a074a2d8468cfcac178b257: Time spent bootstrapping tablet: real 0.071s	user 0.017s	sys 0.014s
I20260713 09:11:52.573748   720 raft_consensus.cc:359] T 3b432890ca744655b85a354098e8b500 P 64b208a50e24489ba74a79ff31c2d2d2 [term 0 FOLLOWER]: Replica starting. Triggering 0 pending ops. Active config: opid_index: -1 OBSOLETE_local: false peers { permanent_uuid: "64b208a50e24489ba74a79ff31c2d2d2" member_type: VOTER last_known_addr { host: "127.31.150.2" port: 39395 } } peers { permanent_uuid: "2d677cf90a074a2d8468cfcac178b257" member_type: VOTER last_known_addr { host: "127.31.150.3" port: 41185 } } peers { permanent_uuid: "2ceaeb621bcc45dcb28a3e986d4c8b19" member_type: VOTER last_known_addr { host: "127.31.150.1" port: 46009 } }
I20260713 09:11:52.574469   720 raft_consensus.cc:385] T 3b432890ca744655b85a354098e8b500 P 64b208a50e24489ba74a79ff31c2d2d2 [term 0 FOLLOWER]: Consensus starting up: Expiring failure detector timer to make a prompt election more likely
I20260713 09:11:52.574762   720 raft_consensus.cc:740] T 3b432890ca744655b85a354098e8b500 P 64b208a50e24489ba74a79ff31c2d2d2 [term 0 FOLLOWER]: Becoming Follower/Learner. State: Replica: 64b208a50e24489ba74a79ff31c2d2d2, State: Initialized, Role: FOLLOWER
I20260713 09:11:52.575485   720 consensus_queue.cc:260] T 3b432890ca744655b85a354098e8b500 P 64b208a50e24489ba74a79ff31c2d2d2 [NON_LEADER]: Queue going to NON_LEADER mode. State: All replicated index: 0, Majority replicated index: 0, Committed index: 0, Last appended: 0.0, Last appended by leader: 0, Current term: 0, Majority size: -1, State: 0, Mode: NON_LEADER, active raft config: opid_index: -1 OBSOLETE_local: false peers { permanent_uuid: "64b208a50e24489ba74a79ff31c2d2d2" member_type: VOTER last_known_addr { host: "127.31.150.2" port: 39395 } } peers { permanent_uuid: "2d677cf90a074a2d8468cfcac178b257" member_type: VOTER last_known_addr { host: "127.31.150.3" port: 41185 } } peers { permanent_uuid: "2ceaeb621bcc45dcb28a3e986d4c8b19" member_type: VOTER last_known_addr { host: "127.31.150.1" port: 46009 } }
I20260713 09:11:52.561607   529 raft_consensus.cc:2468] T 3b432890ca744655b85a354098e8b500 P 2ceaeb621bcc45dcb28a3e986d4c8b19 [term 1 FOLLOWER]: Leader election vote request: Granting yes vote for candidate 2d677cf90a074a2d8468cfcac178b257 in term 1.
I20260713 09:11:52.575260   721 raft_consensus.cc:359] T e0ca569d67bc4973a7cbea5bef0ae5df P 2d677cf90a074a2d8468cfcac178b257 [term 0 FOLLOWER]: Replica starting. Triggering 0 pending ops. Active config: opid_index: -1 OBSOLETE_local: false peers { permanent_uuid: "2ceaeb621bcc45dcb28a3e986d4c8b19" member_type: VOTER last_known_addr { host: "127.31.150.1" port: 46009 } } peers { permanent_uuid: "64b208a50e24489ba74a79ff31c2d2d2" member_type: VOTER last_known_addr { host: "127.31.150.2" port: 39395 } } peers { permanent_uuid: "2d677cf90a074a2d8468cfcac178b257" member_type: VOTER last_known_addr { host: "127.31.150.3" port: 41185 } }
I20260713 09:11:52.578560   720 ts_tablet_manager.cc:1434] T 3b432890ca744655b85a354098e8b500 P 64b208a50e24489ba74a79ff31c2d2d2: Time spent starting tablet: real 0.007s	user 0.002s	sys 0.004s
I20260713 09:11:52.578416   754 raft_consensus.cc:515] T 01eb29037223411dbf4a7cfbe150d15a P 64b208a50e24489ba74a79ff31c2d2d2 [term 1 FOLLOWER]: Starting leader election with config: opid_index: -1 OBSOLETE_local: false peers { permanent_uuid: "2ceaeb621bcc45dcb28a3e986d4c8b19" member_type: VOTER last_known_addr { host: "127.31.150.1" port: 46009 } } peers { permanent_uuid: "64b208a50e24489ba74a79ff31c2d2d2" member_type: VOTER last_known_addr { host: "127.31.150.2" port: 39395 } } peers { permanent_uuid: "2d677cf90a074a2d8468cfcac178b257" member_type: VOTER last_known_addr { host: "127.31.150.3" port: 41185 } }
I20260713 09:11:52.579661   720 tablet_bootstrap.cc:492] T 572d753567f847298296eee0b55a205e P 64b208a50e24489ba74a79ff31c2d2d2: Bootstrap starting.
I20260713 09:11:52.581816   755 raft_consensus.cc:515] T db4d7b2382e94c5288fd81e14294cf2b P 2d677cf90a074a2d8468cfcac178b257 [term 1 FOLLOWER]: Starting leader election with config: opid_index: -1 OBSOLETE_local: false peers { permanent_uuid: "2ceaeb621bcc45dcb28a3e986d4c8b19" member_type: VOTER last_known_addr { host: "127.31.150.1" port: 46009 } } peers { permanent_uuid: "64b208a50e24489ba74a79ff31c2d2d2" member_type: VOTER last_known_addr { host: "127.31.150.2" port: 39395 } } peers { permanent_uuid: "2d677cf90a074a2d8468cfcac178b257" member_type: VOTER last_known_addr { host: "127.31.150.3" port: 41185 } }
I20260713 09:11:52.582235   530 tablet_service.cc:1917] Received RequestConsensusVote() RPC: tablet_id: "01eb29037223411dbf4a7cfbe150d15a" candidate_uuid: "64b208a50e24489ba74a79ff31c2d2d2" candidate_term: 1 candidate_status { last_received { term: 0 index: 0 } } ignore_live_leader: false dest_uuid: "2ceaeb621bcc45dcb28a3e986d4c8b19"
I20260713 09:11:52.582820   530 raft_consensus.cc:3060] T 01eb29037223411dbf4a7cfbe150d15a P 2ceaeb621bcc45dcb28a3e986d4c8b19 [term 0 FOLLOWER]: Advancing to term 1
I20260713 09:11:52.584067   755 leader_election.cc:290] T db4d7b2382e94c5288fd81e14294cf2b P 2d677cf90a074a2d8468cfcac178b257 [CANDIDATE]: Term 1 election: Requested vote from peers 2ceaeb621bcc45dcb28a3e986d4c8b19 (127.31.150.1:46009), 64b208a50e24489ba74a79ff31c2d2d2 (127.31.150.2:39395)
I20260713 09:11:52.584642   754 leader_election.cc:290] T 01eb29037223411dbf4a7cfbe150d15a P 64b208a50e24489ba74a79ff31c2d2d2 [CANDIDATE]: Term 1 election: Requested vote from peers 2ceaeb621bcc45dcb28a3e986d4c8b19 (127.31.150.1:46009), 2d677cf90a074a2d8468cfcac178b257 (127.31.150.3:41185)
I20260713 09:11:52.585529   427 catalog_manager.cc:5697] T c935a0d837b74894a0a0e920736e3673 P 2d677cf90a074a2d8468cfcac178b257 reported cstate change: term changed from 0 to 1, leader changed from <none> to 2d677cf90a074a2d8468cfcac178b257 (127.31.150.3). New cstate: current_term: 1 leader_uuid: "2d677cf90a074a2d8468cfcac178b257" committed_config { opid_index: -1 OBSOLETE_local: false peers { permanent_uuid: "2ceaeb621bcc45dcb28a3e986d4c8b19" member_type: VOTER last_known_addr { host: "127.31.150.1" port: 46009 } health_report { overall_health: UNKNOWN } } peers { permanent_uuid: "64b208a50e24489ba74a79ff31c2d2d2" member_type: VOTER last_known_addr { host: "127.31.150.2" port: 39395 } health_report { overall_health: UNKNOWN } } peers { permanent_uuid: "2d677cf90a074a2d8468cfcac178b257" member_type: VOTER last_known_addr { host: "127.31.150.3" port: 41185 } health_report { overall_health: HEALTHY } } }
I20260713 09:11:52.586866   725 raft_consensus.cc:697] T 572d753567f847298296eee0b55a205e P 2ceaeb621bcc45dcb28a3e986d4c8b19 [term 1 LEADER]: Becoming Leader. State: Replica: 2ceaeb621bcc45dcb28a3e986d4c8b19, State: Running, Role: LEADER
I20260713 09:11:52.587539   642 leader_election.cc:304] T 3b432890ca744655b85a354098e8b500 P 2d677cf90a074a2d8468cfcac178b257 [CANDIDATE]: Term 1 election: Election decided. Result: candidate won. Election summary: received 3 responses out of 3 voters: 2 yes votes; 1 no votes. yes voters: 2ceaeb621bcc45dcb28a3e986d4c8b19, 2d677cf90a074a2d8468cfcac178b257; no voters: 64b208a50e24489ba74a79ff31c2d2d2
I20260713 09:11:52.587718   725 consensus_queue.cc:237] T 572d753567f847298296eee0b55a205e P 2ceaeb621bcc45dcb28a3e986d4c8b19 [LEADER]: Queue going to LEADER mode. State: All replicated index: 0, Majority replicated index: 0, Committed index: 0, Last appended: 0.0, Last appended by leader: 0, Current term: 1, Majority size: 2, State: 0, Mode: LEADER, active raft config: opid_index: -1 OBSOLETE_local: false peers { permanent_uuid: "2ceaeb621bcc45dcb28a3e986d4c8b19" member_type: VOTER last_known_addr { host: "127.31.150.1" port: 46009 } } peers { permanent_uuid: "64b208a50e24489ba74a79ff31c2d2d2" member_type: VOTER last_known_addr { host: "127.31.150.2" port: 39395 } } peers { permanent_uuid: "2d677cf90a074a2d8468cfcac178b257" member_type: VOTER last_known_addr { host: "127.31.150.3" port: 41185 } }
I20260713 09:11:52.588220   755 raft_consensus.cc:2804] T 3b432890ca744655b85a354098e8b500 P 2d677cf90a074a2d8468cfcac178b257 [term 1 FOLLOWER]: Leader election won for term 1
I20260713 09:11:52.588801   605 tablet_service.cc:1917] Received RequestConsensusVote() RPC: tablet_id: "db4d7b2382e94c5288fd81e14294cf2b" candidate_uuid: "2d677cf90a074a2d8468cfcac178b257" candidate_term: 1 candidate_status { last_received { term: 0 index: 0 } } ignore_live_leader: false dest_uuid: "64b208a50e24489ba74a79ff31c2d2d2"
I20260713 09:11:52.589018   755 raft_consensus.cc:697] T 3b432890ca744655b85a354098e8b500 P 2d677cf90a074a2d8468cfcac178b257 [term 1 LEADER]: Becoming Leader. State: Replica: 2d677cf90a074a2d8468cfcac178b257, State: Running, Role: LEADER
I20260713 09:11:52.589154   677 tablet_service.cc:1917] Received RequestConsensusVote() RPC: tablet_id: "01eb29037223411dbf4a7cfbe150d15a" candidate_uuid: "64b208a50e24489ba74a79ff31c2d2d2" candidate_term: 1 candidate_status { last_received { term: 0 index: 0 } } ignore_live_leader: false dest_uuid: "2d677cf90a074a2d8468cfcac178b257"
I20260713 09:11:52.589393   605 raft_consensus.cc:3060] T db4d7b2382e94c5288fd81e14294cf2b P 64b208a50e24489ba74a79ff31c2d2d2 [term 0 FOLLOWER]: Advancing to term 1
I20260713 09:11:52.589744   677 raft_consensus.cc:3060] T 01eb29037223411dbf4a7cfbe150d15a P 2d677cf90a074a2d8468cfcac178b257 [term 0 FOLLOWER]: Advancing to term 1
I20260713 09:11:52.589890   755 consensus_queue.cc:237] T 3b432890ca744655b85a354098e8b500 P 2d677cf90a074a2d8468cfcac178b257 [LEADER]: Queue going to LEADER mode. State: All replicated index: 0, Majority replicated index: 0, Committed index: 0, Last appended: 0.0, Last appended by leader: 0, Current term: 1, Majority size: 2, State: 0, Mode: LEADER, active raft config: opid_index: -1 OBSOLETE_local: false peers { permanent_uuid: "64b208a50e24489ba74a79ff31c2d2d2" member_type: VOTER last_known_addr { host: "127.31.150.2" port: 39395 } } peers { permanent_uuid: "2d677cf90a074a2d8468cfcac178b257" member_type: VOTER last_known_addr { host: "127.31.150.3" port: 41185 } } peers { permanent_uuid: "2ceaeb621bcc45dcb28a3e986d4c8b19" member_type: VOTER last_known_addr { host: "127.31.150.1" port: 46009 } }
I20260713 09:11:52.576795   721 raft_consensus.cc:385] T e0ca569d67bc4973a7cbea5bef0ae5df P 2d677cf90a074a2d8468cfcac178b257 [term 0 FOLLOWER]: Consensus starting up: Expiring failure detector timer to make a prompt election more likely
I20260713 09:11:52.595077   721 raft_consensus.cc:740] T e0ca569d67bc4973a7cbea5bef0ae5df P 2d677cf90a074a2d8468cfcac178b257 [term 0 FOLLOWER]: Becoming Follower/Learner. State: Replica: 2d677cf90a074a2d8468cfcac178b257, State: Initialized, Role: FOLLOWER
I20260713 09:11:52.596089   721 consensus_queue.cc:260] T e0ca569d67bc4973a7cbea5bef0ae5df P 2d677cf90a074a2d8468cfcac178b257 [NON_LEADER]: Queue going to NON_LEADER mode. State: All replicated index: 0, Majority replicated index: 0, Committed index: 0, Last appended: 0.0, Last appended by leader: 0, Current term: 0, Majority size: -1, State: 0, Mode: NON_LEADER, active raft config: opid_index: -1 OBSOLETE_local: false peers { permanent_uuid: "2ceaeb621bcc45dcb28a3e986d4c8b19" member_type: VOTER last_known_addr { host: "127.31.150.1" port: 46009 } } peers { permanent_uuid: "64b208a50e24489ba74a79ff31c2d2d2" member_type: VOTER last_known_addr { host: "127.31.150.2" port: 39395 } } peers { permanent_uuid: "2d677cf90a074a2d8468cfcac178b257" member_type: VOTER last_known_addr { host: "127.31.150.3" port: 41185 } }
I20260713 09:11:52.596554   529 tablet_service.cc:1917] Received RequestConsensusVote() RPC: tablet_id: "db4d7b2382e94c5288fd81e14294cf2b" candidate_uuid: "2d677cf90a074a2d8468cfcac178b257" candidate_term: 1 candidate_status { last_received { term: 0 index: 0 } } ignore_live_leader: false dest_uuid: "2ceaeb621bcc45dcb28a3e986d4c8b19"
I20260713 09:11:52.597496   529 raft_consensus.cc:3060] T db4d7b2382e94c5288fd81e14294cf2b P 2ceaeb621bcc45dcb28a3e986d4c8b19 [term 0 FOLLOWER]: Advancing to term 1
I20260713 09:11:52.603010   721 ts_tablet_manager.cc:1434] T e0ca569d67bc4973a7cbea5bef0ae5df P 2d677cf90a074a2d8468cfcac178b257: Time spent starting tablet: real 0.030s	user 0.006s	sys 0.002s
I20260713 09:11:52.604295   721 tablet_bootstrap.cc:492] T 5194c353f8fb41c19b7a22e281a934a4 P 2d677cf90a074a2d8468cfcac178b257: Bootstrap starting.
I20260713 09:11:52.607689   530 raft_consensus.cc:2468] T 01eb29037223411dbf4a7cfbe150d15a P 2ceaeb621bcc45dcb28a3e986d4c8b19 [term 1 FOLLOWER]: Leader election vote request: Granting yes vote for candidate 64b208a50e24489ba74a79ff31c2d2d2 in term 1.
I20260713 09:11:52.609185   568 leader_election.cc:304] T 01eb29037223411dbf4a7cfbe150d15a P 64b208a50e24489ba74a79ff31c2d2d2 [CANDIDATE]: Term 1 election: Election decided. Result: candidate won. Election summary: received 2 responses out of 3 voters: 2 yes votes; 0 no votes. yes voters: 2ceaeb621bcc45dcb28a3e986d4c8b19, 64b208a50e24489ba74a79ff31c2d2d2; no voters: 
I20260713 09:11:52.610172   754 raft_consensus.cc:2804] T 01eb29037223411dbf4a7cfbe150d15a P 64b208a50e24489ba74a79ff31c2d2d2 [term 1 FOLLOWER]: Leader election won for term 1
I20260713 09:11:52.610702   754 raft_consensus.cc:697] T 01eb29037223411dbf4a7cfbe150d15a P 64b208a50e24489ba74a79ff31c2d2d2 [term 1 LEADER]: Becoming Leader. State: Replica: 64b208a50e24489ba74a79ff31c2d2d2, State: Running, Role: LEADER
I20260713 09:11:52.611564   754 consensus_queue.cc:237] T 01eb29037223411dbf4a7cfbe150d15a P 64b208a50e24489ba74a79ff31c2d2d2 [LEADER]: Queue going to LEADER mode. State: All replicated index: 0, Majority replicated index: 0, Committed index: 0, Last appended: 0.0, Last appended by leader: 0, Current term: 1, Majority size: 2, State: 0, Mode: LEADER, active raft config: opid_index: -1 OBSOLETE_local: false peers { permanent_uuid: "2ceaeb621bcc45dcb28a3e986d4c8b19" member_type: VOTER last_known_addr { host: "127.31.150.1" port: 46009 } } peers { permanent_uuid: "64b208a50e24489ba74a79ff31c2d2d2" member_type: VOTER last_known_addr { host: "127.31.150.2" port: 39395 } } peers { permanent_uuid: "2d677cf90a074a2d8468cfcac178b257" member_type: VOTER last_known_addr { host: "127.31.150.3" port: 41185 } }
I20260713 09:11:52.615097   605 raft_consensus.cc:2468] T db4d7b2382e94c5288fd81e14294cf2b P 64b208a50e24489ba74a79ff31c2d2d2 [term 1 FOLLOWER]: Leader election vote request: Granting yes vote for candidate 2d677cf90a074a2d8468cfcac178b257 in term 1.
I20260713 09:11:52.618669   644 leader_election.cc:304] T db4d7b2382e94c5288fd81e14294cf2b P 2d677cf90a074a2d8468cfcac178b257 [CANDIDATE]: Term 1 election: Election decided. Result: candidate won. Election summary: received 2 responses out of 3 voters: 2 yes votes; 0 no votes. yes voters: 2d677cf90a074a2d8468cfcac178b257, 64b208a50e24489ba74a79ff31c2d2d2; no voters: 
I20260713 09:11:52.619630   755 raft_consensus.cc:2804] T db4d7b2382e94c5288fd81e14294cf2b P 2d677cf90a074a2d8468cfcac178b257 [term 1 FOLLOWER]: Leader election won for term 1
I20260713 09:11:52.620122   755 raft_consensus.cc:697] T db4d7b2382e94c5288fd81e14294cf2b P 2d677cf90a074a2d8468cfcac178b257 [term 1 LEADER]: Becoming Leader. State: Replica: 2d677cf90a074a2d8468cfcac178b257, State: Running, Role: LEADER
I20260713 09:11:52.621173   529 raft_consensus.cc:2468] T db4d7b2382e94c5288fd81e14294cf2b P 2ceaeb621bcc45dcb28a3e986d4c8b19 [term 1 FOLLOWER]: Leader election vote request: Granting yes vote for candidate 2d677cf90a074a2d8468cfcac178b257 in term 1.
I20260713 09:11:52.620941   755 consensus_queue.cc:237] T db4d7b2382e94c5288fd81e14294cf2b P 2d677cf90a074a2d8468cfcac178b257 [LEADER]: Queue going to LEADER mode. State: All replicated index: 0, Majority replicated index: 0, Committed index: 0, Last appended: 0.0, Last appended by leader: 0, Current term: 1, Majority size: 2, State: 0, Mode: LEADER, active raft config: opid_index: -1 OBSOLETE_local: false peers { permanent_uuid: "2ceaeb621bcc45dcb28a3e986d4c8b19" member_type: VOTER last_known_addr { host: "127.31.150.1" port: 46009 } } peers { permanent_uuid: "64b208a50e24489ba74a79ff31c2d2d2" member_type: VOTER last_known_addr { host: "127.31.150.2" port: 39395 } } peers { permanent_uuid: "2d677cf90a074a2d8468cfcac178b257" member_type: VOTER last_known_addr { host: "127.31.150.3" port: 41185 } }
I20260713 09:11:52.627696   719 ts_tablet_manager.cc:1434] T 20b569118c8840b6bf31a2b805a1a6ef P 2ceaeb621bcc45dcb28a3e986d4c8b19: Time spent starting tablet: real 0.100s	user 0.015s	sys 0.000s
I20260713 09:11:52.628804   719 tablet_bootstrap.cc:492] T e0ca569d67bc4973a7cbea5bef0ae5df P 2ceaeb621bcc45dcb28a3e986d4c8b19: Bootstrap starting.
I20260713 09:11:52.635017   677 raft_consensus.cc:2468] T 01eb29037223411dbf4a7cfbe150d15a P 2d677cf90a074a2d8468cfcac178b257 [term 1 FOLLOWER]: Leader election vote request: Granting yes vote for candidate 64b208a50e24489ba74a79ff31c2d2d2 in term 1.
I20260713 09:11:52.635875   720 tablet_bootstrap.cc:654] T 572d753567f847298296eee0b55a205e P 64b208a50e24489ba74a79ff31c2d2d2: Neither blocks nor log segments found. Creating new log.
I20260713 09:11:52.642843   721 tablet_bootstrap.cc:654] T 5194c353f8fb41c19b7a22e281a934a4 P 2d677cf90a074a2d8468cfcac178b257: Neither blocks nor log segments found. Creating new log.
I20260713 09:11:52.643968   426 catalog_manager.cc:5697] T 572d753567f847298296eee0b55a205e P 2ceaeb621bcc45dcb28a3e986d4c8b19 reported cstate change: term changed from 0 to 1, leader changed from <none> to 2ceaeb621bcc45dcb28a3e986d4c8b19 (127.31.150.1). New cstate: current_term: 1 leader_uuid: "2ceaeb621bcc45dcb28a3e986d4c8b19" committed_config { opid_index: -1 OBSOLETE_local: false peers { permanent_uuid: "2ceaeb621bcc45dcb28a3e986d4c8b19" member_type: VOTER last_known_addr { host: "127.31.150.1" port: 46009 } health_report { overall_health: HEALTHY } } peers { permanent_uuid: "64b208a50e24489ba74a79ff31c2d2d2" member_type: VOTER last_known_addr { host: "127.31.150.2" port: 39395 } health_report { overall_health: UNKNOWN } } peers { permanent_uuid: "2d677cf90a074a2d8468cfcac178b257" member_type: VOTER last_known_addr { host: "127.31.150.3" port: 41185 } health_report { overall_health: UNKNOWN } } }
I20260713 09:11:52.653894   719 tablet_bootstrap.cc:654] T e0ca569d67bc4973a7cbea5bef0ae5df P 2ceaeb621bcc45dcb28a3e986d4c8b19: Neither blocks nor log segments found. Creating new log.
I20260713 09:11:52.654815   720 tablet_bootstrap.cc:492] T 572d753567f847298296eee0b55a205e P 64b208a50e24489ba74a79ff31c2d2d2: No bootstrap required, opened a new log
I20260713 09:11:52.655014   721 tablet_bootstrap.cc:492] T 5194c353f8fb41c19b7a22e281a934a4 P 2d677cf90a074a2d8468cfcac178b257: No bootstrap required, opened a new log
I20260713 09:11:52.655359   720 ts_tablet_manager.cc:1403] T 572d753567f847298296eee0b55a205e P 64b208a50e24489ba74a79ff31c2d2d2: Time spent bootstrapping tablet: real 0.076s	user 0.016s	sys 0.009s
I20260713 09:11:52.655409   721 ts_tablet_manager.cc:1403] T 5194c353f8fb41c19b7a22e281a934a4 P 2d677cf90a074a2d8468cfcac178b257: Time spent bootstrapping tablet: real 0.051s	user 0.013s	sys 0.006s
I20260713 09:11:52.658730   720 raft_consensus.cc:359] T 572d753567f847298296eee0b55a205e P 64b208a50e24489ba74a79ff31c2d2d2 [term 0 FOLLOWER]: Replica starting. Triggering 0 pending ops. Active config: opid_index: -1 OBSOLETE_local: false peers { permanent_uuid: "2ceaeb621bcc45dcb28a3e986d4c8b19" member_type: VOTER last_known_addr { host: "127.31.150.1" port: 46009 } } peers { permanent_uuid: "64b208a50e24489ba74a79ff31c2d2d2" member_type: VOTER last_known_addr { host: "127.31.150.2" port: 39395 } } peers { permanent_uuid: "2d677cf90a074a2d8468cfcac178b257" member_type: VOTER last_known_addr { host: "127.31.150.3" port: 41185 } }
I20260713 09:11:52.659605   720 raft_consensus.cc:385] T 572d753567f847298296eee0b55a205e P 64b208a50e24489ba74a79ff31c2d2d2 [term 0 FOLLOWER]: Consensus starting up: Expiring failure detector timer to make a prompt election more likely
I20260713 09:11:52.659905   720 raft_consensus.cc:740] T 572d753567f847298296eee0b55a205e P 64b208a50e24489ba74a79ff31c2d2d2 [term 0 FOLLOWER]: Becoming Follower/Learner. State: Replica: 64b208a50e24489ba74a79ff31c2d2d2, State: Initialized, Role: FOLLOWER
I20260713 09:11:52.660495   721 raft_consensus.cc:359] T 5194c353f8fb41c19b7a22e281a934a4 P 2d677cf90a074a2d8468cfcac178b257 [term 0 FOLLOWER]: Replica starting. Triggering 0 pending ops. Active config: opid_index: -1 OBSOLETE_local: false peers { permanent_uuid: "2ceaeb621bcc45dcb28a3e986d4c8b19" member_type: VOTER last_known_addr { host: "127.31.150.1" port: 46009 } } peers { permanent_uuid: "64b208a50e24489ba74a79ff31c2d2d2" member_type: VOTER last_known_addr { host: "127.31.150.2" port: 39395 } } peers { permanent_uuid: "2d677cf90a074a2d8468cfcac178b257" member_type: VOTER last_known_addr { host: "127.31.150.3" port: 41185 } }
I20260713 09:11:52.661182   721 raft_consensus.cc:385] T 5194c353f8fb41c19b7a22e281a934a4 P 2d677cf90a074a2d8468cfcac178b257 [term 0 FOLLOWER]: Consensus starting up: Expiring failure detector timer to make a prompt election more likely
I20260713 09:11:52.660792   720 consensus_queue.cc:260] T 572d753567f847298296eee0b55a205e P 64b208a50e24489ba74a79ff31c2d2d2 [NON_LEADER]: Queue going to NON_LEADER mode. State: All replicated index: 0, Majority replicated index: 0, Committed index: 0, Last appended: 0.0, Last appended by leader: 0, Current term: 0, Majority size: -1, State: 0, Mode: NON_LEADER, active raft config: opid_index: -1 OBSOLETE_local: false peers { permanent_uuid: "2ceaeb621bcc45dcb28a3e986d4c8b19" member_type: VOTER last_known_addr { host: "127.31.150.1" port: 46009 } } peers { permanent_uuid: "64b208a50e24489ba74a79ff31c2d2d2" member_type: VOTER last_known_addr { host: "127.31.150.2" port: 39395 } } peers { permanent_uuid: "2d677cf90a074a2d8468cfcac178b257" member_type: VOTER last_known_addr { host: "127.31.150.3" port: 41185 } }
I20260713 09:11:52.661473   721 raft_consensus.cc:740] T 5194c353f8fb41c19b7a22e281a934a4 P 2d677cf90a074a2d8468cfcac178b257 [term 0 FOLLOWER]: Becoming Follower/Learner. State: Replica: 2d677cf90a074a2d8468cfcac178b257, State: Initialized, Role: FOLLOWER
I20260713 09:11:52.663113   754 raft_consensus.cc:493] T 20b569118c8840b6bf31a2b805a1a6ef P 64b208a50e24489ba74a79ff31c2d2d2 [term 0 FOLLOWER]: Starting pre-election (no leader contacted us within the election timeout)
I20260713 09:11:52.663604   754 raft_consensus.cc:515] T 20b569118c8840b6bf31a2b805a1a6ef P 64b208a50e24489ba74a79ff31c2d2d2 [term 0 FOLLOWER]: Starting pre-election with config: opid_index: -1 OBSOLETE_local: false peers { permanent_uuid: "2ceaeb621bcc45dcb28a3e986d4c8b19" member_type: VOTER last_known_addr { host: "127.31.150.1" port: 46009 } } peers { permanent_uuid: "64b208a50e24489ba74a79ff31c2d2d2" member_type: VOTER last_known_addr { host: "127.31.150.2" port: 39395 } } peers { permanent_uuid: "2d677cf90a074a2d8468cfcac178b257" member_type: VOTER last_known_addr { host: "127.31.150.3" port: 41185 } }
I20260713 09:11:52.665742   754 leader_election.cc:290] T 20b569118c8840b6bf31a2b805a1a6ef P 64b208a50e24489ba74a79ff31c2d2d2 [CANDIDATE]: Term 1 pre-election: Requested pre-vote from peers 2ceaeb621bcc45dcb28a3e986d4c8b19 (127.31.150.1:46009), 2d677cf90a074a2d8468cfcac178b257 (127.31.150.3:41185)
I20260713 09:11:52.668345   677 tablet_service.cc:1917] Received RequestConsensusVote() RPC: tablet_id: "20b569118c8840b6bf31a2b805a1a6ef" candidate_uuid: "64b208a50e24489ba74a79ff31c2d2d2" candidate_term: 1 candidate_status { last_received { term: 0 index: 0 } } ignore_live_leader: false dest_uuid: "2d677cf90a074a2d8468cfcac178b257" is_pre_election: true
I20260713 09:11:52.668689   720 ts_tablet_manager.cc:1434] T 572d753567f847298296eee0b55a205e P 64b208a50e24489ba74a79ff31c2d2d2: Time spent starting tablet: real 0.013s	user 0.003s	sys 0.005s
I20260713 09:11:52.669129   721 consensus_queue.cc:260] T 5194c353f8fb41c19b7a22e281a934a4 P 2d677cf90a074a2d8468cfcac178b257 [NON_LEADER]: Queue going to NON_LEADER mode. State: All replicated index: 0, Majority replicated index: 0, Committed index: 0, Last appended: 0.0, Last appended by leader: 0, Current term: 0, Majority size: -1, State: 0, Mode: NON_LEADER, active raft config: opid_index: -1 OBSOLETE_local: false peers { permanent_uuid: "2ceaeb621bcc45dcb28a3e986d4c8b19" member_type: VOTER last_known_addr { host: "127.31.150.1" port: 46009 } } peers { permanent_uuid: "64b208a50e24489ba74a79ff31c2d2d2" member_type: VOTER last_known_addr { host: "127.31.150.2" port: 39395 } } peers { permanent_uuid: "2d677cf90a074a2d8468cfcac178b257" member_type: VOTER last_known_addr { host: "127.31.150.3" port: 41185 } }
I20260713 09:11:52.672731   721 ts_tablet_manager.cc:1434] T 5194c353f8fb41c19b7a22e281a934a4 P 2d677cf90a074a2d8468cfcac178b257: Time spent starting tablet: real 0.015s	user 0.004s	sys 0.000s
I20260713 09:11:52.673386   721 tablet_bootstrap.cc:492] T 4f1d0ecdf02e4d49ac561df10cfff529 P 2d677cf90a074a2d8468cfcac178b257: Bootstrap starting.
I20260713 09:11:52.669518   677 raft_consensus.cc:2468] T 20b569118c8840b6bf31a2b805a1a6ef P 2d677cf90a074a2d8468cfcac178b257 [term 0 FOLLOWER]: Leader pre-election vote request: Granting yes vote for candidate 64b208a50e24489ba74a79ff31c2d2d2 in term 0.
I20260713 09:11:52.676156   570 leader_election.cc:304] T 20b569118c8840b6bf31a2b805a1a6ef P 64b208a50e24489ba74a79ff31c2d2d2 [CANDIDATE]: Term 1 pre-election: Election decided. Result: candidate won. Election summary: received 2 responses out of 3 voters: 2 yes votes; 0 no votes. yes voters: 2d677cf90a074a2d8468cfcac178b257, 64b208a50e24489ba74a79ff31c2d2d2; no voters: 
I20260713 09:11:52.677572   754 raft_consensus.cc:2804] T 20b569118c8840b6bf31a2b805a1a6ef P 64b208a50e24489ba74a79ff31c2d2d2 [term 0 FOLLOWER]: Leader pre-election won for term 1
I20260713 09:11:52.677930   754 raft_consensus.cc:493] T 20b569118c8840b6bf31a2b805a1a6ef P 64b208a50e24489ba74a79ff31c2d2d2 [term 0 FOLLOWER]: Starting leader election (no leader contacted us within the election timeout)
I20260713 09:11:52.678251   754 raft_consensus.cc:3060] T 20b569118c8840b6bf31a2b805a1a6ef P 64b208a50e24489ba74a79ff31c2d2d2 [term 0 FOLLOWER]: Advancing to term 1
I20260713 09:11:52.678707   721 tablet_bootstrap.cc:654] T 4f1d0ecdf02e4d49ac561df10cfff529 P 2d677cf90a074a2d8468cfcac178b257: Neither blocks nor log segments found. Creating new log.
I20260713 09:11:52.669910   529 tablet_service.cc:1917] Received RequestConsensusVote() RPC: tablet_id: "20b569118c8840b6bf31a2b805a1a6ef" candidate_uuid: "64b208a50e24489ba74a79ff31c2d2d2" candidate_term: 1 candidate_status { last_received { term: 0 index: 0 } } ignore_live_leader: false dest_uuid: "2ceaeb621bcc45dcb28a3e986d4c8b19" is_pre_election: true
I20260713 09:11:52.681784   529 raft_consensus.cc:2468] T 20b569118c8840b6bf31a2b805a1a6ef P 2ceaeb621bcc45dcb28a3e986d4c8b19 [term 0 FOLLOWER]: Leader pre-election vote request: Granting yes vote for candidate 64b208a50e24489ba74a79ff31c2d2d2 in term 0.
I20260713 09:11:52.687857   754 raft_consensus.cc:515] T 20b569118c8840b6bf31a2b805a1a6ef P 64b208a50e24489ba74a79ff31c2d2d2 [term 1 FOLLOWER]: Starting leader election with config: opid_index: -1 OBSOLETE_local: false peers { permanent_uuid: "2ceaeb621bcc45dcb28a3e986d4c8b19" member_type: VOTER last_known_addr { host: "127.31.150.1" port: 46009 } } peers { permanent_uuid: "64b208a50e24489ba74a79ff31c2d2d2" member_type: VOTER last_known_addr { host: "127.31.150.2" port: 39395 } } peers { permanent_uuid: "2d677cf90a074a2d8468cfcac178b257" member_type: VOTER last_known_addr { host: "127.31.150.3" port: 41185 } }
I20260713 09:11:52.670131   720 tablet_bootstrap.cc:492] T c0cc251605fe43dbb7c7735c1bb3c5dd P 64b208a50e24489ba74a79ff31c2d2d2: Bootstrap starting.
I20260713 09:11:52.691733   425 catalog_manager.cc:5697] T db4d7b2382e94c5288fd81e14294cf2b P 2d677cf90a074a2d8468cfcac178b257 reported cstate change: term changed from 0 to 1, leader changed from <none> to 2d677cf90a074a2d8468cfcac178b257 (127.31.150.3). New cstate: current_term: 1 leader_uuid: "2d677cf90a074a2d8468cfcac178b257" committed_config { opid_index: -1 OBSOLETE_local: false peers { permanent_uuid: "2ceaeb621bcc45dcb28a3e986d4c8b19" member_type: VOTER last_known_addr { host: "127.31.150.1" port: 46009 } health_report { overall_health: UNKNOWN } } peers { permanent_uuid: "64b208a50e24489ba74a79ff31c2d2d2" member_type: VOTER last_known_addr { host: "127.31.150.2" port: 39395 } health_report { overall_health: UNKNOWN } } peers { permanent_uuid: "2d677cf90a074a2d8468cfcac178b257" member_type: VOTER last_known_addr { host: "127.31.150.3" port: 41185 } health_report { overall_health: HEALTHY } } }
I20260713 09:11:52.693710   529 tablet_service.cc:1917] Received RequestConsensusVote() RPC: tablet_id: "20b569118c8840b6bf31a2b805a1a6ef" candidate_uuid: "64b208a50e24489ba74a79ff31c2d2d2" candidate_term: 1 candidate_status { last_received { term: 0 index: 0 } } ignore_live_leader: false dest_uuid: "2ceaeb621bcc45dcb28a3e986d4c8b19"
I20260713 09:11:52.694588   529 raft_consensus.cc:3060] T 20b569118c8840b6bf31a2b805a1a6ef P 2ceaeb621bcc45dcb28a3e986d4c8b19 [term 0 FOLLOWER]: Advancing to term 1
I20260713 09:11:52.697075   720 tablet_bootstrap.cc:654] T c0cc251605fe43dbb7c7735c1bb3c5dd P 64b208a50e24489ba74a79ff31c2d2d2: Neither blocks nor log segments found. Creating new log.
I20260713 09:11:52.693799   425 catalog_manager.cc:5697] T 3b432890ca744655b85a354098e8b500 P 2d677cf90a074a2d8468cfcac178b257 reported cstate change: term changed from 0 to 1, leader changed from <none> to 2d677cf90a074a2d8468cfcac178b257 (127.31.150.3). New cstate: current_term: 1 leader_uuid: "2d677cf90a074a2d8468cfcac178b257" committed_config { opid_index: -1 OBSOLETE_local: false peers { permanent_uuid: "64b208a50e24489ba74a79ff31c2d2d2" member_type: VOTER last_known_addr { host: "127.31.150.2" port: 39395 } health_report { overall_health: UNKNOWN } } peers { permanent_uuid: "2d677cf90a074a2d8468cfcac178b257" member_type: VOTER last_known_addr { host: "127.31.150.3" port: 41185 } health_report { overall_health: HEALTHY } } peers { permanent_uuid: "2ceaeb621bcc45dcb28a3e986d4c8b19" member_type: VOTER last_known_addr { host: "127.31.150.1" port: 46009 } health_report { overall_health: UNKNOWN } } }
I20260713 09:11:52.702733   719 tablet_bootstrap.cc:492] T e0ca569d67bc4973a7cbea5bef0ae5df P 2ceaeb621bcc45dcb28a3e986d4c8b19: No bootstrap required, opened a new log
I20260713 09:11:52.703226   719 ts_tablet_manager.cc:1403] T e0ca569d67bc4973a7cbea5bef0ae5df P 2ceaeb621bcc45dcb28a3e986d4c8b19: Time spent bootstrapping tablet: real 0.075s	user 0.024s	sys 0.024s
I20260713 09:11:52.705541   677 tablet_service.cc:1917] Received RequestConsensusVote() RPC: tablet_id: "20b569118c8840b6bf31a2b805a1a6ef" candidate_uuid: "64b208a50e24489ba74a79ff31c2d2d2" candidate_term: 1 candidate_status { last_received { term: 0 index: 0 } } ignore_live_leader: false dest_uuid: "2d677cf90a074a2d8468cfcac178b257"
I20260713 09:11:52.705843   719 raft_consensus.cc:359] T e0ca569d67bc4973a7cbea5bef0ae5df P 2ceaeb621bcc45dcb28a3e986d4c8b19 [term 0 FOLLOWER]: Replica starting. Triggering 0 pending ops. Active config: opid_index: -1 OBSOLETE_local: false peers { permanent_uuid: "2ceaeb621bcc45dcb28a3e986d4c8b19" member_type: VOTER last_known_addr { host: "127.31.150.1" port: 46009 } } peers { permanent_uuid: "64b208a50e24489ba74a79ff31c2d2d2" member_type: VOTER last_known_addr { host: "127.31.150.2" port: 39395 } } peers { permanent_uuid: "2d677cf90a074a2d8468cfcac178b257" member_type: VOTER last_known_addr { host: "127.31.150.3" port: 41185 } }
I20260713 09:11:52.706382   677 raft_consensus.cc:3060] T 20b569118c8840b6bf31a2b805a1a6ef P 2d677cf90a074a2d8468cfcac178b257 [term 0 FOLLOWER]: Advancing to term 1
I20260713 09:11:52.706516   719 raft_consensus.cc:385] T e0ca569d67bc4973a7cbea5bef0ae5df P 2ceaeb621bcc45dcb28a3e986d4c8b19 [term 0 FOLLOWER]: Consensus starting up: Expiring failure detector timer to make a prompt election more likely
I20260713 09:11:52.711023   719 raft_consensus.cc:740] T e0ca569d67bc4973a7cbea5bef0ae5df P 2ceaeb621bcc45dcb28a3e986d4c8b19 [term 0 FOLLOWER]: Becoming Follower/Learner. State: Replica: 2ceaeb621bcc45dcb28a3e986d4c8b19, State: Initialized, Role: FOLLOWER
I20260713 09:11:52.709803   424 catalog_manager.cc:5697] T 01eb29037223411dbf4a7cfbe150d15a P 64b208a50e24489ba74a79ff31c2d2d2 reported cstate change: term changed from 0 to 1, leader changed from <none> to 64b208a50e24489ba74a79ff31c2d2d2 (127.31.150.2). New cstate: current_term: 1 leader_uuid: "64b208a50e24489ba74a79ff31c2d2d2" committed_config { opid_index: -1 OBSOLETE_local: false peers { permanent_uuid: "2ceaeb621bcc45dcb28a3e986d4c8b19" member_type: VOTER last_known_addr { host: "127.31.150.1" port: 46009 } health_report { overall_health: UNKNOWN } } peers { permanent_uuid: "64b208a50e24489ba74a79ff31c2d2d2" member_type: VOTER last_known_addr { host: "127.31.150.2" port: 39395 } health_report { overall_health: HEALTHY } } peers { permanent_uuid: "2d677cf90a074a2d8468cfcac178b257" member_type: VOTER last_known_addr { host: "127.31.150.3" port: 41185 } health_report { overall_health: UNKNOWN } } }
I20260713 09:11:52.712030   719 consensus_queue.cc:260] T e0ca569d67bc4973a7cbea5bef0ae5df P 2ceaeb621bcc45dcb28a3e986d4c8b19 [NON_LEADER]: Queue going to NON_LEADER mode. State: All replicated index: 0, Majority replicated index: 0, Committed index: 0, Last appended: 0.0, Last appended by leader: 0, Current term: 0, Majority size: -1, State: 0, Mode: NON_LEADER, active raft config: opid_index: -1 OBSOLETE_local: false peers { permanent_uuid: "2ceaeb621bcc45dcb28a3e986d4c8b19" member_type: VOTER last_known_addr { host: "127.31.150.1" port: 46009 } } peers { permanent_uuid: "64b208a50e24489ba74a79ff31c2d2d2" member_type: VOTER last_known_addr { host: "127.31.150.2" port: 39395 } } peers { permanent_uuid: "2d677cf90a074a2d8468cfcac178b257" member_type: VOTER last_known_addr { host: "127.31.150.3" port: 41185 } }
I20260713 09:11:52.715230   719 ts_tablet_manager.cc:1434] T e0ca569d67bc4973a7cbea5bef0ae5df P 2ceaeb621bcc45dcb28a3e986d4c8b19: Time spent starting tablet: real 0.012s	user 0.007s	sys 0.001s
I20260713 09:11:52.716487   719 tablet_bootstrap.cc:492] T c0cc251605fe43dbb7c7735c1bb3c5dd P 2ceaeb621bcc45dcb28a3e986d4c8b19: Bootstrap starting.
I20260713 09:11:52.721737   727 raft_consensus.cc:493] T 572d753567f847298296eee0b55a205e P 64b208a50e24489ba74a79ff31c2d2d2 [term 0 FOLLOWER]: Starting pre-election (no leader contacted us within the election timeout)
I20260713 09:11:52.722275   727 raft_consensus.cc:515] T 572d753567f847298296eee0b55a205e P 64b208a50e24489ba74a79ff31c2d2d2 [term 0 FOLLOWER]: Starting pre-election with config: opid_index: -1 OBSOLETE_local: false peers { permanent_uuid: "2ceaeb621bcc45dcb28a3e986d4c8b19" member_type: VOTER last_known_addr { host: "127.31.150.1" port: 46009 } } peers { permanent_uuid: "64b208a50e24489ba74a79ff31c2d2d2" member_type: VOTER last_known_addr { host: "127.31.150.2" port: 39395 } } peers { permanent_uuid: "2d677cf90a074a2d8468cfcac178b257" member_type: VOTER last_known_addr { host: "127.31.150.3" port: 41185 } }
I20260713 09:11:52.724011   677 raft_consensus.cc:2468] T 20b569118c8840b6bf31a2b805a1a6ef P 2d677cf90a074a2d8468cfcac178b257 [term 1 FOLLOWER]: Leader election vote request: Granting yes vote for candidate 64b208a50e24489ba74a79ff31c2d2d2 in term 1.
I20260713 09:11:52.724499   727 leader_election.cc:290] T 572d753567f847298296eee0b55a205e P 64b208a50e24489ba74a79ff31c2d2d2 [CANDIDATE]: Term 1 pre-election: Requested pre-vote from peers 2ceaeb621bcc45dcb28a3e986d4c8b19 (127.31.150.1:46009), 2d677cf90a074a2d8468cfcac178b257 (127.31.150.3:41185)
I20260713 09:11:52.726218   530 tablet_service.cc:1917] Received RequestConsensusVote() RPC: tablet_id: "572d753567f847298296eee0b55a205e" candidate_uuid: "64b208a50e24489ba74a79ff31c2d2d2" candidate_term: 1 candidate_status { last_received { term: 0 index: 0 } } ignore_live_leader: false dest_uuid: "2ceaeb621bcc45dcb28a3e986d4c8b19" is_pre_election: true
I20260713 09:11:52.726440   529 raft_consensus.cc:2468] T 20b569118c8840b6bf31a2b805a1a6ef P 2ceaeb621bcc45dcb28a3e986d4c8b19 [term 1 FOLLOWER]: Leader election vote request: Granting yes vote for candidate 64b208a50e24489ba74a79ff31c2d2d2 in term 1.
I20260713 09:11:52.727200   754 leader_election.cc:290] T 20b569118c8840b6bf31a2b805a1a6ef P 64b208a50e24489ba74a79ff31c2d2d2 [CANDIDATE]: Term 1 election: Requested vote from peers 2ceaeb621bcc45dcb28a3e986d4c8b19 (127.31.150.1:46009), 2d677cf90a074a2d8468cfcac178b257 (127.31.150.3:41185)
I20260713 09:11:52.727515   570 leader_election.cc:304] T 20b569118c8840b6bf31a2b805a1a6ef P 64b208a50e24489ba74a79ff31c2d2d2 [CANDIDATE]: Term 1 election: Election decided. Result: candidate won. Election summary: received 2 responses out of 3 voters: 2 yes votes; 0 no votes. yes voters: 2d677cf90a074a2d8468cfcac178b257, 64b208a50e24489ba74a79ff31c2d2d2; no voters: 
I20260713 09:11:52.730975   754 raft_consensus.cc:2804] T 20b569118c8840b6bf31a2b805a1a6ef P 64b208a50e24489ba74a79ff31c2d2d2 [term 1 FOLLOWER]: Leader election won for term 1
I20260713 09:11:52.731770   754 raft_consensus.cc:697] T 20b569118c8840b6bf31a2b805a1a6ef P 64b208a50e24489ba74a79ff31c2d2d2 [term 1 LEADER]: Becoming Leader. State: Replica: 64b208a50e24489ba74a79ff31c2d2d2, State: Running, Role: LEADER
I20260713 09:11:52.732643   754 consensus_queue.cc:237] T 20b569118c8840b6bf31a2b805a1a6ef P 64b208a50e24489ba74a79ff31c2d2d2 [LEADER]: Queue going to LEADER mode. State: All replicated index: 0, Majority replicated index: 0, Committed index: 0, Last appended: 0.0, Last appended by leader: 0, Current term: 1, Majority size: 2, State: 0, Mode: LEADER, active raft config: opid_index: -1 OBSOLETE_local: false peers { permanent_uuid: "2ceaeb621bcc45dcb28a3e986d4c8b19" member_type: VOTER last_known_addr { host: "127.31.150.1" port: 46009 } } peers { permanent_uuid: "64b208a50e24489ba74a79ff31c2d2d2" member_type: VOTER last_known_addr { host: "127.31.150.2" port: 39395 } } peers { permanent_uuid: "2d677cf90a074a2d8468cfcac178b257" member_type: VOTER last_known_addr { host: "127.31.150.3" port: 41185 } }
