Total full LBM container extra space in bytes: 0 (0 repaired)
Total incomplete LBM containers: 0 (0 repaired)
Total LBM partial records: 0 (0 repaired)
Total corrupted LBM metadata records in RocksDB: 0 (0 repaired)
I20260713 09:11:49.388845 32479 rpc_server.cc:225] running with OpenSSL 1.1.1  11 Sep 2018
I20260713 09:11:49.390060 32479 kserver.cc:163] Server-wide thread pool size limit: 3276
I20260713 09:11:49.391425 32479 txn_system_client.cc:432] TxnSystemClient initialization is disabled...
I20260713 09:11:49.393455 32479 ts_tablet_manager.cc:585] Loaded tablet metadata (0 total tablets, 0 live tablets)
I20260713 09:11:49.393641 32479 ts_tablet_manager.cc:531] Time spent load tablet metadata: real 0.000s	user 0.000s	sys 0.000s
I20260713 09:11:49.393869 32479 ts_tablet_manager.cc:616] Registered 0 tablets
I20260713 09:11:49.394016 32479 ts_tablet_manager.cc:595] Time spent register tablets: real 0.000s	user 0.000s	sys 0.000s
I20260713 09:11:49.430639 32479 rpc_server.cc:307] RPC server started. Bound to: 127.31.183.195:37505
I20260713 09:11:49.430729   808 acceptor_pool.cc:272] collecting diagnostics on the listening RPC socket 127.31.183.195:37505 every 8 connection(s)
I20260713 09:11:49.442982   809 heartbeater.cc:344] Connected to a master server at 127.31.183.254:36205
I20260713 09:11:49.443360   809 heartbeater.cc:461] Registering TS with master...
I20260713 09:11:49.444072   809 heartbeater.cc:507] Master 127.31.183.254:36205 requested a full tablet report, sending...
I20260713 09:11:49.445809   533 ts_manager.cc:194] Registered new tserver with Master: 43742fc1463a45a1aab036df623ab762 (127.31.183.195:37505)
I20260713 09:11:49.446722 32479 internal_mini_cluster.cc:371] 3 TS(s) registered with all masters after 0.013226476s
I20260713 09:11:49.447201   533 master_service.cc:502] Signed X509 certificate for tserver {username='slave'} at 127.0.0.1:35670
I20260713 09:11:49.469736   533 catalog_manager.cc:2283] Servicing CreateTable request from {username='slave'} at 127.0.0.1:35680:
name: "test-workload"
schema {
  columns {
    name: "key"
    type: INT32
    is_key: true
    is_nullable: false
    encoding: AUTO_ENCODING
    compression: DEFAULT_COMPRESSION
    cfile_block_size: 0
    immutable: false
  }
  columns {
    name: "int_val"
    type: INT32
    is_key: false
    is_nullable: false
    encoding: AUTO_ENCODING
    compression: DEFAULT_COMPRESSION
    cfile_block_size: 0
    immutable: false
  }
  columns {
    name: "string_val"
    type: STRING
    is_key: false
    is_nullable: true
    encoding: AUTO_ENCODING
    compression: DEFAULT_COMPRESSION
    cfile_block_size: 0
    immutable: false
  }
}
num_replicas: 3
split_rows_range_bounds {
  rows: "\004\001\000\314\314\314\014\004\001\000\230\231\231\031\004\001\000dff&\004\001\0000333\004\001\000\374\377\377?\004\001\000\310\314\314L\004\001\000\224\231\231Y\004\001\000`fff\004\001\000,33s""\004\001\000\314\314\314\014\004\001\000\230\231\231\031\004\001\000dff&\004\001\0000333\004\001\000\374\377\377?\004\001\000\310\314\314L\004\001\000\224\231\231Y\004\001\000`fff\004\001\000,33s"
  indirect_data: """"
}
partition_schema {
  range_schema {
    columns {
      name: "key"
    }
  }
}
W20260713 09:11:49.472383   533 catalog_manager.cc:7077] The number of live tablet servers is not enough to re-replicate a tablet replica of the newly created table test-workload in case of a server failure: 4 tablet servers would be needed, 3 are available. Consider bringing up more tablet servers.
I20260713 09:11:49.534139   700 tablet_service.cc:1511] Processing CreateTablet for tablet 3894615c181948548263555e90b22aa7 (DEFAULT_TABLE table=test-workload [id=7e42fc6db72e4d5ab453c9492a993bd1]), partition=RANGE (key) PARTITION VALUES < 214748364
I20260713 09:11:49.535593   700 data_dirs.cc:400] Could only allocate 1 dirs of requested 3 for tablet 3894615c181948548263555e90b22aa7. 1 dirs total, 0 dirs full, 0 dirs failed
I20260713 09:11:49.546747   699 tablet_service.cc:1511] Processing CreateTablet for tablet f8952aa9125f4701aabfe3d682b8bab6 (DEFAULT_TABLE table=test-workload [id=7e42fc6db72e4d5ab453c9492a993bd1]), partition=RANGE (key) PARTITION 214748364 <= VALUES < 429496728
I20260713 09:11:49.548278   699 data_dirs.cc:400] Could only allocate 1 dirs of requested 3 for tablet f8952aa9125f4701aabfe3d682b8bab6. 1 dirs total, 0 dirs full, 0 dirs failed
I20260713 09:11:49.550468   698 tablet_service.cc:1511] Processing CreateTablet for tablet 70c9de2aa3f04d35ae8b4d71c83828de (DEFAULT_TABLE table=test-workload [id=7e42fc6db72e4d5ab453c9492a993bd1]), partition=RANGE (key) PARTITION 429496728 <= VALUES < 644245092
I20260713 09:11:49.554487   698 data_dirs.cc:400] Could only allocate 1 dirs of requested 3 for tablet 70c9de2aa3f04d35ae8b4d71c83828de. 1 dirs total, 0 dirs full, 0 dirs failed
I20260713 09:11:49.556164   697 tablet_service.cc:1511] Processing CreateTablet for tablet 307e67fd328441d1b8fe998e98e5d6a0 (DEFAULT_TABLE table=test-workload [id=7e42fc6db72e4d5ab453c9492a993bd1]), partition=RANGE (key) PARTITION 644245092 <= VALUES < 858993456
I20260713 09:11:49.557392   697 data_dirs.cc:400] Could only allocate 1 dirs of requested 3 for tablet 307e67fd328441d1b8fe998e98e5d6a0. 1 dirs total, 0 dirs full, 0 dirs failed
I20260713 09:11:49.584444   625 tablet_service.cc:1511] Processing CreateTablet for tablet 3894615c181948548263555e90b22aa7 (DEFAULT_TABLE table=test-workload [id=7e42fc6db72e4d5ab453c9492a993bd1]), partition=RANGE (key) PARTITION VALUES < 214748364
I20260713 09:11:49.585798   625 data_dirs.cc:400] Could only allocate 1 dirs of requested 3 for tablet 3894615c181948548263555e90b22aa7. 1 dirs total, 0 dirs full, 0 dirs failed
I20260713 09:11:49.587613   774 tablet_service.cc:1511] Processing CreateTablet for tablet 3894615c181948548263555e90b22aa7 (DEFAULT_TABLE table=test-workload [id=7e42fc6db72e4d5ab453c9492a993bd1]), partition=RANGE (key) PARTITION VALUES < 214748364
I20260713 09:11:49.588383   773 tablet_service.cc:1511] Processing CreateTablet for tablet f8952aa9125f4701aabfe3d682b8bab6 (DEFAULT_TABLE table=test-workload [id=7e42fc6db72e4d5ab453c9492a993bd1]), partition=RANGE (key) PARTITION 214748364 <= VALUES < 429496728
I20260713 09:11:49.588920   774 data_dirs.cc:400] Could only allocate 1 dirs of requested 3 for tablet 3894615c181948548263555e90b22aa7. 1 dirs total, 0 dirs full, 0 dirs failed
I20260713 09:11:49.589601   773 data_dirs.cc:400] Could only allocate 1 dirs of requested 3 for tablet f8952aa9125f4701aabfe3d682b8bab6. 1 dirs total, 0 dirs full, 0 dirs failed
I20260713 09:11:49.590890   772 tablet_service.cc:1511] Processing CreateTablet for tablet 70c9de2aa3f04d35ae8b4d71c83828de (DEFAULT_TABLE table=test-workload [id=7e42fc6db72e4d5ab453c9492a993bd1]), partition=RANGE (key) PARTITION 429496728 <= VALUES < 644245092
I20260713 09:11:49.592978   771 tablet_service.cc:1511] Processing CreateTablet for tablet 307e67fd328441d1b8fe998e98e5d6a0 (DEFAULT_TABLE table=test-workload [id=7e42fc6db72e4d5ab453c9492a993bd1]), partition=RANGE (key) PARTITION 644245092 <= VALUES < 858993456
I20260713 09:11:49.594650   772 data_dirs.cc:400] Could only allocate 1 dirs of requested 3 for tablet 70c9de2aa3f04d35ae8b4d71c83828de. 1 dirs total, 0 dirs full, 0 dirs failed
I20260713 09:11:49.596757   770 tablet_service.cc:1511] Processing CreateTablet for tablet c2f7cec34c48425283e0ff4a8539ed81 (DEFAULT_TABLE table=test-workload [id=7e42fc6db72e4d5ab453c9492a993bd1]), partition=RANGE (key) PARTITION 858993456 <= VALUES < 1073741820
I20260713 09:11:49.597965   770 data_dirs.cc:400] Could only allocate 1 dirs of requested 3 for tablet c2f7cec34c48425283e0ff4a8539ed81. 1 dirs total, 0 dirs full, 0 dirs failed
I20260713 09:11:49.600265   771 data_dirs.cc:400] Could only allocate 1 dirs of requested 3 for tablet 307e67fd328441d1b8fe998e98e5d6a0. 1 dirs total, 0 dirs full, 0 dirs failed
I20260713 09:11:49.603281   697 tablet_service.cc:1511] Processing CreateTablet for tablet 0c7054eb735f4daf8f84818e4fabcf2e (DEFAULT_TABLE table=test-workload [id=7e42fc6db72e4d5ab453c9492a993bd1]), partition=RANGE (key) PARTITION 1073741820 <= VALUES < 1288490184
I20260713 09:11:49.604194   769 tablet_service.cc:1511] Processing CreateTablet for tablet 0c7054eb735f4daf8f84818e4fabcf2e (DEFAULT_TABLE table=test-workload [id=7e42fc6db72e4d5ab453c9492a993bd1]), partition=RANGE (key) PARTITION 1073741820 <= VALUES < 1288490184
I20260713 09:11:49.604765   697 data_dirs.cc:400] Could only allocate 1 dirs of requested 3 for tablet 0c7054eb735f4daf8f84818e4fabcf2e. 1 dirs total, 0 dirs full, 0 dirs failed
I20260713 09:11:49.605405   769 data_dirs.cc:400] Could only allocate 1 dirs of requested 3 for tablet 0c7054eb735f4daf8f84818e4fabcf2e. 1 dirs total, 0 dirs full, 0 dirs failed
I20260713 09:11:49.610917   699 tablet_service.cc:1511] Processing CreateTablet for tablet 9d3c5334c3bb42f4873f37d2d1aaba22 (DEFAULT_TABLE table=test-workload [id=7e42fc6db72e4d5ab453c9492a993bd1]), partition=RANGE (key) PARTITION 1288490184 <= VALUES < 1503238548
I20260713 09:11:49.612389   699 data_dirs.cc:400] Could only allocate 1 dirs of requested 3 for tablet 9d3c5334c3bb42f4873f37d2d1aaba22. 1 dirs total, 0 dirs full, 0 dirs failed
I20260713 09:11:49.612996   768 tablet_service.cc:1511] Processing CreateTablet for tablet 9d3c5334c3bb42f4873f37d2d1aaba22 (DEFAULT_TABLE table=test-workload [id=7e42fc6db72e4d5ab453c9492a993bd1]), partition=RANGE (key) PARTITION 1288490184 <= VALUES < 1503238548
I20260713 09:11:49.614390   768 data_dirs.cc:400] Could only allocate 1 dirs of requested 3 for tablet 9d3c5334c3bb42f4873f37d2d1aaba22. 1 dirs total, 0 dirs full, 0 dirs failed
I20260713 09:11:49.617627   624 tablet_service.cc:1511] Processing CreateTablet for tablet f8952aa9125f4701aabfe3d682b8bab6 (DEFAULT_TABLE table=test-workload [id=7e42fc6db72e4d5ab453c9492a993bd1]), partition=RANGE (key) PARTITION 214748364 <= VALUES < 429496728
I20260713 09:11:49.618964   624 data_dirs.cc:400] Could only allocate 1 dirs of requested 3 for tablet f8952aa9125f4701aabfe3d682b8bab6. 1 dirs total, 0 dirs full, 0 dirs failed
I20260713 09:11:49.622536   622 tablet_service.cc:1511] Processing CreateTablet for tablet 307e67fd328441d1b8fe998e98e5d6a0 (DEFAULT_TABLE table=test-workload [id=7e42fc6db72e4d5ab453c9492a993bd1]), partition=RANGE (key) PARTITION 644245092 <= VALUES < 858993456
I20260713 09:11:49.623745   622 data_dirs.cc:400] Could only allocate 1 dirs of requested 3 for tablet 307e67fd328441d1b8fe998e98e5d6a0. 1 dirs total, 0 dirs full, 0 dirs failed
I20260713 09:11:49.629693   620 tablet_service.cc:1511] Processing CreateTablet for tablet 0c7054eb735f4daf8f84818e4fabcf2e (DEFAULT_TABLE table=test-workload [id=7e42fc6db72e4d5ab453c9492a993bd1]), partition=RANGE (key) PARTITION 1073741820 <= VALUES < 1288490184
I20260713 09:11:49.631016   620 data_dirs.cc:400] Could only allocate 1 dirs of requested 3 for tablet 0c7054eb735f4daf8f84818e4fabcf2e. 1 dirs total, 0 dirs full, 0 dirs failed
I20260713 09:11:49.633718   623 tablet_service.cc:1511] Processing CreateTablet for tablet 70c9de2aa3f04d35ae8b4d71c83828de (DEFAULT_TABLE table=test-workload [id=7e42fc6db72e4d5ab453c9492a993bd1]), partition=RANGE (key) PARTITION 429496728 <= VALUES < 644245092
I20260713 09:11:49.634581   621 tablet_service.cc:1511] Processing CreateTablet for tablet c2f7cec34c48425283e0ff4a8539ed81 (DEFAULT_TABLE table=test-workload [id=7e42fc6db72e4d5ab453c9492a993bd1]), partition=RANGE (key) PARTITION 858993456 <= VALUES < 1073741820
I20260713 09:11:49.635782   621 data_dirs.cc:400] Could only allocate 1 dirs of requested 3 for tablet c2f7cec34c48425283e0ff4a8539ed81. 1 dirs total, 0 dirs full, 0 dirs failed
I20260713 09:11:49.620615   619 tablet_service.cc:1511] Processing CreateTablet for tablet 9d3c5334c3bb42f4873f37d2d1aaba22 (DEFAULT_TABLE table=test-workload [id=7e42fc6db72e4d5ab453c9492a993bd1]), partition=RANGE (key) PARTITION 1288490184 <= VALUES < 1503238548
I20260713 09:11:49.647243   623 data_dirs.cc:400] Could only allocate 1 dirs of requested 3 for tablet 70c9de2aa3f04d35ae8b4d71c83828de. 1 dirs total, 0 dirs full, 0 dirs failed
I20260713 09:11:49.648209   619 data_dirs.cc:400] Could only allocate 1 dirs of requested 3 for tablet 9d3c5334c3bb42f4873f37d2d1aaba22. 1 dirs total, 0 dirs full, 0 dirs failed
I20260713 09:11:49.662565   825 tablet_bootstrap.cc:492] T f8952aa9125f4701aabfe3d682b8bab6 P 43742fc1463a45a1aab036df623ab762: Bootstrap starting.
I20260713 09:11:49.668458   824 tablet_bootstrap.cc:492] T 3894615c181948548263555e90b22aa7 P 2ce30b33ec68436e8eeb531ae43ae60f: Bootstrap starting.
I20260713 09:11:49.679826   826 tablet_bootstrap.cc:492] T 3894615c181948548263555e90b22aa7 P 1154e579f85e43b4819794723bcc4984: Bootstrap starting.
I20260713 09:11:49.681959   698 tablet_service.cc:1511] Processing CreateTablet for tablet c2f7cec34c48425283e0ff4a8539ed81 (DEFAULT_TABLE table=test-workload [id=7e42fc6db72e4d5ab453c9492a993bd1]), partition=RANGE (key) PARTITION 858993456 <= VALUES < 1073741820
I20260713 09:11:49.683372   698 data_dirs.cc:400] Could only allocate 1 dirs of requested 3 for tablet c2f7cec34c48425283e0ff4a8539ed81. 1 dirs total, 0 dirs full, 0 dirs failed
I20260713 09:11:49.706095   825 tablet_bootstrap.cc:654] T f8952aa9125f4701aabfe3d682b8bab6 P 43742fc1463a45a1aab036df623ab762: Neither blocks nor log segments found. Creating new log.
I20260713 09:11:49.718832   623 tablet_service.cc:1511] Processing CreateTablet for tablet 522f42998f08420e8d7bc16aed004b10 (DEFAULT_TABLE table=test-workload [id=7e42fc6db72e4d5ab453c9492a993bd1]), partition=RANGE (key) PARTITION 1503238548 <= VALUES < 1717986912
I20260713 09:11:49.720096   623 data_dirs.cc:400] Could only allocate 1 dirs of requested 3 for tablet 522f42998f08420e8d7bc16aed004b10. 1 dirs total, 0 dirs full, 0 dirs failed
I20260713 09:11:49.721398   825 tablet_bootstrap.cc:492] T f8952aa9125f4701aabfe3d682b8bab6 P 43742fc1463a45a1aab036df623ab762: No bootstrap required, opened a new log
I20260713 09:11:49.721851   825 ts_tablet_manager.cc:1403] T f8952aa9125f4701aabfe3d682b8bab6 P 43742fc1463a45a1aab036df623ab762: Time spent bootstrapping tablet: real 0.060s	user 0.013s	sys 0.014s
I20260713 09:11:49.723315   824 tablet_bootstrap.cc:654] T 3894615c181948548263555e90b22aa7 P 2ce30b33ec68436e8eeb531ae43ae60f: Neither blocks nor log segments found. Creating new log.
I20260713 09:11:49.724850   825 raft_consensus.cc:359] T f8952aa9125f4701aabfe3d682b8bab6 P 43742fc1463a45a1aab036df623ab762 [term 0 FOLLOWER]: Replica starting. Triggering 0 pending ops. Active config: opid_index: -1 OBSOLETE_local: false peers { permanent_uuid: "1154e579f85e43b4819794723bcc4984" member_type: VOTER last_known_addr { host: "127.31.183.193" port: 35641 } } peers { permanent_uuid: "2ce30b33ec68436e8eeb531ae43ae60f" member_type: VOTER last_known_addr { host: "127.31.183.194" port: 44025 } } peers { permanent_uuid: "43742fc1463a45a1aab036df623ab762" member_type: VOTER last_known_addr { host: "127.31.183.195" port: 37505 } }
I20260713 09:11:49.725558   825 raft_consensus.cc:385] T f8952aa9125f4701aabfe3d682b8bab6 P 43742fc1463a45a1aab036df623ab762 [term 0 FOLLOWER]: Consensus starting up: Expiring failure detector timer to make a prompt election more likely
I20260713 09:11:49.725870   825 raft_consensus.cc:740] T f8952aa9125f4701aabfe3d682b8bab6 P 43742fc1463a45a1aab036df623ab762 [term 0 FOLLOWER]: Becoming Follower/Learner. State: Replica: 43742fc1463a45a1aab036df623ab762, State: Initialized, Role: FOLLOWER
I20260713 09:11:49.725966   700 tablet_service.cc:1511] Processing CreateTablet for tablet 522f42998f08420e8d7bc16aed004b10 (DEFAULT_TABLE table=test-workload [id=7e42fc6db72e4d5ab453c9492a993bd1]), partition=RANGE (key) PARTITION 1503238548 <= VALUES < 1717986912
I20260713 09:11:49.729534   700 data_dirs.cc:400] Could only allocate 1 dirs of requested 3 for tablet 522f42998f08420e8d7bc16aed004b10. 1 dirs total, 0 dirs full, 0 dirs failed
I20260713 09:11:49.731572   619 tablet_service.cc:1511] Processing CreateTablet for tablet 6adf25b5849d4cb38f9be7fcfcaa0f55 (DEFAULT_TABLE table=test-workload [id=7e42fc6db72e4d5ab453c9492a993bd1]), partition=RANGE (key) PARTITION 1717986912 <= VALUES < 1932735276
I20260713 09:11:49.732170   825 consensus_queue.cc:260] T f8952aa9125f4701aabfe3d682b8bab6 P 43742fc1463a45a1aab036df623ab762 [NON_LEADER]: Queue going to NON_LEADER mode. State: All replicated index: 0, Majority replicated index: 0, Committed index: 0, Last appended: 0.0, Last appended by leader: 0, Current term: 0, Majority size: -1, State: 0, Mode: NON_LEADER, active raft config: opid_index: -1 OBSOLETE_local: false peers { permanent_uuid: "1154e579f85e43b4819794723bcc4984" member_type: VOTER last_known_addr { host: "127.31.183.193" port: 35641 } } peers { permanent_uuid: "2ce30b33ec68436e8eeb531ae43ae60f" member_type: VOTER last_known_addr { host: "127.31.183.194" port: 44025 } } peers { permanent_uuid: "43742fc1463a45a1aab036df623ab762" member_type: VOTER last_known_addr { host: "127.31.183.195" port: 37505 } }
I20260713 09:11:49.732758   619 data_dirs.cc:400] Could only allocate 1 dirs of requested 3 for tablet 6adf25b5849d4cb38f9be7fcfcaa0f55. 1 dirs total, 0 dirs full, 0 dirs failed
I20260713 09:11:49.735819   809 heartbeater.cc:499] Master 127.31.183.254:36205 was elected leader, sending a full tablet report...
I20260713 09:11:49.736413   825 ts_tablet_manager.cc:1434] T f8952aa9125f4701aabfe3d682b8bab6 P 43742fc1463a45a1aab036df623ab762: Time spent starting tablet: real 0.014s	user 0.007s	sys 0.003s
I20260713 09:11:49.728214   768 tablet_service.cc:1511] Processing CreateTablet for tablet 522f42998f08420e8d7bc16aed004b10 (DEFAULT_TABLE table=test-workload [id=7e42fc6db72e4d5ab453c9492a993bd1]), partition=RANGE (key) PARTITION 1503238548 <= VALUES < 1717986912
I20260713 09:11:49.737461   768 data_dirs.cc:400] Could only allocate 1 dirs of requested 3 for tablet 522f42998f08420e8d7bc16aed004b10. 1 dirs total, 0 dirs full, 0 dirs failed
I20260713 09:11:49.738154   825 tablet_bootstrap.cc:492] T 3894615c181948548263555e90b22aa7 P 43742fc1463a45a1aab036df623ab762: Bootstrap starting.
I20260713 09:11:49.740940   824 tablet_bootstrap.cc:492] T 3894615c181948548263555e90b22aa7 P 2ce30b33ec68436e8eeb531ae43ae60f: No bootstrap required, opened a new log
I20260713 09:11:49.744076   825 tablet_bootstrap.cc:654] T 3894615c181948548263555e90b22aa7 P 43742fc1463a45a1aab036df623ab762: Neither blocks nor log segments found. Creating new log.
I20260713 09:11:49.744192   824 ts_tablet_manager.cc:1403] T 3894615c181948548263555e90b22aa7 P 2ce30b33ec68436e8eeb531ae43ae60f: Time spent bootstrapping tablet: real 0.076s	user 0.003s	sys 0.012s
I20260713 09:11:49.754402   824 raft_consensus.cc:359] T 3894615c181948548263555e90b22aa7 P 2ce30b33ec68436e8eeb531ae43ae60f [term 0 FOLLOWER]: Replica starting. Triggering 0 pending ops. Active config: opid_index: -1 OBSOLETE_local: false peers { permanent_uuid: "2ce30b33ec68436e8eeb531ae43ae60f" member_type: VOTER last_known_addr { host: "127.31.183.194" port: 44025 } } peers { permanent_uuid: "1154e579f85e43b4819794723bcc4984" member_type: VOTER last_known_addr { host: "127.31.183.193" port: 35641 } } peers { permanent_uuid: "43742fc1463a45a1aab036df623ab762" member_type: VOTER last_known_addr { host: "127.31.183.195" port: 37505 } }
I20260713 09:11:49.756224   824 raft_consensus.cc:385] T 3894615c181948548263555e90b22aa7 P 2ce30b33ec68436e8eeb531ae43ae60f [term 0 FOLLOWER]: Consensus starting up: Expiring failure detector timer to make a prompt election more likely
I20260713 09:11:49.756541   824 raft_consensus.cc:740] T 3894615c181948548263555e90b22aa7 P 2ce30b33ec68436e8eeb531ae43ae60f [term 0 FOLLOWER]: Becoming Follower/Learner. State: Replica: 2ce30b33ec68436e8eeb531ae43ae60f, State: Initialized, Role: FOLLOWER
I20260713 09:11:49.755492   825 tablet_bootstrap.cc:492] T 3894615c181948548263555e90b22aa7 P 43742fc1463a45a1aab036df623ab762: No bootstrap required, opened a new log
I20260713 09:11:49.757402   825 ts_tablet_manager.cc:1403] T 3894615c181948548263555e90b22aa7 P 43742fc1463a45a1aab036df623ab762: Time spent bootstrapping tablet: real 0.020s	user 0.009s	sys 0.007s
I20260713 09:11:49.759402   697 tablet_service.cc:1511] Processing CreateTablet for tablet 6adf25b5849d4cb38f9be7fcfcaa0f55 (DEFAULT_TABLE table=test-workload [id=7e42fc6db72e4d5ab453c9492a993bd1]), partition=RANGE (key) PARTITION 1717986912 <= VALUES < 1932735276
I20260713 09:11:49.746647   826 tablet_bootstrap.cc:654] T 3894615c181948548263555e90b22aa7 P 1154e579f85e43b4819794723bcc4984: Neither blocks nor log segments found. Creating new log.
I20260713 09:11:49.760623   697 data_dirs.cc:400] Could only allocate 1 dirs of requested 3 for tablet 6adf25b5849d4cb38f9be7fcfcaa0f55. 1 dirs total, 0 dirs full, 0 dirs failed
I20260713 09:11:49.760609   772 tablet_service.cc:1511] Processing CreateTablet for tablet 6adf25b5849d4cb38f9be7fcfcaa0f55 (DEFAULT_TABLE table=test-workload [id=7e42fc6db72e4d5ab453c9492a993bd1]), partition=RANGE (key) PARTITION 1717986912 <= VALUES < 1932735276
I20260713 09:11:49.761824   772 data_dirs.cc:400] Could only allocate 1 dirs of requested 3 for tablet 6adf25b5849d4cb38f9be7fcfcaa0f55. 1 dirs total, 0 dirs full, 0 dirs failed
I20260713 09:11:49.760010   825 raft_consensus.cc:359] T 3894615c181948548263555e90b22aa7 P 43742fc1463a45a1aab036df623ab762 [term 0 FOLLOWER]: Replica starting. Triggering 0 pending ops. Active config: opid_index: -1 OBSOLETE_local: false peers { permanent_uuid: "2ce30b33ec68436e8eeb531ae43ae60f" member_type: VOTER last_known_addr { host: "127.31.183.194" port: 44025 } } peers { permanent_uuid: "1154e579f85e43b4819794723bcc4984" member_type: VOTER last_known_addr { host: "127.31.183.193" port: 35641 } } peers { permanent_uuid: "43742fc1463a45a1aab036df623ab762" member_type: VOTER last_known_addr { host: "127.31.183.195" port: 37505 } }
I20260713 09:11:49.763208   825 raft_consensus.cc:385] T 3894615c181948548263555e90b22aa7 P 43742fc1463a45a1aab036df623ab762 [term 0 FOLLOWER]: Consensus starting up: Expiring failure detector timer to make a prompt election more likely
I20260713 09:11:49.763497   825 raft_consensus.cc:740] T 3894615c181948548263555e90b22aa7 P 43742fc1463a45a1aab036df623ab762 [term 0 FOLLOWER]: Becoming Follower/Learner. State: Replica: 43742fc1463a45a1aab036df623ab762, State: Initialized, Role: FOLLOWER
I20260713 09:11:49.764215   825 consensus_queue.cc:260] T 3894615c181948548263555e90b22aa7 P 43742fc1463a45a1aab036df623ab762 [NON_LEADER]: Queue going to NON_LEADER mode. State: All replicated index: 0, Majority replicated index: 0, Committed index: 0, Last appended: 0.0, Last appended by leader: 0, Current term: 0, Majority size: -1, State: 0, Mode: NON_LEADER, active raft config: opid_index: -1 OBSOLETE_local: false peers { permanent_uuid: "2ce30b33ec68436e8eeb531ae43ae60f" member_type: VOTER last_known_addr { host: "127.31.183.194" port: 44025 } } peers { permanent_uuid: "1154e579f85e43b4819794723bcc4984" member_type: VOTER last_known_addr { host: "127.31.183.193" port: 35641 } } peers { permanent_uuid: "43742fc1463a45a1aab036df623ab762" member_type: VOTER last_known_addr { host: "127.31.183.195" port: 37505 } }
I20260713 09:11:49.766183   825 ts_tablet_manager.cc:1434] T 3894615c181948548263555e90b22aa7 P 43742fc1463a45a1aab036df623ab762: Time spent starting tablet: real 0.008s	user 0.004s	sys 0.000s
I20260713 09:11:49.767061   825 tablet_bootstrap.cc:492] T c2f7cec34c48425283e0ff4a8539ed81 P 43742fc1463a45a1aab036df623ab762: Bootstrap starting.
I20260713 09:11:49.768124   824 consensus_queue.cc:260] T 3894615c181948548263555e90b22aa7 P 2ce30b33ec68436e8eeb531ae43ae60f [NON_LEADER]: Queue going to NON_LEADER mode. State: All replicated index: 0, Majority replicated index: 0, Committed index: 0, Last appended: 0.0, Last appended by leader: 0, Current term: 0, Majority size: -1, State: 0, Mode: NON_LEADER, active raft config: opid_index: -1 OBSOLETE_local: false peers { permanent_uuid: "2ce30b33ec68436e8eeb531ae43ae60f" member_type: VOTER last_known_addr { host: "127.31.183.194" port: 44025 } } peers { permanent_uuid: "1154e579f85e43b4819794723bcc4984" member_type: VOTER last_known_addr { host: "127.31.183.193" port: 35641 } } peers { permanent_uuid: "43742fc1463a45a1aab036df623ab762" member_type: VOTER last_known_addr { host: "127.31.183.195" port: 37505 } }
I20260713 09:11:49.770303   826 tablet_bootstrap.cc:492] T 3894615c181948548263555e90b22aa7 P 1154e579f85e43b4819794723bcc4984: No bootstrap required, opened a new log
I20260713 09:11:49.770777   826 ts_tablet_manager.cc:1403] T 3894615c181948548263555e90b22aa7 P 1154e579f85e43b4819794723bcc4984: Time spent bootstrapping tablet: real 0.091s	user 0.008s	sys 0.003s
I20260713 09:11:49.773669   826 raft_consensus.cc:359] T 3894615c181948548263555e90b22aa7 P 1154e579f85e43b4819794723bcc4984 [term 0 FOLLOWER]: Replica starting. Triggering 0 pending ops. Active config: opid_index: -1 OBSOLETE_local: false peers { permanent_uuid: "2ce30b33ec68436e8eeb531ae43ae60f" member_type: VOTER last_known_addr { host: "127.31.183.194" port: 44025 } } peers { permanent_uuid: "1154e579f85e43b4819794723bcc4984" member_type: VOTER last_known_addr { host: "127.31.183.193" port: 35641 } } peers { permanent_uuid: "43742fc1463a45a1aab036df623ab762" member_type: VOTER last_known_addr { host: "127.31.183.195" port: 37505 } }
I20260713 09:11:49.774371   826 raft_consensus.cc:385] T 3894615c181948548263555e90b22aa7 P 1154e579f85e43b4819794723bcc4984 [term 0 FOLLOWER]: Consensus starting up: Expiring failure detector timer to make a prompt election more likely
I20260713 09:11:49.774595   825 tablet_bootstrap.cc:654] T c2f7cec34c48425283e0ff4a8539ed81 P 43742fc1463a45a1aab036df623ab762: Neither blocks nor log segments found. Creating new log.
I20260713 09:11:49.774712   826 raft_consensus.cc:740] T 3894615c181948548263555e90b22aa7 P 1154e579f85e43b4819794723bcc4984 [term 0 FOLLOWER]: Becoming Follower/Learner. State: Replica: 1154e579f85e43b4819794723bcc4984, State: Initialized, Role: FOLLOWER
I20260713 09:11:49.775633   826 consensus_queue.cc:260] T 3894615c181948548263555e90b22aa7 P 1154e579f85e43b4819794723bcc4984 [NON_LEADER]: Queue going to NON_LEADER mode. State: All replicated index: 0, Majority replicated index: 0, Committed index: 0, Last appended: 0.0, Last appended by leader: 0, Current term: 0, Majority size: -1, State: 0, Mode: NON_LEADER, active raft config: opid_index: -1 OBSOLETE_local: false peers { permanent_uuid: "2ce30b33ec68436e8eeb531ae43ae60f" member_type: VOTER last_known_addr { host: "127.31.183.194" port: 44025 } } peers { permanent_uuid: "1154e579f85e43b4819794723bcc4984" member_type: VOTER last_known_addr { host: "127.31.183.193" port: 35641 } } peers { permanent_uuid: "43742fc1463a45a1aab036df623ab762" member_type: VOTER last_known_addr { host: "127.31.183.195" port: 37505 } }
I20260713 09:11:49.783082   825 tablet_bootstrap.cc:492] T c2f7cec34c48425283e0ff4a8539ed81 P 43742fc1463a45a1aab036df623ab762: No bootstrap required, opened a new log
I20260713 09:11:49.783659   825 ts_tablet_manager.cc:1403] T c2f7cec34c48425283e0ff4a8539ed81 P 43742fc1463a45a1aab036df623ab762: Time spent bootstrapping tablet: real 0.017s	user 0.011s	sys 0.003s
I20260713 09:11:49.787081   622 tablet_service.cc:1511] Processing CreateTablet for tablet c5d9c57330454ab6ac947e11a42c68e9 (DEFAULT_TABLE table=test-workload [id=7e42fc6db72e4d5ab453c9492a993bd1]), partition=RANGE (key) PARTITION 1932735276 <= VALUES
I20260713 09:11:49.788420   622 data_dirs.cc:400] Could only allocate 1 dirs of requested 3 for tablet c5d9c57330454ab6ac947e11a42c68e9. 1 dirs total, 0 dirs full, 0 dirs failed
I20260713 09:11:49.789187   700 tablet_service.cc:1511] Processing CreateTablet for tablet c5d9c57330454ab6ac947e11a42c68e9 (DEFAULT_TABLE table=test-workload [id=7e42fc6db72e4d5ab453c9492a993bd1]), partition=RANGE (key) PARTITION 1932735276 <= VALUES
I20260713 09:11:49.790287   700 data_dirs.cc:400] Could only allocate 1 dirs of requested 3 for tablet c5d9c57330454ab6ac947e11a42c68e9. 1 dirs total, 0 dirs full, 0 dirs failed
I20260713 09:11:49.790383   769 tablet_service.cc:1511] Processing CreateTablet for tablet c5d9c57330454ab6ac947e11a42c68e9 (DEFAULT_TABLE table=test-workload [id=7e42fc6db72e4d5ab453c9492a993bd1]), partition=RANGE (key) PARTITION 1932735276 <= VALUES
I20260713 09:11:49.791455   769 data_dirs.cc:400] Could only allocate 1 dirs of requested 3 for tablet c5d9c57330454ab6ac947e11a42c68e9. 1 dirs total, 0 dirs full, 0 dirs failed
I20260713 09:11:49.797889   824 ts_tablet_manager.cc:1434] T 3894615c181948548263555e90b22aa7 P 2ce30b33ec68436e8eeb531ae43ae60f: Time spent starting tablet: real 0.046s	user 0.001s	sys 0.005s
I20260713 09:11:49.798789   825 raft_consensus.cc:359] T c2f7cec34c48425283e0ff4a8539ed81 P 43742fc1463a45a1aab036df623ab762 [term 0 FOLLOWER]: Replica starting. Triggering 0 pending ops. Active config: opid_index: -1 OBSOLETE_local: false peers { permanent_uuid: "1154e579f85e43b4819794723bcc4984" member_type: VOTER last_known_addr { host: "127.31.183.193" port: 35641 } } peers { permanent_uuid: "2ce30b33ec68436e8eeb531ae43ae60f" member_type: VOTER last_known_addr { host: "127.31.183.194" port: 44025 } } peers { permanent_uuid: "43742fc1463a45a1aab036df623ab762" member_type: VOTER last_known_addr { host: "127.31.183.195" port: 37505 } }
I20260713 09:11:49.800338   825 raft_consensus.cc:385] T c2f7cec34c48425283e0ff4a8539ed81 P 43742fc1463a45a1aab036df623ab762 [term 0 FOLLOWER]: Consensus starting up: Expiring failure detector timer to make a prompt election more likely
I20260713 09:11:49.800688   825 raft_consensus.cc:740] T c2f7cec34c48425283e0ff4a8539ed81 P 43742fc1463a45a1aab036df623ab762 [term 0 FOLLOWER]: Becoming Follower/Learner. State: Replica: 43742fc1463a45a1aab036df623ab762, State: Initialized, Role: FOLLOWER
I20260713 09:11:49.800983   826 ts_tablet_manager.cc:1434] T 3894615c181948548263555e90b22aa7 P 1154e579f85e43b4819794723bcc4984: Time spent starting tablet: real 0.030s	user 0.016s	sys 0.012s
I20260713 09:11:49.804435   660 heartbeater.cc:499] Master 127.31.183.254:36205 was elected leader, sending a full tablet report...
I20260713 09:11:49.804842   826 tablet_bootstrap.cc:492] T 0c7054eb735f4daf8f84818e4fabcf2e P 1154e579f85e43b4819794723bcc4984: Bootstrap starting.
I20260713 09:11:49.805634   735 heartbeater.cc:499] Master 127.31.183.254:36205 was elected leader, sending a full tablet report...
I20260713 09:11:49.805943   824 tablet_bootstrap.cc:492] T f8952aa9125f4701aabfe3d682b8bab6 P 2ce30b33ec68436e8eeb531ae43ae60f: Bootstrap starting.
I20260713 09:11:49.810940   826 tablet_bootstrap.cc:654] T 0c7054eb735f4daf8f84818e4fabcf2e P 1154e579f85e43b4819794723bcc4984: Neither blocks nor log segments found. Creating new log.
I20260713 09:11:49.814558   825 consensus_queue.cc:260] T c2f7cec34c48425283e0ff4a8539ed81 P 43742fc1463a45a1aab036df623ab762 [NON_LEADER]: Queue going to NON_LEADER mode. State: All replicated index: 0, Majority replicated index: 0, Committed index: 0, Last appended: 0.0, Last appended by leader: 0, Current term: 0, Majority size: -1, State: 0, Mode: NON_LEADER, active raft config: opid_index: -1 OBSOLETE_local: false peers { permanent_uuid: "1154e579f85e43b4819794723bcc4984" member_type: VOTER last_known_addr { host: "127.31.183.193" port: 35641 } } peers { permanent_uuid: "2ce30b33ec68436e8eeb531ae43ae60f" member_type: VOTER last_known_addr { host: "127.31.183.194" port: 44025 } } peers { permanent_uuid: "43742fc1463a45a1aab036df623ab762" member_type: VOTER last_known_addr { host: "127.31.183.195" port: 37505 } }
I20260713 09:11:49.816252   826 tablet_bootstrap.cc:492] T 0c7054eb735f4daf8f84818e4fabcf2e P 1154e579f85e43b4819794723bcc4984: No bootstrap required, opened a new log
I20260713 09:11:49.816707   826 ts_tablet_manager.cc:1403] T 0c7054eb735f4daf8f84818e4fabcf2e P 1154e579f85e43b4819794723bcc4984: Time spent bootstrapping tablet: real 0.012s	user 0.009s	sys 0.002s
I20260713 09:11:49.818977   825 ts_tablet_manager.cc:1434] T c2f7cec34c48425283e0ff4a8539ed81 P 43742fc1463a45a1aab036df623ab762: Time spent starting tablet: real 0.035s	user 0.003s	sys 0.002s
I20260713 09:11:49.819439   826 raft_consensus.cc:359] T 0c7054eb735f4daf8f84818e4fabcf2e P 1154e579f85e43b4819794723bcc4984 [term 0 FOLLOWER]: Replica starting. Triggering 0 pending ops. Active config: opid_index: -1 OBSOLETE_local: false peers { permanent_uuid: "1154e579f85e43b4819794723bcc4984" member_type: VOTER last_known_addr { host: "127.31.183.193" port: 35641 } } peers { permanent_uuid: "2ce30b33ec68436e8eeb531ae43ae60f" member_type: VOTER last_known_addr { host: "127.31.183.194" port: 44025 } } peers { permanent_uuid: "43742fc1463a45a1aab036df623ab762" member_type: VOTER last_known_addr { host: "127.31.183.195" port: 37505 } }
I20260713 09:11:49.822064   825 tablet_bootstrap.cc:492] T 9d3c5334c3bb42f4873f37d2d1aaba22 P 43742fc1463a45a1aab036df623ab762: Bootstrap starting.
I20260713 09:11:49.822178   826 raft_consensus.cc:385] T 0c7054eb735f4daf8f84818e4fabcf2e P 1154e579f85e43b4819794723bcc4984 [term 0 FOLLOWER]: Consensus starting up: Expiring failure detector timer to make a prompt election more likely
I20260713 09:11:49.822569   826 raft_consensus.cc:740] T 0c7054eb735f4daf8f84818e4fabcf2e P 1154e579f85e43b4819794723bcc4984 [term 0 FOLLOWER]: Becoming Follower/Learner. State: Replica: 1154e579f85e43b4819794723bcc4984, State: Initialized, Role: FOLLOWER
I20260713 09:11:49.824183   826 consensus_queue.cc:260] T 0c7054eb735f4daf8f84818e4fabcf2e P 1154e579f85e43b4819794723bcc4984 [NON_LEADER]: Queue going to NON_LEADER mode. State: All replicated index: 0, Majority replicated index: 0, Committed index: 0, Last appended: 0.0, Last appended by leader: 0, Current term: 0, Majority size: -1, State: 0, Mode: NON_LEADER, active raft config: opid_index: -1 OBSOLETE_local: false peers { permanent_uuid: "1154e579f85e43b4819794723bcc4984" member_type: VOTER last_known_addr { host: "127.31.183.193" port: 35641 } } peers { permanent_uuid: "2ce30b33ec68436e8eeb531ae43ae60f" member_type: VOTER last_known_addr { host: "127.31.183.194" port: 44025 } } peers { permanent_uuid: "43742fc1463a45a1aab036df623ab762" member_type: VOTER last_known_addr { host: "127.31.183.195" port: 37505 } }
I20260713 09:11:49.826666   826 ts_tablet_manager.cc:1434] T 0c7054eb735f4daf8f84818e4fabcf2e P 1154e579f85e43b4819794723bcc4984: Time spent starting tablet: real 0.010s	user 0.005s	sys 0.000s
I20260713 09:11:49.828074   825 tablet_bootstrap.cc:654] T 9d3c5334c3bb42f4873f37d2d1aaba22 P 43742fc1463a45a1aab036df623ab762: Neither blocks nor log segments found. Creating new log.
I20260713 09:11:49.828693   826 tablet_bootstrap.cc:492] T 70c9de2aa3f04d35ae8b4d71c83828de P 1154e579f85e43b4819794723bcc4984: Bootstrap starting.
I20260713 09:11:49.819980   824 tablet_bootstrap.cc:654] T f8952aa9125f4701aabfe3d682b8bab6 P 2ce30b33ec68436e8eeb531ae43ae60f: Neither blocks nor log segments found. Creating new log.
I20260713 09:11:49.835177   826 tablet_bootstrap.cc:654] T 70c9de2aa3f04d35ae8b4d71c83828de P 1154e579f85e43b4819794723bcc4984: Neither blocks nor log segments found. Creating new log.
I20260713 09:11:49.839996   825 tablet_bootstrap.cc:492] T 9d3c5334c3bb42f4873f37d2d1aaba22 P 43742fc1463a45a1aab036df623ab762: No bootstrap required, opened a new log
I20260713 09:11:49.840546   825 ts_tablet_manager.cc:1403] T 9d3c5334c3bb42f4873f37d2d1aaba22 P 43742fc1463a45a1aab036df623ab762: Time spent bootstrapping tablet: real 0.019s	user 0.009s	sys 0.008s
I20260713 09:11:49.843343   825 raft_consensus.cc:359] T 9d3c5334c3bb42f4873f37d2d1aaba22 P 43742fc1463a45a1aab036df623ab762 [term 0 FOLLOWER]: Replica starting. Triggering 0 pending ops. Active config: opid_index: -1 OBSOLETE_local: false peers { permanent_uuid: "1154e579f85e43b4819794723bcc4984" member_type: VOTER last_known_addr { host: "127.31.183.193" port: 35641 } } peers { permanent_uuid: "2ce30b33ec68436e8eeb531ae43ae60f" member_type: VOTER last_known_addr { host: "127.31.183.194" port: 44025 } } peers { permanent_uuid: "43742fc1463a45a1aab036df623ab762" member_type: VOTER last_known_addr { host: "127.31.183.195" port: 37505 } }
I20260713 09:11:49.844875   825 raft_consensus.cc:385] T 9d3c5334c3bb42f4873f37d2d1aaba22 P 43742fc1463a45a1aab036df623ab762 [term 0 FOLLOWER]: Consensus starting up: Expiring failure detector timer to make a prompt election more likely
I20260713 09:11:49.845268   825 raft_consensus.cc:740] T 9d3c5334c3bb42f4873f37d2d1aaba22 P 43742fc1463a45a1aab036df623ab762 [term 0 FOLLOWER]: Becoming Follower/Learner. State: Replica: 43742fc1463a45a1aab036df623ab762, State: Initialized, Role: FOLLOWER
I20260713 09:11:49.845873   824 tablet_bootstrap.cc:492] T f8952aa9125f4701aabfe3d682b8bab6 P 2ce30b33ec68436e8eeb531ae43ae60f: No bootstrap required, opened a new log
I20260713 09:11:49.846318   824 ts_tablet_manager.cc:1403] T f8952aa9125f4701aabfe3d682b8bab6 P 2ce30b33ec68436e8eeb531ae43ae60f: Time spent bootstrapping tablet: real 0.041s	user 0.008s	sys 0.002s
I20260713 09:11:49.846611   826 tablet_bootstrap.cc:492] T 70c9de2aa3f04d35ae8b4d71c83828de P 1154e579f85e43b4819794723bcc4984: No bootstrap required, opened a new log
I20260713 09:11:49.846187   825 consensus_queue.cc:260] T 9d3c5334c3bb42f4873f37d2d1aaba22 P 43742fc1463a45a1aab036df623ab762 [NON_LEADER]: Queue going to NON_LEADER mode. State: All replicated index: 0, Majority replicated index: 0, Committed index: 0, Last appended: 0.0, Last appended by leader: 0, Current term: 0, Majority size: -1, State: 0, Mode: NON_LEADER, active raft config: opid_index: -1 OBSOLETE_local: false peers { permanent_uuid: "1154e579f85e43b4819794723bcc4984" member_type: VOTER last_known_addr { host: "127.31.183.193" port: 35641 } } peers { permanent_uuid: "2ce30b33ec68436e8eeb531ae43ae60f" member_type: VOTER last_known_addr { host: "127.31.183.194" port: 44025 } } peers { permanent_uuid: "43742fc1463a45a1aab036df623ab762" member_type: VOTER last_known_addr { host: "127.31.183.195" port: 37505 } }
I20260713 09:11:49.847085   826 ts_tablet_manager.cc:1403] T 70c9de2aa3f04d35ae8b4d71c83828de P 1154e579f85e43b4819794723bcc4984: Time spent bootstrapping tablet: real 0.019s	user 0.011s	sys 0.006s
I20260713 09:11:49.849114   824 raft_consensus.cc:359] T f8952aa9125f4701aabfe3d682b8bab6 P 2ce30b33ec68436e8eeb531ae43ae60f [term 0 FOLLOWER]: Replica starting. Triggering 0 pending ops. Active config: opid_index: -1 OBSOLETE_local: false peers { permanent_uuid: "1154e579f85e43b4819794723bcc4984" member_type: VOTER last_known_addr { host: "127.31.183.193" port: 35641 } } peers { permanent_uuid: "2ce30b33ec68436e8eeb531ae43ae60f" member_type: VOTER last_known_addr { host: "127.31.183.194" port: 44025 } } peers { permanent_uuid: "43742fc1463a45a1aab036df623ab762" member_type: VOTER last_known_addr { host: "127.31.183.195" port: 37505 } }
I20260713 09:11:49.849812   824 raft_consensus.cc:385] T f8952aa9125f4701aabfe3d682b8bab6 P 2ce30b33ec68436e8eeb531ae43ae60f [term 0 FOLLOWER]: Consensus starting up: Expiring failure detector timer to make a prompt election more likely
I20260713 09:11:49.849910   825 ts_tablet_manager.cc:1434] T 9d3c5334c3bb42f4873f37d2d1aaba22 P 43742fc1463a45a1aab036df623ab762: Time spent starting tablet: real 0.009s	user 0.005s	sys 0.000s
I20260713 09:11:49.850193   824 raft_consensus.cc:740] T f8952aa9125f4701aabfe3d682b8bab6 P 2ce30b33ec68436e8eeb531ae43ae60f [term 0 FOLLOWER]: Becoming Follower/Learner. State: Replica: 2ce30b33ec68436e8eeb531ae43ae60f, State: Initialized, Role: FOLLOWER
I20260713 09:11:49.849997   826 raft_consensus.cc:359] T 70c9de2aa3f04d35ae8b4d71c83828de P 1154e579f85e43b4819794723bcc4984 [term 0 FOLLOWER]: Replica starting. Triggering 0 pending ops. Active config: opid_index: -1 OBSOLETE_local: false peers { permanent_uuid: "1154e579f85e43b4819794723bcc4984" member_type: VOTER last_known_addr { host: "127.31.183.193" port: 35641 } } peers { permanent_uuid: "2ce30b33ec68436e8eeb531ae43ae60f" member_type: VOTER last_known_addr { host: "127.31.183.194" port: 44025 } } peers { permanent_uuid: "43742fc1463a45a1aab036df623ab762" member_type: VOTER last_known_addr { host: "127.31.183.195" port: 37505 } }
I20260713 09:11:49.850770   826 raft_consensus.cc:385] T 70c9de2aa3f04d35ae8b4d71c83828de P 1154e579f85e43b4819794723bcc4984 [term 0 FOLLOWER]: Consensus starting up: Expiring failure detector timer to make a prompt election more likely
I20260713 09:11:49.851015   825 tablet_bootstrap.cc:492] T 307e67fd328441d1b8fe998e98e5d6a0 P 43742fc1463a45a1aab036df623ab762: Bootstrap starting.
I20260713 09:11:49.851241   826 raft_consensus.cc:740] T 70c9de2aa3f04d35ae8b4d71c83828de P 1154e579f85e43b4819794723bcc4984 [term 0 FOLLOWER]: Becoming Follower/Learner. State: Replica: 1154e579f85e43b4819794723bcc4984, State: Initialized, Role: FOLLOWER
I20260713 09:11:49.851203   824 consensus_queue.cc:260] T f8952aa9125f4701aabfe3d682b8bab6 P 2ce30b33ec68436e8eeb531ae43ae60f [NON_LEADER]: Queue going to NON_LEADER mode. State: All replicated index: 0, Majority replicated index: 0, Committed index: 0, Last appended: 0.0, Last appended by leader: 0, Current term: 0, Majority size: -1, State: 0, Mode: NON_LEADER, active raft config: opid_index: -1 OBSOLETE_local: false peers { permanent_uuid: "1154e579f85e43b4819794723bcc4984" member_type: VOTER last_known_addr { host: "127.31.183.193" port: 35641 } } peers { permanent_uuid: "2ce30b33ec68436e8eeb531ae43ae60f" member_type: VOTER last_known_addr { host: "127.31.183.194" port: 44025 } } peers { permanent_uuid: "43742fc1463a45a1aab036df623ab762" member_type: VOTER last_known_addr { host: "127.31.183.195" port: 37505 } }
I20260713 09:11:49.852247   826 consensus_queue.cc:260] T 70c9de2aa3f04d35ae8b4d71c83828de P 1154e579f85e43b4819794723bcc4984 [NON_LEADER]: Queue going to NON_LEADER mode. State: All replicated index: 0, Majority replicated index: 0, Committed index: 0, Last appended: 0.0, Last appended by leader: 0, Current term: 0, Majority size: -1, State: 0, Mode: NON_LEADER, active raft config: opid_index: -1 OBSOLETE_local: false peers { permanent_uuid: "1154e579f85e43b4819794723bcc4984" member_type: VOTER last_known_addr { host: "127.31.183.193" port: 35641 } } peers { permanent_uuid: "2ce30b33ec68436e8eeb531ae43ae60f" member_type: VOTER last_known_addr { host: "127.31.183.194" port: 44025 } } peers { permanent_uuid: "43742fc1463a45a1aab036df623ab762" member_type: VOTER last_known_addr { host: "127.31.183.195" port: 37505 } }
I20260713 09:11:49.854293   826 ts_tablet_manager.cc:1434] T 70c9de2aa3f04d35ae8b4d71c83828de P 1154e579f85e43b4819794723bcc4984: Time spent starting tablet: real 0.007s	user 0.001s	sys 0.004s
I20260713 09:11:49.855165   826 tablet_bootstrap.cc:492] T 9d3c5334c3bb42f4873f37d2d1aaba22 P 1154e579f85e43b4819794723bcc4984: Bootstrap starting.
I20260713 09:11:49.857476   825 tablet_bootstrap.cc:654] T 307e67fd328441d1b8fe998e98e5d6a0 P 43742fc1463a45a1aab036df623ab762: Neither blocks nor log segments found. Creating new log.
I20260713 09:11:49.859622   824 ts_tablet_manager.cc:1434] T f8952aa9125f4701aabfe3d682b8bab6 P 2ce30b33ec68436e8eeb531ae43ae60f: Time spent starting tablet: real 0.013s	user 0.008s	sys 0.000s
I20260713 09:11:49.861380   826 tablet_bootstrap.cc:654] T 9d3c5334c3bb42f4873f37d2d1aaba22 P 1154e579f85e43b4819794723bcc4984: Neither blocks nor log segments found. Creating new log.
I20260713 09:11:49.866402   824 tablet_bootstrap.cc:492] T 307e67fd328441d1b8fe998e98e5d6a0 P 2ce30b33ec68436e8eeb531ae43ae60f: Bootstrap starting.
I20260713 09:11:49.867551   825 tablet_bootstrap.cc:492] T 307e67fd328441d1b8fe998e98e5d6a0 P 43742fc1463a45a1aab036df623ab762: No bootstrap required, opened a new log
I20260713 09:11:49.868048   825 ts_tablet_manager.cc:1403] T 307e67fd328441d1b8fe998e98e5d6a0 P 43742fc1463a45a1aab036df623ab762: Time spent bootstrapping tablet: real 0.017s	user 0.016s	sys 0.000s
I20260713 09:11:49.868635   826 tablet_bootstrap.cc:492] T 9d3c5334c3bb42f4873f37d2d1aaba22 P 1154e579f85e43b4819794723bcc4984: No bootstrap required, opened a new log
I20260713 09:11:49.869068   826 ts_tablet_manager.cc:1403] T 9d3c5334c3bb42f4873f37d2d1aaba22 P 1154e579f85e43b4819794723bcc4984: Time spent bootstrapping tablet: real 0.014s	user 0.012s	sys 0.000s
I20260713 09:11:49.870764   825 raft_consensus.cc:359] T 307e67fd328441d1b8fe998e98e5d6a0 P 43742fc1463a45a1aab036df623ab762 [term 0 FOLLOWER]: Replica starting. Triggering 0 pending ops. Active config: opid_index: -1 OBSOLETE_local: false peers { permanent_uuid: "1154e579f85e43b4819794723bcc4984" member_type: VOTER last_known_addr { host: "127.31.183.193" port: 35641 } } peers { permanent_uuid: "2ce30b33ec68436e8eeb531ae43ae60f" member_type: VOTER last_known_addr { host: "127.31.183.194" port: 44025 } } peers { permanent_uuid: "43742fc1463a45a1aab036df623ab762" member_type: VOTER last_known_addr { host: "127.31.183.195" port: 37505 } }
I20260713 09:11:49.871347   824 tablet_bootstrap.cc:654] T 307e67fd328441d1b8fe998e98e5d6a0 P 2ce30b33ec68436e8eeb531ae43ae60f: Neither blocks nor log segments found. Creating new log.
I20260713 09:11:49.871479   825 raft_consensus.cc:385] T 307e67fd328441d1b8fe998e98e5d6a0 P 43742fc1463a45a1aab036df623ab762 [term 0 FOLLOWER]: Consensus starting up: Expiring failure detector timer to make a prompt election more likely
I20260713 09:11:49.871842   825 raft_consensus.cc:740] T 307e67fd328441d1b8fe998e98e5d6a0 P 43742fc1463a45a1aab036df623ab762 [term 0 FOLLOWER]: Becoming Follower/Learner. State: Replica: 43742fc1463a45a1aab036df623ab762, State: Initialized, Role: FOLLOWER
I20260713 09:11:49.871691   826 raft_consensus.cc:359] T 9d3c5334c3bb42f4873f37d2d1aaba22 P 1154e579f85e43b4819794723bcc4984 [term 0 FOLLOWER]: Replica starting. Triggering 0 pending ops. Active config: opid_index: -1 OBSOLETE_local: false peers { permanent_uuid: "1154e579f85e43b4819794723bcc4984" member_type: VOTER last_known_addr { host: "127.31.183.193" port: 35641 } } peers { permanent_uuid: "2ce30b33ec68436e8eeb531ae43ae60f" member_type: VOTER last_known_addr { host: "127.31.183.194" port: 44025 } } peers { permanent_uuid: "43742fc1463a45a1aab036df623ab762" member_type: VOTER last_known_addr { host: "127.31.183.195" port: 37505 } }
I20260713 09:11:49.872404   826 raft_consensus.cc:385] T 9d3c5334c3bb42f4873f37d2d1aaba22 P 1154e579f85e43b4819794723bcc4984 [term 0 FOLLOWER]: Consensus starting up: Expiring failure detector timer to make a prompt election more likely
I20260713 09:11:49.872704   826 raft_consensus.cc:740] T 9d3c5334c3bb42f4873f37d2d1aaba22 P 1154e579f85e43b4819794723bcc4984 [term 0 FOLLOWER]: Becoming Follower/Learner. State: Replica: 1154e579f85e43b4819794723bcc4984, State: Initialized, Role: FOLLOWER
I20260713 09:11:49.872598   825 consensus_queue.cc:260] T 307e67fd328441d1b8fe998e98e5d6a0 P 43742fc1463a45a1aab036df623ab762 [NON_LEADER]: Queue going to NON_LEADER mode. State: All replicated index: 0, Majority replicated index: 0, Committed index: 0, Last appended: 0.0, Last appended by leader: 0, Current term: 0, Majority size: -1, State: 0, Mode: NON_LEADER, active raft config: opid_index: -1 OBSOLETE_local: false peers { permanent_uuid: "1154e579f85e43b4819794723bcc4984" member_type: VOTER last_known_addr { host: "127.31.183.193" port: 35641 } } peers { permanent_uuid: "2ce30b33ec68436e8eeb531ae43ae60f" member_type: VOTER last_known_addr { host: "127.31.183.194" port: 44025 } } peers { permanent_uuid: "43742fc1463a45a1aab036df623ab762" member_type: VOTER last_known_addr { host: "127.31.183.195" port: 37505 } }
I20260713 09:11:49.873466   826 consensus_queue.cc:260] T 9d3c5334c3bb42f4873f37d2d1aaba22 P 1154e579f85e43b4819794723bcc4984 [NON_LEADER]: Queue going to NON_LEADER mode. State: All replicated index: 0, Majority replicated index: 0, Committed index: 0, Last appended: 0.0, Last appended by leader: 0, Current term: 0, Majority size: -1, State: 0, Mode: NON_LEADER, active raft config: opid_index: -1 OBSOLETE_local: false peers { permanent_uuid: "1154e579f85e43b4819794723bcc4984" member_type: VOTER last_known_addr { host: "127.31.183.193" port: 35641 } } peers { permanent_uuid: "2ce30b33ec68436e8eeb531ae43ae60f" member_type: VOTER last_known_addr { host: "127.31.183.194" port: 44025 } } peers { permanent_uuid: "43742fc1463a45a1aab036df623ab762" member_type: VOTER last_known_addr { host: "127.31.183.195" port: 37505 } }
I20260713 09:11:49.874778   825 ts_tablet_manager.cc:1434] T 307e67fd328441d1b8fe998e98e5d6a0 P 43742fc1463a45a1aab036df623ab762: Time spent starting tablet: real 0.006s	user 0.005s	sys 0.000s
I20260713 09:11:49.875490   826 ts_tablet_manager.cc:1434] T 9d3c5334c3bb42f4873f37d2d1aaba22 P 1154e579f85e43b4819794723bcc4984: Time spent starting tablet: real 0.006s	user 0.006s	sys 0.000s
I20260713 09:11:49.875661   825 tablet_bootstrap.cc:492] T 70c9de2aa3f04d35ae8b4d71c83828de P 43742fc1463a45a1aab036df623ab762: Bootstrap starting.
I20260713 09:11:49.876552   826 tablet_bootstrap.cc:492] T 522f42998f08420e8d7bc16aed004b10 P 1154e579f85e43b4819794723bcc4984: Bootstrap starting.
I20260713 09:11:49.882203   825 tablet_bootstrap.cc:654] T 70c9de2aa3f04d35ae8b4d71c83828de P 43742fc1463a45a1aab036df623ab762: Neither blocks nor log segments found. Creating new log.
I20260713 09:11:49.882439   826 tablet_bootstrap.cc:654] T 522f42998f08420e8d7bc16aed004b10 P 1154e579f85e43b4819794723bcc4984: Neither blocks nor log segments found. Creating new log.
I20260713 09:11:49.888487   832 raft_consensus.cc:493] T 3894615c181948548263555e90b22aa7 P 2ce30b33ec68436e8eeb531ae43ae60f [term 0 FOLLOWER]: Starting pre-election (no leader contacted us within the election timeout)
I20260713 09:11:49.888134   824 tablet_bootstrap.cc:492] T 307e67fd328441d1b8fe998e98e5d6a0 P 2ce30b33ec68436e8eeb531ae43ae60f: No bootstrap required, opened a new log
