I20260713 09:12:19.223188  1406 raft_consensus.cc:2955] T 9f1de807a7bc484ea19b1a0928278462 P e974b6e6c0ca4939823ec5e7bb545d56 [term 1 FOLLOWER]: Committing config change with OpId 1.3: config changed from index 2 to 3, e9763b8983954a5fa98acbf4a296e461 (127.31.211.132) changed from NON_VOTER to VOTER. New config: { opid_index: 3 OBSOLETE_local: false peers { permanent_uuid: "fc445b5f9ad0460684ee5c5b05fae065" member_type: VOTER last_known_addr { host: "127.31.211.129" port: 34743 } } peers { permanent_uuid: "aa255ba3c96b47eaa2ee80d349f49393" member_type: VOTER last_known_addr { host: "127.31.211.130" port: 46215 } attrs { replace: true } } peers { permanent_uuid: "e974b6e6c0ca4939823ec5e7bb545d56" member_type: VOTER last_known_addr { host: "127.31.211.131" port: 36413 } } peers { permanent_uuid: "e9763b8983954a5fa98acbf4a296e461" member_type: VOTER last_known_addr { host: "127.31.211.132" port: 37797 } attrs { promote: false } } }
I20260713 09:12:19.229830  1332 raft_consensus.cc:2955] T 9f1de807a7bc484ea19b1a0928278462 P aa255ba3c96b47eaa2ee80d349f49393 [term 1 FOLLOWER]: Committing config change with OpId 1.3: config changed from index 2 to 3, e9763b8983954a5fa98acbf4a296e461 (127.31.211.132) changed from NON_VOTER to VOTER. New config: { opid_index: 3 OBSOLETE_local: false peers { permanent_uuid: "fc445b5f9ad0460684ee5c5b05fae065" member_type: VOTER last_known_addr { host: "127.31.211.129" port: 34743 } } peers { permanent_uuid: "aa255ba3c96b47eaa2ee80d349f49393" member_type: VOTER last_known_addr { host: "127.31.211.130" port: 46215 } attrs { replace: true } } peers { permanent_uuid: "e974b6e6c0ca4939823ec5e7bb545d56" member_type: VOTER last_known_addr { host: "127.31.211.131" port: 36413 } } peers { permanent_uuid: "e9763b8983954a5fa98acbf4a296e461" member_type: VOTER last_known_addr { host: "127.31.211.132" port: 37797 } attrs { promote: false } } }
I20260713 09:12:19.234906  1993 raft_consensus.cc:1064] T 3ce5d43b7659489b9503267f26fcee56 P e974b6e6c0ca4939823ec5e7bb545d56: attempting to promote NON_VOTER e9763b8983954a5fa98acbf4a296e461 to VOTER
I20260713 09:12:19.237694  1993 consensus_queue.cc:237] T 3ce5d43b7659489b9503267f26fcee56 P e974b6e6c0ca4939823ec5e7bb545d56 [LEADER]: Queue going to LEADER mode. State: All replicated index: 0, Majority replicated index: 2, Committed index: 2, Last appended: 1.2, Last appended by leader: 0, Current term: 1, Majority size: 3, State: 0, Mode: LEADER, active raft config: opid_index: 3 OBSOLETE_local: false peers { permanent_uuid: "fc445b5f9ad0460684ee5c5b05fae065" member_type: VOTER last_known_addr { host: "127.31.211.129" port: 34743 } attrs { replace: true } } peers { permanent_uuid: "aa255ba3c96b47eaa2ee80d349f49393" member_type: VOTER last_known_addr { host: "127.31.211.130" port: 46215 } } peers { permanent_uuid: "e974b6e6c0ca4939823ec5e7bb545d56" member_type: VOTER last_known_addr { host: "127.31.211.131" port: 36413 } } peers { permanent_uuid: "e9763b8983954a5fa98acbf4a296e461" member_type: VOTER last_known_addr { host: "127.31.211.132" port: 37797 } attrs { promote: false } }
I20260713 09:12:19.238364  1155 catalog_manager.cc:5697] T 9f1de807a7bc484ea19b1a0928278462 P e974b6e6c0ca4939823ec5e7bb545d56 reported cstate change: config changed from index 2 to 3, e9763b8983954a5fa98acbf4a296e461 (127.31.211.132) changed from NON_VOTER to VOTER. New cstate: current_term: 1 leader_uuid: "fc445b5f9ad0460684ee5c5b05fae065" committed_config { opid_index: 3 OBSOLETE_local: false peers { permanent_uuid: "fc445b5f9ad0460684ee5c5b05fae065" member_type: VOTER last_known_addr { host: "127.31.211.129" port: 34743 } } peers { permanent_uuid: "aa255ba3c96b47eaa2ee80d349f49393" member_type: VOTER last_known_addr { host: "127.31.211.130" port: 46215 } attrs { replace: true } } peers { permanent_uuid: "e974b6e6c0ca4939823ec5e7bb545d56" member_type: VOTER last_known_addr { host: "127.31.211.131" port: 36413 } } peers { permanent_uuid: "e9763b8983954a5fa98acbf4a296e461" member_type: VOTER last_known_addr { host: "127.31.211.132" port: 37797 } attrs { promote: false } } }
I20260713 09:12:19.259059  1672 raft_consensus.cc:1275] T 3ce5d43b7659489b9503267f26fcee56 P e9763b8983954a5fa98acbf4a296e461 [term 1 LEARNER]: Refusing update from remote peer e974b6e6c0ca4939823ec5e7bb545d56: Log matching property violated. Preceding OpId in replica: term: 1 index: 2. Preceding OpId from leader: term: 1 index: 3. (index mismatch)
I20260713 09:12:19.261088  1331 raft_consensus.cc:1275] T 3ce5d43b7659489b9503267f26fcee56 P aa255ba3c96b47eaa2ee80d349f49393 [term 1 FOLLOWER]: Refusing update from remote peer e974b6e6c0ca4939823ec5e7bb545d56: Log matching property violated. Preceding OpId in replica: term: 1 index: 2. Preceding OpId from leader: term: 1 index: 3. (index mismatch)
I20260713 09:12:19.260974  1993 consensus_queue.cc:1048] T 3ce5d43b7659489b9503267f26fcee56 P e974b6e6c0ca4939823ec5e7bb545d56 [LEADER]: Connected to new peer: Peer: permanent_uuid: "e9763b8983954a5fa98acbf4a296e461" member_type: VOTER last_known_addr { host: "127.31.211.132" port: 37797 } attrs { promote: false }, Status: LMP_MISMATCH, Last received: 0.0, Next index: 3, Last known committed idx: 2, Time since last communication: 0.000s
I20260713 09:12:19.259148  1254 raft_consensus.cc:1275] T 3ce5d43b7659489b9503267f26fcee56 P fc445b5f9ad0460684ee5c5b05fae065 [term 1 FOLLOWER]: Refusing update from remote peer e974b6e6c0ca4939823ec5e7bb545d56: Log matching property violated. Preceding OpId in replica: term: 1 index: 2. Preceding OpId from leader: term: 1 index: 3. (index mismatch)
I20260713 09:12:19.263836  1888 consensus_queue.cc:1048] T 3ce5d43b7659489b9503267f26fcee56 P e974b6e6c0ca4939823ec5e7bb545d56 [LEADER]: Connected to new peer: Peer: permanent_uuid: "fc445b5f9ad0460684ee5c5b05fae065" member_type: VOTER last_known_addr { host: "127.31.211.129" port: 34743 } attrs { replace: true }, Status: LMP_MISMATCH, Last received: 0.0, Next index: 3, Last known committed idx: 2, Time since last communication: 0.000s
I20260713 09:12:19.268093  1888 consensus_queue.cc:1048] T 3ce5d43b7659489b9503267f26fcee56 P e974b6e6c0ca4939823ec5e7bb545d56 [LEADER]: Connected to new peer: Peer: permanent_uuid: "aa255ba3c96b47eaa2ee80d349f49393" member_type: VOTER last_known_addr { host: "127.31.211.130" port: 46215 }, Status: LMP_MISMATCH, Last received: 0.0, Next index: 3, Last known committed idx: 2, Time since last communication: 0.000s
I20260713 09:12:19.305907  2011 raft_consensus.cc:2955] T 3ce5d43b7659489b9503267f26fcee56 P e974b6e6c0ca4939823ec5e7bb545d56 [term 1 LEADER]: Committing config change with OpId 1.3: config changed from index 2 to 3, e9763b8983954a5fa98acbf4a296e461 (127.31.211.132) changed from NON_VOTER to VOTER. New config: { opid_index: 3 OBSOLETE_local: false peers { permanent_uuid: "fc445b5f9ad0460684ee5c5b05fae065" member_type: VOTER last_known_addr { host: "127.31.211.129" port: 34743 } attrs { replace: true } } peers { permanent_uuid: "aa255ba3c96b47eaa2ee80d349f49393" member_type: VOTER last_known_addr { host: "127.31.211.130" port: 46215 } } peers { permanent_uuid: "e974b6e6c0ca4939823ec5e7bb545d56" member_type: VOTER last_known_addr { host: "127.31.211.131" port: 36413 } } peers { permanent_uuid: "e9763b8983954a5fa98acbf4a296e461" member_type: VOTER last_known_addr { host: "127.31.211.132" port: 37797 } attrs { promote: false } } }
I20260713 09:12:19.307725  1673 raft_consensus.cc:2955] T 3ce5d43b7659489b9503267f26fcee56 P e9763b8983954a5fa98acbf4a296e461 [term 1 FOLLOWER]: Committing config change with OpId 1.3: config changed from index 2 to 3, e9763b8983954a5fa98acbf4a296e461 (127.31.211.132) changed from NON_VOTER to VOTER. New config: { opid_index: 3 OBSOLETE_local: false peers { permanent_uuid: "fc445b5f9ad0460684ee5c5b05fae065" member_type: VOTER last_known_addr { host: "127.31.211.129" port: 34743 } attrs { replace: true } } peers { permanent_uuid: "aa255ba3c96b47eaa2ee80d349f49393" member_type: VOTER last_known_addr { host: "127.31.211.130" port: 46215 } } peers { permanent_uuid: "e974b6e6c0ca4939823ec5e7bb545d56" member_type: VOTER last_known_addr { host: "127.31.211.131" port: 36413 } } peers { permanent_uuid: "e9763b8983954a5fa98acbf4a296e461" member_type: VOTER last_known_addr { host: "127.31.211.132" port: 37797 } attrs { promote: false } } }
I20260713 09:12:19.318950  1258 raft_consensus.cc:2955] T 3ce5d43b7659489b9503267f26fcee56 P fc445b5f9ad0460684ee5c5b05fae065 [term 1 FOLLOWER]: Committing config change with OpId 1.3: config changed from index 2 to 3, e9763b8983954a5fa98acbf4a296e461 (127.31.211.132) changed from NON_VOTER to VOTER. New config: { opid_index: 3 OBSOLETE_local: false peers { permanent_uuid: "fc445b5f9ad0460684ee5c5b05fae065" member_type: VOTER last_known_addr { host: "127.31.211.129" port: 34743 } attrs { replace: true } } peers { permanent_uuid: "aa255ba3c96b47eaa2ee80d349f49393" member_type: VOTER last_known_addr { host: "127.31.211.130" port: 46215 } } peers { permanent_uuid: "e974b6e6c0ca4939823ec5e7bb545d56" member_type: VOTER last_known_addr { host: "127.31.211.131" port: 36413 } } peers { permanent_uuid: "e9763b8983954a5fa98acbf4a296e461" member_type: VOTER last_known_addr { host: "127.31.211.132" port: 37797 } attrs { promote: false } } }
I20260713 09:12:19.333539  1331 raft_consensus.cc:2955] T 3ce5d43b7659489b9503267f26fcee56 P aa255ba3c96b47eaa2ee80d349f49393 [term 1 FOLLOWER]: Committing config change with OpId 1.3: config changed from index 2 to 3, e9763b8983954a5fa98acbf4a296e461 (127.31.211.132) changed from NON_VOTER to VOTER. New config: { opid_index: 3 OBSOLETE_local: false peers { permanent_uuid: "fc445b5f9ad0460684ee5c5b05fae065" member_type: VOTER last_known_addr { host: "127.31.211.129" port: 34743 } attrs { replace: true } } peers { permanent_uuid: "aa255ba3c96b47eaa2ee80d349f49393" member_type: VOTER last_known_addr { host: "127.31.211.130" port: 46215 } } peers { permanent_uuid: "e974b6e6c0ca4939823ec5e7bb545d56" member_type: VOTER last_known_addr { host: "127.31.211.131" port: 36413 } } peers { permanent_uuid: "e9763b8983954a5fa98acbf4a296e461" member_type: VOTER last_known_addr { host: "127.31.211.132" port: 37797 } attrs { promote: false } } }
I20260713 09:12:19.362072  1157 catalog_manager.cc:5697] T 3ce5d43b7659489b9503267f26fcee56 P aa255ba3c96b47eaa2ee80d349f49393 reported cstate change: config changed from index 2 to 3, e9763b8983954a5fa98acbf4a296e461 (127.31.211.132) changed from NON_VOTER to VOTER. New cstate: current_term: 1 leader_uuid: "e974b6e6c0ca4939823ec5e7bb545d56" committed_config { opid_index: 3 OBSOLETE_local: false peers { permanent_uuid: "fc445b5f9ad0460684ee5c5b05fae065" member_type: VOTER last_known_addr { host: "127.31.211.129" port: 34743 } attrs { replace: true } } peers { permanent_uuid: "aa255ba3c96b47eaa2ee80d349f49393" member_type: VOTER last_known_addr { host: "127.31.211.130" port: 46215 } } peers { permanent_uuid: "e974b6e6c0ca4939823ec5e7bb545d56" member_type: VOTER last_known_addr { host: "127.31.211.131" port: 36413 } } peers { permanent_uuid: "e9763b8983954a5fa98acbf4a296e461" member_type: VOTER last_known_addr { host: "127.31.211.132" port: 37797 } attrs { promote: false } } }
I20260713 09:12:19.362880  1258 consensus_queue.cc:237] T 9f1de807a7bc484ea19b1a0928278462 P fc445b5f9ad0460684ee5c5b05fae065 [LEADER]: Queue going to LEADER mode. State: All replicated index: 0, Majority replicated index: 3, Committed index: 3, Last appended: 1.3, Last appended by leader: 0, Current term: 1, Majority size: 2, State: 0, Mode: LEADER, active raft config: opid_index: 4 OBSOLETE_local: false peers { permanent_uuid: "fc445b5f9ad0460684ee5c5b05fae065" member_type: VOTER last_known_addr { host: "127.31.211.129" port: 34743 } } peers { permanent_uuid: "e974b6e6c0ca4939823ec5e7bb545d56" member_type: VOTER last_known_addr { host: "127.31.211.131" port: 36413 } } peers { permanent_uuid: "e9763b8983954a5fa98acbf4a296e461" member_type: VOTER last_known_addr { host: "127.31.211.132" port: 37797 } attrs { promote: false } }
I20260713 09:12:19.368891  1673 raft_consensus.cc:1275] T 9f1de807a7bc484ea19b1a0928278462 P e9763b8983954a5fa98acbf4a296e461 [term 1 FOLLOWER]: Refusing update from remote peer fc445b5f9ad0460684ee5c5b05fae065: Log matching property violated. Preceding OpId in replica: term: 1 index: 3. Preceding OpId from leader: term: 1 index: 4. (index mismatch)
I20260713 09:12:19.370718  1996 consensus_queue.cc:1048] T 9f1de807a7bc484ea19b1a0928278462 P fc445b5f9ad0460684ee5c5b05fae065 [LEADER]: Connected to new peer: Peer: permanent_uuid: "e9763b8983954a5fa98acbf4a296e461" member_type: VOTER last_known_addr { host: "127.31.211.132" port: 37797 } attrs { promote: false }, Status: LMP_MISMATCH, Last received: 0.0, Next index: 4, Last known committed idx: 3, Time since last communication: 0.000s
I20260713 09:12:19.378459  1406 consensus_queue.cc:237] T 3ce5d43b7659489b9503267f26fcee56 P e974b6e6c0ca4939823ec5e7bb545d56 [LEADER]: Queue going to LEADER mode. State: All replicated index: 0, Majority replicated index: 3, Committed index: 3, Last appended: 1.3, Last appended by leader: 0, Current term: 1, Majority size: 2, State: 0, Mode: LEADER, active raft config: opid_index: 4 OBSOLETE_local: false peers { permanent_uuid: "aa255ba3c96b47eaa2ee80d349f49393" member_type: VOTER last_known_addr { host: "127.31.211.130" port: 46215 } } peers { permanent_uuid: "e974b6e6c0ca4939823ec5e7bb545d56" member_type: VOTER last_known_addr { host: "127.31.211.131" port: 36413 } } peers { permanent_uuid: "e9763b8983954a5fa98acbf4a296e461" member_type: VOTER last_known_addr { host: "127.31.211.132" port: 37797 } attrs { promote: false } }
I20260713 09:12:19.379024  1996 raft_consensus.cc:2955] T 9f1de807a7bc484ea19b1a0928278462 P fc445b5f9ad0460684ee5c5b05fae065 [term 1 LEADER]: Committing config change with OpId 1.4: config changed from index 3 to 4, VOTER aa255ba3c96b47eaa2ee80d349f49393 (127.31.211.130) evicted. New config: { opid_index: 4 OBSOLETE_local: false peers { permanent_uuid: "fc445b5f9ad0460684ee5c5b05fae065" member_type: VOTER last_known_addr { host: "127.31.211.129" port: 34743 } } peers { permanent_uuid: "e974b6e6c0ca4939823ec5e7bb545d56" member_type: VOTER last_known_addr { host: "127.31.211.131" port: 36413 } } peers { permanent_uuid: "e9763b8983954a5fa98acbf4a296e461" member_type: VOTER last_known_addr { host: "127.31.211.132" port: 37797 } attrs { promote: false } } }
I20260713 09:12:19.381799  1673 raft_consensus.cc:2955] T 9f1de807a7bc484ea19b1a0928278462 P e9763b8983954a5fa98acbf4a296e461 [term 1 FOLLOWER]: Committing config change with OpId 1.4: config changed from index 3 to 4, VOTER aa255ba3c96b47eaa2ee80d349f49393 (127.31.211.130) evicted. New config: { opid_index: 4 OBSOLETE_local: false peers { permanent_uuid: "fc445b5f9ad0460684ee5c5b05fae065" member_type: VOTER last_known_addr { host: "127.31.211.129" port: 34743 } } peers { permanent_uuid: "e974b6e6c0ca4939823ec5e7bb545d56" member_type: VOTER last_known_addr { host: "127.31.211.131" port: 36413 } } peers { permanent_uuid: "e9763b8983954a5fa98acbf4a296e461" member_type: VOTER last_known_addr { host: "127.31.211.132" port: 37797 } attrs { promote: false } } }
I20260713 09:12:19.382799  1408 raft_consensus.cc:1275] T 9f1de807a7bc484ea19b1a0928278462 P e974b6e6c0ca4939823ec5e7bb545d56 [term 1 FOLLOWER]: Refusing update from remote peer fc445b5f9ad0460684ee5c5b05fae065: Log matching property violated. Preceding OpId in replica: term: 1 index: 3. Preceding OpId from leader: term: 1 index: 4. (index mismatch)
I20260713 09:12:19.384649  1923 consensus_queue.cc:1048] T 9f1de807a7bc484ea19b1a0928278462 P fc445b5f9ad0460684ee5c5b05fae065 [LEADER]: Connected to new peer: Peer: permanent_uuid: "e974b6e6c0ca4939823ec5e7bb545d56" member_type: VOTER last_known_addr { host: "127.31.211.131" port: 36413 }, Status: LMP_MISMATCH, Last received: 0.0, Next index: 4, Last known committed idx: 3, Time since last communication: 0.000s
I20260713 09:12:19.389161  1331 raft_consensus.cc:1275] T 3ce5d43b7659489b9503267f26fcee56 P aa255ba3c96b47eaa2ee80d349f49393 [term 1 FOLLOWER]: Refusing update from remote peer e974b6e6c0ca4939823ec5e7bb545d56: Log matching property violated. Preceding OpId in replica: term: 1 index: 3. Preceding OpId from leader: term: 1 index: 4. (index mismatch)
I20260713 09:12:19.390476  1675 raft_consensus.cc:1275] T 3ce5d43b7659489b9503267f26fcee56 P e9763b8983954a5fa98acbf4a296e461 [term 1 FOLLOWER]: Refusing update from remote peer e974b6e6c0ca4939823ec5e7bb545d56: Log matching property violated. Preceding OpId in replica: term: 1 index: 3. Preceding OpId from leader: term: 1 index: 4. (index mismatch)
I20260713 09:12:19.391017  2007 consensus_queue.cc:1048] T 3ce5d43b7659489b9503267f26fcee56 P e974b6e6c0ca4939823ec5e7bb545d56 [LEADER]: Connected to new peer: Peer: permanent_uuid: "aa255ba3c96b47eaa2ee80d349f49393" member_type: VOTER last_known_addr { host: "127.31.211.130" port: 46215 }, Status: LMP_MISMATCH, Last received: 0.0, Next index: 4, Last known committed idx: 3, Time since last communication: 0.001s
I20260713 09:12:19.391988  2011 consensus_queue.cc:1048] T 3ce5d43b7659489b9503267f26fcee56 P e974b6e6c0ca4939823ec5e7bb545d56 [LEADER]: Connected to new peer: Peer: permanent_uuid: "e9763b8983954a5fa98acbf4a296e461" member_type: VOTER last_known_addr { host: "127.31.211.132" port: 37797 } attrs { promote: false }, Status: LMP_MISMATCH, Last received: 0.0, Next index: 4, Last known committed idx: 3, Time since last communication: 0.000s
I20260713 09:12:19.393210  1143 catalog_manager.cc:5210] ChangeConfig:REMOVE_PEER RPC for tablet 9f1de807a7bc484ea19b1a0928278462 with cas_config_opid_index 3: ChangeConfig:REMOVE_PEER succeeded (attempt 1)
I20260713 09:12:19.397214  1406 raft_consensus.cc:2955] T 9f1de807a7bc484ea19b1a0928278462 P e974b6e6c0ca4939823ec5e7bb545d56 [term 1 FOLLOWER]: Committing config change with OpId 1.4: config changed from index 3 to 4, VOTER aa255ba3c96b47eaa2ee80d349f49393 (127.31.211.130) evicted. New config: { opid_index: 4 OBSOLETE_local: false peers { permanent_uuid: "fc445b5f9ad0460684ee5c5b05fae065" member_type: VOTER last_known_addr { host: "127.31.211.129" port: 34743 } } peers { permanent_uuid: "e974b6e6c0ca4939823ec5e7bb545d56" member_type: VOTER last_known_addr { host: "127.31.211.131" port: 36413 } } peers { permanent_uuid: "e9763b8983954a5fa98acbf4a296e461" member_type: VOTER last_known_addr { host: "127.31.211.132" port: 37797 } attrs { promote: false } } }
I20260713 09:12:19.402240  1157 catalog_manager.cc:5697] T 9f1de807a7bc484ea19b1a0928278462 P fc445b5f9ad0460684ee5c5b05fae065 reported cstate change: config changed from index 3 to 4, VOTER aa255ba3c96b47eaa2ee80d349f49393 (127.31.211.130) evicted. New cstate: current_term: 1 leader_uuid: "fc445b5f9ad0460684ee5c5b05fae065" committed_config { opid_index: 4 OBSOLETE_local: false peers { permanent_uuid: "fc445b5f9ad0460684ee5c5b05fae065" member_type: VOTER last_known_addr { host: "127.31.211.129" port: 34743 } health_report { overall_health: HEALTHY } } peers { permanent_uuid: "e974b6e6c0ca4939823ec5e7bb545d56" member_type: VOTER last_known_addr { host: "127.31.211.131" port: 36413 } health_report { overall_health: UNKNOWN } } peers { permanent_uuid: "e9763b8983954a5fa98acbf4a296e461" member_type: VOTER last_known_addr { host: "127.31.211.132" port: 37797 } attrs { promote: false } health_report { overall_health: HEALTHY } } }
I20260713 09:12:19.407505  1888 raft_consensus.cc:2955] T 3ce5d43b7659489b9503267f26fcee56 P e974b6e6c0ca4939823ec5e7bb545d56 [term 1 LEADER]: Committing config change with OpId 1.4: config changed from index 3 to 4, VOTER fc445b5f9ad0460684ee5c5b05fae065 (127.31.211.129) evicted. New config: { opid_index: 4 OBSOLETE_local: false peers { permanent_uuid: "aa255ba3c96b47eaa2ee80d349f49393" member_type: VOTER last_known_addr { host: "127.31.211.130" port: 46215 } } peers { permanent_uuid: "e974b6e6c0ca4939823ec5e7bb545d56" member_type: VOTER last_known_addr { host: "127.31.211.131" port: 36413 } } peers { permanent_uuid: "e9763b8983954a5fa98acbf4a296e461" member_type: VOTER last_known_addr { host: "127.31.211.132" port: 37797 } attrs { promote: false } } }
I20260713 09:12:19.410041  1675 raft_consensus.cc:2955] T 3ce5d43b7659489b9503267f26fcee56 P e9763b8983954a5fa98acbf4a296e461 [term 1 FOLLOWER]: Committing config change with OpId 1.4: config changed from index 3 to 4, VOTER fc445b5f9ad0460684ee5c5b05fae065 (127.31.211.129) evicted. New config: { opid_index: 4 OBSOLETE_local: false peers { permanent_uuid: "aa255ba3c96b47eaa2ee80d349f49393" member_type: VOTER last_known_addr { host: "127.31.211.130" port: 46215 } } peers { permanent_uuid: "e974b6e6c0ca4939823ec5e7bb545d56" member_type: VOTER last_known_addr { host: "127.31.211.131" port: 36413 } } peers { permanent_uuid: "e9763b8983954a5fa98acbf4a296e461" member_type: VOTER last_known_addr { host: "127.31.211.132" port: 37797 } attrs { promote: false } } }
I20260713 09:12:19.421275  1332 raft_consensus.cc:2955] T 3ce5d43b7659489b9503267f26fcee56 P aa255ba3c96b47eaa2ee80d349f49393 [term 1 FOLLOWER]: Committing config change with OpId 1.4: config changed from index 3 to 4, VOTER fc445b5f9ad0460684ee5c5b05fae065 (127.31.211.129) evicted. New config: { opid_index: 4 OBSOLETE_local: false peers { permanent_uuid: "aa255ba3c96b47eaa2ee80d349f49393" member_type: VOTER last_known_addr { host: "127.31.211.130" port: 46215 } } peers { permanent_uuid: "e974b6e6c0ca4939823ec5e7bb545d56" member_type: VOTER last_known_addr { host: "127.31.211.131" port: 36413 } } peers { permanent_uuid: "e9763b8983954a5fa98acbf4a296e461" member_type: VOTER last_known_addr { host: "127.31.211.132" port: 37797 } attrs { promote: false } } }
I20260713 09:12:19.422742  1144 catalog_manager.cc:5210] ChangeConfig:REMOVE_PEER RPC for tablet 3ce5d43b7659489b9503267f26fcee56 with cas_config_opid_index 3: ChangeConfig:REMOVE_PEER succeeded (attempt 1)
I20260713 09:12:19.425662  1318 tablet_service.cc:1558] Processing DeleteTablet for tablet 9f1de807a7bc484ea19b1a0928278462 with delete_type TABLET_DATA_TOMBSTONED (TS aa255ba3c96b47eaa2ee80d349f49393 not found in new config with opid_index 4) from {username='slave'} at 127.0.0.1:33852
I20260713 09:12:19.443228  1154 catalog_manager.cc:5697] T 3ce5d43b7659489b9503267f26fcee56 P e9763b8983954a5fa98acbf4a296e461 reported cstate change: config changed from index 3 to 4, VOTER fc445b5f9ad0460684ee5c5b05fae065 (127.31.211.129) evicted. New cstate: current_term: 1 leader_uuid: "e974b6e6c0ca4939823ec5e7bb545d56" committed_config { opid_index: 4 OBSOLETE_local: false peers { permanent_uuid: "aa255ba3c96b47eaa2ee80d349f49393" member_type: VOTER last_known_addr { host: "127.31.211.130" port: 46215 } } peers { permanent_uuid: "e974b6e6c0ca4939823ec5e7bb545d56" member_type: VOTER last_known_addr { host: "127.31.211.131" port: 36413 } } peers { permanent_uuid: "e9763b8983954a5fa98acbf4a296e461" member_type: VOTER last_known_addr { host: "127.31.211.132" port: 37797 } attrs { promote: false } } }
I20260713 09:12:19.451881  2016 tablet_replica.cc:333] T 9f1de807a7bc484ea19b1a0928278462 P aa255ba3c96b47eaa2ee80d349f49393: stopping tablet replica
I20260713 09:12:19.452956  2016 raft_consensus.cc:2243] T 9f1de807a7bc484ea19b1a0928278462 P aa255ba3c96b47eaa2ee80d349f49393 [term 1 FOLLOWER]: Raft consensus shutting down.
I20260713 09:12:19.453665  2016 raft_consensus.cc:2272] T 9f1de807a7bc484ea19b1a0928278462 P aa255ba3c96b47eaa2ee80d349f49393 [term 1 FOLLOWER]: Raft consensus is shut down!
I20260713 09:12:19.463943  1248 tablet_service.cc:1558] Processing DeleteTablet for tablet 3ce5d43b7659489b9503267f26fcee56 with delete_type TABLET_DATA_TOMBSTONED (TS fc445b5f9ad0460684ee5c5b05fae065 not found in new config with opid_index 4) from {username='slave'} at 127.0.0.1:34102
I20260713 09:12:19.465737  2016 ts_tablet_manager.cc:1916] T 9f1de807a7bc484ea19b1a0928278462 P aa255ba3c96b47eaa2ee80d349f49393: Deleting tablet data with delete state TABLET_DATA_TOMBSTONED
I20260713 09:12:19.479879  2017 tablet_replica.cc:333] T 3ce5d43b7659489b9503267f26fcee56 P fc445b5f9ad0460684ee5c5b05fae065: stopping tablet replica
I20260713 09:12:19.481235  2017 raft_consensus.cc:2243] T 3ce5d43b7659489b9503267f26fcee56 P fc445b5f9ad0460684ee5c5b05fae065 [term 1 FOLLOWER]: Raft consensus shutting down.
I20260713 09:12:19.482008  2017 raft_consensus.cc:2272] T 3ce5d43b7659489b9503267f26fcee56 P fc445b5f9ad0460684ee5c5b05fae065 [term 1 FOLLOWER]: Raft consensus is shut down!
I20260713 09:12:19.484483  2016 ts_tablet_manager.cc:1929] T 9f1de807a7bc484ea19b1a0928278462 P aa255ba3c96b47eaa2ee80d349f49393: tablet deleted with delete type TABLET_DATA_TOMBSTONED: last-logged OpId 1.3
I20260713 09:12:19.484977  2016 log.cc:1199] T 9f1de807a7bc484ea19b1a0928278462 P aa255ba3c96b47eaa2ee80d349f49393: Deleting WAL directory at /tmp/dist-test-tasksc9phi/test-tmp/auto_leader_rebalancer-test.0.LeaderRebalancerTest.AddTserver.1783933895871173-32590-0/minicluster-data/ts-1-root/wals/9f1de807a7bc484ea19b1a0928278462
I20260713 09:12:19.485606  2017 ts_tablet_manager.cc:1916] T 3ce5d43b7659489b9503267f26fcee56 P fc445b5f9ad0460684ee5c5b05fae065: Deleting tablet data with delete state TABLET_DATA_TOMBSTONED
I20260713 09:12:19.493248  1141 catalog_manager.cc:5028] TS aa255ba3c96b47eaa2ee80d349f49393 (127.31.211.130:46215): tablet 9f1de807a7bc484ea19b1a0928278462 (table test-workload [id=361090d1fbf241cb959adaf0ddf8a21b]) successfully deleted
I20260713 09:12:19.504161  2017 ts_tablet_manager.cc:1929] T 3ce5d43b7659489b9503267f26fcee56 P fc445b5f9ad0460684ee5c5b05fae065: tablet deleted with delete type TABLET_DATA_TOMBSTONED: last-logged OpId 1.3
I20260713 09:12:19.504704  2017 log.cc:1199] T 3ce5d43b7659489b9503267f26fcee56 P fc445b5f9ad0460684ee5c5b05fae065: Deleting WAL directory at /tmp/dist-test-tasksc9phi/test-tmp/auto_leader_rebalancer-test.0.LeaderRebalancerTest.AddTserver.1783933895871173-32590-0/minicluster-data/ts-0-root/wals/3ce5d43b7659489b9503267f26fcee56
I20260713 09:12:19.506366  1143 catalog_manager.cc:5028] TS fc445b5f9ad0460684ee5c5b05fae065 (127.31.211.129:34743): tablet 3ce5d43b7659489b9503267f26fcee56 (table test-workload [id=361090d1fbf241cb959adaf0ddf8a21b]) successfully deleted
I20260713 09:12:25.076749 32590 auto_leader_rebalancer.cc:141] leader rebalance for table test-workload
I20260713 09:12:25.103884  1331 tablet_service.cc:2072] Received LeaderStepDown RPC: tablet_id: "206136f900d54bc29216109398baa807"
dest_uuid: "aa255ba3c96b47eaa2ee80d349f49393"
mode: GRACEFUL
new_leader_uuid: "e9763b8983954a5fa98acbf4a296e461"
 from {username='slave'} at 127.0.0.1:42166
I20260713 09:12:25.104542  1331 raft_consensus.cc:606] T 206136f900d54bc29216109398baa807 P aa255ba3c96b47eaa2ee80d349f49393 [term 1 LEADER]: Received request to transfer leadership to TS e9763b8983954a5fa98acbf4a296e461
I20260713 09:12:25.106859  1331 tablet_service.cc:2072] Received LeaderStepDown RPC: tablet_id: "706e7caf44f84da2820749c475a68097"
dest_uuid: "aa255ba3c96b47eaa2ee80d349f49393"
mode: GRACEFUL
new_leader_uuid: "e9763b8983954a5fa98acbf4a296e461"
 from {username='slave'} at 127.0.0.1:42166
I20260713 09:12:25.107353  1331 raft_consensus.cc:606] T 706e7caf44f84da2820749c475a68097 P aa255ba3c96b47eaa2ee80d349f49393 [term 1 LEADER]: Received request to transfer leadership to TS e9763b8983954a5fa98acbf4a296e461
I20260713 09:12:25.119393  1408 tablet_service.cc:2072] Received LeaderStepDown RPC: tablet_id: "9f3bccc59a0145a2972efdb1df83657a"
dest_uuid: "e974b6e6c0ca4939823ec5e7bb545d56"
mode: GRACEFUL
new_leader_uuid: "e9763b8983954a5fa98acbf4a296e461"
 from {username='slave'} at 127.0.0.1:36024
I20260713 09:12:25.119877  1408 raft_consensus.cc:606] T 9f3bccc59a0145a2972efdb1df83657a P e974b6e6c0ca4939823ec5e7bb545d56 [term 1 LEADER]: Received request to transfer leadership to TS e9763b8983954a5fa98acbf4a296e461
I20260713 09:12:25.123381  1331 tablet_service.cc:2072] Received LeaderStepDown RPC: tablet_id: "a4323f1e95fc47f6972306454d83b9ff"
dest_uuid: "aa255ba3c96b47eaa2ee80d349f49393"
mode: GRACEFUL
new_leader_uuid: "e9763b8983954a5fa98acbf4a296e461"
 from {username='slave'} at 127.0.0.1:42166
I20260713 09:12:25.124011  2024 raft_consensus.cc:993] T 706e7caf44f84da2820749c475a68097 P aa255ba3c96b47eaa2ee80d349f49393: : Instructing follower e9763b8983954a5fa98acbf4a296e461 to start an election
I20260713 09:12:25.123965  1331 raft_consensus.cc:606] T a4323f1e95fc47f6972306454d83b9ff P aa255ba3c96b47eaa2ee80d349f49393 [term 1 LEADER]: Received request to transfer leadership to TS e9763b8983954a5fa98acbf4a296e461
I20260713 09:12:25.124570  2028 raft_consensus.cc:1081] T 706e7caf44f84da2820749c475a68097 P aa255ba3c96b47eaa2ee80d349f49393 [term 1 LEADER]: Signalling peer e9763b8983954a5fa98acbf4a296e461 to start an election
I20260713 09:12:25.126814  1675 tablet_service.cc:2044] Received Run Leader Election RPC: tablet_id: "706e7caf44f84da2820749c475a68097"
dest_uuid: "e9763b8983954a5fa98acbf4a296e461"
 from {username='slave'} at 127.0.0.1:34324
I20260713 09:12:25.127424  1675 raft_consensus.cc:493] T 706e7caf44f84da2820749c475a68097 P e9763b8983954a5fa98acbf4a296e461 [term 1 FOLLOWER]: Starting forced leader election (received explicit request)
I20260713 09:12:25.127593  1331 tablet_service.cc:2072] Received LeaderStepDown RPC: tablet_id: "cc32662d245e47b4a1554a5f4efc4e73"
dest_uuid: "aa255ba3c96b47eaa2ee80d349f49393"
mode: GRACEFUL
new_leader_uuid: "e9763b8983954a5fa98acbf4a296e461"
 from {username='slave'} at 127.0.0.1:42166
I20260713 09:12:25.127748  1675 raft_consensus.cc:3060] T 706e7caf44f84da2820749c475a68097 P e9763b8983954a5fa98acbf4a296e461 [term 1 FOLLOWER]: Advancing to term 2
I20260713 09:12:25.128077  1331 raft_consensus.cc:606] T cc32662d245e47b4a1554a5f4efc4e73 P aa255ba3c96b47eaa2ee80d349f49393 [term 1 LEADER]: Received request to transfer leadership to TS e9763b8983954a5fa98acbf4a296e461
I20260713 09:12:25.129170 32590 auto_leader_rebalancer.cc:479] table: test-workload, leader rebalance finish, leader transfer count: 5
I20260713 09:12:25.129906 32590 auto_leader_rebalancer.cc:554] All tables' leader rebalancing finished this round
I20260713 09:12:25.134837  1675 raft_consensus.cc:515] T 706e7caf44f84da2820749c475a68097 P e9763b8983954a5fa98acbf4a296e461 [term 2 FOLLOWER]: Starting forced leader election with config: opid_index: 4 OBSOLETE_local: false peers { permanent_uuid: "e974b6e6c0ca4939823ec5e7bb545d56" member_type: VOTER last_known_addr { host: "127.31.211.131" port: 36413 } } peers { permanent_uuid: "aa255ba3c96b47eaa2ee80d349f49393" member_type: VOTER last_known_addr { host: "127.31.211.130" port: 46215 } } peers { permanent_uuid: "e9763b8983954a5fa98acbf4a296e461" member_type: VOTER last_known_addr { host: "127.31.211.132" port: 37797 } attrs { promote: false } }
I20260713 09:12:25.135609  2024 raft_consensus.cc:993] T a4323f1e95fc47f6972306454d83b9ff P aa255ba3c96b47eaa2ee80d349f49393: : Instructing follower e9763b8983954a5fa98acbf4a296e461 to start an election
I20260713 09:12:25.136054  2028 raft_consensus.cc:1081] T a4323f1e95fc47f6972306454d83b9ff P aa255ba3c96b47eaa2ee80d349f49393 [term 1 LEADER]: Signalling peer e9763b8983954a5fa98acbf4a296e461 to start an election
I20260713 09:12:25.137246  1675 leader_election.cc:290] T 706e7caf44f84da2820749c475a68097 P e9763b8983954a5fa98acbf4a296e461 [CANDIDATE]: Term 2 election: Requested vote from peers e974b6e6c0ca4939823ec5e7bb545d56 (127.31.211.131:36413), aa255ba3c96b47eaa2ee80d349f49393 (127.31.211.130:46215)
I20260713 09:12:25.137872  1672 tablet_service.cc:2044] Received Run Leader Election RPC: tablet_id: "a4323f1e95fc47f6972306454d83b9ff"
dest_uuid: "e9763b8983954a5fa98acbf4a296e461"
 from {username='slave'} at 127.0.0.1:34324
I20260713 09:12:25.137948  1408 tablet_service.cc:1917] Received RequestConsensusVote() RPC: tablet_id: "706e7caf44f84da2820749c475a68097" candidate_uuid: "e9763b8983954a5fa98acbf4a296e461" candidate_term: 2 candidate_status { last_received { term: 1 index: 4 } } ignore_live_leader: true dest_uuid: "e974b6e6c0ca4939823ec5e7bb545d56"
I20260713 09:12:25.138451  1672 raft_consensus.cc:493] T a4323f1e95fc47f6972306454d83b9ff P e9763b8983954a5fa98acbf4a296e461 [term 1 FOLLOWER]: Starting forced leader election (received explicit request)
I20260713 09:12:25.138654  1408 raft_consensus.cc:3060] T 706e7caf44f84da2820749c475a68097 P e974b6e6c0ca4939823ec5e7bb545d56 [term 1 FOLLOWER]: Advancing to term 2
I20260713 09:12:25.138842  1672 raft_consensus.cc:3060] T a4323f1e95fc47f6972306454d83b9ff P e9763b8983954a5fa98acbf4a296e461 [term 1 FOLLOWER]: Advancing to term 2
I20260713 09:12:25.144295  1331 tablet_service.cc:1917] Received RequestConsensusVote() RPC: tablet_id: "706e7caf44f84da2820749c475a68097" candidate_uuid: "e9763b8983954a5fa98acbf4a296e461" candidate_term: 2 candidate_status { last_received { term: 1 index: 4 } } ignore_live_leader: true dest_uuid: "aa255ba3c96b47eaa2ee80d349f49393"
I20260713 09:12:25.144344  1672 raft_consensus.cc:515] T a4323f1e95fc47f6972306454d83b9ff P e9763b8983954a5fa98acbf4a296e461 [term 2 FOLLOWER]: Starting forced leader election with config: opid_index: 4 OBSOLETE_local: false peers { permanent_uuid: "fc445b5f9ad0460684ee5c5b05fae065" member_type: VOTER last_known_addr { host: "127.31.211.129" port: 34743 } } peers { permanent_uuid: "aa255ba3c96b47eaa2ee80d349f49393" member_type: VOTER last_known_addr { host: "127.31.211.130" port: 46215 } } peers { permanent_uuid: "e9763b8983954a5fa98acbf4a296e461" member_type: VOTER last_known_addr { host: "127.31.211.132" port: 37797 } attrs { promote: false } }
I20260713 09:12:25.144892  1331 raft_consensus.cc:3055] T 706e7caf44f84da2820749c475a68097 P aa255ba3c96b47eaa2ee80d349f49393 [term 1 LEADER]: Stepping down as leader of term 1
I20260713 09:12:25.145228  1331 raft_consensus.cc:740] T 706e7caf44f84da2820749c475a68097 P aa255ba3c96b47eaa2ee80d349f49393 [term 1 LEADER]: Becoming Follower/Learner. State: Replica: aa255ba3c96b47eaa2ee80d349f49393, State: Running, Role: LEADER
I20260713 09:12:25.145934  1331 consensus_queue.cc:260] T 706e7caf44f84da2820749c475a68097 P aa255ba3c96b47eaa2ee80d349f49393 [NON_LEADER]: Queue going to NON_LEADER mode. State: All replicated index: 0, Majority replicated index: 4, Committed index: 4, Last appended: 1.4, Last appended by leader: 4, Current term: 1, Majority size: -1, State: 0, Mode: NON_LEADER, active raft config: opid_index: 4 OBSOLETE_local: false peers { permanent_uuid: "e974b6e6c0ca4939823ec5e7bb545d56" member_type: VOTER last_known_addr { host: "127.31.211.131" port: 36413 } } peers { permanent_uuid: "aa255ba3c96b47eaa2ee80d349f49393" member_type: VOTER last_known_addr { host: "127.31.211.130" port: 46215 } } peers { permanent_uuid: "e9763b8983954a5fa98acbf4a296e461" member_type: VOTER last_known_addr { host: "127.31.211.132" port: 37797 } attrs { promote: false } }
I20260713 09:12:25.146484  1672 leader_election.cc:290] T a4323f1e95fc47f6972306454d83b9ff P e9763b8983954a5fa98acbf4a296e461 [CANDIDATE]: Term 2 election: Requested vote from peers fc445b5f9ad0460684ee5c5b05fae065 (127.31.211.129:34743), aa255ba3c96b47eaa2ee80d349f49393 (127.31.211.130:46215)
I20260713 09:12:25.146968  1331 raft_consensus.cc:3060] T 706e7caf44f84da2820749c475a68097 P aa255ba3c96b47eaa2ee80d349f49393 [term 1 FOLLOWER]: Advancing to term 2
I20260713 09:12:25.147120  1254 tablet_service.cc:1917] Received RequestConsensusVote() RPC: tablet_id: "a4323f1e95fc47f6972306454d83b9ff" candidate_uuid: "e9763b8983954a5fa98acbf4a296e461" candidate_term: 2 candidate_status { last_received { term: 1 index: 4 } } ignore_live_leader: true dest_uuid: "fc445b5f9ad0460684ee5c5b05fae065"
I20260713 09:12:25.147388  1408 raft_consensus.cc:2468] T 706e7caf44f84da2820749c475a68097 P e974b6e6c0ca4939823ec5e7bb545d56 [term 2 FOLLOWER]: Leader election vote request: Granting yes vote for candidate e9763b8983954a5fa98acbf4a296e461 in term 2.
I20260713 09:12:25.147557  1332 tablet_service.cc:1917] Received RequestConsensusVote() RPC: tablet_id: "a4323f1e95fc47f6972306454d83b9ff" candidate_uuid: "e9763b8983954a5fa98acbf4a296e461" candidate_term: 2 candidate_status { last_received { term: 1 index: 4 } } ignore_live_leader: true dest_uuid: "aa255ba3c96b47eaa2ee80d349f49393"
I20260713 09:12:25.147667  1254 raft_consensus.cc:3060] T a4323f1e95fc47f6972306454d83b9ff P fc445b5f9ad0460684ee5c5b05fae065 [term 1 FOLLOWER]: Advancing to term 2
I20260713 09:12:25.148046  1332 raft_consensus.cc:3055] T a4323f1e95fc47f6972306454d83b9ff P aa255ba3c96b47eaa2ee80d349f49393 [term 1 LEADER]: Stepping down as leader of term 1
I20260713 09:12:25.148357  1332 raft_consensus.cc:740] T a4323f1e95fc47f6972306454d83b9ff P aa255ba3c96b47eaa2ee80d349f49393 [term 1 LEADER]: Becoming Follower/Learner. State: Replica: aa255ba3c96b47eaa2ee80d349f49393, State: Running, Role: LEADER
I20260713 09:12:25.149042  1641 leader_election.cc:304] T 706e7caf44f84da2820749c475a68097 P e9763b8983954a5fa98acbf4a296e461 [CANDIDATE]: Term 2 election: Election decided. Result: candidate won. Election summary: received 2 responses out of 3 voters: 2 yes votes; 0 no votes. yes voters: e974b6e6c0ca4939823ec5e7bb545d56, e9763b8983954a5fa98acbf4a296e461; no voters: 
I20260713 09:12:25.149111  1332 consensus_queue.cc:260] T a4323f1e95fc47f6972306454d83b9ff P aa255ba3c96b47eaa2ee80d349f49393 [NON_LEADER]: Queue going to NON_LEADER mode. State: All replicated index: 0, Majority replicated index: 4, Committed index: 4, Last appended: 1.4, Last appended by leader: 4, Current term: 1, Majority size: -1, State: 0, Mode: NON_LEADER, active raft config: opid_index: 4 OBSOLETE_local: false peers { permanent_uuid: "fc445b5f9ad0460684ee5c5b05fae065" member_type: VOTER last_known_addr { host: "127.31.211.129" port: 34743 } } peers { permanent_uuid: "aa255ba3c96b47eaa2ee80d349f49393" member_type: VOTER last_known_addr { host: "127.31.211.130" port: 46215 } } peers { permanent_uuid: "e9763b8983954a5fa98acbf4a296e461" member_type: VOTER last_known_addr { host: "127.31.211.132" port: 37797 } attrs { promote: false } }
I20260713 09:12:25.150535  1332 raft_consensus.cc:3060] T a4323f1e95fc47f6972306454d83b9ff P aa255ba3c96b47eaa2ee80d349f49393 [term 1 FOLLOWER]: Advancing to term 2
I20260713 09:12:25.153038  1331 raft_consensus.cc:2468] T 706e7caf44f84da2820749c475a68097 P aa255ba3c96b47eaa2ee80d349f49393 [term 2 FOLLOWER]: Leader election vote request: Granting yes vote for candidate e9763b8983954a5fa98acbf4a296e461 in term 2.
I20260713 09:12:25.153820  1254 raft_consensus.cc:2468] T a4323f1e95fc47f6972306454d83b9ff P fc445b5f9ad0460684ee5c5b05fae065 [term 2 FOLLOWER]: Leader election vote request: Granting yes vote for candidate e9763b8983954a5fa98acbf4a296e461 in term 2.
I20260713 09:12:25.154975  1640 leader_election.cc:304] T a4323f1e95fc47f6972306454d83b9ff P e9763b8983954a5fa98acbf4a296e461 [CANDIDATE]: Term 2 election: Election decided. Result: candidate won. Election summary: received 2 responses out of 3 voters: 2 yes votes; 0 no votes. yes voters: e9763b8983954a5fa98acbf4a296e461, fc445b5f9ad0460684ee5c5b05fae065; no voters: 
I20260713 09:12:25.156585  2034 raft_consensus.cc:2804] T 706e7caf44f84da2820749c475a68097 P e9763b8983954a5fa98acbf4a296e461 [term 2 FOLLOWER]: Leader election won for term 2
I20260713 09:12:25.157971  2034 raft_consensus.cc:697] T 706e7caf44f84da2820749c475a68097 P e9763b8983954a5fa98acbf4a296e461 [term 2 LEADER]: Becoming Leader. State: Replica: e9763b8983954a5fa98acbf4a296e461, State: Running, Role: LEADER
I20260713 09:12:25.158270  2035 raft_consensus.cc:2804] T a4323f1e95fc47f6972306454d83b9ff P e9763b8983954a5fa98acbf4a296e461 [term 2 FOLLOWER]: Leader election won for term 2
I20260713 09:12:25.158931  2034 consensus_queue.cc:237] T 706e7caf44f84da2820749c475a68097 P e9763b8983954a5fa98acbf4a296e461 [LEADER]: Queue going to LEADER mode. State: All replicated index: 0, Majority replicated index: 4, Committed index: 4, Last appended: 1.4, Last appended by leader: 4, Current term: 2, Majority size: 2, State: 0, Mode: LEADER, active raft config: opid_index: 4 OBSOLETE_local: false peers { permanent_uuid: "e974b6e6c0ca4939823ec5e7bb545d56" member_type: VOTER last_known_addr { host: "127.31.211.131" port: 36413 } } peers { permanent_uuid: "aa255ba3c96b47eaa2ee80d349f49393" member_type: VOTER last_known_addr { host: "127.31.211.130" port: 46215 } } peers { permanent_uuid: "e9763b8983954a5fa98acbf4a296e461" member_type: VOTER last_known_addr { host: "127.31.211.132" port: 37797 } attrs { promote: false } }
I20260713 09:12:25.159904  1332 raft_consensus.cc:2468] T a4323f1e95fc47f6972306454d83b9ff P aa255ba3c96b47eaa2ee80d349f49393 [term 2 FOLLOWER]: Leader election vote request: Granting yes vote for candidate e9763b8983954a5fa98acbf4a296e461 in term 2.
I20260713 09:12:25.165289  2035 raft_consensus.cc:697] T a4323f1e95fc47f6972306454d83b9ff P e9763b8983954a5fa98acbf4a296e461 [term 2 LEADER]: Becoming Leader. State: Replica: e9763b8983954a5fa98acbf4a296e461, State: Running, Role: LEADER
I20260713 09:12:25.166397  2035 consensus_queue.cc:237] T a4323f1e95fc47f6972306454d83b9ff P e9763b8983954a5fa98acbf4a296e461 [LEADER]: Queue going to LEADER mode. State: All replicated index: 0, Majority replicated index: 4, Committed index: 4, Last appended: 1.4, Last appended by leader: 4, Current term: 2, Majority size: 2, State: 0, Mode: LEADER, active raft config: opid_index: 4 OBSOLETE_local: false peers { permanent_uuid: "fc445b5f9ad0460684ee5c5b05fae065" member_type: VOTER last_known_addr { host: "127.31.211.129" port: 34743 } } peers { permanent_uuid: "aa255ba3c96b47eaa2ee80d349f49393" member_type: VOTER last_known_addr { host: "127.31.211.130" port: 46215 } } peers { permanent_uuid: "e9763b8983954a5fa98acbf4a296e461" member_type: VOTER last_known_addr { host: "127.31.211.132" port: 37797 } attrs { promote: false } }
I20260713 09:12:25.171137  1156 catalog_manager.cc:5697] T 706e7caf44f84da2820749c475a68097 P e9763b8983954a5fa98acbf4a296e461 reported cstate change: term changed from 1 to 2, leader changed from aa255ba3c96b47eaa2ee80d349f49393 (127.31.211.130) to e9763b8983954a5fa98acbf4a296e461 (127.31.211.132). New cstate: current_term: 2 leader_uuid: "e9763b8983954a5fa98acbf4a296e461" committed_config { opid_index: 4 OBSOLETE_local: false peers { permanent_uuid: "e974b6e6c0ca4939823ec5e7bb545d56" member_type: VOTER last_known_addr { host: "127.31.211.131" port: 36413 } health_report { overall_health: UNKNOWN } } peers { permanent_uuid: "aa255ba3c96b47eaa2ee80d349f49393" member_type: VOTER last_known_addr { host: "127.31.211.130" port: 46215 } health_report { overall_health: UNKNOWN } } peers { permanent_uuid: "e9763b8983954a5fa98acbf4a296e461" member_type: VOTER last_known_addr { host: "127.31.211.132" port: 37797 } attrs { promote: false } health_report { overall_health: HEALTHY } } }
I20260713 09:12:25.186003  1156 catalog_manager.cc:5697] T a4323f1e95fc47f6972306454d83b9ff P e9763b8983954a5fa98acbf4a296e461 reported cstate change: term changed from 1 to 2, leader changed from aa255ba3c96b47eaa2ee80d349f49393 (127.31.211.130) to e9763b8983954a5fa98acbf4a296e461 (127.31.211.132). New cstate: current_term: 2 leader_uuid: "e9763b8983954a5fa98acbf4a296e461" committed_config { opid_index: 4 OBSOLETE_local: false peers { permanent_uuid: "fc445b5f9ad0460684ee5c5b05fae065" member_type: VOTER last_known_addr { host: "127.31.211.129" port: 34743 } health_report { overall_health: UNKNOWN } } peers { permanent_uuid: "aa255ba3c96b47eaa2ee80d349f49393" member_type: VOTER last_known_addr { host: "127.31.211.130" port: 46215 } health_report { overall_health: UNKNOWN } } peers { permanent_uuid: "e9763b8983954a5fa98acbf4a296e461" member_type: VOTER last_known_addr { host: "127.31.211.132" port: 37797 } attrs { promote: false } health_report { overall_health: HEALTHY } } }
I20260713 09:12:25.276319  2028 raft_consensus.cc:993] T 206136f900d54bc29216109398baa807 P aa255ba3c96b47eaa2ee80d349f49393: : Instructing follower e9763b8983954a5fa98acbf4a296e461 to start an election
I20260713 09:12:25.276867  2024 raft_consensus.cc:1081] T 206136f900d54bc29216109398baa807 P aa255ba3c96b47eaa2ee80d349f49393 [term 1 LEADER]: Signalling peer e9763b8983954a5fa98acbf4a296e461 to start an election
I20260713 09:12:25.278460  1672 tablet_service.cc:2044] Received Run Leader Election RPC: tablet_id: "206136f900d54bc29216109398baa807"
dest_uuid: "e9763b8983954a5fa98acbf4a296e461"
 from {username='slave'} at 127.0.0.1:34324
I20260713 09:12:25.278836  1672 raft_consensus.cc:493] T 206136f900d54bc29216109398baa807 P e9763b8983954a5fa98acbf4a296e461 [term 1 FOLLOWER]: Starting forced leader election (received explicit request)
I20260713 09:12:25.279074  1672 raft_consensus.cc:3060] T 206136f900d54bc29216109398baa807 P e9763b8983954a5fa98acbf4a296e461 [term 1 FOLLOWER]: Advancing to term 2
I20260713 09:12:25.284793  1672 raft_consensus.cc:515] T 206136f900d54bc29216109398baa807 P e9763b8983954a5fa98acbf4a296e461 [term 2 FOLLOWER]: Starting forced leader election with config: opid_index: 4 OBSOLETE_local: false peers { permanent_uuid: "aa255ba3c96b47eaa2ee80d349f49393" member_type: VOTER last_known_addr { host: "127.31.211.130" port: 46215 } } peers { permanent_uuid: "e974b6e6c0ca4939823ec5e7bb545d56" member_type: VOTER last_known_addr { host: "127.31.211.131" port: 36413 } } peers { permanent_uuid: "e9763b8983954a5fa98acbf4a296e461" member_type: VOTER last_known_addr { host: "127.31.211.132" port: 37797 } attrs { promote: false } }
I20260713 09:12:25.286813  1672 leader_election.cc:290] T 206136f900d54bc29216109398baa807 P e9763b8983954a5fa98acbf4a296e461 [CANDIDATE]: Term 2 election: Requested vote from peers aa255ba3c96b47eaa2ee80d349f49393 (127.31.211.130:46215), e974b6e6c0ca4939823ec5e7bb545d56 (127.31.211.131:36413)
I20260713 09:12:25.286933  1332 tablet_service.cc:1917] Received RequestConsensusVote() RPC: tablet_id: "206136f900d54bc29216109398baa807" candidate_uuid: "e9763b8983954a5fa98acbf4a296e461" candidate_term: 2 candidate_status { last_received { term: 1 index: 4 } } ignore_live_leader: true dest_uuid: "aa255ba3c96b47eaa2ee80d349f49393"
I20260713 09:12:25.287312  1408 tablet_service.cc:1917] Received RequestConsensusVote() RPC: tablet_id: "206136f900d54bc29216109398baa807" candidate_uuid: "e9763b8983954a5fa98acbf4a296e461" candidate_term: 2 candidate_status { last_received { term: 1 index: 4 } } ignore_live_leader: true dest_uuid: "e974b6e6c0ca4939823ec5e7bb545d56"
I20260713 09:12:25.287514  1332 raft_consensus.cc:3055] T 206136f900d54bc29216109398baa807 P aa255ba3c96b47eaa2ee80d349f49393 [term 1 LEADER]: Stepping down as leader of term 1
I20260713 09:12:25.287822  1408 raft_consensus.cc:3060] T 206136f900d54bc29216109398baa807 P e974b6e6c0ca4939823ec5e7bb545d56 [term 1 FOLLOWER]: Advancing to term 2
I20260713 09:12:25.287824  1332 raft_consensus.cc:740] T 206136f900d54bc29216109398baa807 P aa255ba3c96b47eaa2ee80d349f49393 [term 1 LEADER]: Becoming Follower/Learner. State: Replica: aa255ba3c96b47eaa2ee80d349f49393, State: Running, Role: LEADER
I20260713 09:12:25.288826  1332 consensus_queue.cc:260] T 206136f900d54bc29216109398baa807 P aa255ba3c96b47eaa2ee80d349f49393 [NON_LEADER]: Queue going to NON_LEADER mode. State: All replicated index: 0, Majority replicated index: 4, Committed index: 4, Last appended: 1.4, Last appended by leader: 4, Current term: 1, Majority size: -1, State: 0, Mode: NON_LEADER, active raft config: opid_index: 4 OBSOLETE_local: false peers { permanent_uuid: "aa255ba3c96b47eaa2ee80d349f49393" member_type: VOTER last_known_addr { host: "127.31.211.130" port: 46215 } } peers { permanent_uuid: "e974b6e6c0ca4939823ec5e7bb545d56" member_type: VOTER last_known_addr { host: "127.31.211.131" port: 36413 } } peers { permanent_uuid: "e9763b8983954a5fa98acbf4a296e461" member_type: VOTER last_known_addr { host: "127.31.211.132" port: 37797 } attrs { promote: false } }
I20260713 09:12:25.289680  1332 raft_consensus.cc:3060] T 206136f900d54bc29216109398baa807 P aa255ba3c96b47eaa2ee80d349f49393 [term 1 FOLLOWER]: Advancing to term 2
I20260713 09:12:25.292754  1408 raft_consensus.cc:2468] T 206136f900d54bc29216109398baa807 P e974b6e6c0ca4939823ec5e7bb545d56 [term 2 FOLLOWER]: Leader election vote request: Granting yes vote for candidate e9763b8983954a5fa98acbf4a296e461 in term 2.
I20260713 09:12:25.294090  1641 leader_election.cc:304] T 206136f900d54bc29216109398baa807 P e9763b8983954a5fa98acbf4a296e461 [CANDIDATE]: Term 2 election: Election decided. Result: candidate won. Election summary: received 2 responses out of 3 voters: 2 yes votes; 0 no votes. yes voters: e974b6e6c0ca4939823ec5e7bb545d56, e9763b8983954a5fa98acbf4a296e461; no voters: 
I20260713 09:12:25.294440  1332 raft_consensus.cc:2468] T 206136f900d54bc29216109398baa807 P aa255ba3c96b47eaa2ee80d349f49393 [term 2 FOLLOWER]: Leader election vote request: Granting yes vote for candidate e9763b8983954a5fa98acbf4a296e461 in term 2.
I20260713 09:12:25.294855  2035 raft_consensus.cc:2804] T 206136f900d54bc29216109398baa807 P e9763b8983954a5fa98acbf4a296e461 [term 2 FOLLOWER]: Leader election won for term 2
I20260713 09:12:25.295320  2035 raft_consensus.cc:697] T 206136f900d54bc29216109398baa807 P e9763b8983954a5fa98acbf4a296e461 [term 2 LEADER]: Becoming Leader. State: Replica: e9763b8983954a5fa98acbf4a296e461, State: Running, Role: LEADER
