I20260713 09:12:04.043377 28644 raft_consensus.cc:515] T 3ea8436cd9844b1c869033d842926aaa P 00508bfb02654370899e2e2dd4009c3b [term 0 FOLLOWER]: Starting pre-election with config: opid_index: -1 OBSOLETE_local: false peers { permanent_uuid: "33109e609a1344f4bfa5296666be758c" member_type: VOTER last_known_addr { host: "127.26.171.193" port: 44457 } } peers { permanent_uuid: "2c5d44c4f3184748829443462ff0bce8" member_type: VOTER last_known_addr { host: "127.26.171.194" port: 40865 } } peers { permanent_uuid: "00508bfb02654370899e2e2dd4009c3b" member_type: VOTER last_known_addr { host: "127.26.171.195" port: 46553 } }
I20260713 09:12:04.039644 28585 tablet_service.cc:1511] Processing CreateTablet for tablet b8129b29df454de08cfb7dc1d01da024 (DEFAULT_TABLE table=test-workload [id=f753df4a38a04487974c857676f7aa6a]), partition=RANGE (key) PARTITION 1700091215 <= VALUES < 1789569700
I20260713 09:12:04.044283 28505 tablet_service.cc:1511] Processing CreateTablet for tablet 2ddbc1f5d0ca41758b0579134e468137 (DEFAULT_TABLE table=test-workload [id=f753df4a38a04487974c857676f7aa6a]), partition=RANGE (key) PARTITION 1789569700 <= VALUES < 1879048185
I20260713 09:12:04.044842 28585 data_dirs.cc:400] Could only allocate 1 dirs of requested 3 for tablet b8129b29df454de08cfb7dc1d01da024. 1 dirs total, 0 dirs full, 0 dirs failed
I20260713 09:12:04.045687 28505 data_dirs.cc:400] Could only allocate 1 dirs of requested 3 for tablet 2ddbc1f5d0ca41758b0579134e468137. 1 dirs total, 0 dirs full, 0 dirs failed
I20260713 09:12:04.040577 28509 tablet_service.cc:1511] Processing CreateTablet for tablet b8129b29df454de08cfb7dc1d01da024 (DEFAULT_TABLE table=test-workload [id=f753df4a38a04487974c857676f7aa6a]), partition=RANGE (key) PARTITION 1700091215 <= VALUES < 1789569700
I20260713 09:12:04.042062 28429 tablet_service.cc:1511] Processing CreateTablet for tablet 2ddbc1f5d0ca41758b0579134e468137 (DEFAULT_TABLE table=test-workload [id=f753df4a38a04487974c857676f7aa6a]), partition=RANGE (key) PARTITION 1789569700 <= VALUES < 1879048185
W20260713 09:12:04.037947 28394 auto_rebalancer.cc:288] Could not retrieve cluster info: Service unavailable: Tablet not running
I20260713 09:12:04.044811 28579 tablet_service.cc:1511] Processing CreateTablet for tablet 2ddbc1f5d0ca41758b0579134e468137 (DEFAULT_TABLE table=test-workload [id=f753df4a38a04487974c857676f7aa6a]), partition=RANGE (key) PARTITION 1789569700 <= VALUES < 1879048185
I20260713 09:12:04.052240 28579 data_dirs.cc:400] Could only allocate 1 dirs of requested 3 for tablet 2ddbc1f5d0ca41758b0579134e468137. 1 dirs total, 0 dirs full, 0 dirs failed
I20260713 09:12:04.052295 28637 tablet_bootstrap.cc:654] T 9019a8baed0e4bb2b86a39e12086c700 P 33109e609a1344f4bfa5296666be758c: Neither blocks nor log segments found. Creating new log.
I20260713 09:12:04.052345 28429 data_dirs.cc:400] Could only allocate 1 dirs of requested 3 for tablet 2ddbc1f5d0ca41758b0579134e468137. 1 dirs total, 0 dirs full, 0 dirs failed
I20260713 09:12:04.054590 28509 data_dirs.cc:400] Could only allocate 1 dirs of requested 3 for tablet b8129b29df454de08cfb7dc1d01da024. 1 dirs total, 0 dirs full, 0 dirs failed
I20260713 09:12:04.057608 28638 tablet_bootstrap.cc:654] T d0053b4e3f884bf9a73f9b18d13b0408 P 00508bfb02654370899e2e2dd4009c3b: Neither blocks nor log segments found. Creating new log.
I20260713 09:12:04.068511 28433 tablet_service.cc:1511] Processing CreateTablet for tablet df6f111b7c4a42908c194d7133857691 (DEFAULT_TABLE table=test-workload [id=f753df4a38a04487974c857676f7aa6a]), partition=RANGE (key) PARTITION 1879048185 <= VALUES < 1968526670
I20260713 09:12:04.070447 28644 leader_election.cc:290] T 3ea8436cd9844b1c869033d842926aaa P 00508bfb02654370899e2e2dd4009c3b [CANDIDATE]: Term 1 pre-election: Requested pre-vote from peers 33109e609a1344f4bfa5296666be758c (127.26.171.193:44457), 2c5d44c4f3184748829443462ff0bce8 (127.26.171.194:40865)
I20260713 09:12:04.069818 28433 data_dirs.cc:400] Could only allocate 1 dirs of requested 3 for tablet df6f111b7c4a42908c194d7133857691. 1 dirs total, 0 dirs full, 0 dirs failed
I20260713 09:12:04.087003 28548 heartbeater.cc:499] Master 127.26.171.254:44599 was elected leader, sending a full tablet report...
I20260713 09:12:04.087180 28640 ts_tablet_manager.cc:1434] T d0053b4e3f884bf9a73f9b18d13b0408 P 2c5d44c4f3184748829443462ff0bce8: Time spent starting tablet: real 0.079s	user 0.019s	sys 0.046s
I20260713 09:12:04.088277 28640 tablet_bootstrap.cc:492] T bf87a5c8023e4e62bfbda0b14b4c91f6 P 2c5d44c4f3184748829443462ff0bce8: Bootstrap starting.
I20260713 09:12:04.099649 28430 tablet_service.cc:1511] Processing CreateTablet for tablet 50cc97d67b4e4a599c397486a131b276 (DEFAULT_TABLE table=test-workload [id=f753df4a38a04487974c857676f7aa6a]), partition=RANGE (key) PARTITION 1968526670 <= VALUES < 2058005155
I20260713 09:12:04.101011 28430 data_dirs.cc:400] Could only allocate 1 dirs of requested 3 for tablet 50cc97d67b4e4a599c397486a131b276. 1 dirs total, 0 dirs full, 0 dirs failed
I20260713 09:12:04.106242 28513 tablet_service.cc:1511] Processing CreateTablet for tablet df6f111b7c4a42908c194d7133857691 (DEFAULT_TABLE table=test-workload [id=f753df4a38a04487974c857676f7aa6a]), partition=RANGE (key) PARTITION 1879048185 <= VALUES < 1968526670
I20260713 09:12:04.107602 28513 data_dirs.cc:400] Could only allocate 1 dirs of requested 3 for tablet df6f111b7c4a42908c194d7133857691. 1 dirs total, 0 dirs full, 0 dirs failed
I20260713 09:12:04.111994 28506 tablet_service.cc:1511] Processing CreateTablet for tablet f1cacf3e4baf41948e2ac2613fff9110 (DEFAULT_TABLE table=test-workload [id=f753df4a38a04487974c857676f7aa6a]), partition=RANGE (key) PARTITION 1610612730 <= VALUES < 1700091215
I20260713 09:12:04.113224 28506 data_dirs.cc:400] Could only allocate 1 dirs of requested 3 for tablet f1cacf3e4baf41948e2ac2613fff9110. 1 dirs total, 0 dirs full, 0 dirs failed
I20260713 09:12:04.115195 28512 tablet_service.cc:1511] Processing CreateTablet for tablet 50cc97d67b4e4a599c397486a131b276 (DEFAULT_TABLE table=test-workload [id=f753df4a38a04487974c857676f7aa6a]), partition=RANGE (key) PARTITION 1968526670 <= VALUES < 2058005155
I20260713 09:12:04.116820 28512 data_dirs.cc:400] Could only allocate 1 dirs of requested 3 for tablet 50cc97d67b4e4a599c397486a131b276. 1 dirs total, 0 dirs full, 0 dirs failed
I20260713 09:12:04.125401 28510 tablet_service.cc:1511] Processing CreateTablet for tablet 45aa09eccfd3476894a3eddb6b4d451e (DEFAULT_TABLE table=test-workload [id=f753df4a38a04487974c857676f7aa6a]), partition=RANGE (key) PARTITION 2058005155 <= VALUES
I20260713 09:12:04.126686 28510 data_dirs.cc:400] Could only allocate 1 dirs of requested 3 for tablet 45aa09eccfd3476894a3eddb6b4d451e. 1 dirs total, 0 dirs full, 0 dirs failed
I20260713 09:12:04.131844 28435 tablet_service.cc:1511] Processing CreateTablet for tablet 45aa09eccfd3476894a3eddb6b4d451e (DEFAULT_TABLE table=test-workload [id=f753df4a38a04487974c857676f7aa6a]), partition=RANGE (key) PARTITION 2058005155 <= VALUES
I20260713 09:12:04.133071 28435 data_dirs.cc:400] Could only allocate 1 dirs of requested 3 for tablet 45aa09eccfd3476894a3eddb6b4d451e. 1 dirs total, 0 dirs full, 0 dirs failed
I20260713 09:12:04.155884 28637 tablet_bootstrap.cc:492] T 9019a8baed0e4bb2b86a39e12086c700 P 33109e609a1344f4bfa5296666be758c: No bootstrap required, opened a new log
I20260713 09:12:04.156404 28637 ts_tablet_manager.cc:1403] T 9019a8baed0e4bb2b86a39e12086c700 P 33109e609a1344f4bfa5296666be758c: Time spent bootstrapping tablet: real 0.160s	user 0.019s	sys 0.002s
I20260713 09:12:04.147680 28640 tablet_bootstrap.cc:654] T bf87a5c8023e4e62bfbda0b14b4c91f6 P 2c5d44c4f3184748829443462ff0bce8: Neither blocks nor log segments found. Creating new log.
I20260713 09:12:04.158806 28579 tablet_service.cc:1511] Processing CreateTablet for tablet df6f111b7c4a42908c194d7133857691 (DEFAULT_TABLE table=test-workload [id=f753df4a38a04487974c857676f7aa6a]), partition=RANGE (key) PARTITION 1879048185 <= VALUES < 1968526670
I20260713 09:12:04.165958 28579 data_dirs.cc:400] Could only allocate 1 dirs of requested 3 for tablet df6f111b7c4a42908c194d7133857691. 1 dirs total, 0 dirs full, 0 dirs failed
I20260713 09:12:04.159232 28584 tablet_service.cc:1511] Processing CreateTablet for tablet 45aa09eccfd3476894a3eddb6b4d451e (DEFAULT_TABLE table=test-workload [id=f753df4a38a04487974c857676f7aa6a]), partition=RANGE (key) PARTITION 2058005155 <= VALUES
I20260713 09:12:04.159425 28578 tablet_service.cc:1511] Processing CreateTablet for tablet 50cc97d67b4e4a599c397486a131b276 (DEFAULT_TABLE table=test-workload [id=f753df4a38a04487974c857676f7aa6a]), partition=RANGE (key) PARTITION 1968526670 <= VALUES < 2058005155
I20260713 09:12:04.162539 28642 raft_consensus.cc:493] T de872ab24081426088463fd721dbad7f P 33109e609a1344f4bfa5296666be758c [term 0 FOLLOWER]: Starting pre-election (no leader contacted us within the election timeout)
I20260713 09:12:04.163344 28637 raft_consensus.cc:359] T 9019a8baed0e4bb2b86a39e12086c700 P 33109e609a1344f4bfa5296666be758c [term 0 FOLLOWER]: Replica starting. Triggering 0 pending ops. Active config: opid_index: -1 OBSOLETE_local: false peers { permanent_uuid: "33109e609a1344f4bfa5296666be758c" member_type: VOTER last_known_addr { host: "127.26.171.193" port: 44457 } } peers { permanent_uuid: "2c5d44c4f3184748829443462ff0bce8" member_type: VOTER last_known_addr { host: "127.26.171.194" port: 40865 } } peers { permanent_uuid: "00508bfb02654370899e2e2dd4009c3b" member_type: VOTER last_known_addr { host: "127.26.171.195" port: 46553 } }
I20260713 09:12:04.167815 28642 raft_consensus.cc:515] T de872ab24081426088463fd721dbad7f P 33109e609a1344f4bfa5296666be758c [term 0 FOLLOWER]: Starting pre-election with config: opid_index: -1 OBSOLETE_local: false peers { permanent_uuid: "33109e609a1344f4bfa5296666be758c" member_type: VOTER last_known_addr { host: "127.26.171.193" port: 44457 } } peers { permanent_uuid: "00508bfb02654370899e2e2dd4009c3b" member_type: VOTER last_known_addr { host: "127.26.171.195" port: 46553 } } peers { permanent_uuid: "2c5d44c4f3184748829443462ff0bce8" member_type: VOTER last_known_addr { host: "127.26.171.194" port: 40865 } }
I20260713 09:12:04.169776 28584 data_dirs.cc:400] Could only allocate 1 dirs of requested 3 for tablet 45aa09eccfd3476894a3eddb6b4d451e. 1 dirs total, 0 dirs full, 0 dirs failed
I20260713 09:12:04.170747 28578 data_dirs.cc:400] Could only allocate 1 dirs of requested 3 for tablet 50cc97d67b4e4a599c397486a131b276. 1 dirs total, 0 dirs full, 0 dirs failed
I20260713 09:12:04.171725 28642 leader_election.cc:290] T de872ab24081426088463fd721dbad7f P 33109e609a1344f4bfa5296666be758c [CANDIDATE]: Term 1 pre-election: Requested pre-vote from peers 00508bfb02654370899e2e2dd4009c3b (127.26.171.195:46553), 2c5d44c4f3184748829443462ff0bce8 (127.26.171.194:40865)
I20260713 09:12:04.167312 28637 raft_consensus.cc:385] T 9019a8baed0e4bb2b86a39e12086c700 P 33109e609a1344f4bfa5296666be758c [term 0 FOLLOWER]: Consensus starting up: Expiring failure detector timer to make a prompt election more likely
I20260713 09:12:04.181290 28637 raft_consensus.cc:740] T 9019a8baed0e4bb2b86a39e12086c700 P 33109e609a1344f4bfa5296666be758c [term 0 FOLLOWER]: Becoming Follower/Learner. State: Replica: 33109e609a1344f4bfa5296666be758c, State: Initialized, Role: FOLLOWER
I20260713 09:12:04.195593 28637 consensus_queue.cc:260] T 9019a8baed0e4bb2b86a39e12086c700 P 33109e609a1344f4bfa5296666be758c [NON_LEADER]: Queue going to NON_LEADER mode. State: All replicated index: 0, Majority replicated index: 0, Committed index: 0, Last appended: 0.0, Last appended by leader: 0, Current term: 0, Majority size: -1, State: 0, Mode: NON_LEADER, active raft config: opid_index: -1 OBSOLETE_local: false peers { permanent_uuid: "33109e609a1344f4bfa5296666be758c" member_type: VOTER last_known_addr { host: "127.26.171.193" port: 44457 } } peers { permanent_uuid: "2c5d44c4f3184748829443462ff0bce8" member_type: VOTER last_known_addr { host: "127.26.171.194" port: 40865 } } peers { permanent_uuid: "00508bfb02654370899e2e2dd4009c3b" member_type: VOTER last_known_addr { host: "127.26.171.195" port: 46553 } }
I20260713 09:12:04.199926 28638 tablet_bootstrap.cc:492] T d0053b4e3f884bf9a73f9b18d13b0408 P 00508bfb02654370899e2e2dd4009c3b: No bootstrap required, opened a new log
I20260713 09:12:04.200428 28638 ts_tablet_manager.cc:1403] T d0053b4e3f884bf9a73f9b18d13b0408 P 00508bfb02654370899e2e2dd4009c3b: Time spent bootstrapping tablet: real 0.187s	user 0.017s	sys 0.003s
I20260713 09:12:04.203306 28638 raft_consensus.cc:359] T d0053b4e3f884bf9a73f9b18d13b0408 P 00508bfb02654370899e2e2dd4009c3b [term 0 FOLLOWER]: Replica starting. Triggering 0 pending ops. Active config: opid_index: -1 OBSOLETE_local: false peers { permanent_uuid: "33109e609a1344f4bfa5296666be758c" member_type: VOTER last_known_addr { host: "127.26.171.193" port: 44457 } } peers { permanent_uuid: "2c5d44c4f3184748829443462ff0bce8" member_type: VOTER last_known_addr { host: "127.26.171.194" port: 40865 } } peers { permanent_uuid: "00508bfb02654370899e2e2dd4009c3b" member_type: VOTER last_known_addr { host: "127.26.171.195" port: 46553 } }
I20260713 09:12:04.203989 28638 raft_consensus.cc:385] T d0053b4e3f884bf9a73f9b18d13b0408 P 00508bfb02654370899e2e2dd4009c3b [term 0 FOLLOWER]: Consensus starting up: Expiring failure detector timer to make a prompt election more likely
I20260713 09:12:04.204274 28638 raft_consensus.cc:740] T d0053b4e3f884bf9a73f9b18d13b0408 P 00508bfb02654370899e2e2dd4009c3b [term 0 FOLLOWER]: Becoming Follower/Learner. State: Replica: 00508bfb02654370899e2e2dd4009c3b, State: Initialized, Role: FOLLOWER
I20260713 09:12:04.204953 28638 consensus_queue.cc:260] T d0053b4e3f884bf9a73f9b18d13b0408 P 00508bfb02654370899e2e2dd4009c3b [NON_LEADER]: Queue going to NON_LEADER mode. State: All replicated index: 0, Majority replicated index: 0, Committed index: 0, Last appended: 0.0, Last appended by leader: 0, Current term: 0, Majority size: -1, State: 0, Mode: NON_LEADER, active raft config: opid_index: -1 OBSOLETE_local: false peers { permanent_uuid: "33109e609a1344f4bfa5296666be758c" member_type: VOTER last_known_addr { host: "127.26.171.193" port: 44457 } } peers { permanent_uuid: "2c5d44c4f3184748829443462ff0bce8" member_type: VOTER last_known_addr { host: "127.26.171.194" port: 40865 } } peers { permanent_uuid: "00508bfb02654370899e2e2dd4009c3b" member_type: VOTER last_known_addr { host: "127.26.171.195" port: 46553 } }
I20260713 09:12:04.207224 28638 ts_tablet_manager.cc:1434] T d0053b4e3f884bf9a73f9b18d13b0408 P 00508bfb02654370899e2e2dd4009c3b: Time spent starting tablet: real 0.006s	user 0.001s	sys 0.006s
I20260713 09:12:04.208132 28638 tablet_bootstrap.cc:492] T de872ab24081426088463fd721dbad7f P 00508bfb02654370899e2e2dd4009c3b: Bootstrap starting.
I20260713 09:12:04.210300 28637 ts_tablet_manager.cc:1434] T 9019a8baed0e4bb2b86a39e12086c700 P 33109e609a1344f4bfa5296666be758c: Time spent starting tablet: real 0.054s	user 0.008s	sys 0.001s
I20260713 09:12:04.211351 28637 tablet_bootstrap.cc:492] T d0053b4e3f884bf9a73f9b18d13b0408 P 33109e609a1344f4bfa5296666be758c: Bootstrap starting.
I20260713 09:12:04.215520 28448 tablet_service.cc:1917] Received RequestConsensusVote() RPC: tablet_id: "3ea8436cd9844b1c869033d842926aaa" candidate_uuid: "00508bfb02654370899e2e2dd4009c3b" candidate_term: 1 candidate_status { last_received { term: 0 index: 0 } } ignore_live_leader: false dest_uuid: "33109e609a1344f4bfa5296666be758c" is_pre_election: true
W20260713 09:12:04.217237 28560 leader_election.cc:343] T 3ea8436cd9844b1c869033d842926aaa P 00508bfb02654370899e2e2dd4009c3b [CANDIDATE]: Term 1 pre-election: Tablet error from VoteRequest() call to peer 33109e609a1344f4bfa5296666be758c (127.26.171.193:44457): Illegal state: must be running to vote when last-logged opid is not known
I20260713 09:12:04.220317 28638 tablet_bootstrap.cc:654] T de872ab24081426088463fd721dbad7f P 00508bfb02654370899e2e2dd4009c3b: Neither blocks nor log segments found. Creating new log.
I20260713 09:12:04.250607 28640 tablet_bootstrap.cc:492] T bf87a5c8023e4e62bfbda0b14b4c91f6 P 2c5d44c4f3184748829443462ff0bce8: No bootstrap required, opened a new log
I20260713 09:12:04.251768 28640 ts_tablet_manager.cc:1403] T bf87a5c8023e4e62bfbda0b14b4c91f6 P 2c5d44c4f3184748829443462ff0bce8: Time spent bootstrapping tablet: real 0.164s	user 0.027s	sys 0.011s
I20260713 09:12:04.260536 28640 raft_consensus.cc:359] T bf87a5c8023e4e62bfbda0b14b4c91f6 P 2c5d44c4f3184748829443462ff0bce8 [term 0 FOLLOWER]: Replica starting. Triggering 0 pending ops. Active config: opid_index: -1 OBSOLETE_local: false peers { permanent_uuid: "33109e609a1344f4bfa5296666be758c" member_type: VOTER last_known_addr { host: "127.26.171.193" port: 44457 } } peers { permanent_uuid: "2c5d44c4f3184748829443462ff0bce8" member_type: VOTER last_known_addr { host: "127.26.171.194" port: 40865 } } peers { permanent_uuid: "00508bfb02654370899e2e2dd4009c3b" member_type: VOTER last_known_addr { host: "127.26.171.195" port: 46553 } }
I20260713 09:12:04.261358 28640 raft_consensus.cc:385] T bf87a5c8023e4e62bfbda0b14b4c91f6 P 2c5d44c4f3184748829443462ff0bce8 [term 0 FOLLOWER]: Consensus starting up: Expiring failure detector timer to make a prompt election more likely
I20260713 09:12:04.261529 28523 tablet_service.cc:1917] Received RequestConsensusVote() RPC: tablet_id: "3ea8436cd9844b1c869033d842926aaa" candidate_uuid: "00508bfb02654370899e2e2dd4009c3b" candidate_term: 1 candidate_status { last_received { term: 0 index: 0 } } ignore_live_leader: false dest_uuid: "2c5d44c4f3184748829443462ff0bce8" is_pre_election: true
I20260713 09:12:04.263558 28637 tablet_bootstrap.cc:654] T d0053b4e3f884bf9a73f9b18d13b0408 P 33109e609a1344f4bfa5296666be758c: Neither blocks nor log segments found. Creating new log.
W20260713 09:12:04.263974 28562 leader_election.cc:343] T 3ea8436cd9844b1c869033d842926aaa P 00508bfb02654370899e2e2dd4009c3b [CANDIDATE]: Term 1 pre-election: Tablet error from VoteRequest() call to peer 2c5d44c4f3184748829443462ff0bce8 (127.26.171.194:40865): Illegal state: must be running to vote when last-logged opid is not known
I20260713 09:12:04.264506 28562 leader_election.cc:304] T 3ea8436cd9844b1c869033d842926aaa P 00508bfb02654370899e2e2dd4009c3b [CANDIDATE]: Term 1 pre-election: Election decided. Result: candidate lost. Election summary: received 3 responses out of 3 voters: 1 yes votes; 2 no votes. yes voters: 00508bfb02654370899e2e2dd4009c3b; no voters: 2c5d44c4f3184748829443462ff0bce8, 33109e609a1344f4bfa5296666be758c
I20260713 09:12:04.266162 28644 raft_consensus.cc:2749] T 3ea8436cd9844b1c869033d842926aaa P 00508bfb02654370899e2e2dd4009c3b [term 0 FOLLOWER]: Leader pre-election lost for term 1. Reason: could not achieve majority
I20260713 09:12:04.261725 28640 raft_consensus.cc:740] T bf87a5c8023e4e62bfbda0b14b4c91f6 P 2c5d44c4f3184748829443462ff0bce8 [term 0 FOLLOWER]: Becoming Follower/Learner. State: Replica: 2c5d44c4f3184748829443462ff0bce8, State: Initialized, Role: FOLLOWER
I20260713 09:12:04.267529 28640 consensus_queue.cc:260] T bf87a5c8023e4e62bfbda0b14b4c91f6 P 2c5d44c4f3184748829443462ff0bce8 [NON_LEADER]: Queue going to NON_LEADER mode. State: All replicated index: 0, Majority replicated index: 0, Committed index: 0, Last appended: 0.0, Last appended by leader: 0, Current term: 0, Majority size: -1, State: 0, Mode: NON_LEADER, active raft config: opid_index: -1 OBSOLETE_local: false peers { permanent_uuid: "33109e609a1344f4bfa5296666be758c" member_type: VOTER last_known_addr { host: "127.26.171.193" port: 44457 } } peers { permanent_uuid: "2c5d44c4f3184748829443462ff0bce8" member_type: VOTER last_known_addr { host: "127.26.171.194" port: 40865 } } peers { permanent_uuid: "00508bfb02654370899e2e2dd4009c3b" member_type: VOTER last_known_addr { host: "127.26.171.195" port: 46553 } }
I20260713 09:12:04.269901 28640 ts_tablet_manager.cc:1434] T bf87a5c8023e4e62bfbda0b14b4c91f6 P 2c5d44c4f3184748829443462ff0bce8: Time spent starting tablet: real 0.017s	user 0.001s	sys 0.007s
I20260713 09:12:04.270771 28640 tablet_bootstrap.cc:492] T de872ab24081426088463fd721dbad7f P 2c5d44c4f3184748829443462ff0bce8: Bootstrap starting.
I20260713 09:12:04.270990 28638 tablet_bootstrap.cc:492] T de872ab24081426088463fd721dbad7f P 00508bfb02654370899e2e2dd4009c3b: No bootstrap required, opened a new log
I20260713 09:12:04.271425 28638 ts_tablet_manager.cc:1403] T de872ab24081426088463fd721dbad7f P 00508bfb02654370899e2e2dd4009c3b: Time spent bootstrapping tablet: real 0.063s	user 0.015s	sys 0.005s
I20260713 09:12:04.274192 28638 raft_consensus.cc:359] T de872ab24081426088463fd721dbad7f P 00508bfb02654370899e2e2dd4009c3b [term 0 FOLLOWER]: Replica starting. Triggering 0 pending ops. Active config: opid_index: -1 OBSOLETE_local: false peers { permanent_uuid: "33109e609a1344f4bfa5296666be758c" member_type: VOTER last_known_addr { host: "127.26.171.193" port: 44457 } } peers { permanent_uuid: "00508bfb02654370899e2e2dd4009c3b" member_type: VOTER last_known_addr { host: "127.26.171.195" port: 46553 } } peers { permanent_uuid: "2c5d44c4f3184748829443462ff0bce8" member_type: VOTER last_known_addr { host: "127.26.171.194" port: 40865 } }
I20260713 09:12:04.274909 28638 raft_consensus.cc:385] T de872ab24081426088463fd721dbad7f P 00508bfb02654370899e2e2dd4009c3b [term 0 FOLLOWER]: Consensus starting up: Expiring failure detector timer to make a prompt election more likely
I20260713 09:12:04.275231 28638 raft_consensus.cc:740] T de872ab24081426088463fd721dbad7f P 00508bfb02654370899e2e2dd4009c3b [term 0 FOLLOWER]: Becoming Follower/Learner. State: Replica: 00508bfb02654370899e2e2dd4009c3b, State: Initialized, Role: FOLLOWER
I20260713 09:12:04.277984 28640 tablet_bootstrap.cc:654] T de872ab24081426088463fd721dbad7f P 2c5d44c4f3184748829443462ff0bce8: Neither blocks nor log segments found. Creating new log.
I20260713 09:12:04.281276 28637 tablet_bootstrap.cc:492] T d0053b4e3f884bf9a73f9b18d13b0408 P 33109e609a1344f4bfa5296666be758c: No bootstrap required, opened a new log
I20260713 09:12:04.281473 28597 tablet_service.cc:1917] Received RequestConsensusVote() RPC: tablet_id: "de872ab24081426088463fd721dbad7f" candidate_uuid: "33109e609a1344f4bfa5296666be758c" candidate_term: 1 candidate_status { last_received { term: 0 index: 0 } } ignore_live_leader: false dest_uuid: "00508bfb02654370899e2e2dd4009c3b" is_pre_election: true
I20260713 09:12:04.281952 28637 ts_tablet_manager.cc:1403] T d0053b4e3f884bf9a73f9b18d13b0408 P 33109e609a1344f4bfa5296666be758c: Time spent bootstrapping tablet: real 0.071s	user 0.010s	sys 0.005s
I20260713 09:12:04.284863 28640 tablet_bootstrap.cc:492] T de872ab24081426088463fd721dbad7f P 2c5d44c4f3184748829443462ff0bce8: No bootstrap required, opened a new log
I20260713 09:12:04.285393 28640 ts_tablet_manager.cc:1403] T de872ab24081426088463fd721dbad7f P 2c5d44c4f3184748829443462ff0bce8: Time spent bootstrapping tablet: real 0.015s	user 0.003s	sys 0.007s
I20260713 09:12:04.285954 28638 consensus_queue.cc:260] T de872ab24081426088463fd721dbad7f P 00508bfb02654370899e2e2dd4009c3b [NON_LEADER]: Queue going to NON_LEADER mode. State: All replicated index: 0, Majority replicated index: 0, Committed index: 0, Last appended: 0.0, Last appended by leader: 0, Current term: 0, Majority size: -1, State: 0, Mode: NON_LEADER, active raft config: opid_index: -1 OBSOLETE_local: false peers { permanent_uuid: "33109e609a1344f4bfa5296666be758c" member_type: VOTER last_known_addr { host: "127.26.171.193" port: 44457 } } peers { permanent_uuid: "00508bfb02654370899e2e2dd4009c3b" member_type: VOTER last_known_addr { host: "127.26.171.195" port: 46553 } } peers { permanent_uuid: "2c5d44c4f3184748829443462ff0bce8" member_type: VOTER last_known_addr { host: "127.26.171.194" port: 40865 } }
I20260713 09:12:04.286720 28523 tablet_service.cc:1917] Received RequestConsensusVote() RPC: tablet_id: "de872ab24081426088463fd721dbad7f" candidate_uuid: "33109e609a1344f4bfa5296666be758c" candidate_term: 1 candidate_status { last_received { term: 0 index: 0 } } ignore_live_leader: false dest_uuid: "2c5d44c4f3184748829443462ff0bce8" is_pre_election: true
I20260713 09:12:04.286934 28597 raft_consensus.cc:2468] T de872ab24081426088463fd721dbad7f P 00508bfb02654370899e2e2dd4009c3b [term 0 FOLLOWER]: Leader pre-election vote request: Granting yes vote for candidate 33109e609a1344f4bfa5296666be758c in term 0.
W20260713 09:12:04.288187 28413 leader_election.cc:343] T de872ab24081426088463fd721dbad7f P 33109e609a1344f4bfa5296666be758c [CANDIDATE]: Term 1 pre-election: Tablet error from VoteRequest() call to peer 2c5d44c4f3184748829443462ff0bce8 (127.26.171.194:40865): Illegal state: must be running to vote when last-logged opid is not known
I20260713 09:12:04.288337 28640 raft_consensus.cc:359] T de872ab24081426088463fd721dbad7f P 2c5d44c4f3184748829443462ff0bce8 [term 0 FOLLOWER]: Replica starting. Triggering 0 pending ops. Active config: opid_index: -1 OBSOLETE_local: false peers { permanent_uuid: "33109e609a1344f4bfa5296666be758c" member_type: VOTER last_known_addr { host: "127.26.171.193" port: 44457 } } peers { permanent_uuid: "00508bfb02654370899e2e2dd4009c3b" member_type: VOTER last_known_addr { host: "127.26.171.195" port: 46553 } } peers { permanent_uuid: "2c5d44c4f3184748829443462ff0bce8" member_type: VOTER last_known_addr { host: "127.26.171.194" port: 40865 } }
I20260713 09:12:04.289119 28640 raft_consensus.cc:385] T de872ab24081426088463fd721dbad7f P 2c5d44c4f3184748829443462ff0bce8 [term 0 FOLLOWER]: Consensus starting up: Expiring failure detector timer to make a prompt election more likely
I20260713 09:12:04.289412 28640 raft_consensus.cc:740] T de872ab24081426088463fd721dbad7f P 2c5d44c4f3184748829443462ff0bce8 [term 0 FOLLOWER]: Becoming Follower/Learner. State: Replica: 2c5d44c4f3184748829443462ff0bce8, State: Initialized, Role: FOLLOWER
I20260713 09:12:04.284933 28637 raft_consensus.cc:359] T d0053b4e3f884bf9a73f9b18d13b0408 P 33109e609a1344f4bfa5296666be758c [term 0 FOLLOWER]: Replica starting. Triggering 0 pending ops. Active config: opid_index: -1 OBSOLETE_local: false peers { permanent_uuid: "33109e609a1344f4bfa5296666be758c" member_type: VOTER last_known_addr { host: "127.26.171.193" port: 44457 } } peers { permanent_uuid: "2c5d44c4f3184748829443462ff0bce8" member_type: VOTER last_known_addr { host: "127.26.171.194" port: 40865 } } peers { permanent_uuid: "00508bfb02654370899e2e2dd4009c3b" member_type: VOTER last_known_addr { host: "127.26.171.195" port: 46553 } }
I20260713 09:12:04.289844 28637 raft_consensus.cc:385] T d0053b4e3f884bf9a73f9b18d13b0408 P 33109e609a1344f4bfa5296666be758c [term 0 FOLLOWER]: Consensus starting up: Expiring failure detector timer to make a prompt election more likely
I20260713 09:12:04.290251 28640 consensus_queue.cc:260] T de872ab24081426088463fd721dbad7f P 2c5d44c4f3184748829443462ff0bce8 [NON_LEADER]: Queue going to NON_LEADER mode. State: All replicated index: 0, Majority replicated index: 0, Committed index: 0, Last appended: 0.0, Last appended by leader: 0, Current term: 0, Majority size: -1, State: 0, Mode: NON_LEADER, active raft config: opid_index: -1 OBSOLETE_local: false peers { permanent_uuid: "33109e609a1344f4bfa5296666be758c" member_type: VOTER last_known_addr { host: "127.26.171.193" port: 44457 } } peers { permanent_uuid: "00508bfb02654370899e2e2dd4009c3b" member_type: VOTER last_known_addr { host: "127.26.171.195" port: 46553 } } peers { permanent_uuid: "2c5d44c4f3184748829443462ff0bce8" member_type: VOTER last_known_addr { host: "127.26.171.194" port: 40865 } }
I20260713 09:12:04.290606 28414 leader_election.cc:304] T de872ab24081426088463fd721dbad7f P 33109e609a1344f4bfa5296666be758c [CANDIDATE]: Term 1 pre-election: Election decided. Result: candidate won. Election summary: received 3 responses out of 3 voters: 2 yes votes; 1 no votes. yes voters: 00508bfb02654370899e2e2dd4009c3b, 33109e609a1344f4bfa5296666be758c; no voters: 2c5d44c4f3184748829443462ff0bce8
I20260713 09:12:04.291551 28642 raft_consensus.cc:2804] T de872ab24081426088463fd721dbad7f P 33109e609a1344f4bfa5296666be758c [term 0 FOLLOWER]: Leader pre-election won for term 1
I20260713 09:12:04.290619 28637 raft_consensus.cc:740] T d0053b4e3f884bf9a73f9b18d13b0408 P 33109e609a1344f4bfa5296666be758c [term 0 FOLLOWER]: Becoming Follower/Learner. State: Replica: 33109e609a1344f4bfa5296666be758c, State: Initialized, Role: FOLLOWER
I20260713 09:12:04.292007 28642 raft_consensus.cc:493] T de872ab24081426088463fd721dbad7f P 33109e609a1344f4bfa5296666be758c [term 0 FOLLOWER]: Starting leader election (no leader contacted us within the election timeout)
I20260713 09:12:04.292361 28642 raft_consensus.cc:3060] T de872ab24081426088463fd721dbad7f P 33109e609a1344f4bfa5296666be758c [term 0 FOLLOWER]: Advancing to term 1
I20260713 09:12:04.292527 28637 consensus_queue.cc:260] T d0053b4e3f884bf9a73f9b18d13b0408 P 33109e609a1344f4bfa5296666be758c [NON_LEADER]: Queue going to NON_LEADER mode. State: All replicated index: 0, Majority replicated index: 0, Committed index: 0, Last appended: 0.0, Last appended by leader: 0, Current term: 0, Majority size: -1, State: 0, Mode: NON_LEADER, active raft config: opid_index: -1 OBSOLETE_local: false peers { permanent_uuid: "33109e609a1344f4bfa5296666be758c" member_type: VOTER last_known_addr { host: "127.26.171.193" port: 44457 } } peers { permanent_uuid: "2c5d44c4f3184748829443462ff0bce8" member_type: VOTER last_known_addr { host: "127.26.171.194" port: 40865 } } peers { permanent_uuid: "00508bfb02654370899e2e2dd4009c3b" member_type: VOTER last_known_addr { host: "127.26.171.195" port: 46553 } }
I20260713 09:12:04.293078 28638 ts_tablet_manager.cc:1434] T de872ab24081426088463fd721dbad7f P 00508bfb02654370899e2e2dd4009c3b: Time spent starting tablet: real 0.021s	user 0.007s	sys 0.000s
I20260713 09:12:04.294148 28638 tablet_bootstrap.cc:492] T 9019a8baed0e4bb2b86a39e12086c700 P 00508bfb02654370899e2e2dd4009c3b: Bootstrap starting.
I20260713 09:12:04.300340 28638 tablet_bootstrap.cc:654] T 9019a8baed0e4bb2b86a39e12086c700 P 00508bfb02654370899e2e2dd4009c3b: Neither blocks nor log segments found. Creating new log.
I20260713 09:12:04.302014 28645 raft_consensus.cc:493] T de872ab24081426088463fd721dbad7f P 2c5d44c4f3184748829443462ff0bce8 [term 0 FOLLOWER]: Starting pre-election (no leader contacted us within the election timeout)
I20260713 09:12:04.302603 28645 raft_consensus.cc:515] T de872ab24081426088463fd721dbad7f P 2c5d44c4f3184748829443462ff0bce8 [term 0 FOLLOWER]: Starting pre-election with config: opid_index: -1 OBSOLETE_local: false peers { permanent_uuid: "33109e609a1344f4bfa5296666be758c" member_type: VOTER last_known_addr { host: "127.26.171.193" port: 44457 } } peers { permanent_uuid: "00508bfb02654370899e2e2dd4009c3b" member_type: VOTER last_known_addr { host: "127.26.171.195" port: 46553 } } peers { permanent_uuid: "2c5d44c4f3184748829443462ff0bce8" member_type: VOTER last_known_addr { host: "127.26.171.194" port: 40865 } }
I20260713 09:12:04.309508 28638 tablet_bootstrap.cc:492] T 9019a8baed0e4bb2b86a39e12086c700 P 00508bfb02654370899e2e2dd4009c3b: No bootstrap required, opened a new log
I20260713 09:12:04.310017 28638 ts_tablet_manager.cc:1403] T 9019a8baed0e4bb2b86a39e12086c700 P 00508bfb02654370899e2e2dd4009c3b: Time spent bootstrapping tablet: real 0.016s	user 0.006s	sys 0.008s
I20260713 09:12:04.312871 28638 raft_consensus.cc:359] T 9019a8baed0e4bb2b86a39e12086c700 P 00508bfb02654370899e2e2dd4009c3b [term 0 FOLLOWER]: Replica starting. Triggering 0 pending ops. Active config: opid_index: -1 OBSOLETE_local: false peers { permanent_uuid: "33109e609a1344f4bfa5296666be758c" member_type: VOTER last_known_addr { host: "127.26.171.193" port: 44457 } } peers { permanent_uuid: "2c5d44c4f3184748829443462ff0bce8" member_type: VOTER last_known_addr { host: "127.26.171.194" port: 40865 } } peers { permanent_uuid: "00508bfb02654370899e2e2dd4009c3b" member_type: VOTER last_known_addr { host: "127.26.171.195" port: 46553 } }
I20260713 09:12:04.313576 28638 raft_consensus.cc:385] T 9019a8baed0e4bb2b86a39e12086c700 P 00508bfb02654370899e2e2dd4009c3b [term 0 FOLLOWER]: Consensus starting up: Expiring failure detector timer to make a prompt election more likely
I20260713 09:12:04.313879 28638 raft_consensus.cc:740] T 9019a8baed0e4bb2b86a39e12086c700 P 00508bfb02654370899e2e2dd4009c3b [term 0 FOLLOWER]: Becoming Follower/Learner. State: Replica: 00508bfb02654370899e2e2dd4009c3b, State: Initialized, Role: FOLLOWER
I20260713 09:12:04.314743 28638 consensus_queue.cc:260] T 9019a8baed0e4bb2b86a39e12086c700 P 00508bfb02654370899e2e2dd4009c3b [NON_LEADER]: Queue going to NON_LEADER mode. State: All replicated index: 0, Majority replicated index: 0, Committed index: 0, Last appended: 0.0, Last appended by leader: 0, Current term: 0, Majority size: -1, State: 0, Mode: NON_LEADER, active raft config: opid_index: -1 OBSOLETE_local: false peers { permanent_uuid: "33109e609a1344f4bfa5296666be758c" member_type: VOTER last_known_addr { host: "127.26.171.193" port: 44457 } } peers { permanent_uuid: "2c5d44c4f3184748829443462ff0bce8" member_type: VOTER last_known_addr { host: "127.26.171.194" port: 40865 } } peers { permanent_uuid: "00508bfb02654370899e2e2dd4009c3b" member_type: VOTER last_known_addr { host: "127.26.171.195" port: 46553 } }
I20260713 09:12:04.317400 28638 ts_tablet_manager.cc:1434] T 9019a8baed0e4bb2b86a39e12086c700 P 00508bfb02654370899e2e2dd4009c3b: Time spent starting tablet: real 0.007s	user 0.006s	sys 0.000s
I20260713 09:12:04.318313 28638 tablet_bootstrap.cc:492] T 7925ef0171ba4746844f585ec8e9c7b3 P 00508bfb02654370899e2e2dd4009c3b: Bootstrap starting.
I20260713 09:12:04.324786 28638 tablet_bootstrap.cc:654] T 7925ef0171ba4746844f585ec8e9c7b3 P 00508bfb02654370899e2e2dd4009c3b: Neither blocks nor log segments found. Creating new log.
I20260713 09:12:04.328456 28663 raft_consensus.cc:493] T d0053b4e3f884bf9a73f9b18d13b0408 P 2c5d44c4f3184748829443462ff0bce8 [term 0 FOLLOWER]: Starting pre-election (no leader contacted us within the election timeout)
I20260713 09:12:04.328383 28645 leader_election.cc:290] T de872ab24081426088463fd721dbad7f P 2c5d44c4f3184748829443462ff0bce8 [CANDIDATE]: Term 1 pre-election: Requested pre-vote from peers 33109e609a1344f4bfa5296666be758c (127.26.171.193:44457), 00508bfb02654370899e2e2dd4009c3b (127.26.171.195:46553)
I20260713 09:12:04.329236 28663 raft_consensus.cc:515] T d0053b4e3f884bf9a73f9b18d13b0408 P 2c5d44c4f3184748829443462ff0bce8 [term 0 FOLLOWER]: Starting pre-election with config: opid_index: -1 OBSOLETE_local: false peers { permanent_uuid: "33109e609a1344f4bfa5296666be758c" member_type: VOTER last_known_addr { host: "127.26.171.193" port: 44457 } } peers { permanent_uuid: "2c5d44c4f3184748829443462ff0bce8" member_type: VOTER last_known_addr { host: "127.26.171.194" port: 40865 } } peers { permanent_uuid: "00508bfb02654370899e2e2dd4009c3b" member_type: VOTER last_known_addr { host: "127.26.171.195" port: 46553 } }
I20260713 09:12:04.331466 28663 leader_election.cc:290] T d0053b4e3f884bf9a73f9b18d13b0408 P 2c5d44c4f3184748829443462ff0bce8 [CANDIDATE]: Term 1 pre-election: Requested pre-vote from peers 33109e609a1344f4bfa5296666be758c (127.26.171.193:44457), 00508bfb02654370899e2e2dd4009c3b (127.26.171.195:46553)
I20260713 09:12:04.310056 28642 raft_consensus.cc:515] T de872ab24081426088463fd721dbad7f P 33109e609a1344f4bfa5296666be758c [term 1 FOLLOWER]: Starting leader election with config: opid_index: -1 OBSOLETE_local: false peers { permanent_uuid: "33109e609a1344f4bfa5296666be758c" member_type: VOTER last_known_addr { host: "127.26.171.193" port: 44457 } } peers { permanent_uuid: "00508bfb02654370899e2e2dd4009c3b" member_type: VOTER last_known_addr { host: "127.26.171.195" port: 46553 } } peers { permanent_uuid: "2c5d44c4f3184748829443462ff0bce8" member_type: VOTER last_known_addr { host: "127.26.171.194" port: 40865 } }
I20260713 09:12:04.337623 28638 tablet_bootstrap.cc:492] T 7925ef0171ba4746844f585ec8e9c7b3 P 00508bfb02654370899e2e2dd4009c3b: No bootstrap required, opened a new log
I20260713 09:12:04.338183 28638 ts_tablet_manager.cc:1403] T 7925ef0171ba4746844f585ec8e9c7b3 P 00508bfb02654370899e2e2dd4009c3b: Time spent bootstrapping tablet: real 0.020s	user 0.006s	sys 0.008s
I20260713 09:12:04.341040 28638 raft_consensus.cc:359] T 7925ef0171ba4746844f585ec8e9c7b3 P 00508bfb02654370899e2e2dd4009c3b [term 0 FOLLOWER]: Replica starting. Triggering 0 pending ops. Active config: opid_index: -1 OBSOLETE_local: false peers { permanent_uuid: "33109e609a1344f4bfa5296666be758c" member_type: VOTER last_known_addr { host: "127.26.171.193" port: 44457 } } peers { permanent_uuid: "2c5d44c4f3184748829443462ff0bce8" member_type: VOTER last_known_addr { host: "127.26.171.194" port: 40865 } } peers { permanent_uuid: "00508bfb02654370899e2e2dd4009c3b" member_type: VOTER last_known_addr { host: "127.26.171.195" port: 46553 } }
I20260713 09:12:04.341846 28638 raft_consensus.cc:385] T 7925ef0171ba4746844f585ec8e9c7b3 P 00508bfb02654370899e2e2dd4009c3b [term 0 FOLLOWER]: Consensus starting up: Expiring failure detector timer to make a prompt election more likely
I20260713 09:12:04.342214 28638 raft_consensus.cc:740] T 7925ef0171ba4746844f585ec8e9c7b3 P 00508bfb02654370899e2e2dd4009c3b [term 0 FOLLOWER]: Becoming Follower/Learner. State: Replica: 00508bfb02654370899e2e2dd4009c3b, State: Initialized, Role: FOLLOWER
I20260713 09:12:04.342365 28523 tablet_service.cc:1917] Received RequestConsensusVote() RPC: tablet_id: "de872ab24081426088463fd721dbad7f" candidate_uuid: "33109e609a1344f4bfa5296666be758c" candidate_term: 1 candidate_status { last_received { term: 0 index: 0 } } ignore_live_leader: false dest_uuid: "2c5d44c4f3184748829443462ff0bce8"
I20260713 09:12:04.342411 28597 tablet_service.cc:1917] Received RequestConsensusVote() RPC: tablet_id: "de872ab24081426088463fd721dbad7f" candidate_uuid: "33109e609a1344f4bfa5296666be758c" candidate_term: 1 candidate_status { last_received { term: 0 index: 0 } } ignore_live_leader: false dest_uuid: "00508bfb02654370899e2e2dd4009c3b"
I20260713 09:12:04.342998 28523 raft_consensus.cc:3060] T de872ab24081426088463fd721dbad7f P 2c5d44c4f3184748829443462ff0bce8 [term 0 FOLLOWER]: Advancing to term 1
I20260713 09:12:04.343312 28597 raft_consensus.cc:3060] T de872ab24081426088463fd721dbad7f P 00508bfb02654370899e2e2dd4009c3b [term 0 FOLLOWER]: Advancing to term 1
I20260713 09:12:04.343116 28638 consensus_queue.cc:260] T 7925ef0171ba4746844f585ec8e9c7b3 P 00508bfb02654370899e2e2dd4009c3b [NON_LEADER]: Queue going to NON_LEADER mode. State: All replicated index: 0, Majority replicated index: 0, Committed index: 0, Last appended: 0.0, Last appended by leader: 0, Current term: 0, Majority size: -1, State: 0, Mode: NON_LEADER, active raft config: opid_index: -1 OBSOLETE_local: false peers { permanent_uuid: "33109e609a1344f4bfa5296666be758c" member_type: VOTER last_known_addr { host: "127.26.171.193" port: 44457 } } peers { permanent_uuid: "2c5d44c4f3184748829443462ff0bce8" member_type: VOTER last_known_addr { host: "127.26.171.194" port: 40865 } } peers { permanent_uuid: "00508bfb02654370899e2e2dd4009c3b" member_type: VOTER last_known_addr { host: "127.26.171.195" port: 46553 } }
I20260713 09:12:04.345675 28638 ts_tablet_manager.cc:1434] T 7925ef0171ba4746844f585ec8e9c7b3 P 00508bfb02654370899e2e2dd4009c3b: Time spent starting tablet: real 0.007s	user 0.006s	sys 0.000s
I20260713 09:12:04.346691 28638 tablet_bootstrap.cc:492] T 82a1f54c6fff475b85888303591b3ebe P 00508bfb02654370899e2e2dd4009c3b: Bootstrap starting.
I20260713 09:12:04.353183 28638 tablet_bootstrap.cc:654] T 82a1f54c6fff475b85888303591b3ebe P 00508bfb02654370899e2e2dd4009c3b: Neither blocks nor log segments found. Creating new log.
I20260713 09:12:04.353037 28523 raft_consensus.cc:2468] T de872ab24081426088463fd721dbad7f P 2c5d44c4f3184748829443462ff0bce8 [term 1 FOLLOWER]: Leader election vote request: Granting yes vote for candidate 33109e609a1344f4bfa5296666be758c in term 1.
I20260713 09:12:04.356333 28642 leader_election.cc:290] T de872ab24081426088463fd721dbad7f P 33109e609a1344f4bfa5296666be758c [CANDIDATE]: Term 1 election: Requested vote from peers 00508bfb02654370899e2e2dd4009c3b (127.26.171.195:46553), 2c5d44c4f3184748829443462ff0bce8 (127.26.171.194:40865)
I20260713 09:12:04.365383 28413 leader_election.cc:304] T de872ab24081426088463fd721dbad7f P 33109e609a1344f4bfa5296666be758c [CANDIDATE]: Term 1 election: Election decided. Result: candidate won. Election summary: received 2 responses out of 3 voters: 2 yes votes; 0 no votes. yes voters: 2c5d44c4f3184748829443462ff0bce8, 33109e609a1344f4bfa5296666be758c; no voters: 
I20260713 09:12:04.366886 28642 raft_consensus.cc:2804] T de872ab24081426088463fd721dbad7f P 33109e609a1344f4bfa5296666be758c [term 1 FOLLOWER]: Leader election won for term 1
I20260713 09:12:04.374575 28597 raft_consensus.cc:2468] T de872ab24081426088463fd721dbad7f P 00508bfb02654370899e2e2dd4009c3b [term 1 FOLLOWER]: Leader election vote request: Granting yes vote for candidate 33109e609a1344f4bfa5296666be758c in term 1.
I20260713 09:12:04.373221 28642 raft_consensus.cc:697] T de872ab24081426088463fd721dbad7f P 33109e609a1344f4bfa5296666be758c [term 1 LEADER]: Becoming Leader. State: Replica: 33109e609a1344f4bfa5296666be758c, State: Running, Role: LEADER
I20260713 09:12:04.376631 28642 consensus_queue.cc:237] T de872ab24081426088463fd721dbad7f P 33109e609a1344f4bfa5296666be758c [LEADER]: Queue going to LEADER mode. State: All replicated index: 0, Majority replicated index: 0, Committed index: 0, Last appended: 0.0, Last appended by leader: 0, Current term: 1, Majority size: 2, State: 0, Mode: LEADER, active raft config: opid_index: -1 OBSOLETE_local: false peers { permanent_uuid: "33109e609a1344f4bfa5296666be758c" member_type: VOTER last_known_addr { host: "127.26.171.193" port: 44457 } } peers { permanent_uuid: "00508bfb02654370899e2e2dd4009c3b" member_type: VOTER last_known_addr { host: "127.26.171.195" port: 46553 } } peers { permanent_uuid: "2c5d44c4f3184748829443462ff0bce8" member_type: VOTER last_known_addr { host: "127.26.171.194" port: 40865 } }
I20260713 09:12:04.384027 28637 ts_tablet_manager.cc:1434] T d0053b4e3f884bf9a73f9b18d13b0408 P 33109e609a1344f4bfa5296666be758c: Time spent starting tablet: real 0.102s	user 0.042s	sys 0.040s
I20260713 09:12:04.384130 28640 ts_tablet_manager.cc:1434] T de872ab24081426088463fd721dbad7f P 2c5d44c4f3184748829443462ff0bce8: Time spent starting tablet: real 0.098s	user 0.010s	sys 0.005s
I20260713 09:12:04.385648 28637 tablet_bootstrap.cc:492] T 1e6dd305cbe44ed5900325c3bde3ac88 P 33109e609a1344f4bfa5296666be758c: Bootstrap starting.
I20260713 09:12:04.388015 28597 tablet_service.cc:1917] Received RequestConsensusVote() RPC: tablet_id: "de872ab24081426088463fd721dbad7f" candidate_uuid: "2c5d44c4f3184748829443462ff0bce8" candidate_term: 1 candidate_status { last_received { term: 0 index: 0 } } ignore_live_leader: false dest_uuid: "00508bfb02654370899e2e2dd4009c3b" is_pre_election: true
I20260713 09:12:04.388430 28596 tablet_service.cc:1917] Received RequestConsensusVote() RPC: tablet_id: "d0053b4e3f884bf9a73f9b18d13b0408" candidate_uuid: "2c5d44c4f3184748829443462ff0bce8" candidate_term: 1 candidate_status { last_received { term: 0 index: 0 } } ignore_live_leader: false dest_uuid: "00508bfb02654370899e2e2dd4009c3b" is_pre_election: true
I20260713 09:12:04.389106 28597 raft_consensus.cc:2393] T de872ab24081426088463fd721dbad7f P 00508bfb02654370899e2e2dd4009c3b [term 1 FOLLOWER]: Leader pre-election vote request: Denying vote to candidate 2c5d44c4f3184748829443462ff0bce8 in current term 1: Already voted for candidate 33109e609a1344f4bfa5296666be758c in this term.
I20260713 09:12:04.389424 28596 raft_consensus.cc:2468] T d0053b4e3f884bf9a73f9b18d13b0408 P 00508bfb02654370899e2e2dd4009c3b [term 0 FOLLOWER]: Leader pre-election vote request: Granting yes vote for candidate 2c5d44c4f3184748829443462ff0bce8 in term 0.
I20260713 09:12:04.391335 28489 leader_election.cc:304] T d0053b4e3f884bf9a73f9b18d13b0408 P 2c5d44c4f3184748829443462ff0bce8 [CANDIDATE]: Term 1 pre-election: Election decided. Result: candidate won. Election summary: received 2 responses out of 3 voters: 2 yes votes; 0 no votes. yes voters: 00508bfb02654370899e2e2dd4009c3b, 2c5d44c4f3184748829443462ff0bce8; no voters: 
I20260713 09:12:04.392521 28660 raft_consensus.cc:2804] T d0053b4e3f884bf9a73f9b18d13b0408 P 2c5d44c4f3184748829443462ff0bce8 [term 0 FOLLOWER]: Leader pre-election won for term 1
I20260713 09:12:04.392812 28448 tablet_service.cc:1917] Received RequestConsensusVote() RPC: tablet_id: "de872ab24081426088463fd721dbad7f" candidate_uuid: "2c5d44c4f3184748829443462ff0bce8" candidate_term: 1 candidate_status { last_received { term: 0 index: 0 } } ignore_live_leader: false dest_uuid: "33109e609a1344f4bfa5296666be758c" is_pre_election: true
I20260713 09:12:04.392895 28660 raft_consensus.cc:493] T d0053b4e3f884bf9a73f9b18d13b0408 P 2c5d44c4f3184748829443462ff0bce8 [term 0 FOLLOWER]: Starting leader election (no leader contacted us within the election timeout)
I20260713 09:12:04.392995 28640 tablet_bootstrap.cc:492] T 4689936afed944039e8e7bd5bd46bd27 P 2c5d44c4f3184748829443462ff0bce8: Bootstrap starting.
I20260713 09:12:04.393381 28660 raft_consensus.cc:3060] T d0053b4e3f884bf9a73f9b18d13b0408 P 2c5d44c4f3184748829443462ff0bce8 [term 0 FOLLOWER]: Advancing to term 1
I20260713 09:12:04.394474 28447 tablet_service.cc:1917] Received RequestConsensusVote() RPC: tablet_id: "d0053b4e3f884bf9a73f9b18d13b0408" candidate_uuid: "2c5d44c4f3184748829443462ff0bce8" candidate_term: 1 candidate_status { last_received { term: 0 index: 0 } } ignore_live_leader: false dest_uuid: "33109e609a1344f4bfa5296666be758c" is_pre_election: true
I20260713 09:12:04.395430 28447 raft_consensus.cc:2468] T d0053b4e3f884bf9a73f9b18d13b0408 P 33109e609a1344f4bfa5296666be758c [term 0 FOLLOWER]: Leader pre-election vote request: Granting yes vote for candidate 2c5d44c4f3184748829443462ff0bce8 in term 0.
I20260713 09:12:04.396790 28486 leader_election.cc:304] T de872ab24081426088463fd721dbad7f P 2c5d44c4f3184748829443462ff0bce8 [CANDIDATE]: Term 1 pre-election: Election decided. Result: candidate lost. Election summary: received 3 responses out of 3 voters: 1 yes votes; 2 no votes. yes voters: 2c5d44c4f3184748829443462ff0bce8; no voters: 00508bfb02654370899e2e2dd4009c3b, 33109e609a1344f4bfa5296666be758c
I20260713 09:12:04.400660 28637 tablet_bootstrap.cc:654] T 1e6dd305cbe44ed5900325c3bde3ac88 P 33109e609a1344f4bfa5296666be758c: Neither blocks nor log segments found. Creating new log.
I20260713 09:12:04.402030 28663 raft_consensus.cc:2749] T de872ab24081426088463fd721dbad7f P 2c5d44c4f3184748829443462ff0bce8 [term 1 FOLLOWER]: Leader pre-election lost for term 1. Reason: could not achieve majority
I20260713 09:12:04.402778 28640 tablet_bootstrap.cc:654] T 4689936afed944039e8e7bd5bd46bd27 P 2c5d44c4f3184748829443462ff0bce8: Neither blocks nor log segments found. Creating new log.
I20260713 09:12:04.410305 28638 tablet_bootstrap.cc:492] T 82a1f54c6fff475b85888303591b3ebe P 00508bfb02654370899e2e2dd4009c3b: No bootstrap required, opened a new log
I20260713 09:12:04.409694 28660 raft_consensus.cc:515] T d0053b4e3f884bf9a73f9b18d13b0408 P 2c5d44c4f3184748829443462ff0bce8 [term 1 FOLLOWER]: Starting leader election with config: opid_index: -1 OBSOLETE_local: false peers { permanent_uuid: "33109e609a1344f4bfa5296666be758c" member_type: VOTER last_known_addr { host: "127.26.171.193" port: 44457 } } peers { permanent_uuid: "2c5d44c4f3184748829443462ff0bce8" member_type: VOTER last_known_addr { host: "127.26.171.194" port: 40865 } } peers { permanent_uuid: "00508bfb02654370899e2e2dd4009c3b" member_type: VOTER last_known_addr { host: "127.26.171.195" port: 46553 } }
I20260713 09:12:04.413950 28638 ts_tablet_manager.cc:1403] T 82a1f54c6fff475b85888303591b3ebe P 00508bfb02654370899e2e2dd4009c3b: Time spent bootstrapping tablet: real 0.067s	user 0.010s	sys 0.007s
I20260713 09:12:04.416520 28447 tablet_service.cc:1917] Received RequestConsensusVote() RPC: tablet_id: "d0053b4e3f884bf9a73f9b18d13b0408" candidate_uuid: "2c5d44c4f3184748829443462ff0bce8" candidate_term: 1 candidate_status { last_received { term: 0 index: 0 } } ignore_live_leader: false dest_uuid: "33109e609a1344f4bfa5296666be758c"
I20260713 09:12:04.417260 28447 raft_consensus.cc:3060] T d0053b4e3f884bf9a73f9b18d13b0408 P 33109e609a1344f4bfa5296666be758c [term 0 FOLLOWER]: Advancing to term 1
I20260713 09:12:04.417712 28346 catalog_manager.cc:5697] T de872ab24081426088463fd721dbad7f P 33109e609a1344f4bfa5296666be758c reported cstate change: term changed from 0 to 1, leader changed from <none> to 33109e609a1344f4bfa5296666be758c (127.26.171.193). New cstate: current_term: 1 leader_uuid: "33109e609a1344f4bfa5296666be758c" committed_config { opid_index: -1 OBSOLETE_local: false peers { permanent_uuid: "33109e609a1344f4bfa5296666be758c" member_type: VOTER last_known_addr { host: "127.26.171.193" port: 44457 } health_report { overall_health: HEALTHY } } peers { permanent_uuid: "00508bfb02654370899e2e2dd4009c3b" member_type: VOTER last_known_addr { host: "127.26.171.195" port: 46553 } health_report { overall_health: UNKNOWN } } peers { permanent_uuid: "2c5d44c4f3184748829443462ff0bce8" member_type: VOTER last_known_addr { host: "127.26.171.194" port: 40865 } health_report { overall_health: UNKNOWN } } }
