I20260713 09:12:18.368594 28987 consensus_queue.cc:1048] T 4603c25539aa4fd4a8a338db95b76465 P e314757be3e445179a9da18694764fb0 [LEADER]: Connected to new peer: Peer: permanent_uuid: "701bd1c636ce47a6ba7d75daffcb8539" member_type: VOTER last_known_addr { host: "127.26.127.129" port: 36469 } attrs { replace: true }, Status: LMP_MISMATCH, Last received: 0.0, Next index: 3, Last known committed idx: 2, Time since last communication: 0.001s
I20260713 09:12:18.370615 28987 raft_consensus.cc:2955] T b197b171e21342248f74a015ff00e522 P e314757be3e445179a9da18694764fb0 [term 1 LEADER]: Committing config change with OpId 1.4: config changed from index 3 to 4, VOTER 701bd1c636ce47a6ba7d75daffcb8539 (127.26.127.129) evicted. New config: { opid_index: 4 OBSOLETE_local: false peers { permanent_uuid: "70f522cbf683463cb273c76db522fbfd" member_type: VOTER last_known_addr { host: "127.26.127.130" port: 35111 } } peers { permanent_uuid: "e314757be3e445179a9da18694764fb0" member_type: VOTER last_known_addr { host: "127.26.127.131" port: 42847 } } peers { permanent_uuid: "70d550085d7e4c4983f25d4a7cb24c8a" member_type: VOTER last_known_addr { host: "127.26.127.132" port: 42887 } attrs { promote: false } } }
I20260713 09:12:18.375794 28355 raft_consensus.cc:2955] T b197b171e21342248f74a015ff00e522 P 70f522cbf683463cb273c76db522fbfd [term 1 FOLLOWER]: Committing config change with OpId 1.4: config changed from index 3 to 4, VOTER 701bd1c636ce47a6ba7d75daffcb8539 (127.26.127.129) evicted. New config: { opid_index: 4 OBSOLETE_local: false peers { permanent_uuid: "70f522cbf683463cb273c76db522fbfd" member_type: VOTER last_known_addr { host: "127.26.127.130" port: 35111 } } peers { permanent_uuid: "e314757be3e445179a9da18694764fb0" member_type: VOTER last_known_addr { host: "127.26.127.131" port: 42847 } } peers { permanent_uuid: "70d550085d7e4c4983f25d4a7cb24c8a" member_type: VOTER last_known_addr { host: "127.26.127.132" port: 42887 } attrs { promote: false } } }
I20260713 09:12:18.377465 28970 raft_consensus.cc:2955] T 4603c25539aa4fd4a8a338db95b76465 P e314757be3e445179a9da18694764fb0 [term 1 LEADER]: Committing config change with OpId 1.3: config changed from index 2 to 3, 70d550085d7e4c4983f25d4a7cb24c8a (127.26.127.132) changed from NON_VOTER to VOTER. New config: { opid_index: 3 OBSOLETE_local: false peers { permanent_uuid: "701bd1c636ce47a6ba7d75daffcb8539" member_type: VOTER last_known_addr { host: "127.26.127.129" port: 36469 } attrs { replace: true } } peers { permanent_uuid: "70f522cbf683463cb273c76db522fbfd" member_type: VOTER last_known_addr { host: "127.26.127.130" port: 35111 } } peers { permanent_uuid: "e314757be3e445179a9da18694764fb0" member_type: VOTER last_known_addr { host: "127.26.127.131" port: 42847 } } peers { permanent_uuid: "70d550085d7e4c4983f25d4a7cb24c8a" member_type: VOTER last_known_addr { host: "127.26.127.132" port: 42887 } attrs { promote: false } } }
I20260713 09:12:18.379345 28700 raft_consensus.cc:2955] T b197b171e21342248f74a015ff00e522 P 70d550085d7e4c4983f25d4a7cb24c8a [term 1 FOLLOWER]: Committing config change with OpId 1.4: config changed from index 3 to 4, VOTER 701bd1c636ce47a6ba7d75daffcb8539 (127.26.127.129) evicted. New config: { opid_index: 4 OBSOLETE_local: false peers { permanent_uuid: "70f522cbf683463cb273c76db522fbfd" member_type: VOTER last_known_addr { host: "127.26.127.130" port: 35111 } } peers { permanent_uuid: "e314757be3e445179a9da18694764fb0" member_type: VOTER last_known_addr { host: "127.26.127.131" port: 42847 } } peers { permanent_uuid: "70d550085d7e4c4983f25d4a7cb24c8a" member_type: VOTER last_known_addr { host: "127.26.127.132" port: 42887 } attrs { promote: false } } }
I20260713 09:12:18.378922 28698 raft_consensus.cc:2955] T e60532f685604e61a2213ec34e19eaf8 P 70d550085d7e4c4983f25d4a7cb24c8a [term 1 FOLLOWER]: Committing config change with OpId 1.3: config changed from index 2 to 3, 70d550085d7e4c4983f25d4a7cb24c8a (127.26.127.132) changed from NON_VOTER to VOTER. New config: { opid_index: 3 OBSOLETE_local: false peers { permanent_uuid: "701bd1c636ce47a6ba7d75daffcb8539" member_type: VOTER last_known_addr { host: "127.26.127.129" port: 36469 } } peers { permanent_uuid: "70f522cbf683463cb273c76db522fbfd" member_type: VOTER last_known_addr { host: "127.26.127.130" port: 35111 } attrs { replace: true } } peers { permanent_uuid: "e314757be3e445179a9da18694764fb0" member_type: VOTER last_known_addr { host: "127.26.127.131" port: 42847 } } peers { permanent_uuid: "70d550085d7e4c4983f25d4a7cb24c8a" member_type: VOTER last_known_addr { host: "127.26.127.132" port: 42887 } attrs { promote: false } } }
I20260713 09:12:18.389353 28354 raft_consensus.cc:2955] T e60532f685604e61a2213ec34e19eaf8 P 70f522cbf683463cb273c76db522fbfd [term 1 FOLLOWER]: Committing config change with OpId 1.3: config changed from index 2 to 3, 70d550085d7e4c4983f25d4a7cb24c8a (127.26.127.132) changed from NON_VOTER to VOTER. New config: { opid_index: 3 OBSOLETE_local: false peers { permanent_uuid: "701bd1c636ce47a6ba7d75daffcb8539" member_type: VOTER last_known_addr { host: "127.26.127.129" port: 36469 } } peers { permanent_uuid: "70f522cbf683463cb273c76db522fbfd" member_type: VOTER last_known_addr { host: "127.26.127.130" port: 35111 } attrs { replace: true } } peers { permanent_uuid: "e314757be3e445179a9da18694764fb0" member_type: VOTER last_known_addr { host: "127.26.127.131" port: 42847 } } peers { permanent_uuid: "70d550085d7e4c4983f25d4a7cb24c8a" member_type: VOTER last_known_addr { host: "127.26.127.132" port: 42887 } attrs { promote: false } } }
I20260713 09:12:18.397603 28164 catalog_manager.cc:5210] ChangeConfig:REMOVE_PEER RPC for tablet b197b171e21342248f74a015ff00e522 with cas_config_opid_index 3: ChangeConfig:REMOVE_PEER succeeded (attempt 1)
I20260713 09:12:18.404316 28177 catalog_manager.cc:5697] T e60532f685604e61a2213ec34e19eaf8 P 701bd1c636ce47a6ba7d75daffcb8539 reported cstate change: config changed from index 2 to 3, 70d550085d7e4c4983f25d4a7cb24c8a (127.26.127.132) changed from NON_VOTER to VOTER. New cstate: current_term: 1 leader_uuid: "701bd1c636ce47a6ba7d75daffcb8539" committed_config { opid_index: 3 OBSOLETE_local: false peers { permanent_uuid: "701bd1c636ce47a6ba7d75daffcb8539" member_type: VOTER last_known_addr { host: "127.26.127.129" port: 36469 } health_report { overall_health: HEALTHY } } peers { permanent_uuid: "70f522cbf683463cb273c76db522fbfd" member_type: VOTER last_known_addr { host: "127.26.127.130" port: 35111 } attrs { replace: true } health_report { overall_health: HEALTHY } } peers { permanent_uuid: "e314757be3e445179a9da18694764fb0" member_type: VOTER last_known_addr { host: "127.26.127.131" port: 42847 } health_report { overall_health: HEALTHY } } peers { permanent_uuid: "70d550085d7e4c4983f25d4a7cb24c8a" member_type: VOTER last_known_addr { host: "127.26.127.132" port: 42887 } attrs { promote: false } health_report { overall_health: HEALTHY } } }
I20260713 09:12:18.405126 28431 raft_consensus.cc:2955] T e60532f685604e61a2213ec34e19eaf8 P e314757be3e445179a9da18694764fb0 [term 1 FOLLOWER]: Committing config change with OpId 1.3: config changed from index 2 to 3, 70d550085d7e4c4983f25d4a7cb24c8a (127.26.127.132) changed from NON_VOTER to VOTER. New config: { opid_index: 3 OBSOLETE_local: false peers { permanent_uuid: "701bd1c636ce47a6ba7d75daffcb8539" member_type: VOTER last_known_addr { host: "127.26.127.129" port: 36469 } } peers { permanent_uuid: "70f522cbf683463cb273c76db522fbfd" member_type: VOTER last_known_addr { host: "127.26.127.130" port: 35111 } attrs { replace: true } } peers { permanent_uuid: "e314757be3e445179a9da18694764fb0" member_type: VOTER last_known_addr { host: "127.26.127.131" port: 42847 } } peers { permanent_uuid: "70d550085d7e4c4983f25d4a7cb24c8a" member_type: VOTER last_known_addr { host: "127.26.127.132" port: 42887 } attrs { promote: false } } }
I20260713 09:12:18.419269 28700 raft_consensus.cc:2955] T 4603c25539aa4fd4a8a338db95b76465 P 70d550085d7e4c4983f25d4a7cb24c8a [term 1 FOLLOWER]: Committing config change with OpId 1.3: config changed from index 2 to 3, 70d550085d7e4c4983f25d4a7cb24c8a (127.26.127.132) changed from NON_VOTER to VOTER. New config: { opid_index: 3 OBSOLETE_local: false peers { permanent_uuid: "701bd1c636ce47a6ba7d75daffcb8539" member_type: VOTER last_known_addr { host: "127.26.127.129" port: 36469 } attrs { replace: true } } peers { permanent_uuid: "70f522cbf683463cb273c76db522fbfd" member_type: VOTER last_known_addr { host: "127.26.127.130" port: 35111 } } peers { permanent_uuid: "e314757be3e445179a9da18694764fb0" member_type: VOTER last_known_addr { host: "127.26.127.131" port: 42847 } } peers { permanent_uuid: "70d550085d7e4c4983f25d4a7cb24c8a" member_type: VOTER last_known_addr { host: "127.26.127.132" port: 42887 } attrs { promote: false } } }
I20260713 09:12:18.418742 28176 catalog_manager.cc:5697] T b197b171e21342248f74a015ff00e522 P 70f522cbf683463cb273c76db522fbfd reported cstate change: config changed from index 3 to 4, VOTER 701bd1c636ce47a6ba7d75daffcb8539 (127.26.127.129) evicted. New cstate: current_term: 1 leader_uuid: "e314757be3e445179a9da18694764fb0" committed_config { opid_index: 4 OBSOLETE_local: false peers { permanent_uuid: "70f522cbf683463cb273c76db522fbfd" member_type: VOTER last_known_addr { host: "127.26.127.130" port: 35111 } } peers { permanent_uuid: "e314757be3e445179a9da18694764fb0" member_type: VOTER last_known_addr { host: "127.26.127.131" port: 42847 } } peers { permanent_uuid: "70d550085d7e4c4983f25d4a7cb24c8a" member_type: VOTER last_known_addr { host: "127.26.127.132" port: 42887 } attrs { promote: false } } }
I20260713 09:12:18.420825 28357 raft_consensus.cc:2955] T 4603c25539aa4fd4a8a338db95b76465 P 70f522cbf683463cb273c76db522fbfd [term 1 FOLLOWER]: Committing config change with OpId 1.3: config changed from index 2 to 3, 70d550085d7e4c4983f25d4a7cb24c8a (127.26.127.132) changed from NON_VOTER to VOTER. New config: { opid_index: 3 OBSOLETE_local: false peers { permanent_uuid: "701bd1c636ce47a6ba7d75daffcb8539" member_type: VOTER last_known_addr { host: "127.26.127.129" port: 36469 } attrs { replace: true } } peers { permanent_uuid: "70f522cbf683463cb273c76db522fbfd" member_type: VOTER last_known_addr { host: "127.26.127.130" port: 35111 } } peers { permanent_uuid: "e314757be3e445179a9da18694764fb0" member_type: VOTER last_known_addr { host: "127.26.127.131" port: 42847 } } peers { permanent_uuid: "70d550085d7e4c4983f25d4a7cb24c8a" member_type: VOTER last_known_addr { host: "127.26.127.132" port: 42887 } attrs { promote: false } } }
I20260713 09:12:18.436105 28282 consensus_queue.cc:237] T e60532f685604e61a2213ec34e19eaf8 P 701bd1c636ce47a6ba7d75daffcb8539 [LEADER]: Queue going to LEADER mode. State: All replicated index: 0, Majority replicated index: 3, Committed index: 3, Last appended: 1.3, Last appended by leader: 0, Current term: 1, Majority size: 2, State: 0, Mode: LEADER, active raft config: opid_index: 4 OBSOLETE_local: false peers { permanent_uuid: "701bd1c636ce47a6ba7d75daffcb8539" member_type: VOTER last_known_addr { host: "127.26.127.129" port: 36469 } } peers { permanent_uuid: "e314757be3e445179a9da18694764fb0" member_type: VOTER last_known_addr { host: "127.26.127.131" port: 42847 } } peers { permanent_uuid: "70d550085d7e4c4983f25d4a7cb24c8a" member_type: VOTER last_known_addr { host: "127.26.127.132" port: 42887 } attrs { promote: false } }
I20260713 09:12:18.440042 28269 tablet_service.cc:1558] Processing DeleteTablet for tablet b197b171e21342248f74a015ff00e522 with delete_type TABLET_DATA_TOMBSTONED (TS 701bd1c636ce47a6ba7d75daffcb8539 not found in new config with opid_index 4) from {username='slave'} at 127.0.0.1:37236
I20260713 09:12:18.442067 28177 catalog_manager.cc:5697] T 4603c25539aa4fd4a8a338db95b76465 P 70d550085d7e4c4983f25d4a7cb24c8a reported cstate change: config changed from index 2 to 3, 70d550085d7e4c4983f25d4a7cb24c8a (127.26.127.132) changed from NON_VOTER to VOTER. New cstate: current_term: 1 leader_uuid: "e314757be3e445179a9da18694764fb0" committed_config { opid_index: 3 OBSOLETE_local: false peers { permanent_uuid: "701bd1c636ce47a6ba7d75daffcb8539" member_type: VOTER last_known_addr { host: "127.26.127.129" port: 36469 } attrs { replace: true } } peers { permanent_uuid: "70f522cbf683463cb273c76db522fbfd" member_type: VOTER last_known_addr { host: "127.26.127.130" port: 35111 } } peers { permanent_uuid: "e314757be3e445179a9da18694764fb0" member_type: VOTER last_known_addr { host: "127.26.127.131" port: 42847 } } peers { permanent_uuid: "70d550085d7e4c4983f25d4a7cb24c8a" member_type: VOTER last_known_addr { host: "127.26.127.132" port: 42887 } attrs { promote: false } } }
I20260713 09:12:18.444407 28282 raft_consensus.cc:2955] T 4603c25539aa4fd4a8a338db95b76465 P 701bd1c636ce47a6ba7d75daffcb8539 [term 1 FOLLOWER]: Committing config change with OpId 1.3: config changed from index 2 to 3, 70d550085d7e4c4983f25d4a7cb24c8a (127.26.127.132) changed from NON_VOTER to VOTER. New config: { opid_index: 3 OBSOLETE_local: false peers { permanent_uuid: "701bd1c636ce47a6ba7d75daffcb8539" member_type: VOTER last_known_addr { host: "127.26.127.129" port: 36469 } attrs { replace: true } } peers { permanent_uuid: "70f522cbf683463cb273c76db522fbfd" member_type: VOTER last_known_addr { host: "127.26.127.130" port: 35111 } } peers { permanent_uuid: "e314757be3e445179a9da18694764fb0" member_type: VOTER last_known_addr { host: "127.26.127.131" port: 42847 } } peers { permanent_uuid: "70d550085d7e4c4983f25d4a7cb24c8a" member_type: VOTER last_known_addr { host: "127.26.127.132" port: 42887 } attrs { promote: false } } }
I20260713 09:12:18.448391 28700 raft_consensus.cc:1275] T e60532f685604e61a2213ec34e19eaf8 P 70d550085d7e4c4983f25d4a7cb24c8a [term 1 FOLLOWER]: Refusing update from remote peer 701bd1c636ce47a6ba7d75daffcb8539: Log matching property violated. Preceding OpId in replica: term: 1 index: 3. Preceding OpId from leader: term: 1 index: 4. (index mismatch)
I20260713 09:12:18.449070 28431 raft_consensus.cc:1275] T e60532f685604e61a2213ec34e19eaf8 P e314757be3e445179a9da18694764fb0 [term 1 FOLLOWER]: Refusing update from remote peer 701bd1c636ce47a6ba7d75daffcb8539: Log matching property violated. Preceding OpId in replica: term: 1 index: 3. Preceding OpId from leader: term: 1 index: 4. (index mismatch)
I20260713 09:12:18.450806 28968 consensus_queue.cc:1048] T e60532f685604e61a2213ec34e19eaf8 P 701bd1c636ce47a6ba7d75daffcb8539 [LEADER]: Connected to new peer: Peer: permanent_uuid: "70d550085d7e4c4983f25d4a7cb24c8a" member_type: VOTER last_known_addr { host: "127.26.127.132" port: 42887 } attrs { promote: false }, Status: LMP_MISMATCH, Last received: 0.0, Next index: 4, Last known committed idx: 3, Time since last communication: 0.000s
I20260713 09:12:18.451733 28918 consensus_queue.cc:1048] T e60532f685604e61a2213ec34e19eaf8 P 701bd1c636ce47a6ba7d75daffcb8539 [LEADER]: Connected to new peer: Peer: permanent_uuid: "e314757be3e445179a9da18694764fb0" member_type: VOTER last_known_addr { host: "127.26.127.131" port: 42847 }, Status: LMP_MISMATCH, Last received: 0.0, Next index: 4, Last known committed idx: 3, Time since last communication: 0.000s
I20260713 09:12:18.465190 28918 raft_consensus.cc:2955] T e60532f685604e61a2213ec34e19eaf8 P 701bd1c636ce47a6ba7d75daffcb8539 [term 1 LEADER]: Committing config change with OpId 1.4: config changed from index 3 to 4, VOTER 70f522cbf683463cb273c76db522fbfd (127.26.127.130) evicted. New config: { opid_index: 4 OBSOLETE_local: false peers { permanent_uuid: "701bd1c636ce47a6ba7d75daffcb8539" member_type: VOTER last_known_addr { host: "127.26.127.129" port: 36469 } } peers { permanent_uuid: "e314757be3e445179a9da18694764fb0" member_type: VOTER last_known_addr { host: "127.26.127.131" port: 42847 } } peers { permanent_uuid: "70d550085d7e4c4983f25d4a7cb24c8a" member_type: VOTER last_known_addr { host: "127.26.127.132" port: 42887 } attrs { promote: false } } }
I20260713 09:12:18.474593 28167 catalog_manager.cc:5210] ChangeConfig:REMOVE_PEER RPC for tablet e60532f685604e61a2213ec34e19eaf8 with cas_config_opid_index 3: ChangeConfig:REMOVE_PEER succeeded (attempt 1)
I20260713 09:12:18.477291 28700 raft_consensus.cc:2955] T e60532f685604e61a2213ec34e19eaf8 P 70d550085d7e4c4983f25d4a7cb24c8a [term 1 FOLLOWER]: Committing config change with OpId 1.4: config changed from index 3 to 4, VOTER 70f522cbf683463cb273c76db522fbfd (127.26.127.130) evicted. New config: { opid_index: 4 OBSOLETE_local: false peers { permanent_uuid: "701bd1c636ce47a6ba7d75daffcb8539" member_type: VOTER last_known_addr { host: "127.26.127.129" port: 36469 } } peers { permanent_uuid: "e314757be3e445179a9da18694764fb0" member_type: VOTER last_known_addr { host: "127.26.127.131" port: 42847 } } peers { permanent_uuid: "70d550085d7e4c4983f25d4a7cb24c8a" member_type: VOTER last_known_addr { host: "127.26.127.132" port: 42887 } attrs { promote: false } } }
I20260713 09:12:18.478358 28995 tablet_replica.cc:333] T b197b171e21342248f74a015ff00e522 P 701bd1c636ce47a6ba7d75daffcb8539: stopping tablet replica
I20260713 09:12:18.481568 28995 raft_consensus.cc:2243] T b197b171e21342248f74a015ff00e522 P 701bd1c636ce47a6ba7d75daffcb8539 [term 1 FOLLOWER]: Raft consensus shutting down.
I20260713 09:12:18.482359 28995 raft_consensus.cc:2272] T b197b171e21342248f74a015ff00e522 P 701bd1c636ce47a6ba7d75daffcb8539 [term 1 FOLLOWER]: Raft consensus is shut down!
I20260713 09:12:18.483502 28431 raft_consensus.cc:2955] T e60532f685604e61a2213ec34e19eaf8 P e314757be3e445179a9da18694764fb0 [term 1 FOLLOWER]: Committing config change with OpId 1.4: config changed from index 3 to 4, VOTER 70f522cbf683463cb273c76db522fbfd (127.26.127.130) evicted. New config: { opid_index: 4 OBSOLETE_local: false peers { permanent_uuid: "701bd1c636ce47a6ba7d75daffcb8539" member_type: VOTER last_known_addr { host: "127.26.127.129" port: 36469 } } peers { permanent_uuid: "e314757be3e445179a9da18694764fb0" member_type: VOTER last_known_addr { host: "127.26.127.131" port: 42847 } } peers { permanent_uuid: "70d550085d7e4c4983f25d4a7cb24c8a" member_type: VOTER last_known_addr { host: "127.26.127.132" port: 42887 } attrs { promote: false } } }
I20260713 09:12:18.486215 28995 ts_tablet_manager.cc:1916] T b197b171e21342248f74a015ff00e522 P 701bd1c636ce47a6ba7d75daffcb8539: Deleting tablet data with delete state TABLET_DATA_TOMBSTONED
I20260713 09:12:18.500926 28179 catalog_manager.cc:5697] T e60532f685604e61a2213ec34e19eaf8 P 70d550085d7e4c4983f25d4a7cb24c8a reported cstate change: config changed from index 3 to 4, VOTER 70f522cbf683463cb273c76db522fbfd (127.26.127.130) evicted. New cstate: current_term: 1 leader_uuid: "701bd1c636ce47a6ba7d75daffcb8539" committed_config { opid_index: 4 OBSOLETE_local: false peers { permanent_uuid: "701bd1c636ce47a6ba7d75daffcb8539" member_type: VOTER last_known_addr { host: "127.26.127.129" port: 36469 } } peers { permanent_uuid: "e314757be3e445179a9da18694764fb0" member_type: VOTER last_known_addr { host: "127.26.127.131" port: 42847 } } peers { permanent_uuid: "70d550085d7e4c4983f25d4a7cb24c8a" member_type: VOTER last_known_addr { host: "127.26.127.132" port: 42887 } attrs { promote: false } } }
I20260713 09:12:18.509509 28431 consensus_queue.cc:237] T 4603c25539aa4fd4a8a338db95b76465 P e314757be3e445179a9da18694764fb0 [LEADER]: Queue going to LEADER mode. State: All replicated index: 0, Majority replicated index: 3, Committed index: 3, Last appended: 1.3, Last appended by leader: 0, Current term: 1, Majority size: 2, State: 0, Mode: LEADER, active raft config: opid_index: 4 OBSOLETE_local: false peers { permanent_uuid: "70f522cbf683463cb273c76db522fbfd" member_type: VOTER last_known_addr { host: "127.26.127.130" port: 35111 } } peers { permanent_uuid: "e314757be3e445179a9da18694764fb0" member_type: VOTER last_known_addr { host: "127.26.127.131" port: 42847 } } peers { permanent_uuid: "70d550085d7e4c4983f25d4a7cb24c8a" member_type: VOTER last_known_addr { host: "127.26.127.132" port: 42887 } attrs { promote: false } }
I20260713 09:12:18.510250 28995 ts_tablet_manager.cc:1929] T b197b171e21342248f74a015ff00e522 P 701bd1c636ce47a6ba7d75daffcb8539: tablet deleted with delete type TABLET_DATA_TOMBSTONED: last-logged OpId 1.3
I20260713 09:12:18.510680 28995 log.cc:1199] T b197b171e21342248f74a015ff00e522 P 701bd1c636ce47a6ba7d75daffcb8539: Deleting WAL directory at /tmp/dist-test-task1wxs_P/test-tmp/auto_leader_rebalancer-test.0.LeaderRebalancerTest.AddTserver.1783933895046937-27134-0/minicluster-data/ts-0-root/wals/b197b171e21342248f74a015ff00e522
I20260713 09:12:18.513437 28167 catalog_manager.cc:5028] TS 701bd1c636ce47a6ba7d75daffcb8539 (127.26.127.129:36469): tablet b197b171e21342248f74a015ff00e522 (table test-workload [id=ae0c4abdbb1e4eecad1b1e9590b6850e]) successfully deleted
I20260713 09:12:18.526639 28357 raft_consensus.cc:1275] T 4603c25539aa4fd4a8a338db95b76465 P 70f522cbf683463cb273c76db522fbfd [term 1 FOLLOWER]: Refusing update from remote peer e314757be3e445179a9da18694764fb0: Log matching property violated. Preceding OpId in replica: term: 1 index: 3. Preceding OpId from leader: term: 1 index: 4. (index mismatch)
I20260713 09:12:18.526784 28700 raft_consensus.cc:1275] T 4603c25539aa4fd4a8a338db95b76465 P 70d550085d7e4c4983f25d4a7cb24c8a [term 1 FOLLOWER]: Refusing update from remote peer e314757be3e445179a9da18694764fb0: Log matching property violated. Preceding OpId in replica: term: 1 index: 3. Preceding OpId from leader: term: 1 index: 4. (index mismatch)
I20260713 09:12:18.528774 28987 consensus_queue.cc:1048] T 4603c25539aa4fd4a8a338db95b76465 P e314757be3e445179a9da18694764fb0 [LEADER]: Connected to new peer: Peer: permanent_uuid: "70f522cbf683463cb273c76db522fbfd" member_type: VOTER last_known_addr { host: "127.26.127.130" port: 35111 }, Status: LMP_MISMATCH, Last received: 0.0, Next index: 4, Last known committed idx: 3, Time since last communication: 0.000s
I20260713 09:12:18.530745 28987 consensus_queue.cc:1048] T 4603c25539aa4fd4a8a338db95b76465 P e314757be3e445179a9da18694764fb0 [LEADER]: Connected to new peer: Peer: permanent_uuid: "70d550085d7e4c4983f25d4a7cb24c8a" member_type: VOTER last_known_addr { host: "127.26.127.132" port: 42887 } attrs { promote: false }, Status: LMP_MISMATCH, Last received: 0.0, Next index: 4, Last known committed idx: 3, Time since last communication: 0.000s
I20260713 09:12:18.530934 28343 tablet_service.cc:1558] Processing DeleteTablet for tablet e60532f685604e61a2213ec34e19eaf8 with delete_type TABLET_DATA_TOMBSTONED (TS 70f522cbf683463cb273c76db522fbfd not found in new config with opid_index 4) from {username='slave'} at 127.0.0.1:48642
I20260713 09:12:18.535208 28996 tablet_replica.cc:333] T e60532f685604e61a2213ec34e19eaf8 P 70f522cbf683463cb273c76db522fbfd: stopping tablet replica
I20260713 09:12:18.544144 28970 raft_consensus.cc:2955] T 4603c25539aa4fd4a8a338db95b76465 P e314757be3e445179a9da18694764fb0 [term 1 LEADER]: Committing config change with OpId 1.4: config changed from index 3 to 4, VOTER 701bd1c636ce47a6ba7d75daffcb8539 (127.26.127.129) evicted. New config: { opid_index: 4 OBSOLETE_local: false peers { permanent_uuid: "70f522cbf683463cb273c76db522fbfd" member_type: VOTER last_known_addr { host: "127.26.127.130" port: 35111 } } peers { permanent_uuid: "e314757be3e445179a9da18694764fb0" member_type: VOTER last_known_addr { host: "127.26.127.131" port: 42847 } } peers { permanent_uuid: "70d550085d7e4c4983f25d4a7cb24c8a" member_type: VOTER last_known_addr { host: "127.26.127.132" port: 42887 } attrs { promote: false } } }
I20260713 09:12:18.548635 28996 raft_consensus.cc:2243] T e60532f685604e61a2213ec34e19eaf8 P 70f522cbf683463cb273c76db522fbfd [term 1 FOLLOWER]: Raft consensus shutting down.
I20260713 09:12:18.549371 28996 raft_consensus.cc:2272] T e60532f685604e61a2213ec34e19eaf8 P 70f522cbf683463cb273c76db522fbfd [term 1 FOLLOWER]: Raft consensus is shut down!
I20260713 09:12:18.551177 28698 raft_consensus.cc:2955] T 4603c25539aa4fd4a8a338db95b76465 P 70d550085d7e4c4983f25d4a7cb24c8a [term 1 FOLLOWER]: Committing config change with OpId 1.4: config changed from index 3 to 4, VOTER 701bd1c636ce47a6ba7d75daffcb8539 (127.26.127.129) evicted. New config: { opid_index: 4 OBSOLETE_local: false peers { permanent_uuid: "70f522cbf683463cb273c76db522fbfd" member_type: VOTER last_known_addr { host: "127.26.127.130" port: 35111 } } peers { permanent_uuid: "e314757be3e445179a9da18694764fb0" member_type: VOTER last_known_addr { host: "127.26.127.131" port: 42847 } } peers { permanent_uuid: "70d550085d7e4c4983f25d4a7cb24c8a" member_type: VOTER last_known_addr { host: "127.26.127.132" port: 42887 } attrs { promote: false } } }
I20260713 09:12:18.552932 28996 ts_tablet_manager.cc:1916] T e60532f685604e61a2213ec34e19eaf8 P 70f522cbf683463cb273c76db522fbfd: Deleting tablet data with delete state TABLET_DATA_TOMBSTONED
I20260713 09:12:18.557590 28357 raft_consensus.cc:2955] T 4603c25539aa4fd4a8a338db95b76465 P 70f522cbf683463cb273c76db522fbfd [term 1 FOLLOWER]: Committing config change with OpId 1.4: config changed from index 3 to 4, VOTER 701bd1c636ce47a6ba7d75daffcb8539 (127.26.127.129) evicted. New config: { opid_index: 4 OBSOLETE_local: false peers { permanent_uuid: "70f522cbf683463cb273c76db522fbfd" member_type: VOTER last_known_addr { host: "127.26.127.130" port: 35111 } } peers { permanent_uuid: "e314757be3e445179a9da18694764fb0" member_type: VOTER last_known_addr { host: "127.26.127.131" port: 42847 } } peers { permanent_uuid: "70d550085d7e4c4983f25d4a7cb24c8a" member_type: VOTER last_known_addr { host: "127.26.127.132" port: 42887 } attrs { promote: false } } }
I20260713 09:12:18.569499 28177 catalog_manager.cc:5697] T 4603c25539aa4fd4a8a338db95b76465 P 70d550085d7e4c4983f25d4a7cb24c8a reported cstate change: config changed from index 3 to 4, VOTER 701bd1c636ce47a6ba7d75daffcb8539 (127.26.127.129) evicted. New cstate: current_term: 1 leader_uuid: "e314757be3e445179a9da18694764fb0" committed_config { opid_index: 4 OBSOLETE_local: false peers { permanent_uuid: "70f522cbf683463cb273c76db522fbfd" member_type: VOTER last_known_addr { host: "127.26.127.130" port: 35111 } } peers { permanent_uuid: "e314757be3e445179a9da18694764fb0" member_type: VOTER last_known_addr { host: "127.26.127.131" port: 42847 } } peers { permanent_uuid: "70d550085d7e4c4983f25d4a7cb24c8a" member_type: VOTER last_known_addr { host: "127.26.127.132" port: 42887 } attrs { promote: false } } }
I20260713 09:12:18.571910 28996 ts_tablet_manager.cc:1929] T e60532f685604e61a2213ec34e19eaf8 P 70f522cbf683463cb273c76db522fbfd: tablet deleted with delete type TABLET_DATA_TOMBSTONED: last-logged OpId 1.3
I20260713 09:12:18.572407 28996 log.cc:1199] T e60532f685604e61a2213ec34e19eaf8 P 70f522cbf683463cb273c76db522fbfd: Deleting WAL directory at /tmp/dist-test-task1wxs_P/test-tmp/auto_leader_rebalancer-test.0.LeaderRebalancerTest.AddTserver.1783933895046937-27134-0/minicluster-data/ts-1-root/wals/e60532f685604e61a2213ec34e19eaf8
I20260713 09:12:18.574405 28165 catalog_manager.cc:5028] TS 70f522cbf683463cb273c76db522fbfd (127.26.127.130:35111): tablet e60532f685604e61a2213ec34e19eaf8 (table test-workload [id=ae0c4abdbb1e4eecad1b1e9590b6850e]) successfully deleted
I20260713 09:12:18.577138 28164 catalog_manager.cc:5210] ChangeConfig:REMOVE_PEER RPC for tablet 4603c25539aa4fd4a8a338db95b76465 with cas_config_opid_index 3: ChangeConfig:REMOVE_PEER succeeded (attempt 1)
I20260713 09:12:18.580942 28269 tablet_service.cc:1558] Processing DeleteTablet for tablet 4603c25539aa4fd4a8a338db95b76465 with delete_type TABLET_DATA_TOMBSTONED (TS 701bd1c636ce47a6ba7d75daffcb8539 not found in new config with opid_index 4) from {username='slave'} at 127.0.0.1:37236
I20260713 09:12:18.581791 28995 tablet_replica.cc:333] T 4603c25539aa4fd4a8a338db95b76465 P 701bd1c636ce47a6ba7d75daffcb8539: stopping tablet replica
I20260713 09:12:18.582572 28995 raft_consensus.cc:2243] T 4603c25539aa4fd4a8a338db95b76465 P 701bd1c636ce47a6ba7d75daffcb8539 [term 1 FOLLOWER]: Raft consensus shutting down.
I20260713 09:12:18.583061 28995 raft_consensus.cc:2272] T 4603c25539aa4fd4a8a338db95b76465 P 701bd1c636ce47a6ba7d75daffcb8539 [term 1 FOLLOWER]: Raft consensus is shut down!
I20260713 09:12:18.587193 28995 ts_tablet_manager.cc:1916] T 4603c25539aa4fd4a8a338db95b76465 P 701bd1c636ce47a6ba7d75daffcb8539: Deleting tablet data with delete state TABLET_DATA_TOMBSTONED
I20260713 09:12:18.604439 28995 ts_tablet_manager.cc:1929] T 4603c25539aa4fd4a8a338db95b76465 P 701bd1c636ce47a6ba7d75daffcb8539: tablet deleted with delete type TABLET_DATA_TOMBSTONED: last-logged OpId 1.3
I20260713 09:12:18.604846 28995 log.cc:1199] T 4603c25539aa4fd4a8a338db95b76465 P 701bd1c636ce47a6ba7d75daffcb8539: Deleting WAL directory at /tmp/dist-test-task1wxs_P/test-tmp/auto_leader_rebalancer-test.0.LeaderRebalancerTest.AddTserver.1783933895046937-27134-0/minicluster-data/ts-0-root/wals/4603c25539aa4fd4a8a338db95b76465
I20260713 09:12:18.606208 28167 catalog_manager.cc:5028] TS 701bd1c636ce47a6ba7d75daffcb8539 (127.26.127.129:36469): tablet 4603c25539aa4fd4a8a338db95b76465 (table test-workload [id=ae0c4abdbb1e4eecad1b1e9590b6850e]) successfully deleted
I20260713 09:12:19.603780 28282 consensus_queue.cc:237] T 1b229c5b916147fc8a080a3b53d50e16 P 701bd1c636ce47a6ba7d75daffcb8539 [LEADER]: Queue going to LEADER mode. State: All replicated index: 0, Majority replicated index: 1, Committed index: 1, Last appended: 1.1, Last appended by leader: 0, Current term: 1, Majority size: 2, State: 0, Mode: LEADER, active raft config: opid_index: 2 OBSOLETE_local: false peers { permanent_uuid: "701bd1c636ce47a6ba7d75daffcb8539" member_type: VOTER last_known_addr { host: "127.26.127.129" port: 36469 } } peers { permanent_uuid: "70f522cbf683463cb273c76db522fbfd" member_type: VOTER last_known_addr { host: "127.26.127.130" port: 35111 } } peers { permanent_uuid: "e314757be3e445179a9da18694764fb0" member_type: VOTER last_known_addr { host: "127.26.127.131" port: 42847 } attrs { replace: true } } peers { permanent_uuid: "70d550085d7e4c4983f25d4a7cb24c8a" member_type: NON_VOTER last_known_addr { host: "127.26.127.132" port: 42887 } attrs { promote: true } }
I20260713 09:12:19.612728 28431 raft_consensus.cc:1275] T 1b229c5b916147fc8a080a3b53d50e16 P e314757be3e445179a9da18694764fb0 [term 1 FOLLOWER]: Refusing update from remote peer 701bd1c636ce47a6ba7d75daffcb8539: Log matching property violated. Preceding OpId in replica: term: 1 index: 1. Preceding OpId from leader: term: 1 index: 2. (index mismatch)
W20260713 09:12:19.613744 28248 consensus_peers.cc:597] T 1b229c5b916147fc8a080a3b53d50e16 P 701bd1c636ce47a6ba7d75daffcb8539 -> Peer 70d550085d7e4c4983f25d4a7cb24c8a (127.26.127.132:42887): Couldn't send request to peer 70d550085d7e4c4983f25d4a7cb24c8a. Error code: TABLET_NOT_FOUND (6). Status: Not found: Tablet not found: 1b229c5b916147fc8a080a3b53d50e16. This is attempt 1: this message will repeat every 5th retry.
I20260713 09:12:19.613932 28357 raft_consensus.cc:1275] T 1b229c5b916147fc8a080a3b53d50e16 P 70f522cbf683463cb273c76db522fbfd [term 1 FOLLOWER]: Refusing update from remote peer 701bd1c636ce47a6ba7d75daffcb8539: Log matching property violated. Preceding OpId in replica: term: 1 index: 1. Preceding OpId from leader: term: 1 index: 2. (index mismatch)
I20260713 09:12:19.614291 28968 consensus_queue.cc:1048] T 1b229c5b916147fc8a080a3b53d50e16 P 701bd1c636ce47a6ba7d75daffcb8539 [LEADER]: Connected to new peer: Peer: permanent_uuid: "e314757be3e445179a9da18694764fb0" member_type: VOTER last_known_addr { host: "127.26.127.131" port: 42847 } attrs { replace: true }, Status: LMP_MISMATCH, Last received: 0.0, Next index: 2, Last known committed idx: 1, Time since last communication: 0.000s
I20260713 09:12:19.615288 28997 consensus_queue.cc:1048] T 1b229c5b916147fc8a080a3b53d50e16 P 701bd1c636ce47a6ba7d75daffcb8539 [LEADER]: Connected to new peer: Peer: permanent_uuid: "70f522cbf683463cb273c76db522fbfd" member_type: VOTER last_known_addr { host: "127.26.127.130" port: 35111 }, Status: LMP_MISMATCH, Last received: 0.0, Next index: 2, Last known committed idx: 1, Time since last communication: 0.000s
I20260713 09:12:19.625594 28999 raft_consensus.cc:2955] T 1b229c5b916147fc8a080a3b53d50e16 P 701bd1c636ce47a6ba7d75daffcb8539 [term 1 LEADER]: Committing config change with OpId 1.2: config changed from index -1 to 2, NON_VOTER 70d550085d7e4c4983f25d4a7cb24c8a (127.26.127.132) added. New config: { opid_index: 2 OBSOLETE_local: false peers { permanent_uuid: "701bd1c636ce47a6ba7d75daffcb8539" member_type: VOTER last_known_addr { host: "127.26.127.129" port: 36469 } } peers { permanent_uuid: "70f522cbf683463cb273c76db522fbfd" member_type: VOTER last_known_addr { host: "127.26.127.130" port: 35111 } } peers { permanent_uuid: "e314757be3e445179a9da18694764fb0" member_type: VOTER last_known_addr { host: "127.26.127.131" port: 42847 } attrs { replace: true } } peers { permanent_uuid: "70d550085d7e4c4983f25d4a7cb24c8a" member_type: NON_VOTER last_known_addr { host: "127.26.127.132" port: 42887 } attrs { promote: true } } }
I20260713 09:12:19.626880 28431 raft_consensus.cc:2955] T 1b229c5b916147fc8a080a3b53d50e16 P e314757be3e445179a9da18694764fb0 [term 1 FOLLOWER]: Committing config change with OpId 1.2: config changed from index -1 to 2, NON_VOTER 70d550085d7e4c4983f25d4a7cb24c8a (127.26.127.132) added. New config: { opid_index: 2 OBSOLETE_local: false peers { permanent_uuid: "701bd1c636ce47a6ba7d75daffcb8539" member_type: VOTER last_known_addr { host: "127.26.127.129" port: 36469 } } peers { permanent_uuid: "70f522cbf683463cb273c76db522fbfd" member_type: VOTER last_known_addr { host: "127.26.127.130" port: 35111 } } peers { permanent_uuid: "e314757be3e445179a9da18694764fb0" member_type: VOTER last_known_addr { host: "127.26.127.131" port: 42847 } attrs { replace: true } } peers { permanent_uuid: "70d550085d7e4c4983f25d4a7cb24c8a" member_type: NON_VOTER last_known_addr { host: "127.26.127.132" port: 42887 } attrs { promote: true } } }
I20260713 09:12:19.627463 28357 raft_consensus.cc:2955] T 1b229c5b916147fc8a080a3b53d50e16 P 70f522cbf683463cb273c76db522fbfd [term 1 FOLLOWER]: Committing config change with OpId 1.2: config changed from index -1 to 2, NON_VOTER 70d550085d7e4c4983f25d4a7cb24c8a (127.26.127.132) added. New config: { opid_index: 2 OBSOLETE_local: false peers { permanent_uuid: "701bd1c636ce47a6ba7d75daffcb8539" member_type: VOTER last_known_addr { host: "127.26.127.129" port: 36469 } } peers { permanent_uuid: "70f522cbf683463cb273c76db522fbfd" member_type: VOTER last_known_addr { host: "127.26.127.130" port: 35111 } } peers { permanent_uuid: "e314757be3e445179a9da18694764fb0" member_type: VOTER last_known_addr { host: "127.26.127.131" port: 42847 } attrs { replace: true } } peers { permanent_uuid: "70d550085d7e4c4983f25d4a7cb24c8a" member_type: NON_VOTER last_known_addr { host: "127.26.127.132" port: 42887 } attrs { promote: true } } }
I20260713 09:12:19.641350 28178 catalog_manager.cc:5697] T 1b229c5b916147fc8a080a3b53d50e16 P 70f522cbf683463cb273c76db522fbfd reported cstate change: config changed from index -1 to 2, NON_VOTER 70d550085d7e4c4983f25d4a7cb24c8a (127.26.127.132) added. New cstate: current_term: 1 leader_uuid: "701bd1c636ce47a6ba7d75daffcb8539" committed_config { opid_index: 2 OBSOLETE_local: false peers { permanent_uuid: "701bd1c636ce47a6ba7d75daffcb8539" member_type: VOTER last_known_addr { host: "127.26.127.129" port: 36469 } } peers { permanent_uuid: "70f522cbf683463cb273c76db522fbfd" member_type: VOTER last_known_addr { host: "127.26.127.130" port: 35111 } } peers { permanent_uuid: "e314757be3e445179a9da18694764fb0" member_type: VOTER last_known_addr { host: "127.26.127.131" port: 42847 } attrs { replace: true } } peers { permanent_uuid: "70d550085d7e4c4983f25d4a7cb24c8a" member_type: NON_VOTER last_known_addr { host: "127.26.127.132" port: 42887 } attrs { promote: true } } }
I20260713 09:12:19.641601 28431 consensus_queue.cc:237] T 32513816feae4abc8ebcd29367eae14c P e314757be3e445179a9da18694764fb0 [LEADER]: Queue going to LEADER mode. State: All replicated index: 0, Majority replicated index: 1, Committed index: 1, Last appended: 1.1, Last appended by leader: 0, Current term: 1, Majority size: 2, State: 0, Mode: LEADER, active raft config: opid_index: 2 OBSOLETE_local: false peers { permanent_uuid: "701bd1c636ce47a6ba7d75daffcb8539" member_type: VOTER last_known_addr { host: "127.26.127.129" port: 36469 } } peers { permanent_uuid: "70f522cbf683463cb273c76db522fbfd" member_type: VOTER last_known_addr { host: "127.26.127.130" port: 35111 } attrs { replace: true } } peers { permanent_uuid: "e314757be3e445179a9da18694764fb0" member_type: VOTER last_known_addr { host: "127.26.127.131" port: 42847 } } peers { permanent_uuid: "70d550085d7e4c4983f25d4a7cb24c8a" member_type: NON_VOTER last_known_addr { host: "127.26.127.132" port: 42887 } attrs { promote: true } }
W20260713 09:12:19.650727 28397 consensus_peers.cc:597] T 32513816feae4abc8ebcd29367eae14c P e314757be3e445179a9da18694764fb0 -> Peer 70d550085d7e4c4983f25d4a7cb24c8a (127.26.127.132:42887): Couldn't send request to peer 70d550085d7e4c4983f25d4a7cb24c8a. Error code: TABLET_NOT_FOUND (6). Status: Not found: Tablet not found: 32513816feae4abc8ebcd29367eae14c. This is attempt 1: this message will repeat every 5th retry.
I20260713 09:12:19.650822 28357 raft_consensus.cc:1275] T 32513816feae4abc8ebcd29367eae14c P 70f522cbf683463cb273c76db522fbfd [term 1 FOLLOWER]: Refusing update from remote peer e314757be3e445179a9da18694764fb0: Log matching property violated. Preceding OpId in replica: term: 1 index: 1. Preceding OpId from leader: term: 1 index: 2. (index mismatch)
I20260713 09:12:19.652470 29005 consensus_queue.cc:1048] T 32513816feae4abc8ebcd29367eae14c P e314757be3e445179a9da18694764fb0 [LEADER]: Connected to new peer: Peer: permanent_uuid: "70f522cbf683463cb273c76db522fbfd" member_type: VOTER last_known_addr { host: "127.26.127.130" port: 35111 } attrs { replace: true }, Status: LMP_MISMATCH, Last received: 0.0, Next index: 2, Last known committed idx: 1, Time since last communication: 0.000s
I20260713 09:12:19.653071 28282 raft_consensus.cc:1275] T 32513816feae4abc8ebcd29367eae14c P 701bd1c636ce47a6ba7d75daffcb8539 [term 1 FOLLOWER]: Refusing update from remote peer e314757be3e445179a9da18694764fb0: Log matching property violated. Preceding OpId in replica: term: 1 index: 1. Preceding OpId from leader: term: 1 index: 2. (index mismatch)
I20260713 09:12:19.654564 28987 consensus_queue.cc:1048] T 32513816feae4abc8ebcd29367eae14c P e314757be3e445179a9da18694764fb0 [LEADER]: Connected to new peer: Peer: permanent_uuid: "701bd1c636ce47a6ba7d75daffcb8539" member_type: VOTER last_known_addr { host: "127.26.127.129" port: 36469 }, Status: LMP_MISMATCH, Last received: 0.0, Next index: 2, Last known committed idx: 1, Time since last communication: 0.000s
I20260713 09:12:19.663118 29005 raft_consensus.cc:2955] T 32513816feae4abc8ebcd29367eae14c P e314757be3e445179a9da18694764fb0 [term 1 LEADER]: Committing config change with OpId 1.2: config changed from index -1 to 2, NON_VOTER 70d550085d7e4c4983f25d4a7cb24c8a (127.26.127.132) added. New config: { opid_index: 2 OBSOLETE_local: false peers { permanent_uuid: "701bd1c636ce47a6ba7d75daffcb8539" member_type: VOTER last_known_addr { host: "127.26.127.129" port: 36469 } } peers { permanent_uuid: "70f522cbf683463cb273c76db522fbfd" member_type: VOTER last_known_addr { host: "127.26.127.130" port: 35111 } attrs { replace: true } } peers { permanent_uuid: "e314757be3e445179a9da18694764fb0" member_type: VOTER last_known_addr { host: "127.26.127.131" port: 42847 } } peers { permanent_uuid: "70d550085d7e4c4983f25d4a7cb24c8a" member_type: NON_VOTER last_known_addr { host: "127.26.127.132" port: 42887 } attrs { promote: true } } }
I20260713 09:12:19.664738 28282 raft_consensus.cc:2955] T 32513816feae4abc8ebcd29367eae14c P 701bd1c636ce47a6ba7d75daffcb8539 [term 1 FOLLOWER]: Committing config change with OpId 1.2: config changed from index -1 to 2, NON_VOTER 70d550085d7e4c4983f25d4a7cb24c8a (127.26.127.132) added. New config: { opid_index: 2 OBSOLETE_local: false peers { permanent_uuid: "701bd1c636ce47a6ba7d75daffcb8539" member_type: VOTER last_known_addr { host: "127.26.127.129" port: 36469 } } peers { permanent_uuid: "70f522cbf683463cb273c76db522fbfd" member_type: VOTER last_known_addr { host: "127.26.127.130" port: 35111 } attrs { replace: true } } peers { permanent_uuid: "e314757be3e445179a9da18694764fb0" member_type: VOTER last_known_addr { host: "127.26.127.131" port: 42847 } } peers { permanent_uuid: "70d550085d7e4c4983f25d4a7cb24c8a" member_type: NON_VOTER last_known_addr { host: "127.26.127.132" port: 42887 } attrs { promote: true } } }
I20260713 09:12:19.666878 28357 raft_consensus.cc:2955] T 32513816feae4abc8ebcd29367eae14c P 70f522cbf683463cb273c76db522fbfd [term 1 FOLLOWER]: Committing config change with OpId 1.2: config changed from index -1 to 2, NON_VOTER 70d550085d7e4c4983f25d4a7cb24c8a (127.26.127.132) added. New config: { opid_index: 2 OBSOLETE_local: false peers { permanent_uuid: "701bd1c636ce47a6ba7d75daffcb8539" member_type: VOTER last_known_addr { host: "127.26.127.129" port: 36469 } } peers { permanent_uuid: "70f522cbf683463cb273c76db522fbfd" member_type: VOTER last_known_addr { host: "127.26.127.130" port: 35111 } attrs { replace: true } } peers { permanent_uuid: "e314757be3e445179a9da18694764fb0" member_type: VOTER last_known_addr { host: "127.26.127.131" port: 42847 } } peers { permanent_uuid: "70d550085d7e4c4983f25d4a7cb24c8a" member_type: NON_VOTER last_known_addr { host: "127.26.127.132" port: 42887 } attrs { promote: true } } }
I20260713 09:12:19.678453 28179 catalog_manager.cc:5697] T 32513816feae4abc8ebcd29367eae14c P 701bd1c636ce47a6ba7d75daffcb8539 reported cstate change: config changed from index -1 to 2, NON_VOTER 70d550085d7e4c4983f25d4a7cb24c8a (127.26.127.132) added. New cstate: current_term: 1 leader_uuid: "e314757be3e445179a9da18694764fb0" committed_config { opid_index: 2 OBSOLETE_local: false peers { permanent_uuid: "701bd1c636ce47a6ba7d75daffcb8539" member_type: VOTER last_known_addr { host: "127.26.127.129" port: 36469 } } peers { permanent_uuid: "70f522cbf683463cb273c76db522fbfd" member_type: VOTER last_known_addr { host: "127.26.127.130" port: 35111 } attrs { replace: true } } peers { permanent_uuid: "e314757be3e445179a9da18694764fb0" member_type: VOTER last_known_addr { host: "127.26.127.131" port: 42847 } } peers { permanent_uuid: "70d550085d7e4c4983f25d4a7cb24c8a" member_type: NON_VOTER last_known_addr { host: "127.26.127.132" port: 42887 } attrs { promote: true } } }
I20260713 09:12:20.107156 29010 ts_tablet_manager.cc:933] T 32513816feae4abc8ebcd29367eae14c P 70d550085d7e4c4983f25d4a7cb24c8a: Initiating tablet copy from peer e314757be3e445179a9da18694764fb0 (127.26.127.131:42847)
I20260713 09:12:20.109123 29010 tablet_copy_client.cc:323] T 32513816feae4abc8ebcd29367eae14c P 70d550085d7e4c4983f25d4a7cb24c8a: tablet copy: Beginning tablet copy session from remote peer at address 127.26.127.131:42847
I20260713 09:12:20.110563 28441 tablet_copy_service.cc:140] P e314757be3e445179a9da18694764fb0: Received BeginTabletCopySession request for tablet 32513816feae4abc8ebcd29367eae14c from peer 70d550085d7e4c4983f25d4a7cb24c8a ({username='slave'} at 127.0.0.1:51906)
I20260713 09:12:20.110997 28441 tablet_copy_service.cc:161] P e314757be3e445179a9da18694764fb0: Beginning new tablet copy session on tablet 32513816feae4abc8ebcd29367eae14c from peer 70d550085d7e4c4983f25d4a7cb24c8a at {username='slave'} at 127.0.0.1:51906: session id = 70d550085d7e4c4983f25d4a7cb24c8a-32513816feae4abc8ebcd29367eae14c
I20260713 09:12:20.120321 28441 tablet_copy_source_session.cc:215] T 32513816feae4abc8ebcd29367eae14c P e314757be3e445179a9da18694764fb0: Tablet Copy: opened 0 blocks and 1 log segments
I20260713 09:12:20.122970 29010 data_dirs.cc:400] Could only allocate 1 dirs of requested 3 for tablet 32513816feae4abc8ebcd29367eae14c. 1 dirs total, 0 dirs full, 0 dirs failed
I20260713 09:12:20.137413 29010 tablet_copy_client.cc:806] T 32513816feae4abc8ebcd29367eae14c P 70d550085d7e4c4983f25d4a7cb24c8a: tablet copy: Starting download of 0 data blocks...
I20260713 09:12:20.138000 29010 tablet_copy_client.cc:670] T 32513816feae4abc8ebcd29367eae14c P 70d550085d7e4c4983f25d4a7cb24c8a: tablet copy: Starting download of 1 WAL segments...
I20260713 09:12:20.141412 29010 tablet_copy_client.cc:538] T 32513816feae4abc8ebcd29367eae14c P 70d550085d7e4c4983f25d4a7cb24c8a: tablet copy: Tablet Copy complete. Replacing tablet superblock.
I20260713 09:12:20.150629 29010 tablet_bootstrap.cc:492] T 32513816feae4abc8ebcd29367eae14c P 70d550085d7e4c4983f25d4a7cb24c8a: Bootstrap starting.
I20260713 09:12:20.170929 29010 tablet_bootstrap.cc:492] T 32513816feae4abc8ebcd29367eae14c P 70d550085d7e4c4983f25d4a7cb24c8a: Bootstrap replayed 1/1 log segments. Stats: ops{read=2 overwritten=0 applied=2 ignored=0} inserts{seen=0 ignored=0} mutations{seen=0 ignored=0} orphaned_commits=0. Pending: 0 replicates
I20260713 09:12:20.171861 29010 tablet_bootstrap.cc:492] T 32513816feae4abc8ebcd29367eae14c P 70d550085d7e4c4983f25d4a7cb24c8a: Bootstrap complete.
I20260713 09:12:20.172513 29010 ts_tablet_manager.cc:1403] T 32513816feae4abc8ebcd29367eae14c P 70d550085d7e4c4983f25d4a7cb24c8a: Time spent bootstrapping tablet: real 0.022s	user 0.018s	sys 0.001s
I20260713 09:12:20.175333 29010 raft_consensus.cc:359] T 32513816feae4abc8ebcd29367eae14c P 70d550085d7e4c4983f25d4a7cb24c8a [term 1 LEARNER]: Replica starting. Triggering 0 pending ops. Active config: opid_index: 2 OBSOLETE_local: false peers { permanent_uuid: "701bd1c636ce47a6ba7d75daffcb8539" member_type: VOTER last_known_addr { host: "127.26.127.129" port: 36469 } } peers { permanent_uuid: "70f522cbf683463cb273c76db522fbfd" member_type: VOTER last_known_addr { host: "127.26.127.130" port: 35111 } attrs { replace: true } } peers { permanent_uuid: "e314757be3e445179a9da18694764fb0" member_type: VOTER last_known_addr { host: "127.26.127.131" port: 42847 } } peers { permanent_uuid: "70d550085d7e4c4983f25d4a7cb24c8a" member_type: NON_VOTER last_known_addr { host: "127.26.127.132" port: 42887 } attrs { promote: true } }
I20260713 09:12:20.176139 29010 raft_consensus.cc:740] T 32513816feae4abc8ebcd29367eae14c P 70d550085d7e4c4983f25d4a7cb24c8a [term 1 LEARNER]: Becoming Follower/Learner. State: Replica: 70d550085d7e4c4983f25d4a7cb24c8a, State: Initialized, Role: LEARNER
I20260713 09:12:20.176779 29010 consensus_queue.cc:260] T 32513816feae4abc8ebcd29367eae14c P 70d550085d7e4c4983f25d4a7cb24c8a [NON_LEADER]: Queue going to NON_LEADER mode. State: All replicated index: 0, Majority replicated index: 0, Committed index: 2, Last appended: 1.2, Last appended by leader: 2, Current term: 0, Majority size: -1, State: 0, Mode: NON_LEADER, active raft config: opid_index: 2 OBSOLETE_local: false peers { permanent_uuid: "701bd1c636ce47a6ba7d75daffcb8539" member_type: VOTER last_known_addr { host: "127.26.127.129" port: 36469 } } peers { permanent_uuid: "70f522cbf683463cb273c76db522fbfd" member_type: VOTER last_known_addr { host: "127.26.127.130" port: 35111 } attrs { replace: true } } peers { permanent_uuid: "e314757be3e445179a9da18694764fb0" member_type: VOTER last_known_addr { host: "127.26.127.131" port: 42847 } } peers { permanent_uuid: "70d550085d7e4c4983f25d4a7cb24c8a" member_type: NON_VOTER last_known_addr { host: "127.26.127.132" port: 42887 } attrs { promote: true } }
I20260713 09:12:20.180836 29010 ts_tablet_manager.cc:1434] T 32513816feae4abc8ebcd29367eae14c P 70d550085d7e4c4983f25d4a7cb24c8a: Time spent starting tablet: real 0.008s	user 0.003s	sys 0.005s
I20260713 09:12:20.182528 28441 tablet_copy_service.cc:342] P e314757be3e445179a9da18694764fb0: Request end of tablet copy session 70d550085d7e4c4983f25d4a7cb24c8a-32513816feae4abc8ebcd29367eae14c received from {username='slave'} at 127.0.0.1:51906
I20260713 09:12:20.182927 28441 tablet_copy_service.cc:434] P e314757be3e445179a9da18694764fb0: ending tablet copy session 70d550085d7e4c4983f25d4a7cb24c8a-32513816feae4abc8ebcd29367eae14c on tablet 32513816feae4abc8ebcd29367eae14c with peer 70d550085d7e4c4983f25d4a7cb24c8a
I20260713 09:12:20.193321 29010 ts_tablet_manager.cc:933] T 1b229c5b916147fc8a080a3b53d50e16 P 70d550085d7e4c4983f25d4a7cb24c8a: Initiating tablet copy from peer 701bd1c636ce47a6ba7d75daffcb8539 (127.26.127.129:36469)
I20260713 09:12:20.195091 29010 tablet_copy_client.cc:323] T 1b229c5b916147fc8a080a3b53d50e16 P 70d550085d7e4c4983f25d4a7cb24c8a: tablet copy: Beginning tablet copy session from remote peer at address 127.26.127.129:36469
I20260713 09:12:20.196655 28292 tablet_copy_service.cc:140] P 701bd1c636ce47a6ba7d75daffcb8539: Received BeginTabletCopySession request for tablet 1b229c5b916147fc8a080a3b53d50e16 from peer 70d550085d7e4c4983f25d4a7cb24c8a ({username='slave'} at 127.0.0.1:37266)
I20260713 09:12:20.197160 28292 tablet_copy_service.cc:161] P 701bd1c636ce47a6ba7d75daffcb8539: Beginning new tablet copy session on tablet 1b229c5b916147fc8a080a3b53d50e16 from peer 70d550085d7e4c4983f25d4a7cb24c8a at {username='slave'} at 127.0.0.1:37266: session id = 70d550085d7e4c4983f25d4a7cb24c8a-1b229c5b916147fc8a080a3b53d50e16
I20260713 09:12:20.204082 28292 tablet_copy_source_session.cc:215] T 1b229c5b916147fc8a080a3b53d50e16 P 701bd1c636ce47a6ba7d75daffcb8539: Tablet Copy: opened 0 blocks and 1 log segments
I20260713 09:12:20.206923 29010 data_dirs.cc:400] Could only allocate 1 dirs of requested 3 for tablet 1b229c5b916147fc8a080a3b53d50e16. 1 dirs total, 0 dirs full, 0 dirs failed
I20260713 09:12:20.217518 29010 tablet_copy_client.cc:806] T 1b229c5b916147fc8a080a3b53d50e16 P 70d550085d7e4c4983f25d4a7cb24c8a: tablet copy: Starting download of 0 data blocks...
