I20260713 09:12:04.072052 28475 raft_consensus.cc:359] T 1b229c5b916147fc8a080a3b53d50e16 P 701bd1c636ce47a6ba7d75daffcb8539 [term 0 FOLLOWER]: Replica starting. Triggering 0 pending ops. Active config: opid_index: -1 OBSOLETE_local: false peers { permanent_uuid: "701bd1c636ce47a6ba7d75daffcb8539" member_type: VOTER last_known_addr { host: "127.26.127.129" port: 36469 } } peers { permanent_uuid: "70f522cbf683463cb273c76db522fbfd" member_type: VOTER last_known_addr { host: "127.26.127.130" port: 35111 } } peers { permanent_uuid: "e314757be3e445179a9da18694764fb0" member_type: VOTER last_known_addr { host: "127.26.127.131" port: 42847 } }
I20260713 09:12:04.072679 28475 raft_consensus.cc:385] T 1b229c5b916147fc8a080a3b53d50e16 P 701bd1c636ce47a6ba7d75daffcb8539 [term 0 FOLLOWER]: Consensus starting up: Expiring failure detector timer to make a prompt election more likely
I20260713 09:12:04.072933 28475 raft_consensus.cc:740] T 1b229c5b916147fc8a080a3b53d50e16 P 701bd1c636ce47a6ba7d75daffcb8539 [term 0 FOLLOWER]: Becoming Follower/Learner. State: Replica: 701bd1c636ce47a6ba7d75daffcb8539, State: Initialized, Role: FOLLOWER
I20260713 09:12:04.075066 28356 tablet_service.cc:1917] Received RequestConsensusVote() RPC: tablet_id: "a31aae8476ca421f819420545a64e508" candidate_uuid: "701bd1c636ce47a6ba7d75daffcb8539" candidate_term: 1 candidate_status { last_received { term: 0 index: 0 } } ignore_live_leader: false dest_uuid: "70f522cbf683463cb273c76db522fbfd"
W20260713 09:12:04.076594 28246 leader_election.cc:343] T a31aae8476ca421f819420545a64e508 P 701bd1c636ce47a6ba7d75daffcb8539 [CANDIDATE]: Term 1 election: Tablet error from VoteRequest() call to peer 70f522cbf683463cb273c76db522fbfd (127.26.127.130:35111): Illegal state: must be running to vote when last-logged opid is not known
I20260713 09:12:04.077486 28473 tablet_bootstrap.cc:654] T 1b229c5b916147fc8a080a3b53d50e16 P 70f522cbf683463cb273c76db522fbfd: Neither blocks nor log segments found. Creating new log.
I20260713 09:12:04.085574 28431 tablet_service.cc:1917] Received RequestConsensusVote() RPC: tablet_id: "a31aae8476ca421f819420545a64e508" candidate_uuid: "701bd1c636ce47a6ba7d75daffcb8539" candidate_term: 1 candidate_status { last_received { term: 0 index: 0 } } ignore_live_leader: false dest_uuid: "e314757be3e445179a9da18694764fb0"
I20260713 09:12:04.086138 28431 raft_consensus.cc:3060] T a31aae8476ca421f819420545a64e508 P e314757be3e445179a9da18694764fb0 [term 0 FOLLOWER]: Advancing to term 1
I20260713 09:12:04.088937 28501 leader_election.cc:290] T a31aae8476ca421f819420545a64e508 P 701bd1c636ce47a6ba7d75daffcb8539 [CANDIDATE]: Term 1 election: Requested vote from peers 70f522cbf683463cb273c76db522fbfd (127.26.127.130:35111), e314757be3e445179a9da18694764fb0 (127.26.127.131:42847)
I20260713 09:12:04.089715 28473 tablet_bootstrap.cc:492] T 1b229c5b916147fc8a080a3b53d50e16 P 70f522cbf683463cb273c76db522fbfd: No bootstrap required, opened a new log
I20260713 09:12:04.089692 28475 consensus_queue.cc:260] T 1b229c5b916147fc8a080a3b53d50e16 P 701bd1c636ce47a6ba7d75daffcb8539 [NON_LEADER]: Queue going to NON_LEADER mode. State: All replicated index: 0, Majority replicated index: 0, Committed index: 0, Last appended: 0.0, Last appended by leader: 0, Current term: 0, Majority size: -1, State: 0, Mode: NON_LEADER, active raft config: opid_index: -1 OBSOLETE_local: false peers { permanent_uuid: "701bd1c636ce47a6ba7d75daffcb8539" member_type: VOTER last_known_addr { host: "127.26.127.129" port: 36469 } } peers { permanent_uuid: "70f522cbf683463cb273c76db522fbfd" member_type: VOTER last_known_addr { host: "127.26.127.130" port: 35111 } } peers { permanent_uuid: "e314757be3e445179a9da18694764fb0" member_type: VOTER last_known_addr { host: "127.26.127.131" port: 42847 } }
I20260713 09:12:04.090423 28473 ts_tablet_manager.cc:1403] T 1b229c5b916147fc8a080a3b53d50e16 P 70f522cbf683463cb273c76db522fbfd: Time spent bootstrapping tablet: real 0.021s	user 0.014s	sys 0.004s
I20260713 09:12:04.092079 28475 ts_tablet_manager.cc:1434] T 1b229c5b916147fc8a080a3b53d50e16 P 701bd1c636ce47a6ba7d75daffcb8539: Time spent starting tablet: real 0.023s	user 0.005s	sys 0.000s
I20260713 09:12:04.092589 28431 raft_consensus.cc:2468] T a31aae8476ca421f819420545a64e508 P e314757be3e445179a9da18694764fb0 [term 1 FOLLOWER]: Leader election vote request: Granting yes vote for candidate 701bd1c636ce47a6ba7d75daffcb8539 in term 1.
I20260713 09:12:04.094108 28475 tablet_bootstrap.cc:492] T 242079a94dc7428ea6ceb2cfd893de22 P 701bd1c636ce47a6ba7d75daffcb8539: Bootstrap starting.
I20260713 09:12:04.093930 28245 leader_election.cc:304] T a31aae8476ca421f819420545a64e508 P 701bd1c636ce47a6ba7d75daffcb8539 [CANDIDATE]: Term 1 election: Election decided. Result: candidate won. Election summary: received 3 responses out of 3 voters: 2 yes votes; 1 no votes. yes voters: 701bd1c636ce47a6ba7d75daffcb8539, e314757be3e445179a9da18694764fb0; no voters: 70f522cbf683463cb273c76db522fbfd
I20260713 09:12:04.094700 28501 raft_consensus.cc:2804] T a31aae8476ca421f819420545a64e508 P 701bd1c636ce47a6ba7d75daffcb8539 [term 1 FOLLOWER]: Leader election won for term 1
I20260713 09:12:04.095175 28501 raft_consensus.cc:697] T a31aae8476ca421f819420545a64e508 P 701bd1c636ce47a6ba7d75daffcb8539 [term 1 LEADER]: Becoming Leader. State: Replica: 701bd1c636ce47a6ba7d75daffcb8539, State: Running, Role: LEADER
I20260713 09:12:04.095546 28471 tablet_bootstrap.cc:492] T d7b94decd371480fa25e08fd8efd1032 P e314757be3e445179a9da18694764fb0: No bootstrap required, opened a new log
I20260713 09:12:04.095963 28471 ts_tablet_manager.cc:1403] T d7b94decd371480fa25e08fd8efd1032 P e314757be3e445179a9da18694764fb0: Time spent bootstrapping tablet: real 0.036s	user 0.016s	sys 0.015s
I20260713 09:12:04.095957 28501 consensus_queue.cc:237] T a31aae8476ca421f819420545a64e508 P 701bd1c636ce47a6ba7d75daffcb8539 [LEADER]: Queue going to LEADER mode. State: All replicated index: 0, Majority replicated index: 0, Committed index: 0, Last appended: 0.0, Last appended by leader: 0, Current term: 1, Majority size: 2, State: 0, Mode: LEADER, active raft config: opid_index: -1 OBSOLETE_local: false peers { permanent_uuid: "701bd1c636ce47a6ba7d75daffcb8539" member_type: VOTER last_known_addr { host: "127.26.127.129" port: 36469 } } peers { permanent_uuid: "70f522cbf683463cb273c76db522fbfd" member_type: VOTER last_known_addr { host: "127.26.127.130" port: 35111 } } peers { permanent_uuid: "e314757be3e445179a9da18694764fb0" member_type: VOTER last_known_addr { host: "127.26.127.131" port: 42847 } }
I20260713 09:12:04.102939 28471 raft_consensus.cc:359] T d7b94decd371480fa25e08fd8efd1032 P e314757be3e445179a9da18694764fb0 [term 0 FOLLOWER]: Replica starting. Triggering 0 pending ops. Active config: opid_index: -1 OBSOLETE_local: false peers { permanent_uuid: "701bd1c636ce47a6ba7d75daffcb8539" member_type: VOTER last_known_addr { host: "127.26.127.129" port: 36469 } } peers { permanent_uuid: "70f522cbf683463cb273c76db522fbfd" member_type: VOTER last_known_addr { host: "127.26.127.130" port: 35111 } } peers { permanent_uuid: "e314757be3e445179a9da18694764fb0" member_type: VOTER last_known_addr { host: "127.26.127.131" port: 42847 } }
I20260713 09:12:04.103705 28471 raft_consensus.cc:385] T d7b94decd371480fa25e08fd8efd1032 P e314757be3e445179a9da18694764fb0 [term 0 FOLLOWER]: Consensus starting up: Expiring failure detector timer to make a prompt election more likely
I20260713 09:12:04.103958 28471 raft_consensus.cc:740] T d7b94decd371480fa25e08fd8efd1032 P e314757be3e445179a9da18694764fb0 [term 0 FOLLOWER]: Becoming Follower/Learner. State: Replica: e314757be3e445179a9da18694764fb0, State: Initialized, Role: FOLLOWER
I20260713 09:12:04.104614 28471 consensus_queue.cc:260] T d7b94decd371480fa25e08fd8efd1032 P e314757be3e445179a9da18694764fb0 [NON_LEADER]: Queue going to NON_LEADER mode. State: All replicated index: 0, Majority replicated index: 0, Committed index: 0, Last appended: 0.0, Last appended by leader: 0, Current term: 0, Majority size: -1, State: 0, Mode: NON_LEADER, active raft config: opid_index: -1 OBSOLETE_local: false peers { permanent_uuid: "701bd1c636ce47a6ba7d75daffcb8539" member_type: VOTER last_known_addr { host: "127.26.127.129" port: 36469 } } peers { permanent_uuid: "70f522cbf683463cb273c76db522fbfd" member_type: VOTER last_known_addr { host: "127.26.127.130" port: 35111 } } peers { permanent_uuid: "e314757be3e445179a9da18694764fb0" member_type: VOTER last_known_addr { host: "127.26.127.131" port: 42847 } }
I20260713 09:12:04.106547 28471 ts_tablet_manager.cc:1434] T d7b94decd371480fa25e08fd8efd1032 P e314757be3e445179a9da18694764fb0: Time spent starting tablet: real 0.010s	user 0.004s	sys 0.000s
I20260713 09:12:04.106132 28179 catalog_manager.cc:5697] T a31aae8476ca421f819420545a64e508 P 701bd1c636ce47a6ba7d75daffcb8539 reported cstate change: term changed from 0 to 1, leader changed from <none> to 701bd1c636ce47a6ba7d75daffcb8539 (127.26.127.129). New cstate: current_term: 1 leader_uuid: "701bd1c636ce47a6ba7d75daffcb8539" committed_config { opid_index: -1 OBSOLETE_local: false peers { permanent_uuid: "701bd1c636ce47a6ba7d75daffcb8539" member_type: VOTER last_known_addr { host: "127.26.127.129" port: 36469 } health_report { overall_health: HEALTHY } } peers { permanent_uuid: "70f522cbf683463cb273c76db522fbfd" member_type: VOTER last_known_addr { host: "127.26.127.130" port: 35111 } health_report { overall_health: UNKNOWN } } peers { permanent_uuid: "e314757be3e445179a9da18694764fb0" member_type: VOTER last_known_addr { host: "127.26.127.131" port: 42847 } health_report { overall_health: UNKNOWN } } }
I20260713 09:12:04.107501 28475 tablet_bootstrap.cc:654] T 242079a94dc7428ea6ceb2cfd893de22 P 701bd1c636ce47a6ba7d75daffcb8539: Neither blocks nor log segments found. Creating new log.
I20260713 09:12:04.107947 28471 tablet_bootstrap.cc:492] T 09f11e54f4194399ab3c712dadd30cb5 P e314757be3e445179a9da18694764fb0: Bootstrap starting.
I20260713 09:12:04.106621 28473 raft_consensus.cc:359] T 1b229c5b916147fc8a080a3b53d50e16 P 70f522cbf683463cb273c76db522fbfd [term 0 FOLLOWER]: Replica starting. Triggering 0 pending ops. Active config: opid_index: -1 OBSOLETE_local: false peers { permanent_uuid: "701bd1c636ce47a6ba7d75daffcb8539" member_type: VOTER last_known_addr { host: "127.26.127.129" port: 36469 } } peers { permanent_uuid: "70f522cbf683463cb273c76db522fbfd" member_type: VOTER last_known_addr { host: "127.26.127.130" port: 35111 } } peers { permanent_uuid: "e314757be3e445179a9da18694764fb0" member_type: VOTER last_known_addr { host: "127.26.127.131" port: 42847 } }
I20260713 09:12:04.110809 28473 raft_consensus.cc:385] T 1b229c5b916147fc8a080a3b53d50e16 P 70f522cbf683463cb273c76db522fbfd [term 0 FOLLOWER]: Consensus starting up: Expiring failure detector timer to make a prompt election more likely
I20260713 09:12:04.111091 28473 raft_consensus.cc:740] T 1b229c5b916147fc8a080a3b53d50e16 P 70f522cbf683463cb273c76db522fbfd [term 0 FOLLOWER]: Becoming Follower/Learner. State: Replica: 70f522cbf683463cb273c76db522fbfd, State: Initialized, Role: FOLLOWER
I20260713 09:12:04.111912 28473 consensus_queue.cc:260] T 1b229c5b916147fc8a080a3b53d50e16 P 70f522cbf683463cb273c76db522fbfd [NON_LEADER]: Queue going to NON_LEADER mode. State: All replicated index: 0, Majority replicated index: 0, Committed index: 0, Last appended: 0.0, Last appended by leader: 0, Current term: 0, Majority size: -1, State: 0, Mode: NON_LEADER, active raft config: opid_index: -1 OBSOLETE_local: false peers { permanent_uuid: "701bd1c636ce47a6ba7d75daffcb8539" member_type: VOTER last_known_addr { host: "127.26.127.129" port: 36469 } } peers { permanent_uuid: "70f522cbf683463cb273c76db522fbfd" member_type: VOTER last_known_addr { host: "127.26.127.130" port: 35111 } } peers { permanent_uuid: "e314757be3e445179a9da18694764fb0" member_type: VOTER last_known_addr { host: "127.26.127.131" port: 42847 } }
I20260713 09:12:04.112668 28501 raft_consensus.cc:493] T ff113e5650c843be9203e43e99e637bd P 701bd1c636ce47a6ba7d75daffcb8539 [term 0 FOLLOWER]: Starting pre-election (no leader contacted us within the election timeout)
I20260713 09:12:04.113126 28501 raft_consensus.cc:515] T ff113e5650c843be9203e43e99e637bd P 701bd1c636ce47a6ba7d75daffcb8539 [term 0 FOLLOWER]: Starting pre-election with config: opid_index: -1 OBSOLETE_local: false peers { permanent_uuid: "701bd1c636ce47a6ba7d75daffcb8539" member_type: VOTER last_known_addr { host: "127.26.127.129" port: 36469 } } peers { permanent_uuid: "70f522cbf683463cb273c76db522fbfd" member_type: VOTER last_known_addr { host: "127.26.127.130" port: 35111 } } peers { permanent_uuid: "e314757be3e445179a9da18694764fb0" member_type: VOTER last_known_addr { host: "127.26.127.131" port: 42847 } }
I20260713 09:12:04.114712 28471 tablet_bootstrap.cc:654] T 09f11e54f4194399ab3c712dadd30cb5 P e314757be3e445179a9da18694764fb0: Neither blocks nor log segments found. Creating new log.
I20260713 09:12:04.115670 28356 tablet_service.cc:1917] Received RequestConsensusVote() RPC: tablet_id: "ff113e5650c843be9203e43e99e637bd" candidate_uuid: "701bd1c636ce47a6ba7d75daffcb8539" candidate_term: 1 candidate_status { last_received { term: 0 index: 0 } } ignore_live_leader: false dest_uuid: "70f522cbf683463cb273c76db522fbfd" is_pre_election: true
W20260713 09:12:04.117046 28246 leader_election.cc:343] T ff113e5650c843be9203e43e99e637bd P 701bd1c636ce47a6ba7d75daffcb8539 [CANDIDATE]: Term 1 pre-election: Tablet error from VoteRequest() call to peer 70f522cbf683463cb273c76db522fbfd (127.26.127.130:35111): Illegal state: must be running to vote when last-logged opid is not known
I20260713 09:12:04.118345 28473 ts_tablet_manager.cc:1434] T 1b229c5b916147fc8a080a3b53d50e16 P 70f522cbf683463cb273c76db522fbfd: Time spent starting tablet: real 0.028s	user 0.006s	sys 0.000s
I20260713 09:12:04.118983 28431 tablet_service.cc:1917] Received RequestConsensusVote() RPC: tablet_id: "ff113e5650c843be9203e43e99e637bd" candidate_uuid: "701bd1c636ce47a6ba7d75daffcb8539" candidate_term: 1 candidate_status { last_received { term: 0 index: 0 } } ignore_live_leader: false dest_uuid: "e314757be3e445179a9da18694764fb0" is_pre_election: true
I20260713 09:12:04.119300 28473 tablet_bootstrap.cc:492] T 09f11e54f4194399ab3c712dadd30cb5 P 70f522cbf683463cb273c76db522fbfd: Bootstrap starting.
I20260713 09:12:04.119618 28431 raft_consensus.cc:2468] T ff113e5650c843be9203e43e99e637bd P e314757be3e445179a9da18694764fb0 [term 0 FOLLOWER]: Leader pre-election vote request: Granting yes vote for candidate 701bd1c636ce47a6ba7d75daffcb8539 in term 0.
I20260713 09:12:04.121382 28245 leader_election.cc:304] T ff113e5650c843be9203e43e99e637bd P 701bd1c636ce47a6ba7d75daffcb8539 [CANDIDATE]: Term 1 pre-election: Election decided. Result: candidate won. Election summary: received 3 responses out of 3 voters: 2 yes votes; 1 no votes. yes voters: 701bd1c636ce47a6ba7d75daffcb8539, e314757be3e445179a9da18694764fb0; no voters: 70f522cbf683463cb273c76db522fbfd
I20260713 09:12:04.122179 28479 raft_consensus.cc:2804] T ff113e5650c843be9203e43e99e637bd P 701bd1c636ce47a6ba7d75daffcb8539 [term 0 FOLLOWER]: Leader pre-election won for term 1
I20260713 09:12:04.122516 28479 raft_consensus.cc:493] T ff113e5650c843be9203e43e99e637bd P 701bd1c636ce47a6ba7d75daffcb8539 [term 0 FOLLOWER]: Starting leader election (no leader contacted us within the election timeout)
I20260713 09:12:04.122864 28479 raft_consensus.cc:3060] T ff113e5650c843be9203e43e99e637bd P 701bd1c636ce47a6ba7d75daffcb8539 [term 0 FOLLOWER]: Advancing to term 1
I20260713 09:12:04.126860 28473 tablet_bootstrap.cc:654] T 09f11e54f4194399ab3c712dadd30cb5 P 70f522cbf683463cb273c76db522fbfd: Neither blocks nor log segments found. Creating new log.
I20260713 09:12:04.129766 28479 raft_consensus.cc:515] T ff113e5650c843be9203e43e99e637bd P 701bd1c636ce47a6ba7d75daffcb8539 [term 1 FOLLOWER]: Starting leader election with config: opid_index: -1 OBSOLETE_local: false peers { permanent_uuid: "701bd1c636ce47a6ba7d75daffcb8539" member_type: VOTER last_known_addr { host: "127.26.127.129" port: 36469 } } peers { permanent_uuid: "70f522cbf683463cb273c76db522fbfd" member_type: VOTER last_known_addr { host: "127.26.127.130" port: 35111 } } peers { permanent_uuid: "e314757be3e445179a9da18694764fb0" member_type: VOTER last_known_addr { host: "127.26.127.131" port: 42847 } }
I20260713 09:12:04.133226 28356 tablet_service.cc:1917] Received RequestConsensusVote() RPC: tablet_id: "ff113e5650c843be9203e43e99e637bd" candidate_uuid: "701bd1c636ce47a6ba7d75daffcb8539" candidate_term: 1 candidate_status { last_received { term: 0 index: 0 } } ignore_live_leader: false dest_uuid: "70f522cbf683463cb273c76db522fbfd"
W20260713 09:12:04.134934 28246 leader_election.cc:343] T ff113e5650c843be9203e43e99e637bd P 701bd1c636ce47a6ba7d75daffcb8539 [CANDIDATE]: Term 1 election: Tablet error from VoteRequest() call to peer 70f522cbf683463cb273c76db522fbfd (127.26.127.130:35111): Illegal state: must be running to vote when last-logged opid is not known
I20260713 09:12:04.135848 28501 leader_election.cc:290] T ff113e5650c843be9203e43e99e637bd P 701bd1c636ce47a6ba7d75daffcb8539 [CANDIDATE]: Term 1 pre-election: Requested pre-vote from peers 70f522cbf683463cb273c76db522fbfd (127.26.127.130:35111), e314757be3e445179a9da18694764fb0 (127.26.127.131:42847)
I20260713 09:12:04.136482 28475 tablet_bootstrap.cc:492] T 242079a94dc7428ea6ceb2cfd893de22 P 701bd1c636ce47a6ba7d75daffcb8539: No bootstrap required, opened a new log
I20260713 09:12:04.137110 28475 ts_tablet_manager.cc:1403] T 242079a94dc7428ea6ceb2cfd893de22 P 701bd1c636ce47a6ba7d75daffcb8539: Time spent bootstrapping tablet: real 0.043s	user 0.009s	sys 0.003s
I20260713 09:12:04.138577 28431 tablet_service.cc:1917] Received RequestConsensusVote() RPC: tablet_id: "ff113e5650c843be9203e43e99e637bd" candidate_uuid: "701bd1c636ce47a6ba7d75daffcb8539" candidate_term: 1 candidate_status { last_received { term: 0 index: 0 } } ignore_live_leader: false dest_uuid: "e314757be3e445179a9da18694764fb0"
I20260713 09:12:04.139290 28431 raft_consensus.cc:3060] T ff113e5650c843be9203e43e99e637bd P e314757be3e445179a9da18694764fb0 [term 0 FOLLOWER]: Advancing to term 1
I20260713 09:12:04.140563 28475 raft_consensus.cc:359] T 242079a94dc7428ea6ceb2cfd893de22 P 701bd1c636ce47a6ba7d75daffcb8539 [term 0 FOLLOWER]: Replica starting. Triggering 0 pending ops. Active config: opid_index: -1 OBSOLETE_local: false peers { permanent_uuid: "701bd1c636ce47a6ba7d75daffcb8539" member_type: VOTER last_known_addr { host: "127.26.127.129" port: 36469 } } peers { permanent_uuid: "70f522cbf683463cb273c76db522fbfd" member_type: VOTER last_known_addr { host: "127.26.127.130" port: 35111 } } peers { permanent_uuid: "e314757be3e445179a9da18694764fb0" member_type: VOTER last_known_addr { host: "127.26.127.131" port: 42847 } }
I20260713 09:12:04.141446 28475 raft_consensus.cc:385] T 242079a94dc7428ea6ceb2cfd893de22 P 701bd1c636ce47a6ba7d75daffcb8539 [term 0 FOLLOWER]: Consensus starting up: Expiring failure detector timer to make a prompt election more likely
I20260713 09:12:04.141784 28475 raft_consensus.cc:740] T 242079a94dc7428ea6ceb2cfd893de22 P 701bd1c636ce47a6ba7d75daffcb8539 [term 0 FOLLOWER]: Becoming Follower/Learner. State: Replica: 701bd1c636ce47a6ba7d75daffcb8539, State: Initialized, Role: FOLLOWER
I20260713 09:12:04.142508 28501 raft_consensus.cc:493] T 1b229c5b916147fc8a080a3b53d50e16 P 701bd1c636ce47a6ba7d75daffcb8539 [term 0 FOLLOWER]: Starting pre-election (no leader contacted us within the election timeout)
I20260713 09:12:04.142604 28475 consensus_queue.cc:260] T 242079a94dc7428ea6ceb2cfd893de22 P 701bd1c636ce47a6ba7d75daffcb8539 [NON_LEADER]: Queue going to NON_LEADER mode. State: All replicated index: 0, Majority replicated index: 0, Committed index: 0, Last appended: 0.0, Last appended by leader: 0, Current term: 0, Majority size: -1, State: 0, Mode: NON_LEADER, active raft config: opid_index: -1 OBSOLETE_local: false peers { permanent_uuid: "701bd1c636ce47a6ba7d75daffcb8539" member_type: VOTER last_known_addr { host: "127.26.127.129" port: 36469 } } peers { permanent_uuid: "70f522cbf683463cb273c76db522fbfd" member_type: VOTER last_known_addr { host: "127.26.127.130" port: 35111 } } peers { permanent_uuid: "e314757be3e445179a9da18694764fb0" member_type: VOTER last_known_addr { host: "127.26.127.131" port: 42847 } }
I20260713 09:12:04.150031 28479 leader_election.cc:290] T ff113e5650c843be9203e43e99e637bd P 701bd1c636ce47a6ba7d75daffcb8539 [CANDIDATE]: Term 1 election: Requested vote from peers 70f522cbf683463cb273c76db522fbfd (127.26.127.130:35111), e314757be3e445179a9da18694764fb0 (127.26.127.131:42847)
I20260713 09:12:04.143195 28501 raft_consensus.cc:515] T 1b229c5b916147fc8a080a3b53d50e16 P 701bd1c636ce47a6ba7d75daffcb8539 [term 0 FOLLOWER]: Starting pre-election with config: opid_index: -1 OBSOLETE_local: false peers { permanent_uuid: "701bd1c636ce47a6ba7d75daffcb8539" member_type: VOTER last_known_addr { host: "127.26.127.129" port: 36469 } } peers { permanent_uuid: "70f522cbf683463cb273c76db522fbfd" member_type: VOTER last_known_addr { host: "127.26.127.130" port: 35111 } } peers { permanent_uuid: "e314757be3e445179a9da18694764fb0" member_type: VOTER last_known_addr { host: "127.26.127.131" port: 42847 } }
I20260713 09:12:04.165153 28356 tablet_service.cc:1917] Received RequestConsensusVote() RPC: tablet_id: "1b229c5b916147fc8a080a3b53d50e16" candidate_uuid: "701bd1c636ce47a6ba7d75daffcb8539" candidate_term: 1 candidate_status { last_received { term: 0 index: 0 } } ignore_live_leader: false dest_uuid: "70f522cbf683463cb273c76db522fbfd" is_pre_election: true
I20260713 09:12:04.165832 28500 raft_consensus.cc:493] T a056a268befa427a90138ba3430000da P 70f522cbf683463cb273c76db522fbfd [term 0 FOLLOWER]: Starting pre-election (no leader contacted us within the election timeout)
I20260713 09:12:04.165927 28356 raft_consensus.cc:2468] T 1b229c5b916147fc8a080a3b53d50e16 P 70f522cbf683463cb273c76db522fbfd [term 0 FOLLOWER]: Leader pre-election vote request: Granting yes vote for candidate 701bd1c636ce47a6ba7d75daffcb8539 in term 0.
I20260713 09:12:04.167696 28246 leader_election.cc:304] T 1b229c5b916147fc8a080a3b53d50e16 P 701bd1c636ce47a6ba7d75daffcb8539 [CANDIDATE]: Term 1 pre-election: Election decided. Result: candidate won. Election summary: received 2 responses out of 3 voters: 2 yes votes; 0 no votes. yes voters: 701bd1c636ce47a6ba7d75daffcb8539, 70f522cbf683463cb273c76db522fbfd; no voters: 
I20260713 09:12:04.168735 28479 raft_consensus.cc:2804] T 1b229c5b916147fc8a080a3b53d50e16 P 701bd1c636ce47a6ba7d75daffcb8539 [term 0 FOLLOWER]: Leader pre-election won for term 1
I20260713 09:12:04.199414 28482 raft_consensus.cc:493] T b197b171e21342248f74a015ff00e522 P 70f522cbf683463cb273c76db522fbfd [term 0 FOLLOWER]: Starting pre-election (no leader contacted us within the election timeout)
I20260713 09:12:04.212025 28518 raft_consensus.cc:493] T d7b94decd371480fa25e08fd8efd1032 P e314757be3e445179a9da18694764fb0 [term 0 FOLLOWER]: Starting pre-election (no leader contacted us within the election timeout)
I20260713 09:12:04.247839 28474 consensus_queue.cc:1048] T 1841dca1cadc40e29aa875b954345123 P e314757be3e445179a9da18694764fb0 [LEADER]: Connected to new peer: Peer: permanent_uuid: "701bd1c636ce47a6ba7d75daffcb8539" member_type: VOTER last_known_addr { host: "127.26.127.129" port: 36469 }, Status: LMP_MISMATCH, Last received: 0.0, Next index: 1, Last known committed idx: 0, Time since last communication: 0.000s
I20260713 09:12:04.252351 28506 consensus_queue.cc:1048] T 1841dca1cadc40e29aa875b954345123 P e314757be3e445179a9da18694764fb0 [LEADER]: Connected to new peer: Peer: permanent_uuid: "70f522cbf683463cb273c76db522fbfd" member_type: VOTER last_known_addr { host: "127.26.127.130" port: 35111 }, Status: LMP_MISMATCH, Last received: 0.0, Next index: 1, Last known committed idx: 0, Time since last communication: 0.001s
I20260713 09:12:04.169166 28479 raft_consensus.cc:493] T 1b229c5b916147fc8a080a3b53d50e16 P 701bd1c636ce47a6ba7d75daffcb8539 [term 0 FOLLOWER]: Starting leader election (no leader contacted us within the election timeout)
I20260713 09:12:04.293219 28479 raft_consensus.cc:3060] T 1b229c5b916147fc8a080a3b53d50e16 P 701bd1c636ce47a6ba7d75daffcb8539 [term 0 FOLLOWER]: Advancing to term 1
I20260713 09:12:04.212726 28518 raft_consensus.cc:515] T d7b94decd371480fa25e08fd8efd1032 P e314757be3e445179a9da18694764fb0 [term 0 FOLLOWER]: Starting pre-election with config: opid_index: -1 OBSOLETE_local: false peers { permanent_uuid: "701bd1c636ce47a6ba7d75daffcb8539" member_type: VOTER last_known_addr { host: "127.26.127.129" port: 36469 } } peers { permanent_uuid: "70f522cbf683463cb273c76db522fbfd" member_type: VOTER last_known_addr { host: "127.26.127.130" port: 35111 } } peers { permanent_uuid: "e314757be3e445179a9da18694764fb0" member_type: VOTER last_known_addr { host: "127.26.127.131" port: 42847 } }
I20260713 09:12:04.311107 28500 raft_consensus.cc:515] T a056a268befa427a90138ba3430000da P 70f522cbf683463cb273c76db522fbfd [term 0 FOLLOWER]: Starting pre-election with config: opid_index: -1 OBSOLETE_local: false peers { permanent_uuid: "701bd1c636ce47a6ba7d75daffcb8539" member_type: VOTER last_known_addr { host: "127.26.127.129" port: 36469 } } peers { permanent_uuid: "70f522cbf683463cb273c76db522fbfd" member_type: VOTER last_known_addr { host: "127.26.127.130" port: 35111 } } peers { permanent_uuid: "e314757be3e445179a9da18694764fb0" member_type: VOTER last_known_addr { host: "127.26.127.131" port: 42847 } }
I20260713 09:12:04.314090 28281 tablet_service.cc:1917] Received RequestConsensusVote() RPC: tablet_id: "a056a268befa427a90138ba3430000da" candidate_uuid: "70f522cbf683463cb273c76db522fbfd" candidate_term: 1 candidate_status { last_received { term: 0 index: 0 } } ignore_live_leader: false dest_uuid: "701bd1c636ce47a6ba7d75daffcb8539" is_pre_election: true
I20260713 09:12:04.314004 28482 raft_consensus.cc:515] T b197b171e21342248f74a015ff00e522 P 70f522cbf683463cb273c76db522fbfd [term 0 FOLLOWER]: Starting pre-election with config: opid_index: -1 OBSOLETE_local: false peers { permanent_uuid: "701bd1c636ce47a6ba7d75daffcb8539" member_type: VOTER last_known_addr { host: "127.26.127.129" port: 36469 } } peers { permanent_uuid: "70f522cbf683463cb273c76db522fbfd" member_type: VOTER last_known_addr { host: "127.26.127.130" port: 35111 } } peers { permanent_uuid: "e314757be3e445179a9da18694764fb0" member_type: VOTER last_known_addr { host: "127.26.127.131" port: 42847 } }
I20260713 09:12:04.316238 28281 tablet_service.cc:1917] Received RequestConsensusVote() RPC: tablet_id: "d7b94decd371480fa25e08fd8efd1032" candidate_uuid: "e314757be3e445179a9da18694764fb0" candidate_term: 1 candidate_status { last_received { term: 0 index: 0 } } ignore_live_leader: false dest_uuid: "701bd1c636ce47a6ba7d75daffcb8539" is_pre_election: true
W20260713 09:12:04.317863 28228 auto_rebalancer.cc:288] Could not retrieve cluster info: Service unavailable: Tablet not running
I20260713 09:12:04.318272 28475 ts_tablet_manager.cc:1434] T 242079a94dc7428ea6ceb2cfd893de22 P 701bd1c636ce47a6ba7d75daffcb8539: Time spent starting tablet: real 0.181s	user 0.013s	sys 0.026s
I20260713 09:12:04.316330 28431 raft_consensus.cc:2468] T ff113e5650c843be9203e43e99e637bd P e314757be3e445179a9da18694764fb0 [term 1 FOLLOWER]: Leader election vote request: Granting yes vote for candidate 701bd1c636ce47a6ba7d75daffcb8539 in term 1.
I20260713 09:12:04.320226 28245 leader_election.cc:304] T ff113e5650c843be9203e43e99e637bd P 701bd1c636ce47a6ba7d75daffcb8539 [CANDIDATE]: Term 1 election: Election decided. Result: candidate won. Election summary: received 3 responses out of 3 voters: 2 yes votes; 1 no votes. yes voters: 701bd1c636ce47a6ba7d75daffcb8539, e314757be3e445179a9da18694764fb0; no voters: 70f522cbf683463cb273c76db522fbfd
I20260713 09:12:04.321550 28544 raft_consensus.cc:2804] T ff113e5650c843be9203e43e99e637bd P 701bd1c636ce47a6ba7d75daffcb8539 [term 1 FOLLOWER]: Leader election won for term 1
I20260713 09:12:04.321462 28281 tablet_service.cc:1917] Received RequestConsensusVote() RPC: tablet_id: "b197b171e21342248f74a015ff00e522" candidate_uuid: "70f522cbf683463cb273c76db522fbfd" candidate_term: 1 candidate_status { last_received { term: 0 index: 0 } } ignore_live_leader: false dest_uuid: "701bd1c636ce47a6ba7d75daffcb8539" is_pre_election: true
I20260713 09:12:04.322252 28473 tablet_bootstrap.cc:492] T 09f11e54f4194399ab3c712dadd30cb5 P 70f522cbf683463cb273c76db522fbfd: No bootstrap required, opened a new log
I20260713 09:12:04.322443 28281 raft_consensus.cc:2393] T b197b171e21342248f74a015ff00e522 P 701bd1c636ce47a6ba7d75daffcb8539 [term 1 FOLLOWER]: Leader pre-election vote request: Denying vote to candidate 70f522cbf683463cb273c76db522fbfd in current term 1: Already voted for candidate e314757be3e445179a9da18694764fb0 in this term.
I20260713 09:12:04.322744 28473 ts_tablet_manager.cc:1403] T 09f11e54f4194399ab3c712dadd30cb5 P 70f522cbf683463cb273c76db522fbfd: Time spent bootstrapping tablet: real 0.204s	user 0.026s	sys 0.044s
I20260713 09:12:04.325474 28473 raft_consensus.cc:359] T 09f11e54f4194399ab3c712dadd30cb5 P 70f522cbf683463cb273c76db522fbfd [term 0 FOLLOWER]: Replica starting. Triggering 0 pending ops. Active config: opid_index: -1 OBSOLETE_local: false peers { permanent_uuid: "701bd1c636ce47a6ba7d75daffcb8539" member_type: VOTER last_known_addr { host: "127.26.127.129" port: 36469 } } peers { permanent_uuid: "70f522cbf683463cb273c76db522fbfd" member_type: VOTER last_known_addr { host: "127.26.127.130" port: 35111 } } peers { permanent_uuid: "e314757be3e445179a9da18694764fb0" member_type: VOTER last_known_addr { host: "127.26.127.131" port: 42847 } }
I20260713 09:12:04.326772 28475 tablet_bootstrap.cc:492] T b58c6f71045943fbb41226495d711eea P 701bd1c636ce47a6ba7d75daffcb8539: Bootstrap starting.
I20260713 09:12:04.326982 28473 raft_consensus.cc:385] T 09f11e54f4194399ab3c712dadd30cb5 P 70f522cbf683463cb273c76db522fbfd [term 0 FOLLOWER]: Consensus starting up: Expiring failure detector timer to make a prompt election more likely
I20260713 09:12:04.327147 28482 leader_election.cc:290] T b197b171e21342248f74a015ff00e522 P 70f522cbf683463cb273c76db522fbfd [CANDIDATE]: Term 1 pre-election: Requested pre-vote from peers 701bd1c636ce47a6ba7d75daffcb8539 (127.26.127.129:36469), e314757be3e445179a9da18694764fb0 (127.26.127.131:42847)
I20260713 09:12:04.327684 28473 raft_consensus.cc:740] T 09f11e54f4194399ab3c712dadd30cb5 P 70f522cbf683463cb273c76db522fbfd [term 0 FOLLOWER]: Becoming Follower/Learner. State: Replica: 70f522cbf683463cb273c76db522fbfd, State: Initialized, Role: FOLLOWER
I20260713 09:12:04.328696 28473 consensus_queue.cc:260] T 09f11e54f4194399ab3c712dadd30cb5 P 70f522cbf683463cb273c76db522fbfd [NON_LEADER]: Queue going to NON_LEADER mode. State: All replicated index: 0, Majority replicated index: 0, Committed index: 0, Last appended: 0.0, Last appended by leader: 0, Current term: 0, Majority size: -1, State: 0, Mode: NON_LEADER, active raft config: opid_index: -1 OBSOLETE_local: false peers { permanent_uuid: "701bd1c636ce47a6ba7d75daffcb8539" member_type: VOTER last_known_addr { host: "127.26.127.129" port: 36469 } } peers { permanent_uuid: "70f522cbf683463cb273c76db522fbfd" member_type: VOTER last_known_addr { host: "127.26.127.130" port: 35111 } } peers { permanent_uuid: "e314757be3e445179a9da18694764fb0" member_type: VOTER last_known_addr { host: "127.26.127.131" port: 42847 } }
W20260713 09:12:04.317863 28397 leader_election.cc:343] T d7b94decd371480fa25e08fd8efd1032 P e314757be3e445179a9da18694764fb0 [CANDIDATE]: Term 1 pre-election: Tablet error from VoteRequest() call to peer 701bd1c636ce47a6ba7d75daffcb8539 (127.26.127.129:36469): Illegal state: must be running to vote when last-logged opid is not known
I20260713 09:12:04.180334 28517 consensus_queue.cc:1048] T 4603c25539aa4fd4a8a338db95b76465 P e314757be3e445179a9da18694764fb0 [LEADER]: Connected to new peer: Peer: permanent_uuid: "701bd1c636ce47a6ba7d75daffcb8539" member_type: VOTER last_known_addr { host: "127.26.127.129" port: 36469 }, Status: LMP_MISMATCH, Last received: 0.0, Next index: 1, Last known committed idx: 0, Time since last communication: 0.150s
I20260713 09:12:04.327761 28519 raft_consensus.cc:493] T 242079a94dc7428ea6ceb2cfd893de22 P e314757be3e445179a9da18694764fb0 [term 0 FOLLOWER]: Starting pre-election (no leader contacted us within the election timeout)
I20260713 09:12:04.335978 28430 tablet_service.cc:1917] Received RequestConsensusVote() RPC: tablet_id: "a056a268befa427a90138ba3430000da" candidate_uuid: "70f522cbf683463cb273c76db522fbfd" candidate_term: 1 candidate_status { last_received { term: 0 index: 0 } } ignore_live_leader: false dest_uuid: "e314757be3e445179a9da18694764fb0" is_pre_election: true
I20260713 09:12:04.326960 28500 leader_election.cc:290] T a056a268befa427a90138ba3430000da P 70f522cbf683463cb273c76db522fbfd [CANDIDATE]: Term 1 pre-election: Requested pre-vote from peers 701bd1c636ce47a6ba7d75daffcb8539 (127.26.127.129:36469), e314757be3e445179a9da18694764fb0 (127.26.127.131:42847)
I20260713 09:12:04.346541 28473 ts_tablet_manager.cc:1434] T 09f11e54f4194399ab3c712dadd30cb5 P 70f522cbf683463cb273c76db522fbfd: Time spent starting tablet: real 0.023s	user 0.009s	sys 0.002s
I20260713 09:12:04.332170 28544 raft_consensus.cc:697] T ff113e5650c843be9203e43e99e637bd P 701bd1c636ce47a6ba7d75daffcb8539 [term 1 LEADER]: Becoming Leader. State: Replica: 701bd1c636ce47a6ba7d75daffcb8539, State: Running, Role: LEADER
I20260713 09:12:04.347633 28475 tablet_bootstrap.cc:654] T b58c6f71045943fbb41226495d711eea P 701bd1c636ce47a6ba7d75daffcb8539: Neither blocks nor log segments found. Creating new log.
I20260713 09:12:04.347681 28430 raft_consensus.cc:2393] T a056a268befa427a90138ba3430000da P e314757be3e445179a9da18694764fb0 [term 1 FOLLOWER]: Leader pre-election vote request: Denying vote to candidate 70f522cbf683463cb273c76db522fbfd in current term 1: Already voted for candidate 701bd1c636ce47a6ba7d75daffcb8539 in this term.
I20260713 09:12:04.349004 28356 raft_consensus.cc:3060] T b197b171e21342248f74a015ff00e522 P 70f522cbf683463cb273c76db522fbfd [term 0 FOLLOWER]: Advancing to term 1
I20260713 09:12:04.336573 28519 raft_consensus.cc:515] T 242079a94dc7428ea6ceb2cfd893de22 P e314757be3e445179a9da18694764fb0 [term 0 FOLLOWER]: Starting pre-election with config: opid_index: -1 OBSOLETE_local: false peers { permanent_uuid: "701bd1c636ce47a6ba7d75daffcb8539" member_type: VOTER last_known_addr { host: "127.26.127.129" port: 36469 } } peers { permanent_uuid: "70f522cbf683463cb273c76db522fbfd" member_type: VOTER last_known_addr { host: "127.26.127.130" port: 35111 } } peers { permanent_uuid: "e314757be3e445179a9da18694764fb0" member_type: VOTER last_known_addr { host: "127.26.127.131" port: 42847 } }
I20260713 09:12:04.358888 28506 consensus_queue.cc:1048] T 4603c25539aa4fd4a8a338db95b76465 P e314757be3e445179a9da18694764fb0 [LEADER]: Connected to new peer: Peer: permanent_uuid: "70f522cbf683463cb273c76db522fbfd" member_type: VOTER last_known_addr { host: "127.26.127.130" port: 35111 }, Status: LMP_MISMATCH, Last received: 0.0, Next index: 1, Last known committed idx: 0, Time since last communication: 0.001s
I20260713 09:12:04.360857 28501 leader_election.cc:290] T 1b229c5b916147fc8a080a3b53d50e16 P 701bd1c636ce47a6ba7d75daffcb8539 [CANDIDATE]: Term 1 pre-election: Requested pre-vote from peers 70f522cbf683463cb273c76db522fbfd (127.26.127.130:35111), e314757be3e445179a9da18694764fb0 (127.26.127.131:42847)
I20260713 09:12:04.363274 28518 leader_election.cc:290] T d7b94decd371480fa25e08fd8efd1032 P e314757be3e445179a9da18694764fb0 [CANDIDATE]: Term 1 pre-election: Requested pre-vote from peers 701bd1c636ce47a6ba7d75daffcb8539 (127.26.127.129:36469), 70f522cbf683463cb273c76db522fbfd (127.26.127.130:35111)
I20260713 09:12:04.366092 28473 tablet_bootstrap.cc:492] T a31aae8476ca421f819420545a64e508 P 70f522cbf683463cb273c76db522fbfd: Bootstrap starting.
I20260713 09:12:04.367692 28429 tablet_service.cc:1917] Received RequestConsensusVote() RPC: tablet_id: "1b229c5b916147fc8a080a3b53d50e16" candidate_uuid: "701bd1c636ce47a6ba7d75daffcb8539" candidate_term: 1 candidate_status { last_received { term: 0 index: 0 } } ignore_live_leader: false dest_uuid: "e314757be3e445179a9da18694764fb0" is_pre_election: true
I20260713 09:12:04.372279 28519 leader_election.cc:290] T 242079a94dc7428ea6ceb2cfd893de22 P e314757be3e445179a9da18694764fb0 [CANDIDATE]: Term 1 pre-election: Requested pre-vote from peers 701bd1c636ce47a6ba7d75daffcb8539 (127.26.127.129:36469), 70f522cbf683463cb273c76db522fbfd (127.26.127.130:35111)
I20260713 09:12:04.372872 28320 leader_election.cc:304] T a056a268befa427a90138ba3430000da P 70f522cbf683463cb273c76db522fbfd [CANDIDATE]: Term 1 pre-election: Election decided. Result: candidate lost. Election summary: received 3 responses out of 3 voters: 1 yes votes; 2 no votes. yes voters: 70f522cbf683463cb273c76db522fbfd; no voters: 701bd1c636ce47a6ba7d75daffcb8539, e314757be3e445179a9da18694764fb0
I20260713 09:12:04.374078 28282 tablet_service.cc:1917] Received RequestConsensusVote() RPC: tablet_id: "242079a94dc7428ea6ceb2cfd893de22" candidate_uuid: "e314757be3e445179a9da18694764fb0" candidate_term: 1 candidate_status { last_received { term: 0 index: 0 } } ignore_live_leader: false dest_uuid: "701bd1c636ce47a6ba7d75daffcb8539" is_pre_election: true
I20260713 09:12:04.381891 28282 raft_consensus.cc:2468] T 242079a94dc7428ea6ceb2cfd893de22 P 701bd1c636ce47a6ba7d75daffcb8539 [term 0 FOLLOWER]: Leader pre-election vote request: Granting yes vote for candidate e314757be3e445179a9da18694764fb0 in term 0.
I20260713 09:12:04.381770 28544 consensus_queue.cc:237] T ff113e5650c843be9203e43e99e637bd P 701bd1c636ce47a6ba7d75daffcb8539 [LEADER]: Queue going to LEADER mode. State: All replicated index: 0, Majority replicated index: 0, Committed index: 0, Last appended: 0.0, Last appended by leader: 0, Current term: 1, Majority size: 2, State: 0, Mode: LEADER, active raft config: opid_index: -1 OBSOLETE_local: false peers { permanent_uuid: "701bd1c636ce47a6ba7d75daffcb8539" member_type: VOTER last_known_addr { host: "127.26.127.129" port: 36469 } } peers { permanent_uuid: "70f522cbf683463cb273c76db522fbfd" member_type: VOTER last_known_addr { host: "127.26.127.130" port: 35111 } } peers { permanent_uuid: "e314757be3e445179a9da18694764fb0" member_type: VOTER last_known_addr { host: "127.26.127.131" port: 42847 } }
I20260713 09:12:04.383055 28545 raft_consensus.cc:3060] T a056a268befa427a90138ba3430000da P 70f522cbf683463cb273c76db522fbfd [term 0 FOLLOWER]: Advancing to term 1
I20260713 09:12:04.385023 28354 tablet_service.cc:1917] Received RequestConsensusVote() RPC: tablet_id: "d7b94decd371480fa25e08fd8efd1032" candidate_uuid: "e314757be3e445179a9da18694764fb0" candidate_term: 1 candidate_status { last_received { term: 0 index: 0 } } ignore_live_leader: false dest_uuid: "70f522cbf683463cb273c76db522fbfd" is_pre_election: true
I20260713 09:12:04.386351 28397 leader_election.cc:304] T 242079a94dc7428ea6ceb2cfd893de22 P e314757be3e445179a9da18694764fb0 [CANDIDATE]: Term 1 pre-election: Election decided. Result: candidate won. Election summary: received 2 responses out of 3 voters: 2 yes votes; 0 no votes. yes voters: 701bd1c636ce47a6ba7d75daffcb8539, e314757be3e445179a9da18694764fb0; no voters: 
I20260713 09:12:04.387180 28501 raft_consensus.cc:493] T b410f315e5ea477182994ed6212242b0 P 701bd1c636ce47a6ba7d75daffcb8539 [term 0 FOLLOWER]: Starting pre-election (no leader contacted us within the election timeout)
I20260713 09:12:04.387288 28471 tablet_bootstrap.cc:492] T 09f11e54f4194399ab3c712dadd30cb5 P e314757be3e445179a9da18694764fb0: No bootstrap required, opened a new log
I20260713 09:12:04.414462 28471 ts_tablet_manager.cc:1403] T 09f11e54f4194399ab3c712dadd30cb5 P e314757be3e445179a9da18694764fb0: Time spent bootstrapping tablet: real 0.307s	user 0.036s	sys 0.128s
W20260713 09:12:04.399462 28395 leader_election.cc:343] T d7b94decd371480fa25e08fd8efd1032 P e314757be3e445179a9da18694764fb0 [CANDIDATE]: Term 1 pre-election: Tablet error from VoteRequest() call to peer 70f522cbf683463cb273c76db522fbfd (127.26.127.130:35111): Illegal state: must be running to vote when last-logged opid is not known
I20260713 09:12:04.417436 28475 tablet_bootstrap.cc:492] T b58c6f71045943fbb41226495d711eea P 701bd1c636ce47a6ba7d75daffcb8539: No bootstrap required, opened a new log
I20260713 09:12:04.417389 28395 leader_election.cc:304] T d7b94decd371480fa25e08fd8efd1032 P e314757be3e445179a9da18694764fb0 [CANDIDATE]: Term 1 pre-election: Election decided. Result: candidate lost. Election summary: received 3 responses out of 3 voters: 1 yes votes; 2 no votes. yes voters: e314757be3e445179a9da18694764fb0; no voters: 701bd1c636ce47a6ba7d75daffcb8539, 70f522cbf683463cb273c76db522fbfd
I20260713 09:12:04.418294 28475 ts_tablet_manager.cc:1403] T b58c6f71045943fbb41226495d711eea P 701bd1c636ce47a6ba7d75daffcb8539: Time spent bootstrapping tablet: real 0.092s	user 0.012s	sys 0.005s
I20260713 09:12:04.418342 28519 raft_consensus.cc:2749] T d7b94decd371480fa25e08fd8efd1032 P e314757be3e445179a9da18694764fb0 [term 0 FOLLOWER]: Leader pre-election lost for term 1. Reason: could not achieve majority
I20260713 09:12:04.380146 28431 tablet_service.cc:1917] Received RequestConsensusVote() RPC: tablet_id: "b197b171e21342248f74a015ff00e522" candidate_uuid: "70f522cbf683463cb273c76db522fbfd" candidate_term: 1 candidate_status { last_received { term: 0 index: 0 } } ignore_live_leader: false dest_uuid: "e314757be3e445179a9da18694764fb0" is_pre_election: true
I20260713 09:12:04.387714 28506 raft_consensus.cc:2804] T 242079a94dc7428ea6ceb2cfd893de22 P e314757be3e445179a9da18694764fb0 [term 0 FOLLOWER]: Leader pre-election won for term 1
I20260713 09:12:04.402207 28356 tablet_service.cc:1917] Received RequestConsensusVote() RPC: tablet_id: "242079a94dc7428ea6ceb2cfd893de22" candidate_uuid: "e314757be3e445179a9da18694764fb0" candidate_term: 1 candidate_status { last_received { term: 0 index: 0 } } ignore_live_leader: false dest_uuid: "70f522cbf683463cb273c76db522fbfd" is_pre_election: true
I20260713 09:12:04.380832 28429 raft_consensus.cc:2468] T 1b229c5b916147fc8a080a3b53d50e16 P e314757be3e445179a9da18694764fb0 [term 0 FOLLOWER]: Leader pre-election vote request: Granting yes vote for candidate 701bd1c636ce47a6ba7d75daffcb8539 in term 0.
I20260713 09:12:04.420152 28479 raft_consensus.cc:515] T 1b229c5b916147fc8a080a3b53d50e16 P 701bd1c636ce47a6ba7d75daffcb8539 [term 1 FOLLOWER]: Starting leader election with config: opid_index: -1 OBSOLETE_local: false peers { permanent_uuid: "701bd1c636ce47a6ba7d75daffcb8539" member_type: VOTER last_known_addr { host: "127.26.127.129" port: 36469 } } peers { permanent_uuid: "70f522cbf683463cb273c76db522fbfd" member_type: VOTER last_known_addr { host: "127.26.127.130" port: 35111 } } peers { permanent_uuid: "e314757be3e445179a9da18694764fb0" member_type: VOTER last_known_addr { host: "127.26.127.131" port: 42847 } }
I20260713 09:12:04.424903 28475 raft_consensus.cc:359] T b58c6f71045943fbb41226495d711eea P 701bd1c636ce47a6ba7d75daffcb8539 [term 0 FOLLOWER]: Replica starting. Triggering 0 pending ops. Active config: opid_index: -1 OBSOLETE_local: false peers { permanent_uuid: "701bd1c636ce47a6ba7d75daffcb8539" member_type: VOTER last_known_addr { host: "127.26.127.129" port: 36469 } } peers { permanent_uuid: "70f522cbf683463cb273c76db522fbfd" member_type: VOTER last_known_addr { host: "127.26.127.130" port: 35111 } } peers { permanent_uuid: "e314757be3e445179a9da18694764fb0" member_type: VOTER last_known_addr { host: "127.26.127.131" port: 42847 } }
I20260713 09:12:04.425607 28475 raft_consensus.cc:385] T b58c6f71045943fbb41226495d711eea P 701bd1c636ce47a6ba7d75daffcb8539 [term 0 FOLLOWER]: Consensus starting up: Expiring failure detector timer to make a prompt election more likely
I20260713 09:12:04.425846 28479 leader_election.cc:290] T 1b229c5b916147fc8a080a3b53d50e16 P 701bd1c636ce47a6ba7d75daffcb8539 [CANDIDATE]: Term 1 election: Requested vote from peers 70f522cbf683463cb273c76db522fbfd (127.26.127.130:35111), e314757be3e445179a9da18694764fb0 (127.26.127.131:42847)
I20260713 09:12:04.425925 28475 raft_consensus.cc:740] T b58c6f71045943fbb41226495d711eea P 701bd1c636ce47a6ba7d75daffcb8539 [term 0 FOLLOWER]: Becoming Follower/Learner. State: Replica: 701bd1c636ce47a6ba7d75daffcb8539, State: Initialized, Role: FOLLOWER
I20260713 09:12:04.426582 28356 tablet_service.cc:1917] Received RequestConsensusVote() RPC: tablet_id: "1b229c5b916147fc8a080a3b53d50e16" candidate_uuid: "701bd1c636ce47a6ba7d75daffcb8539" candidate_term: 1 candidate_status { last_received { term: 0 index: 0 } } ignore_live_leader: false dest_uuid: "70f522cbf683463cb273c76db522fbfd"
I20260713 09:12:04.427151 28356 raft_consensus.cc:3060] T 1b229c5b916147fc8a080a3b53d50e16 P 70f522cbf683463cb273c76db522fbfd [term 0 FOLLOWER]: Advancing to term 1
I20260713 09:12:04.426956 28475 consensus_queue.cc:260] T b58c6f71045943fbb41226495d711eea P 701bd1c636ce47a6ba7d75daffcb8539 [NON_LEADER]: Queue going to NON_LEADER mode. State: All replicated index: 0, Majority replicated index: 0, Committed index: 0, Last appended: 0.0, Last appended by leader: 0, Current term: 0, Majority size: -1, State: 0, Mode: NON_LEADER, active raft config: opid_index: -1 OBSOLETE_local: false peers { permanent_uuid: "701bd1c636ce47a6ba7d75daffcb8539" member_type: VOTER last_known_addr { host: "127.26.127.129" port: 36469 } } peers { permanent_uuid: "70f522cbf683463cb273c76db522fbfd" member_type: VOTER last_known_addr { host: "127.26.127.130" port: 35111 } } peers { permanent_uuid: "e314757be3e445179a9da18694764fb0" member_type: VOTER last_known_addr { host: "127.26.127.131" port: 42847 } }
I20260713 09:12:04.430714 28475 ts_tablet_manager.cc:1434] T b58c6f71045943fbb41226495d711eea P 701bd1c636ce47a6ba7d75daffcb8539: Time spent starting tablet: real 0.012s	user 0.007s	sys 0.000s
I20260713 09:12:04.431753 28475 tablet_bootstrap.cc:492] T 990b6864d7bd4ece9b750660deb70056 P 701bd1c636ce47a6ba7d75daffcb8539: Bootstrap starting.
I20260713 09:12:04.423271 28506 raft_consensus.cc:493] T 242079a94dc7428ea6ceb2cfd893de22 P e314757be3e445179a9da18694764fb0 [term 0 FOLLOWER]: Starting leader election (no leader contacted us within the election timeout)
I20260713 09:12:04.435761 28518 raft_consensus.cc:493] T f1c63b03e02446aeb9495e38f661da0e P e314757be3e445179a9da18694764fb0 [term 0 FOLLOWER]: Starting pre-election (no leader contacted us within the election timeout)
I20260713 09:12:04.416244 28501 raft_consensus.cc:515] T b410f315e5ea477182994ed6212242b0 P 701bd1c636ce47a6ba7d75daffcb8539 [term 0 FOLLOWER]: Starting pre-election with config: opid_index: -1 OBSOLETE_local: false peers { permanent_uuid: "701bd1c636ce47a6ba7d75daffcb8539" member_type: VOTER last_known_addr { host: "127.26.127.129" port: 36469 } } peers { permanent_uuid: "70f522cbf683463cb273c76db522fbfd" member_type: VOTER last_known_addr { host: "127.26.127.130" port: 35111 } } peers { permanent_uuid: "e314757be3e445179a9da18694764fb0" member_type: VOTER last_known_addr { host: "127.26.127.131" port: 42847 } }
I20260713 09:12:04.438585 28474 consensus_queue.cc:1048] T b197b171e21342248f74a015ff00e522 P e314757be3e445179a9da18694764fb0 [LEADER]: Connected to new peer: Peer: permanent_uuid: "70f522cbf683463cb273c76db522fbfd" member_type: VOTER last_known_addr { host: "127.26.127.130" port: 35111 }, Status: LMP_MISMATCH, Last received: 0.0, Next index: 1, Last known committed idx: 0, Time since last communication: 0.003s
I20260713 09:12:04.442265 28473 tablet_bootstrap.cc:654] T a31aae8476ca421f819420545a64e508 P 70f522cbf683463cb273c76db522fbfd: Neither blocks nor log segments found. Creating new log.
I20260713 09:12:04.441143 28471 raft_consensus.cc:359] T 09f11e54f4194399ab3c712dadd30cb5 P e314757be3e445179a9da18694764fb0 [term 0 FOLLOWER]: Replica starting. Triggering 0 pending ops. Active config: opid_index: -1 OBSOLETE_local: false peers { permanent_uuid: "701bd1c636ce47a6ba7d75daffcb8539" member_type: VOTER last_known_addr { host: "127.26.127.129" port: 36469 } } peers { permanent_uuid: "70f522cbf683463cb273c76db522fbfd" member_type: VOTER last_known_addr { host: "127.26.127.130" port: 35111 } } peers { permanent_uuid: "e314757be3e445179a9da18694764fb0" member_type: VOTER last_known_addr { host: "127.26.127.131" port: 42847 } }
I20260713 09:12:04.442739 28471 raft_consensus.cc:385] T 09f11e54f4194399ab3c712dadd30cb5 P e314757be3e445179a9da18694764fb0 [term 0 FOLLOWER]: Consensus starting up: Expiring failure detector timer to make a prompt election more likely
I20260713 09:12:04.443032 28471 raft_consensus.cc:740] T 09f11e54f4194399ab3c712dadd30cb5 P e314757be3e445179a9da18694764fb0 [term 0 FOLLOWER]: Becoming Follower/Learner. State: Replica: e314757be3e445179a9da18694764fb0, State: Initialized, Role: FOLLOWER
I20260713 09:12:04.443679 28471 consensus_queue.cc:260] T 09f11e54f4194399ab3c712dadd30cb5 P e314757be3e445179a9da18694764fb0 [NON_LEADER]: Queue going to NON_LEADER mode. State: All replicated index: 0, Majority replicated index: 0, Committed index: 0, Last appended: 0.0, Last appended by leader: 0, Current term: 0, Majority size: -1, State: 0, Mode: NON_LEADER, active raft config: opid_index: -1 OBSOLETE_local: false peers { permanent_uuid: "701bd1c636ce47a6ba7d75daffcb8539" member_type: VOTER last_known_addr { host: "127.26.127.129" port: 36469 } } peers { permanent_uuid: "70f522cbf683463cb273c76db522fbfd" member_type: VOTER last_known_addr { host: "127.26.127.130" port: 35111 } } peers { permanent_uuid: "e314757be3e445179a9da18694764fb0" member_type: VOTER last_known_addr { host: "127.26.127.131" port: 42847 } }
