I20260713 09:00:52.472687  1429 catalog_manager.cc:5697] T b85b9761eeaf4aaeae4f4d1bf3858cb6 P b00eb0dc4c4d49849f9124a5d6381487 reported cstate change: term changed from 1 to 2, leader changed from 3e7427405d5843b2a4b89cdf82854e41 (127.0.107.193) to b00eb0dc4c4d49849f9124a5d6381487 (127.0.107.194). New cstate: current_term: 2 leader_uuid: "b00eb0dc4c4d49849f9124a5d6381487" committed_config { opid_index: -1 OBSOLETE_local: false peers { permanent_uuid: "3e7427405d5843b2a4b89cdf82854e41" member_type: VOTER last_known_addr { host: "127.0.107.193" port: 35185 } health_report { overall_health: UNKNOWN } } peers { permanent_uuid: "b00eb0dc4c4d49849f9124a5d6381487" member_type: VOTER last_known_addr { host: "127.0.107.194" port: 37793 } health_report { overall_health: HEALTHY } } peers { permanent_uuid: "f9679f5fa25a435c8d95df7ff2cc4c4b" member_type: VOTER last_known_addr { host: "127.0.107.195" port: 46311 } health_report { overall_health: UNKNOWN } } }
I20260713 09:00:52.480453  1605 tablet_service.cc:1917] Received RequestConsensusVote() RPC: tablet_id: "a45d951af24940909eb0a09147958ab7" candidate_uuid: "f9679f5fa25a435c8d95df7ff2cc4c4b" candidate_term: 1 candidate_status { last_received { term: 0 index: 0 } } ignore_live_leader: false dest_uuid: "b00eb0dc4c4d49849f9124a5d6381487"
I20260713 09:00:52.481065  1605 raft_consensus.cc:3060] T a45d951af24940909eb0a09147958ab7 P b00eb0dc4c4d49849f9124a5d6381487 [term 0 FOLLOWER]: Advancing to term 1
I20260713 09:00:52.476130  1429 catalog_manager.cc:5697] T ad110fbf45474dda9005fbf28d154a38 P b00eb0dc4c4d49849f9124a5d6381487 reported cstate change: term changed from 0 to 2, leader changed from <none> to b00eb0dc4c4d49849f9124a5d6381487 (127.0.107.194). New cstate: current_term: 2 leader_uuid: "b00eb0dc4c4d49849f9124a5d6381487" committed_config { opid_index: -1 OBSOLETE_local: false peers { permanent_uuid: "3e7427405d5843b2a4b89cdf82854e41" member_type: VOTER last_known_addr { host: "127.0.107.193" port: 35185 } health_report { overall_health: UNKNOWN } } peers { permanent_uuid: "b00eb0dc4c4d49849f9124a5d6381487" member_type: VOTER last_known_addr { host: "127.0.107.194" port: 37793 } health_report { overall_health: HEALTHY } } peers { permanent_uuid: "f9679f5fa25a435c8d95df7ff2cc4c4b" member_type: VOTER last_known_addr { host: "127.0.107.195" port: 46311 } health_report { overall_health: UNKNOWN } } }
I20260713 09:00:52.482704  1724 tablet_bootstrap.cc:654] T 197cd39d62444b24bab2ab2839d2b841 P b00eb0dc4c4d49849f9124a5d6381487: Neither blocks nor log segments found. Creating new log.
I20260713 09:00:52.488329  1605 raft_consensus.cc:2468] T a45d951af24940909eb0a09147958ab7 P b00eb0dc4c4d49849f9124a5d6381487 [term 1 FOLLOWER]: Leader election vote request: Granting yes vote for candidate f9679f5fa25a435c8d95df7ff2cc4c4b in term 1.
I20260713 09:00:52.475646  1822 raft_consensus.cc:515] T a45d951af24940909eb0a09147958ab7 P 3e7427405d5843b2a4b89cdf82854e41 [term 1 FOLLOWER]: Starting leader election with config: opid_index: -1 OBSOLETE_local: false peers { permanent_uuid: "3e7427405d5843b2a4b89cdf82854e41" member_type: VOTER last_known_addr { host: "127.0.107.193" port: 35185 } } peers { permanent_uuid: "b00eb0dc4c4d49849f9124a5d6381487" member_type: VOTER last_known_addr { host: "127.0.107.194" port: 37793 } } peers { permanent_uuid: "f9679f5fa25a435c8d95df7ff2cc4c4b" member_type: VOTER last_known_addr { host: "127.0.107.195" port: 46311 } }
I20260713 09:00:52.511557  1822 leader_election.cc:290] T a45d951af24940909eb0a09147958ab7 P 3e7427405d5843b2a4b89cdf82854e41 [CANDIDATE]: Term 1 election: Requested vote from peers b00eb0dc4c4d49849f9124a5d6381487 (127.0.107.194:37793), f9679f5fa25a435c8d95df7ff2cc4c4b (127.0.107.195:46311)
I20260713 09:00:52.495458  1723 tablet_bootstrap.cc:654] T 932600a982d04e3b97315c69c58f2032 P f9679f5fa25a435c8d95df7ff2cc4c4b: Neither blocks nor log segments found. Creating new log.
I20260713 09:00:52.501778  1681 tablet_service.cc:1917] Received RequestConsensusVote() RPC: tablet_id: "a45d951af24940909eb0a09147958ab7" candidate_uuid: "3e7427405d5843b2a4b89cdf82854e41" candidate_term: 1 candidate_status { last_received { term: 0 index: 0 } } ignore_live_leader: false dest_uuid: "f9679f5fa25a435c8d95df7ff2cc4c4b" is_pre_election: true
I20260713 09:00:52.511986  1609 tablet_service.cc:1917] Received RequestConsensusVote() RPC: tablet_id: "a45d951af24940909eb0a09147958ab7" candidate_uuid: "3e7427405d5843b2a4b89cdf82854e41" candidate_term: 1 candidate_status { last_received { term: 0 index: 0 } } ignore_live_leader: false dest_uuid: "b00eb0dc4c4d49849f9124a5d6381487"
I20260713 09:00:52.512693  1681 raft_consensus.cc:2393] T a45d951af24940909eb0a09147958ab7 P f9679f5fa25a435c8d95df7ff2cc4c4b [term 1 FOLLOWER]: Leader pre-election vote request: Denying vote to candidate 3e7427405d5843b2a4b89cdf82854e41 in current term 1: Already voted for candidate f9679f5fa25a435c8d95df7ff2cc4c4b in this term.
I20260713 09:00:52.513213  1678 tablet_service.cc:1917] Received RequestConsensusVote() RPC: tablet_id: "a45d951af24940909eb0a09147958ab7" candidate_uuid: "3e7427405d5843b2a4b89cdf82854e41" candidate_term: 1 candidate_status { last_received { term: 0 index: 0 } } ignore_live_leader: false dest_uuid: "f9679f5fa25a435c8d95df7ff2cc4c4b"
I20260713 09:00:52.502307  1683 tablet_service.cc:1917] Received RequestConsensusVote() RPC: tablet_id: "f74da5e2679a449380b387c5fb79dc22" candidate_uuid: "3e7427405d5843b2a4b89cdf82854e41" candidate_term: 1 candidate_status { last_received { term: 0 index: 0 } } ignore_live_leader: false dest_uuid: "f9679f5fa25a435c8d95df7ff2cc4c4b"
I20260713 09:00:52.513970  1678 raft_consensus.cc:2393] T a45d951af24940909eb0a09147958ab7 P f9679f5fa25a435c8d95df7ff2cc4c4b [term 1 FOLLOWER]: Leader election vote request: Denying vote to candidate 3e7427405d5843b2a4b89cdf82854e41 in current term 1: Already voted for candidate f9679f5fa25a435c8d95df7ff2cc4c4b in this term.
I20260713 09:00:52.514065  1683 raft_consensus.cc:3060] T f74da5e2679a449380b387c5fb79dc22 P f9679f5fa25a435c8d95df7ff2cc4c4b [term 0 FOLLOWER]: Advancing to term 1
I20260713 09:00:52.514709  1534 raft_consensus.cc:2393] T a45d951af24940909eb0a09147958ab7 P 3e7427405d5843b2a4b89cdf82854e41 [term 1 FOLLOWER]: Leader pre-election vote request: Denying vote to candidate f9679f5fa25a435c8d95df7ff2cc4c4b in current term 1: Already voted for candidate 3e7427405d5843b2a4b89cdf82854e41 in this term.
I20260713 09:00:52.502332  1679 tablet_service.cc:1917] Received RequestConsensusVote() RPC: tablet_id: "60e20bde00204971acc0c7bf9ea78f19" candidate_uuid: "3e7427405d5843b2a4b89cdf82854e41" candidate_term: 1 candidate_status { last_received { term: 0 index: 0 } } ignore_live_leader: false dest_uuid: "f9679f5fa25a435c8d95df7ff2cc4c4b"
I20260713 09:00:52.517939  1679 raft_consensus.cc:3060] T 60e20bde00204971acc0c7bf9ea78f19 P f9679f5fa25a435c8d95df7ff2cc4c4b [term 0 FOLLOWER]: Advancing to term 1
I20260713 09:00:52.505779  1682 tablet_service.cc:1917] Received RequestConsensusVote() RPC: tablet_id: "692037aeca854168b43a14b29a081de6" candidate_uuid: "3e7427405d5843b2a4b89cdf82854e41" candidate_term: 1 candidate_status { last_received { term: 0 index: 0 } } ignore_live_leader: false dest_uuid: "f9679f5fa25a435c8d95df7ff2cc4c4b" is_pre_election: true
I20260713 09:00:52.523074  1498 leader_election.cc:304] T a45d951af24940909eb0a09147958ab7 P 3e7427405d5843b2a4b89cdf82854e41 [CANDIDATE]: Term 1 election: Election decided. Result: candidate lost. Election summary: received 3 responses out of 3 voters: 1 yes votes; 2 no votes. yes voters: 3e7427405d5843b2a4b89cdf82854e41; no voters: b00eb0dc4c4d49849f9124a5d6381487, f9679f5fa25a435c8d95df7ff2cc4c4b
I20260713 09:00:52.524231  1498 leader_election.cc:304] T 692037aeca854168b43a14b29a081de6 P 3e7427405d5843b2a4b89cdf82854e41 [CANDIDATE]: Term 1 pre-election: Election decided. Result: candidate lost. Election summary: received 3 responses out of 3 voters: 1 yes votes; 2 no votes. yes voters: 3e7427405d5843b2a4b89cdf82854e41; no voters: b00eb0dc4c4d49849f9124a5d6381487, f9679f5fa25a435c8d95df7ff2cc4c4b
I20260713 09:00:52.525851  1804 raft_consensus.cc:2749] T a45d951af24940909eb0a09147958ab7 P 3e7427405d5843b2a4b89cdf82854e41 [term 1 FOLLOWER]: Leader election lost for term 1. Reason: could not achieve majority
I20260713 09:00:52.525882  1649 leader_election.cc:304] T a45d951af24940909eb0a09147958ab7 P f9679f5fa25a435c8d95df7ff2cc4c4b [CANDIDATE]: Term 1 election: Election decided. Result: candidate won. Election summary: received 3 responses out of 3 voters: 2 yes votes; 1 no votes. yes voters: b00eb0dc4c4d49849f9124a5d6381487, f9679f5fa25a435c8d95df7ff2cc4c4b; no voters: 3e7427405d5843b2a4b89cdf82854e41
I20260713 09:00:52.526580  1804 raft_consensus.cc:3060] T 692037aeca854168b43a14b29a081de6 P 3e7427405d5843b2a4b89cdf82854e41 [term 0 FOLLOWER]: Advancing to term 1
I20260713 09:00:52.508708  1431 catalog_manager.cc:5697] T 63831e8cafb44cbeb3f8a10e54e86c15 P f9679f5fa25a435c8d95df7ff2cc4c4b reported cstate change: term changed from 0 to 1, leader changed from <none> to f9679f5fa25a435c8d95df7ff2cc4c4b (127.0.107.195). New cstate: current_term: 1 leader_uuid: "f9679f5fa25a435c8d95df7ff2cc4c4b" committed_config { opid_index: -1 OBSOLETE_local: false peers { permanent_uuid: "3e7427405d5843b2a4b89cdf82854e41" member_type: VOTER last_known_addr { host: "127.0.107.193" port: 35185 } health_report { overall_health: UNKNOWN } } peers { permanent_uuid: "b00eb0dc4c4d49849f9124a5d6381487" member_type: VOTER last_known_addr { host: "127.0.107.194" port: 37793 } health_report { overall_health: UNKNOWN } } peers { permanent_uuid: "f9679f5fa25a435c8d95df7ff2cc4c4b" member_type: VOTER last_known_addr { host: "127.0.107.195" port: 46311 } health_report { overall_health: HEALTHY } } }
I20260713 09:00:52.528802  1854 raft_consensus.cc:2804] T a45d951af24940909eb0a09147958ab7 P f9679f5fa25a435c8d95df7ff2cc4c4b [term 1 FOLLOWER]: Leader election won for term 1
I20260713 09:00:52.529605  1854 raft_consensus.cc:697] T a45d951af24940909eb0a09147958ab7 P f9679f5fa25a435c8d95df7ff2cc4c4b [term 1 LEADER]: Becoming Leader. State: Replica: f9679f5fa25a435c8d95df7ff2cc4c4b, State: Running, Role: LEADER
I20260713 09:00:52.531642  1854 consensus_queue.cc:237] T a45d951af24940909eb0a09147958ab7 P f9679f5fa25a435c8d95df7ff2cc4c4b [LEADER]: Queue going to LEADER mode. State: All replicated index: 0, Majority replicated index: 0, Committed index: 0, Last appended: 0.0, Last appended by leader: 0, Current term: 1, Majority size: 2, State: 0, Mode: LEADER, active raft config: opid_index: -1 OBSOLETE_local: false peers { permanent_uuid: "3e7427405d5843b2a4b89cdf82854e41" member_type: VOTER last_known_addr { host: "127.0.107.193" port: 35185 } } peers { permanent_uuid: "b00eb0dc4c4d49849f9124a5d6381487" member_type: VOTER last_known_addr { host: "127.0.107.194" port: 37793 } } peers { permanent_uuid: "f9679f5fa25a435c8d95df7ff2cc4c4b" member_type: VOTER last_known_addr { host: "127.0.107.195" port: 46311 } }
I20260713 09:00:52.533073  1724 tablet_bootstrap.cc:492] T 197cd39d62444b24bab2ab2839d2b841 P b00eb0dc4c4d49849f9124a5d6381487: No bootstrap required, opened a new log
I20260713 09:00:52.533577  1724 ts_tablet_manager.cc:1403] T 197cd39d62444b24bab2ab2839d2b841 P b00eb0dc4c4d49849f9124a5d6381487: Time spent bootstrapping tablet: real 0.078s	user 0.015s	sys 0.009s
I20260713 09:00:52.535056  1723 tablet_bootstrap.cc:492] T 932600a982d04e3b97315c69c58f2032 P f9679f5fa25a435c8d95df7ff2cc4c4b: No bootstrap required, opened a new log
I20260713 09:00:52.535470  1723 ts_tablet_manager.cc:1403] T 932600a982d04e3b97315c69c58f2032 P f9679f5fa25a435c8d95df7ff2cc4c4b: Time spent bootstrapping tablet: real 0.078s	user 0.004s	sys 0.008s
I20260713 09:00:52.535923  1725 tablet_bootstrap.cc:492] T 1ed5c2e5e7df484aa703ffca30f2b147 P 3e7427405d5843b2a4b89cdf82854e41: No bootstrap required, opened a new log
I20260713 09:00:52.538185  1725 ts_tablet_manager.cc:1403] T 1ed5c2e5e7df484aa703ffca30f2b147 P 3e7427405d5843b2a4b89cdf82854e41: Time spent bootstrapping tablet: real 0.216s	user 0.033s	sys 0.012s
I20260713 09:00:52.536728  1679 raft_consensus.cc:2468] T 60e20bde00204971acc0c7bf9ea78f19 P f9679f5fa25a435c8d95df7ff2cc4c4b [term 1 FOLLOWER]: Leader election vote request: Granting yes vote for candidate 3e7427405d5843b2a4b89cdf82854e41 in term 1.
I20260713 09:00:52.536013  1683 raft_consensus.cc:2468] T f74da5e2679a449380b387c5fb79dc22 P f9679f5fa25a435c8d95df7ff2cc4c4b [term 1 FOLLOWER]: Leader election vote request: Granting yes vote for candidate 3e7427405d5843b2a4b89cdf82854e41 in term 1.
I20260713 09:00:52.538359  1804 raft_consensus.cc:2749] T 692037aeca854168b43a14b29a081de6 P 3e7427405d5843b2a4b89cdf82854e41 [term 1 FOLLOWER]: Leader pre-election lost for term 1. Reason: could not achieve majority
I20260713 09:00:52.541096  1724 raft_consensus.cc:359] T 197cd39d62444b24bab2ab2839d2b841 P b00eb0dc4c4d49849f9124a5d6381487 [term 0 FOLLOWER]: Replica starting. Triggering 0 pending ops. Active config: opid_index: -1 OBSOLETE_local: false peers { permanent_uuid: "3e7427405d5843b2a4b89cdf82854e41" member_type: VOTER last_known_addr { host: "127.0.107.193" port: 35185 } } peers { permanent_uuid: "b00eb0dc4c4d49849f9124a5d6381487" member_type: VOTER last_known_addr { host: "127.0.107.194" port: 37793 } } peers { permanent_uuid: "f9679f5fa25a435c8d95df7ff2cc4c4b" member_type: VOTER last_known_addr { host: "127.0.107.195" port: 46311 } }
I20260713 09:00:52.541841  1724 raft_consensus.cc:385] T 197cd39d62444b24bab2ab2839d2b841 P b00eb0dc4c4d49849f9124a5d6381487 [term 0 FOLLOWER]: Consensus starting up: Expiring failure detector timer to make a prompt election more likely
I20260713 09:00:52.542147  1724 raft_consensus.cc:740] T 197cd39d62444b24bab2ab2839d2b841 P b00eb0dc4c4d49849f9124a5d6381487 [term 0 FOLLOWER]: Becoming Follower/Learner. State: Replica: b00eb0dc4c4d49849f9124a5d6381487, State: Initialized, Role: FOLLOWER
I20260713 09:00:52.542727  1724 consensus_queue.cc:260] T 197cd39d62444b24bab2ab2839d2b841 P b00eb0dc4c4d49849f9124a5d6381487 [NON_LEADER]: Queue going to NON_LEADER mode. State: All replicated index: 0, Majority replicated index: 0, Committed index: 0, Last appended: 0.0, Last appended by leader: 0, Current term: 0, Majority size: -1, State: 0, Mode: NON_LEADER, active raft config: opid_index: -1 OBSOLETE_local: false peers { permanent_uuid: "3e7427405d5843b2a4b89cdf82854e41" member_type: VOTER last_known_addr { host: "127.0.107.193" port: 35185 } } peers { permanent_uuid: "b00eb0dc4c4d49849f9124a5d6381487" member_type: VOTER last_known_addr { host: "127.0.107.194" port: 37793 } } peers { permanent_uuid: "f9679f5fa25a435c8d95df7ff2cc4c4b" member_type: VOTER last_known_addr { host: "127.0.107.195" port: 46311 } }
I20260713 09:00:52.544147  1724 ts_tablet_manager.cc:1434] T 197cd39d62444b24bab2ab2839d2b841 P b00eb0dc4c4d49849f9124a5d6381487: Time spent starting tablet: real 0.010s	user 0.003s	sys 0.000s
I20260713 09:00:52.544866  1724 tablet_bootstrap.cc:492] T 237334bad1094111ae1d4d76dfd50a6c P b00eb0dc4c4d49849f9124a5d6381487: Bootstrap starting.
I20260713 09:00:52.545622  1723 raft_consensus.cc:359] T 932600a982d04e3b97315c69c58f2032 P f9679f5fa25a435c8d95df7ff2cc4c4b [term 0 FOLLOWER]: Replica starting. Triggering 0 pending ops. Active config: opid_index: -1 OBSOLETE_local: false peers { permanent_uuid: "3e7427405d5843b2a4b89cdf82854e41" member_type: VOTER last_known_addr { host: "127.0.107.193" port: 35185 } } peers { permanent_uuid: "b00eb0dc4c4d49849f9124a5d6381487" member_type: VOTER last_known_addr { host: "127.0.107.194" port: 37793 } } peers { permanent_uuid: "f9679f5fa25a435c8d95df7ff2cc4c4b" member_type: VOTER last_known_addr { host: "127.0.107.195" port: 46311 } }
I20260713 09:00:52.546479  1723 raft_consensus.cc:385] T 932600a982d04e3b97315c69c58f2032 P f9679f5fa25a435c8d95df7ff2cc4c4b [term 0 FOLLOWER]: Consensus starting up: Expiring failure detector timer to make a prompt election more likely
I20260713 09:00:52.546859  1723 raft_consensus.cc:740] T 932600a982d04e3b97315c69c58f2032 P f9679f5fa25a435c8d95df7ff2cc4c4b [term 0 FOLLOWER]: Becoming Follower/Learner. State: Replica: f9679f5fa25a435c8d95df7ff2cc4c4b, State: Initialized, Role: FOLLOWER
I20260713 09:00:52.534200  1431 catalog_manager.cc:5697] T 692037aeca854168b43a14b29a081de6 P f9679f5fa25a435c8d95df7ff2cc4c4b reported cstate change: term changed from 0 to 1, leader changed from <none> to f9679f5fa25a435c8d95df7ff2cc4c4b (127.0.107.195). New cstate: current_term: 1 leader_uuid: "f9679f5fa25a435c8d95df7ff2cc4c4b" committed_config { opid_index: -1 OBSOLETE_local: false peers { permanent_uuid: "3e7427405d5843b2a4b89cdf82854e41" member_type: VOTER last_known_addr { host: "127.0.107.193" port: 35185 } health_report { overall_health: UNKNOWN } } peers { permanent_uuid: "b00eb0dc4c4d49849f9124a5d6381487" member_type: VOTER last_known_addr { host: "127.0.107.194" port: 37793 } health_report { overall_health: UNKNOWN } } peers { permanent_uuid: "f9679f5fa25a435c8d95df7ff2cc4c4b" member_type: VOTER last_known_addr { host: "127.0.107.195" port: 46311 } health_report { overall_health: HEALTHY } } }
I20260713 09:00:52.548321  1723 consensus_queue.cc:260] T 932600a982d04e3b97315c69c58f2032 P f9679f5fa25a435c8d95df7ff2cc4c4b [NON_LEADER]: Queue going to NON_LEADER mode. State: All replicated index: 0, Majority replicated index: 0, Committed index: 0, Last appended: 0.0, Last appended by leader: 0, Current term: 0, Majority size: -1, State: 0, Mode: NON_LEADER, active raft config: opid_index: -1 OBSOLETE_local: false peers { permanent_uuid: "3e7427405d5843b2a4b89cdf82854e41" member_type: VOTER last_known_addr { host: "127.0.107.193" port: 35185 } } peers { permanent_uuid: "b00eb0dc4c4d49849f9124a5d6381487" member_type: VOTER last_known_addr { host: "127.0.107.194" port: 37793 } } peers { permanent_uuid: "f9679f5fa25a435c8d95df7ff2cc4c4b" member_type: VOTER last_known_addr { host: "127.0.107.195" port: 46311 } }
I20260713 09:00:52.550257  1725 raft_consensus.cc:359] T 1ed5c2e5e7df484aa703ffca30f2b147 P 3e7427405d5843b2a4b89cdf82854e41 [term 0 FOLLOWER]: Replica starting. Triggering 0 pending ops. Active config: opid_index: -1 OBSOLETE_local: false peers { permanent_uuid: "3e7427405d5843b2a4b89cdf82854e41" member_type: VOTER last_known_addr { host: "127.0.107.193" port: 35185 } } peers { permanent_uuid: "b00eb0dc4c4d49849f9124a5d6381487" member_type: VOTER last_known_addr { host: "127.0.107.194" port: 37793 } } peers { permanent_uuid: "f9679f5fa25a435c8d95df7ff2cc4c4b" member_type: VOTER last_known_addr { host: "127.0.107.195" port: 46311 } }
I20260713 09:00:52.551157  1725 raft_consensus.cc:385] T 1ed5c2e5e7df484aa703ffca30f2b147 P 3e7427405d5843b2a4b89cdf82854e41 [term 0 FOLLOWER]: Consensus starting up: Expiring failure detector timer to make a prompt election more likely
I20260713 09:00:52.551481  1725 raft_consensus.cc:740] T 1ed5c2e5e7df484aa703ffca30f2b147 P 3e7427405d5843b2a4b89cdf82854e41 [term 0 FOLLOWER]: Becoming Follower/Learner. State: Replica: 3e7427405d5843b2a4b89cdf82854e41, State: Initialized, Role: FOLLOWER
I20260713 09:00:52.552479  1723 ts_tablet_manager.cc:1434] T 932600a982d04e3b97315c69c58f2032 P f9679f5fa25a435c8d95df7ff2cc4c4b: Time spent starting tablet: real 0.015s	user 0.005s	sys 0.001s
I20260713 09:00:52.552351  1725 consensus_queue.cc:260] T 1ed5c2e5e7df484aa703ffca30f2b147 P 3e7427405d5843b2a4b89cdf82854e41 [NON_LEADER]: Queue going to NON_LEADER mode. State: All replicated index: 0, Majority replicated index: 0, Committed index: 0, Last appended: 0.0, Last appended by leader: 0, Current term: 0, Majority size: -1, State: 0, Mode: NON_LEADER, active raft config: opid_index: -1 OBSOLETE_local: false peers { permanent_uuid: "3e7427405d5843b2a4b89cdf82854e41" member_type: VOTER last_known_addr { host: "127.0.107.193" port: 35185 } } peers { permanent_uuid: "b00eb0dc4c4d49849f9124a5d6381487" member_type: VOTER last_known_addr { host: "127.0.107.194" port: 37793 } } peers { permanent_uuid: "f9679f5fa25a435c8d95df7ff2cc4c4b" member_type: VOTER last_known_addr { host: "127.0.107.195" port: 46311 } }
I20260713 09:00:52.553309  1723 tablet_bootstrap.cc:492] T fed2caff1b714f898aae56a60e2dcfc0 P f9679f5fa25a435c8d95df7ff2cc4c4b: Bootstrap starting.
I20260713 09:00:52.559005  1724 tablet_bootstrap.cc:654] T 237334bad1094111ae1d4d76dfd50a6c P b00eb0dc4c4d49849f9124a5d6381487: Neither blocks nor log segments found. Creating new log.
I20260713 09:00:52.560029  1725 ts_tablet_manager.cc:1434] T 1ed5c2e5e7df484aa703ffca30f2b147 P 3e7427405d5843b2a4b89cdf82854e41: Time spent starting tablet: real 0.021s	user 0.004s	sys 0.002s
I20260713 09:00:52.560971  1725 tablet_bootstrap.cc:492] T f94a677af79140f7b35ed59db125febd P 3e7427405d5843b2a4b89cdf82854e41: Bootstrap starting.
I20260713 09:00:52.569576  1723 tablet_bootstrap.cc:654] T fed2caff1b714f898aae56a60e2dcfc0 P f9679f5fa25a435c8d95df7ff2cc4c4b: Neither blocks nor log segments found. Creating new log.
I20260713 09:00:52.572048  1429 catalog_manager.cc:5697] T 8e55aeaa19ce46bfb6fe2e68a300e437 P 3e7427405d5843b2a4b89cdf82854e41 reported cstate change: term changed from 1 to 2, leader changed from f9679f5fa25a435c8d95df7ff2cc4c4b (127.0.107.195) to 3e7427405d5843b2a4b89cdf82854e41 (127.0.107.193). New cstate: current_term: 2 leader_uuid: "3e7427405d5843b2a4b89cdf82854e41" committed_config { opid_index: -1 OBSOLETE_local: false peers { permanent_uuid: "3e7427405d5843b2a4b89cdf82854e41" member_type: VOTER last_known_addr { host: "127.0.107.193" port: 35185 } health_report { overall_health: HEALTHY } } peers { permanent_uuid: "b00eb0dc4c4d49849f9124a5d6381487" member_type: VOTER last_known_addr { host: "127.0.107.194" port: 37793 } health_report { overall_health: UNKNOWN } } peers { permanent_uuid: "f9679f5fa25a435c8d95df7ff2cc4c4b" member_type: VOTER last_known_addr { host: "127.0.107.195" port: 46311 } health_report { overall_health: UNKNOWN } } }
I20260713 09:00:52.580137  1837 raft_consensus.cc:493] T 197cd39d62444b24bab2ab2839d2b841 P b00eb0dc4c4d49849f9124a5d6381487 [term 0 FOLLOWER]: Starting pre-election (no leader contacted us within the election timeout)
I20260713 09:00:52.580796  1837 raft_consensus.cc:515] T 197cd39d62444b24bab2ab2839d2b841 P b00eb0dc4c4d49849f9124a5d6381487 [term 0 FOLLOWER]: Starting pre-election with config: opid_index: -1 OBSOLETE_local: false peers { permanent_uuid: "3e7427405d5843b2a4b89cdf82854e41" member_type: VOTER last_known_addr { host: "127.0.107.193" port: 35185 } } peers { permanent_uuid: "b00eb0dc4c4d49849f9124a5d6381487" member_type: VOTER last_known_addr { host: "127.0.107.194" port: 37793 } } peers { permanent_uuid: "f9679f5fa25a435c8d95df7ff2cc4c4b" member_type: VOTER last_known_addr { host: "127.0.107.195" port: 46311 } }
I20260713 09:00:52.583750  1837 leader_election.cc:290] T 197cd39d62444b24bab2ab2839d2b841 P b00eb0dc4c4d49849f9124a5d6381487 [CANDIDATE]: Term 1 pre-election: Requested pre-vote from peers 3e7427405d5843b2a4b89cdf82854e41 (127.0.107.193:35185), f9679f5fa25a435c8d95df7ff2cc4c4b (127.0.107.195:46311)
I20260713 09:00:52.586432  1534 tablet_service.cc:1917] Received RequestConsensusVote() RPC: tablet_id: "197cd39d62444b24bab2ab2839d2b841" candidate_uuid: "b00eb0dc4c4d49849f9124a5d6381487" candidate_term: 1 candidate_status { last_received { term: 0 index: 0 } } ignore_live_leader: false dest_uuid: "3e7427405d5843b2a4b89cdf82854e41" is_pre_election: true
I20260713 09:00:52.589313  1679 tablet_service.cc:1917] Received RequestConsensusVote() RPC: tablet_id: "197cd39d62444b24bab2ab2839d2b841" candidate_uuid: "b00eb0dc4c4d49849f9124a5d6381487" candidate_term: 1 candidate_status { last_received { term: 0 index: 0 } } ignore_live_leader: false dest_uuid: "f9679f5fa25a435c8d95df7ff2cc4c4b" is_pre_election: true
I20260713 09:00:52.591297  1723 tablet_bootstrap.cc:492] T fed2caff1b714f898aae56a60e2dcfc0 P f9679f5fa25a435c8d95df7ff2cc4c4b: No bootstrap required, opened a new log
I20260713 09:00:52.591523  1683 raft_consensus.cc:1275] T b85b9761eeaf4aaeae4f4d1bf3858cb6 P f9679f5fa25a435c8d95df7ff2cc4c4b [term 2 FOLLOWER]: Refusing update from remote peer b00eb0dc4c4d49849f9124a5d6381487: Log matching property violated. Preceding OpId in replica: term: 0 index: 0. Preceding OpId from leader: term: 2 index: 2. (index mismatch)
I20260713 09:00:52.591801  1723 ts_tablet_manager.cc:1403] T fed2caff1b714f898aae56a60e2dcfc0 P f9679f5fa25a435c8d95df7ff2cc4c4b: Time spent bootstrapping tablet: real 0.039s	user 0.009s	sys 0.009s
I20260713 09:00:52.592662  1573 leader_election.cc:304] T 197cd39d62444b24bab2ab2839d2b841 P b00eb0dc4c4d49849f9124a5d6381487 [CANDIDATE]: Term 1 pre-election: Election decided. Result: candidate lost. Election summary: received 3 responses out of 3 voters: 1 yes votes; 2 no votes. yes voters: b00eb0dc4c4d49849f9124a5d6381487; no voters: 3e7427405d5843b2a4b89cdf82854e41, f9679f5fa25a435c8d95df7ff2cc4c4b
I20260713 09:00:52.593286  1534 raft_consensus.cc:1275] T b85b9761eeaf4aaeae4f4d1bf3858cb6 P 3e7427405d5843b2a4b89cdf82854e41 [term 2 FOLLOWER]: Refusing update from remote peer b00eb0dc4c4d49849f9124a5d6381487: Log matching property violated. Preceding OpId in replica: term: 1 index: 1. Preceding OpId from leader: term: 2 index: 2. (index mismatch)
I20260713 09:00:52.594389  1731 raft_consensus.cc:2749] T 197cd39d62444b24bab2ab2839d2b841 P b00eb0dc4c4d49849f9124a5d6381487 [term 0 FOLLOWER]: Leader pre-election lost for term 1. Reason: could not achieve majority
I20260713 09:00:52.595546  1731 consensus_queue.cc:1048] T b85b9761eeaf4aaeae4f4d1bf3858cb6 P b00eb0dc4c4d49849f9124a5d6381487 [LEADER]: Connected to new peer: Peer: permanent_uuid: "f9679f5fa25a435c8d95df7ff2cc4c4b" member_type: VOTER last_known_addr { host: "127.0.107.195" port: 46311 }, Status: LMP_MISMATCH, Last received: 0.0, Next index: 2, Last known committed idx: 0, Time since last communication: 0.000s
I20260713 09:00:52.595784  1723 raft_consensus.cc:359] T fed2caff1b714f898aae56a60e2dcfc0 P f9679f5fa25a435c8d95df7ff2cc4c4b [term 0 FOLLOWER]: Replica starting. Triggering 0 pending ops. Active config: opid_index: -1 OBSOLETE_local: false peers { permanent_uuid: "3e7427405d5843b2a4b89cdf82854e41" member_type: VOTER last_known_addr { host: "127.0.107.193" port: 35185 } } peers { permanent_uuid: "b00eb0dc4c4d49849f9124a5d6381487" member_type: VOTER last_known_addr { host: "127.0.107.194" port: 37793 } } peers { permanent_uuid: "f9679f5fa25a435c8d95df7ff2cc4c4b" member_type: VOTER last_known_addr { host: "127.0.107.195" port: 46311 } }
I20260713 09:00:52.596596  1835 consensus_queue.cc:1048] T b85b9761eeaf4aaeae4f4d1bf3858cb6 P b00eb0dc4c4d49849f9124a5d6381487 [LEADER]: Connected to new peer: Peer: permanent_uuid: "3e7427405d5843b2a4b89cdf82854e41" member_type: VOTER last_known_addr { host: "127.0.107.193" port: 35185 }, Status: LMP_MISMATCH, Last received: 0.0, Next index: 2, Last known committed idx: 1, Time since last communication: 0.000s
I20260713 09:00:52.597054  1429 catalog_manager.cc:5697] T 60e20bde00204971acc0c7bf9ea78f19 P 3e7427405d5843b2a4b89cdf82854e41 reported cstate change: term changed from 0 to 1, leader changed from <none> to 3e7427405d5843b2a4b89cdf82854e41 (127.0.107.193). New cstate: current_term: 1 leader_uuid: "3e7427405d5843b2a4b89cdf82854e41" committed_config { opid_index: -1 OBSOLETE_local: false peers { permanent_uuid: "3e7427405d5843b2a4b89cdf82854e41" member_type: VOTER last_known_addr { host: "127.0.107.193" port: 35185 } health_report { overall_health: HEALTHY } } peers { permanent_uuid: "b00eb0dc4c4d49849f9124a5d6381487" member_type: VOTER last_known_addr { host: "127.0.107.194" port: 37793 } health_report { overall_health: UNKNOWN } } peers { permanent_uuid: "f9679f5fa25a435c8d95df7ff2cc4c4b" member_type: VOTER last_known_addr { host: "127.0.107.195" port: 46311 } health_report { overall_health: UNKNOWN } } }
I20260713 09:00:52.596571  1723 raft_consensus.cc:385] T fed2caff1b714f898aae56a60e2dcfc0 P f9679f5fa25a435c8d95df7ff2cc4c4b [term 0 FOLLOWER]: Consensus starting up: Expiring failure detector timer to make a prompt election more likely
I20260713 09:00:52.601915  1723 raft_consensus.cc:740] T fed2caff1b714f898aae56a60e2dcfc0 P f9679f5fa25a435c8d95df7ff2cc4c4b [term 0 FOLLOWER]: Becoming Follower/Learner. State: Replica: f9679f5fa25a435c8d95df7ff2cc4c4b, State: Initialized, Role: FOLLOWER
I20260713 09:00:52.600319  1429 catalog_manager.cc:5697] T f74da5e2679a449380b387c5fb79dc22 P 3e7427405d5843b2a4b89cdf82854e41 reported cstate change: term changed from 0 to 1, leader changed from <none> to 3e7427405d5843b2a4b89cdf82854e41 (127.0.107.193). New cstate: current_term: 1 leader_uuid: "3e7427405d5843b2a4b89cdf82854e41" committed_config { opid_index: -1 OBSOLETE_local: false peers { permanent_uuid: "3e7427405d5843b2a4b89cdf82854e41" member_type: VOTER last_known_addr { host: "127.0.107.193" port: 35185 } health_report { overall_health: HEALTHY } } peers { permanent_uuid: "b00eb0dc4c4d49849f9124a5d6381487" member_type: VOTER last_known_addr { host: "127.0.107.194" port: 37793 } health_report { overall_health: UNKNOWN } } peers { permanent_uuid: "f9679f5fa25a435c8d95df7ff2cc4c4b" member_type: VOTER last_known_addr { host: "127.0.107.195" port: 46311 } health_report { overall_health: UNKNOWN } } }
I20260713 09:00:52.604465  1723 consensus_queue.cc:260] T fed2caff1b714f898aae56a60e2dcfc0 P f9679f5fa25a435c8d95df7ff2cc4c4b [NON_LEADER]: Queue going to NON_LEADER mode. State: All replicated index: 0, Majority replicated index: 0, Committed index: 0, Last appended: 0.0, Last appended by leader: 0, Current term: 0, Majority size: -1, State: 0, Mode: NON_LEADER, active raft config: opid_index: -1 OBSOLETE_local: false peers { permanent_uuid: "3e7427405d5843b2a4b89cdf82854e41" member_type: VOTER last_known_addr { host: "127.0.107.193" port: 35185 } } peers { permanent_uuid: "b00eb0dc4c4d49849f9124a5d6381487" member_type: VOTER last_known_addr { host: "127.0.107.194" port: 37793 } } peers { permanent_uuid: "f9679f5fa25a435c8d95df7ff2cc4c4b" member_type: VOTER last_known_addr { host: "127.0.107.195" port: 46311 } }
I20260713 09:00:52.606459  1725 tablet_bootstrap.cc:654] T f94a677af79140f7b35ed59db125febd P 3e7427405d5843b2a4b89cdf82854e41: Neither blocks nor log segments found. Creating new log.
I20260713 09:00:52.606712  1723 ts_tablet_manager.cc:1434] T fed2caff1b714f898aae56a60e2dcfc0 P f9679f5fa25a435c8d95df7ff2cc4c4b: Time spent starting tablet: real 0.015s	user 0.006s	sys 0.000s
I20260713 09:00:52.607946  1723 tablet_bootstrap.cc:492] T 1ed5c2e5e7df484aa703ffca30f2b147 P f9679f5fa25a435c8d95df7ff2cc4c4b: Bootstrap starting.
I20260713 09:00:52.613895  1679 raft_consensus.cc:1275] T 89c1287ac3ae4c928d77d99838a17d27 P f9679f5fa25a435c8d95df7ff2cc4c4b [term 2 FOLLOWER]: Refusing update from remote peer b00eb0dc4c4d49849f9124a5d6381487: Log matching property violated. Preceding OpId in replica: term: 0 index: 0. Preceding OpId from leader: term: 2 index: 2. (index mismatch)
I20260713 09:00:52.618790  1731 consensus_queue.cc:1048] T 89c1287ac3ae4c928d77d99838a17d27 P b00eb0dc4c4d49849f9124a5d6381487 [LEADER]: Connected to new peer: Peer: permanent_uuid: "f9679f5fa25a435c8d95df7ff2cc4c4b" member_type: VOTER last_known_addr { host: "127.0.107.195" port: 46311 }, Status: LMP_MISMATCH, Last received: 0.0, Next index: 2, Last known committed idx: 0, Time since last communication: 0.000s
I20260713 09:00:52.623543  1724 tablet_bootstrap.cc:492] T 237334bad1094111ae1d4d76dfd50a6c P b00eb0dc4c4d49849f9124a5d6381487: No bootstrap required, opened a new log
I20260713 09:00:52.623963  1724 ts_tablet_manager.cc:1403] T 237334bad1094111ae1d4d76dfd50a6c P b00eb0dc4c4d49849f9124a5d6381487: Time spent bootstrapping tablet: real 0.079s	user 0.022s	sys 0.010s
I20260713 09:00:52.633924  1854 consensus_queue.cc:1048] T 692037aeca854168b43a14b29a081de6 P f9679f5fa25a435c8d95df7ff2cc4c4b [LEADER]: Connected to new peer: Peer: permanent_uuid: "b00eb0dc4c4d49849f9124a5d6381487" member_type: VOTER last_known_addr { host: "127.0.107.194" port: 37793 }, Status: LMP_MISMATCH, Last received: 0.0, Next index: 1, Last known committed idx: 0, Time since last communication: 0.000s
I20260713 09:00:52.638355  1724 raft_consensus.cc:359] T 237334bad1094111ae1d4d76dfd50a6c P b00eb0dc4c4d49849f9124a5d6381487 [term 0 FOLLOWER]: Replica starting. Triggering 0 pending ops. Active config: opid_index: -1 OBSOLETE_local: false peers { permanent_uuid: "3e7427405d5843b2a4b89cdf82854e41" member_type: VOTER last_known_addr { host: "127.0.107.193" port: 35185 } } peers { permanent_uuid: "b00eb0dc4c4d49849f9124a5d6381487" member_type: VOTER last_known_addr { host: "127.0.107.194" port: 37793 } } peers { permanent_uuid: "f9679f5fa25a435c8d95df7ff2cc4c4b" member_type: VOTER last_known_addr { host: "127.0.107.195" port: 46311 } }
I20260713 09:00:52.638978  1724 raft_consensus.cc:385] T 237334bad1094111ae1d4d76dfd50a6c P b00eb0dc4c4d49849f9124a5d6381487 [term 0 FOLLOWER]: Consensus starting up: Expiring failure detector timer to make a prompt election more likely
I20260713 09:00:52.639237  1724 raft_consensus.cc:740] T 237334bad1094111ae1d4d76dfd50a6c P b00eb0dc4c4d49849f9124a5d6381487 [term 0 FOLLOWER]: Becoming Follower/Learner. State: Replica: b00eb0dc4c4d49849f9124a5d6381487, State: Initialized, Role: FOLLOWER
I20260713 09:00:52.639883  1724 consensus_queue.cc:260] T 237334bad1094111ae1d4d76dfd50a6c P b00eb0dc4c4d49849f9124a5d6381487 [NON_LEADER]: Queue going to NON_LEADER mode. State: All replicated index: 0, Majority replicated index: 0, Committed index: 0, Last appended: 0.0, Last appended by leader: 0, Current term: 0, Majority size: -1, State: 0, Mode: NON_LEADER, active raft config: opid_index: -1 OBSOLETE_local: false peers { permanent_uuid: "3e7427405d5843b2a4b89cdf82854e41" member_type: VOTER last_known_addr { host: "127.0.107.193" port: 35185 } } peers { permanent_uuid: "b00eb0dc4c4d49849f9124a5d6381487" member_type: VOTER last_known_addr { host: "127.0.107.194" port: 37793 } } peers { permanent_uuid: "f9679f5fa25a435c8d95df7ff2cc4c4b" member_type: VOTER last_known_addr { host: "127.0.107.195" port: 46311 } }
I20260713 09:00:52.652181  1534 raft_consensus.cc:1275] T 89c1287ac3ae4c928d77d99838a17d27 P 3e7427405d5843b2a4b89cdf82854e41 [term 2 FOLLOWER]: Refusing update from remote peer b00eb0dc4c4d49849f9124a5d6381487: Log matching property violated. Preceding OpId in replica: term: 1 index: 1. Preceding OpId from leader: term: 2 index: 2. (index mismatch)
I20260713 09:00:52.653275  1723 tablet_bootstrap.cc:654] T 1ed5c2e5e7df484aa703ffca30f2b147 P f9679f5fa25a435c8d95df7ff2cc4c4b: Neither blocks nor log segments found. Creating new log.
I20260713 09:00:52.645215  1430 catalog_manager.cc:5697] T a45d951af24940909eb0a09147958ab7 P f9679f5fa25a435c8d95df7ff2cc4c4b reported cstate change: term changed from 0 to 1, leader changed from <none> to f9679f5fa25a435c8d95df7ff2cc4c4b (127.0.107.195). New cstate: current_term: 1 leader_uuid: "f9679f5fa25a435c8d95df7ff2cc4c4b" committed_config { opid_index: -1 OBSOLETE_local: false peers { permanent_uuid: "3e7427405d5843b2a4b89cdf82854e41" member_type: VOTER last_known_addr { host: "127.0.107.193" port: 35185 } health_report { overall_health: UNKNOWN } } peers { permanent_uuid: "b00eb0dc4c4d49849f9124a5d6381487" member_type: VOTER last_known_addr { host: "127.0.107.194" port: 37793 } health_report { overall_health: UNKNOWN } } peers { permanent_uuid: "f9679f5fa25a435c8d95df7ff2cc4c4b" member_type: VOTER last_known_addr { host: "127.0.107.195" port: 46311 } health_report { overall_health: HEALTHY } } }
I20260713 09:00:52.655525  1725 tablet_bootstrap.cc:492] T f94a677af79140f7b35ed59db125febd P 3e7427405d5843b2a4b89cdf82854e41: No bootstrap required, opened a new log
I20260713 09:00:52.655965  1725 ts_tablet_manager.cc:1403] T f94a677af79140f7b35ed59db125febd P 3e7427405d5843b2a4b89cdf82854e41: Time spent bootstrapping tablet: real 0.095s	user 0.008s	sys 0.011s
I20260713 09:00:52.657691  1835 consensus_queue.cc:1048] T 89c1287ac3ae4c928d77d99838a17d27 P b00eb0dc4c4d49849f9124a5d6381487 [LEADER]: Connected to new peer: Peer: permanent_uuid: "3e7427405d5843b2a4b89cdf82854e41" member_type: VOTER last_known_addr { host: "127.0.107.193" port: 35185 }, Status: LMP_MISMATCH, Last received: 0.0, Next index: 2, Last known committed idx: 1, Time since last communication: 0.000s
I20260713 09:00:52.679478  1725 raft_consensus.cc:359] T f94a677af79140f7b35ed59db125febd P 3e7427405d5843b2a4b89cdf82854e41 [term 0 FOLLOWER]: Replica starting. Triggering 0 pending ops. Active config: opid_index: -1 OBSOLETE_local: false peers { permanent_uuid: "3e7427405d5843b2a4b89cdf82854e41" member_type: VOTER last_known_addr { host: "127.0.107.193" port: 35185 } } peers { permanent_uuid: "b00eb0dc4c4d49849f9124a5d6381487" member_type: VOTER last_known_addr { host: "127.0.107.194" port: 37793 } } peers { permanent_uuid: "f9679f5fa25a435c8d95df7ff2cc4c4b" member_type: VOTER last_known_addr { host: "127.0.107.195" port: 46311 } }
I20260713 09:00:52.680370  1725 raft_consensus.cc:385] T f94a677af79140f7b35ed59db125febd P 3e7427405d5843b2a4b89cdf82854e41 [term 0 FOLLOWER]: Consensus starting up: Expiring failure detector timer to make a prompt election more likely
I20260713 09:00:52.680698  1725 raft_consensus.cc:740] T f94a677af79140f7b35ed59db125febd P 3e7427405d5843b2a4b89cdf82854e41 [term 0 FOLLOWER]: Becoming Follower/Learner. State: Replica: 3e7427405d5843b2a4b89cdf82854e41, State: Initialized, Role: FOLLOWER
I20260713 09:00:52.681609  1725 consensus_queue.cc:260] T f94a677af79140f7b35ed59db125febd P 3e7427405d5843b2a4b89cdf82854e41 [NON_LEADER]: Queue going to NON_LEADER mode. State: All replicated index: 0, Majority replicated index: 0, Committed index: 0, Last appended: 0.0, Last appended by leader: 0, Current term: 0, Majority size: -1, State: 0, Mode: NON_LEADER, active raft config: opid_index: -1 OBSOLETE_local: false peers { permanent_uuid: "3e7427405d5843b2a4b89cdf82854e41" member_type: VOTER last_known_addr { host: "127.0.107.193" port: 35185 } } peers { permanent_uuid: "b00eb0dc4c4d49849f9124a5d6381487" member_type: VOTER last_known_addr { host: "127.0.107.194" port: 37793 } } peers { permanent_uuid: "f9679f5fa25a435c8d95df7ff2cc4c4b" member_type: VOTER last_known_addr { host: "127.0.107.195" port: 46311 } }
I20260713 09:00:52.686200  1725 ts_tablet_manager.cc:1434] T f94a677af79140f7b35ed59db125febd P 3e7427405d5843b2a4b89cdf82854e41: Time spent starting tablet: real 0.030s	user 0.009s	sys 0.000s
I20260713 09:00:52.686692  1724 ts_tablet_manager.cc:1434] T 237334bad1094111ae1d4d76dfd50a6c P b00eb0dc4c4d49849f9124a5d6381487: Time spent starting tablet: real 0.062s	user 0.013s	sys 0.005s
I20260713 09:00:52.687672  1724 tablet_bootstrap.cc:492] T fed2caff1b714f898aae56a60e2dcfc0 P b00eb0dc4c4d49849f9124a5d6381487: Bootstrap starting.
I20260713 09:00:52.689419  1804 raft_consensus.cc:493] T 1ed5c2e5e7df484aa703ffca30f2b147 P 3e7427405d5843b2a4b89cdf82854e41 [term 0 FOLLOWER]: Starting pre-election (no leader contacted us within the election timeout)
I20260713 09:00:52.689908  1804 raft_consensus.cc:515] T 1ed5c2e5e7df484aa703ffca30f2b147 P 3e7427405d5843b2a4b89cdf82854e41 [term 0 FOLLOWER]: Starting pre-election with config: opid_index: -1 OBSOLETE_local: false peers { permanent_uuid: "3e7427405d5843b2a4b89cdf82854e41" member_type: VOTER last_known_addr { host: "127.0.107.193" port: 35185 } } peers { permanent_uuid: "b00eb0dc4c4d49849f9124a5d6381487" member_type: VOTER last_known_addr { host: "127.0.107.194" port: 37793 } } peers { permanent_uuid: "f9679f5fa25a435c8d95df7ff2cc4c4b" member_type: VOTER last_known_addr { host: "127.0.107.195" port: 46311 } }
I20260713 09:00:52.694154  1683 tablet_service.cc:1917] Received RequestConsensusVote() RPC: tablet_id: "1ed5c2e5e7df484aa703ffca30f2b147" candidate_uuid: "3e7427405d5843b2a4b89cdf82854e41" candidate_term: 1 candidate_status { last_received { term: 0 index: 0 } } ignore_live_leader: false dest_uuid: "f9679f5fa25a435c8d95df7ff2cc4c4b" is_pre_election: true
W20260713 09:00:52.695581  1498 leader_election.cc:343] T 1ed5c2e5e7df484aa703ffca30f2b147 P 3e7427405d5843b2a4b89cdf82854e41 [CANDIDATE]: Term 1 pre-election: Tablet error from VoteRequest() call to peer f9679f5fa25a435c8d95df7ff2cc4c4b (127.0.107.195:46311): Illegal state: must be running to vote when last-logged opid is not known
I20260713 09:00:52.696125  1804 leader_election.cc:290] T 1ed5c2e5e7df484aa703ffca30f2b147 P 3e7427405d5843b2a4b89cdf82854e41 [CANDIDATE]: Term 1 pre-election: Requested pre-vote from peers b00eb0dc4c4d49849f9124a5d6381487 (127.0.107.194:37793), f9679f5fa25a435c8d95df7ff2cc4c4b (127.0.107.195:46311)
I20260713 09:00:52.697633  1725 tablet_bootstrap.cc:492] T 237334bad1094111ae1d4d76dfd50a6c P 3e7427405d5843b2a4b89cdf82854e41: Bootstrap starting.
I20260713 09:00:52.704126  1725 tablet_bootstrap.cc:654] T 237334bad1094111ae1d4d76dfd50a6c P 3e7427405d5843b2a4b89cdf82854e41: Neither blocks nor log segments found. Creating new log.
I20260713 09:00:52.704249  1846 consensus_queue.cc:1048] T 692037aeca854168b43a14b29a081de6 P f9679f5fa25a435c8d95df7ff2cc4c4b [LEADER]: Connected to new peer: Peer: permanent_uuid: "3e7427405d5843b2a4b89cdf82854e41" member_type: VOTER last_known_addr { host: "127.0.107.193" port: 35185 }, Status: LMP_MISMATCH, Last received: 0.0, Next index: 1, Last known committed idx: 0, Time since last communication: 0.000s
W20260713 09:00:52.713847  1573 outbound_call.cc:321] RPC callback for RPC call kudu.consensus.ConsensusService.UpdateConsensus -> {remote=127.0.107.195:46311, user_credentials={real_user=slave}} blocked reactor thread for 74215.9us
I20260713 09:00:52.715097  1723 tablet_bootstrap.cc:492] T 1ed5c2e5e7df484aa703ffca30f2b147 P f9679f5fa25a435c8d95df7ff2cc4c4b: No bootstrap required, opened a new log
I20260713 09:00:52.715641  1723 ts_tablet_manager.cc:1403] T 1ed5c2e5e7df484aa703ffca30f2b147 P f9679f5fa25a435c8d95df7ff2cc4c4b: Time spent bootstrapping tablet: real 0.108s	user 0.015s	sys 0.011s
I20260713 09:00:52.717182  1605 tablet_service.cc:1917] Received RequestConsensusVote() RPC: tablet_id: "1ed5c2e5e7df484aa703ffca30f2b147" candidate_uuid: "3e7427405d5843b2a4b89cdf82854e41" candidate_term: 1 candidate_status { last_received { term: 0 index: 0 } } ignore_live_leader: false dest_uuid: "b00eb0dc4c4d49849f9124a5d6381487" is_pre_election: true
I20260713 09:00:52.718254  1724 tablet_bootstrap.cc:654] T fed2caff1b714f898aae56a60e2dcfc0 P b00eb0dc4c4d49849f9124a5d6381487: Neither blocks nor log segments found. Creating new log.
I20260713 09:00:52.718531  1723 raft_consensus.cc:359] T 1ed5c2e5e7df484aa703ffca30f2b147 P f9679f5fa25a435c8d95df7ff2cc4c4b [term 0 FOLLOWER]: Replica starting. Triggering 0 pending ops. Active config: opid_index: -1 OBSOLETE_local: false peers { permanent_uuid: "3e7427405d5843b2a4b89cdf82854e41" member_type: VOTER last_known_addr { host: "127.0.107.193" port: 35185 } } peers { permanent_uuid: "b00eb0dc4c4d49849f9124a5d6381487" member_type: VOTER last_known_addr { host: "127.0.107.194" port: 37793 } } peers { permanent_uuid: "f9679f5fa25a435c8d95df7ff2cc4c4b" member_type: VOTER last_known_addr { host: "127.0.107.195" port: 46311 } }
I20260713 09:00:52.719183  1723 raft_consensus.cc:385] T 1ed5c2e5e7df484aa703ffca30f2b147 P f9679f5fa25a435c8d95df7ff2cc4c4b [term 0 FOLLOWER]: Consensus starting up: Expiring failure detector timer to make a prompt election more likely
I20260713 09:00:52.719452  1723 raft_consensus.cc:740] T 1ed5c2e5e7df484aa703ffca30f2b147 P f9679f5fa25a435c8d95df7ff2cc4c4b [term 0 FOLLOWER]: Becoming Follower/Learner. State: Replica: f9679f5fa25a435c8d95df7ff2cc4c4b, State: Initialized, Role: FOLLOWER
W20260713 09:00:52.720991  1500 leader_election.cc:343] T 1ed5c2e5e7df484aa703ffca30f2b147 P 3e7427405d5843b2a4b89cdf82854e41 [CANDIDATE]: Term 1 pre-election: Tablet error from VoteRequest() call to peer b00eb0dc4c4d49849f9124a5d6381487 (127.0.107.194:37793): Illegal state: must be running to vote when last-logged opid is not known
I20260713 09:00:52.721446  1500 leader_election.cc:304] T 1ed5c2e5e7df484aa703ffca30f2b147 P 3e7427405d5843b2a4b89cdf82854e41 [CANDIDATE]: Term 1 pre-election: Election decided. Result: candidate lost. Election summary: received 3 responses out of 3 voters: 1 yes votes; 2 no votes. yes voters: 3e7427405d5843b2a4b89cdf82854e41; no voters: b00eb0dc4c4d49849f9124a5d6381487, f9679f5fa25a435c8d95df7ff2cc4c4b
I20260713 09:00:52.722965  1822 raft_consensus.cc:2749] T 1ed5c2e5e7df484aa703ffca30f2b147 P 3e7427405d5843b2a4b89cdf82854e41 [term 0 FOLLOWER]: Leader pre-election lost for term 1. Reason: could not achieve majority
I20260713 09:00:52.739043  1723 consensus_queue.cc:260] T 1ed5c2e5e7df484aa703ffca30f2b147 P f9679f5fa25a435c8d95df7ff2cc4c4b [NON_LEADER]: Queue going to NON_LEADER mode. State: All replicated index: 0, Majority replicated index: 0, Committed index: 0, Last appended: 0.0, Last appended by leader: 0, Current term: 0, Majority size: -1, State: 0, Mode: NON_LEADER, active raft config: opid_index: -1 OBSOLETE_local: false peers { permanent_uuid: "3e7427405d5843b2a4b89cdf82854e41" member_type: VOTER last_known_addr { host: "127.0.107.193" port: 35185 } } peers { permanent_uuid: "b00eb0dc4c4d49849f9124a5d6381487" member_type: VOTER last_known_addr { host: "127.0.107.194" port: 37793 } } peers { permanent_uuid: "f9679f5fa25a435c8d95df7ff2cc4c4b" member_type: VOTER last_known_addr { host: "127.0.107.195" port: 46311 } }
I20260713 09:00:52.740515  1723 ts_tablet_manager.cc:1434] T 1ed5c2e5e7df484aa703ffca30f2b147 P f9679f5fa25a435c8d95df7ff2cc4c4b: Time spent starting tablet: real 0.025s	user 0.011s	sys 0.010s
I20260713 09:00:52.741465  1723 tablet_bootstrap.cc:492] T 99e2eac4b6634cc69a1c1f66fbb32020 P f9679f5fa25a435c8d95df7ff2cc4c4b: Bootstrap starting.
I20260713 09:00:52.785776  1846 consensus_queue.cc:1048] T 63831e8cafb44cbeb3f8a10e54e86c15 P f9679f5fa25a435c8d95df7ff2cc4c4b [LEADER]: Connected to new peer: Peer: permanent_uuid: "b00eb0dc4c4d49849f9124a5d6381487" member_type: VOTER last_known_addr { host: "127.0.107.194" port: 37793 }, Status: LMP_MISMATCH, Last received: 0.0, Next index: 1, Last known committed idx: 0, Time since last communication: 0.002s
I20260713 09:00:52.795917  1723 tablet_bootstrap.cc:654] T 99e2eac4b6634cc69a1c1f66fbb32020 P f9679f5fa25a435c8d95df7ff2cc4c4b: Neither blocks nor log segments found. Creating new log.
I20260713 09:00:52.798889  1724 tablet_bootstrap.cc:492] T fed2caff1b714f898aae56a60e2dcfc0 P b00eb0dc4c4d49849f9124a5d6381487: No bootstrap required, opened a new log
I20260713 09:00:52.799752  1724 ts_tablet_manager.cc:1403] T fed2caff1b714f898aae56a60e2dcfc0 P b00eb0dc4c4d49849f9124a5d6381487: Time spent bootstrapping tablet: real 0.112s	user 0.010s	sys 0.016s
I20260713 09:00:52.812558  1679 raft_consensus.cc:1275] T 8e55aeaa19ce46bfb6fe2e68a300e437 P f9679f5fa25a435c8d95df7ff2cc4c4b [term 2 FOLLOWER]: Refusing update from remote peer 3e7427405d5843b2a4b89cdf82854e41: Log matching property violated. Preceding OpId in replica: term: 1 index: 1. Preceding OpId from leader: term: 2 index: 2. (index mismatch)
I20260713 09:00:52.812713  1724 raft_consensus.cc:359] T fed2caff1b714f898aae56a60e2dcfc0 P b00eb0dc4c4d49849f9124a5d6381487 [term 0 FOLLOWER]: Replica starting. Triggering 0 pending ops. Active config: opid_index: -1 OBSOLETE_local: false peers { permanent_uuid: "3e7427405d5843b2a4b89cdf82854e41" member_type: VOTER last_known_addr { host: "127.0.107.193" port: 35185 } } peers { permanent_uuid: "b00eb0dc4c4d49849f9124a5d6381487" member_type: VOTER last_known_addr { host: "127.0.107.194" port: 37793 } } peers { permanent_uuid: "f9679f5fa25a435c8d95df7ff2cc4c4b" member_type: VOTER last_known_addr { host: "127.0.107.195" port: 46311 } }
I20260713 09:00:52.814575  1724 raft_consensus.cc:385] T fed2caff1b714f898aae56a60e2dcfc0 P b00eb0dc4c4d49849f9124a5d6381487 [term 0 FOLLOWER]: Consensus starting up: Expiring failure detector timer to make a prompt election more likely
I20260713 09:00:52.814915  1724 raft_consensus.cc:740] T fed2caff1b714f898aae56a60e2dcfc0 P b00eb0dc4c4d49849f9124a5d6381487 [term 0 FOLLOWER]: Becoming Follower/Learner. State: Replica: b00eb0dc4c4d49849f9124a5d6381487, State: Initialized, Role: FOLLOWER
I20260713 09:00:52.819054  1822 consensus_queue.cc:1048] T 8e55aeaa19ce46bfb6fe2e68a300e437 P 3e7427405d5843b2a4b89cdf82854e41 [LEADER]: Connected to new peer: Peer: permanent_uuid: "f9679f5fa25a435c8d95df7ff2cc4c4b" member_type: VOTER last_known_addr { host: "127.0.107.195" port: 46311 }, Status: LMP_MISMATCH, Last received: 0.0, Next index: 2, Last known committed idx: 1, Time since last communication: 0.001s
I20260713 09:00:52.825261  1534 raft_consensus.cc:1275] T ad110fbf45474dda9005fbf28d154a38 P 3e7427405d5843b2a4b89cdf82854e41 [term 2 FOLLOWER]: Refusing update from remote peer b00eb0dc4c4d49849f9124a5d6381487: Log matching property violated. Preceding OpId in replica: term: 1 index: 1. Preceding OpId from leader: term: 2 index: 1. (term mismatch)
I20260713 09:00:52.825680  1534 pending_rounds.cc:85] T ad110fbf45474dda9005fbf28d154a38 P 3e7427405d5843b2a4b89cdf82854e41: Aborting all ops after (but not including) 0
I20260713 09:00:52.825994  1534 pending_rounds.cc:107] T ad110fbf45474dda9005fbf28d154a38 P 3e7427405d5843b2a4b89cdf82854e41: Aborting uncommitted NO_OP operation due to leader change: 1.1
I20260713 09:00:52.826325  1534 raft_consensus.cc:2889] T ad110fbf45474dda9005fbf28d154a38 P 3e7427405d5843b2a4b89cdf82854e41 [term 2 FOLLOWER]: NO_OP replication failed: Aborted: Op aborted by new leader
