I20260713 09:00:53.555779  1682 raft_consensus.cc:2468] T c647f0bf733943e69ff8238136c41e8c P f9679f5fa25a435c8d95df7ff2cc4c4b [term 2 FOLLOWER]: Leader election vote request: Granting yes vote for candidate b00eb0dc4c4d49849f9124a5d6381487 in term 2.
I20260713 09:00:53.564831  1606 raft_consensus.cc:3060] T d6538993261b40039936960009cf2665 P b00eb0dc4c4d49849f9124a5d6381487 [term 0 FOLLOWER]: Advancing to term 1
I20260713 09:00:53.596300  1606 raft_consensus.cc:2468] T d6538993261b40039936960009cf2665 P b00eb0dc4c4d49849f9124a5d6381487 [term 1 FOLLOWER]: Leader election vote request: Granting yes vote for candidate f9679f5fa25a435c8d95df7ff2cc4c4b in term 1.
I20260713 09:00:53.599421  1883 raft_consensus.cc:2749] T 56cbc60902f74d27b4d38598d5a2eac3 P b00eb0dc4c4d49849f9124a5d6381487 [term 3 FOLLOWER]: Leader pre-election lost for term 2. Reason: Vote denied by peer f9679f5fa25a435c8d95df7ff2cc4c4b (127.0.107.195:46311) with higher term. Message: Invalid argument: T 56cbc60902f74d27b4d38598d5a2eac3 P f9679f5fa25a435c8d95df7ff2cc4c4b [term 3 FOLLOWER]: Leader pre-election vote request: Denying vote to candidate b00eb0dc4c4d49849f9124a5d6381487 for earlier term 2. Current term is 3.
I20260713 09:00:53.600971  1649 leader_election.cc:304] T d6538993261b40039936960009cf2665 P f9679f5fa25a435c8d95df7ff2cc4c4b [CANDIDATE]: Term 1 election: Election decided. Result: candidate won. Election summary: received 2 responses out of 3 voters: 2 yes votes; 0 no votes. yes voters: b00eb0dc4c4d49849f9124a5d6381487, f9679f5fa25a435c8d95df7ff2cc4c4b; no voters: 
I20260713 09:00:53.603511  1845 raft_consensus.cc:2804] T d6538993261b40039936960009cf2665 P f9679f5fa25a435c8d95df7ff2cc4c4b [term 1 FOLLOWER]: Leader election won for term 1
I20260713 09:00:53.603992  1845 raft_consensus.cc:697] T d6538993261b40039936960009cf2665 P f9679f5fa25a435c8d95df7ff2cc4c4b [term 1 LEADER]: Becoming Leader. State: Replica: f9679f5fa25a435c8d95df7ff2cc4c4b, State: Running, Role: LEADER
I20260713 09:00:53.604779  1845 consensus_queue.cc:237] T d6538993261b40039936960009cf2665 P f9679f5fa25a435c8d95df7ff2cc4c4b [LEADER]: Queue going to LEADER mode. State: All replicated index: 0, Majority replicated index: 0, Committed index: 0, Last appended: 0.0, Last appended by leader: 0, Current term: 1, Majority size: 2, State: 0, Mode: LEADER, active raft config: opid_index: -1 OBSOLETE_local: false peers { permanent_uuid: "3e7427405d5843b2a4b89cdf82854e41" member_type: VOTER last_known_addr { host: "127.0.107.193" port: 35185 } } peers { permanent_uuid: "b00eb0dc4c4d49849f9124a5d6381487" member_type: VOTER last_known_addr { host: "127.0.107.194" port: 37793 } } peers { permanent_uuid: "f9679f5fa25a435c8d95df7ff2cc4c4b" member_type: VOTER last_known_addr { host: "127.0.107.195" port: 46311 } }
I20260713 09:00:53.610888  1839 consensus_queue.cc:1048] T f94a677af79140f7b35ed59db125febd P 3e7427405d5843b2a4b89cdf82854e41 [LEADER]: Connected to new peer: Peer: permanent_uuid: "f9679f5fa25a435c8d95df7ff2cc4c4b" member_type: VOTER last_known_addr { host: "127.0.107.195" port: 46311 }, Status: LMP_MISMATCH, Last received: 0.0, Next index: 1, Last known committed idx: 0, Time since last communication: 0.000s
I20260713 09:00:53.616739  1534 raft_consensus.cc:2468] T d6538993261b40039936960009cf2665 P 3e7427405d5843b2a4b89cdf82854e41 [term 1 FOLLOWER]: Leader election vote request: Granting yes vote for candidate f9679f5fa25a435c8d95df7ff2cc4c4b in term 1.
I20260713 09:00:53.617554  1532 raft_consensus.cc:2468] T 56cbc60902f74d27b4d38598d5a2eac3 P 3e7427405d5843b2a4b89cdf82854e41 [term 3 FOLLOWER]: Leader election vote request: Granting yes vote for candidate f9679f5fa25a435c8d95df7ff2cc4c4b in term 3.
I20260713 09:00:53.620615  1648 leader_election.cc:304] T 56cbc60902f74d27b4d38598d5a2eac3 P f9679f5fa25a435c8d95df7ff2cc4c4b [CANDIDATE]: Term 3 election: Election decided. Result: candidate won. Election summary: received 3 responses out of 3 voters: 2 yes votes; 1 no votes. yes voters: 3e7427405d5843b2a4b89cdf82854e41, f9679f5fa25a435c8d95df7ff2cc4c4b; no voters: b00eb0dc4c4d49849f9124a5d6381487
I20260713 09:00:53.621438  1846 raft_consensus.cc:2804] T 56cbc60902f74d27b4d38598d5a2eac3 P f9679f5fa25a435c8d95df7ff2cc4c4b [term 3 FOLLOWER]: Leader election won for term 3
I20260713 09:00:53.621960  1573 leader_election.cc:304] T c647f0bf733943e69ff8238136c41e8c P b00eb0dc4c4d49849f9124a5d6381487 [CANDIDATE]: Term 2 election: Election decided. Result: candidate won. Election summary: received 3 responses out of 3 voters: 2 yes votes; 1 no votes. yes voters: b00eb0dc4c4d49849f9124a5d6381487, f9679f5fa25a435c8d95df7ff2cc4c4b; no voters: 3e7427405d5843b2a4b89cdf82854e41
I20260713 09:00:53.621966  1846 raft_consensus.cc:697] T 56cbc60902f74d27b4d38598d5a2eac3 P f9679f5fa25a435c8d95df7ff2cc4c4b [term 3 LEADER]: Becoming Leader. State: Replica: f9679f5fa25a435c8d95df7ff2cc4c4b, State: Running, Role: LEADER
I20260713 09:00:53.623039  1846 consensus_queue.cc:237] T 56cbc60902f74d27b4d38598d5a2eac3 P f9679f5fa25a435c8d95df7ff2cc4c4b [LEADER]: Queue going to LEADER mode. State: All replicated index: 0, Majority replicated index: 1, Committed index: 1, Last appended: 1.1, Last appended by leader: 1, Current term: 3, Majority size: 2, State: 0, Mode: LEADER, active raft config: opid_index: -1 OBSOLETE_local: false peers { permanent_uuid: "3e7427405d5843b2a4b89cdf82854e41" member_type: VOTER last_known_addr { host: "127.0.107.193" port: 35185 } } peers { permanent_uuid: "b00eb0dc4c4d49849f9124a5d6381487" member_type: VOTER last_known_addr { host: "127.0.107.194" port: 37793 } } peers { permanent_uuid: "f9679f5fa25a435c8d95df7ff2cc4c4b" member_type: VOTER last_known_addr { host: "127.0.107.195" port: 46311 } }
I20260713 09:00:53.623049  1884 raft_consensus.cc:2804] T c647f0bf733943e69ff8238136c41e8c P b00eb0dc4c4d49849f9124a5d6381487 [term 2 FOLLOWER]: Leader election won for term 2
I20260713 09:00:53.628043  1884 raft_consensus.cc:697] T c647f0bf733943e69ff8238136c41e8c P b00eb0dc4c4d49849f9124a5d6381487 [term 2 LEADER]: Becoming Leader. State: Replica: b00eb0dc4c4d49849f9124a5d6381487, State: Running, Role: LEADER
I20260713 09:00:53.629920  1884 consensus_queue.cc:237] T c647f0bf733943e69ff8238136c41e8c P b00eb0dc4c4d49849f9124a5d6381487 [LEADER]: Queue going to LEADER mode. State: All replicated index: 0, Majority replicated index: 1, Committed index: 1, Last appended: 1.1, Last appended by leader: 1, Current term: 2, Majority size: 2, State: 0, Mode: LEADER, active raft config: opid_index: -1 OBSOLETE_local: false peers { permanent_uuid: "3e7427405d5843b2a4b89cdf82854e41" member_type: VOTER last_known_addr { host: "127.0.107.193" port: 35185 } } peers { permanent_uuid: "b00eb0dc4c4d49849f9124a5d6381487" member_type: VOTER last_known_addr { host: "127.0.107.194" port: 37793 } } peers { permanent_uuid: "f9679f5fa25a435c8d95df7ff2cc4c4b" member_type: VOTER last_known_addr { host: "127.0.107.195" port: 46311 } }
I20260713 09:00:53.633363  1928 consensus_queue.cc:1048] T 237334bad1094111ae1d4d76dfd50a6c P b00eb0dc4c4d49849f9124a5d6381487 [LEADER]: Connected to new peer: Peer: permanent_uuid: "3e7427405d5843b2a4b89cdf82854e41" member_type: VOTER last_known_addr { host: "127.0.107.193" port: 35185 }, Status: LMP_MISMATCH, Last received: 0.0, Next index: 1, Last known committed idx: 0, Time since last communication: 0.001s
I20260713 09:00:53.647799  1429 catalog_manager.cc:5697] T d6538993261b40039936960009cf2665 P f9679f5fa25a435c8d95df7ff2cc4c4b reported cstate change: term changed from 0 to 1, leader changed from <none> to f9679f5fa25a435c8d95df7ff2cc4c4b (127.0.107.195). New cstate: current_term: 1 leader_uuid: "f9679f5fa25a435c8d95df7ff2cc4c4b" committed_config { opid_index: -1 OBSOLETE_local: false peers { permanent_uuid: "3e7427405d5843b2a4b89cdf82854e41" member_type: VOTER last_known_addr { host: "127.0.107.193" port: 35185 } health_report { overall_health: UNKNOWN } } peers { permanent_uuid: "b00eb0dc4c4d49849f9124a5d6381487" member_type: VOTER last_known_addr { host: "127.0.107.194" port: 37793 } health_report { overall_health: UNKNOWN } } peers { permanent_uuid: "f9679f5fa25a435c8d95df7ff2cc4c4b" member_type: VOTER last_known_addr { host: "127.0.107.195" port: 46311 } health_report { overall_health: HEALTHY } } }
I20260713 09:00:53.659155  1839 raft_consensus.cc:493] T fed2caff1b714f898aae56a60e2dcfc0 P 3e7427405d5843b2a4b89cdf82854e41 [term 0 FOLLOWER]: Starting pre-election (no leader contacted us within the election timeout)
I20260713 09:00:53.659631  1839 raft_consensus.cc:515] T fed2caff1b714f898aae56a60e2dcfc0 P 3e7427405d5843b2a4b89cdf82854e41 [term 0 FOLLOWER]: Starting pre-election with config: opid_index: -1 OBSOLETE_local: false peers { permanent_uuid: "3e7427405d5843b2a4b89cdf82854e41" member_type: VOTER last_known_addr { host: "127.0.107.193" port: 35185 } } peers { permanent_uuid: "b00eb0dc4c4d49849f9124a5d6381487" member_type: VOTER last_known_addr { host: "127.0.107.194" port: 37793 } } peers { permanent_uuid: "f9679f5fa25a435c8d95df7ff2cc4c4b" member_type: VOTER last_known_addr { host: "127.0.107.195" port: 46311 } }
I20260713 09:00:53.661713  1839 leader_election.cc:290] T fed2caff1b714f898aae56a60e2dcfc0 P 3e7427405d5843b2a4b89cdf82854e41 [CANDIDATE]: Term 1 pre-election: Requested pre-vote from peers b00eb0dc4c4d49849f9124a5d6381487 (127.0.107.194:37793), f9679f5fa25a435c8d95df7ff2cc4c4b (127.0.107.195:46311)
I20260713 09:00:53.663111  1683 tablet_service.cc:1917] Received RequestConsensusVote() RPC: tablet_id: "fed2caff1b714f898aae56a60e2dcfc0" candidate_uuid: "3e7427405d5843b2a4b89cdf82854e41" candidate_term: 1 candidate_status { last_received { term: 0 index: 0 } } ignore_live_leader: false dest_uuid: "f9679f5fa25a435c8d95df7ff2cc4c4b" is_pre_election: true
I20260713 09:00:53.663967  1683 raft_consensus.cc:2393] T fed2caff1b714f898aae56a60e2dcfc0 P f9679f5fa25a435c8d95df7ff2cc4c4b [term 1 FOLLOWER]: Leader pre-election vote request: Denying vote to candidate 3e7427405d5843b2a4b89cdf82854e41 in current term 1: Already voted for candidate f9679f5fa25a435c8d95df7ff2cc4c4b in this term.
I20260713 09:00:53.669834  1884 consensus_queue.cc:1048] T 237334bad1094111ae1d4d76dfd50a6c P b00eb0dc4c4d49849f9124a5d6381487 [LEADER]: Connected to new peer: Peer: permanent_uuid: "f9679f5fa25a435c8d95df7ff2cc4c4b" member_type: VOTER last_known_addr { host: "127.0.107.195" port: 46311 }, Status: LMP_MISMATCH, Last received: 0.0, Next index: 1, Last known committed idx: 0, Time since last communication: 0.000s
I20260713 09:00:53.672026  1606 tablet_service.cc:1917] Received RequestConsensusVote() RPC: tablet_id: "fed2caff1b714f898aae56a60e2dcfc0" candidate_uuid: "3e7427405d5843b2a4b89cdf82854e41" candidate_term: 1 candidate_status { last_received { term: 0 index: 0 } } ignore_live_leader: false dest_uuid: "b00eb0dc4c4d49849f9124a5d6381487" is_pre_election: true
I20260713 09:00:53.672794  1606 raft_consensus.cc:2393] T fed2caff1b714f898aae56a60e2dcfc0 P b00eb0dc4c4d49849f9124a5d6381487 [term 1 FOLLOWER]: Leader pre-election vote request: Denying vote to candidate 3e7427405d5843b2a4b89cdf82854e41 in current term 1: Already voted for candidate b00eb0dc4c4d49849f9124a5d6381487 in this term.
I20260713 09:00:53.674525  1500 leader_election.cc:304] T fed2caff1b714f898aae56a60e2dcfc0 P 3e7427405d5843b2a4b89cdf82854e41 [CANDIDATE]: Term 1 pre-election: Election decided. Result: candidate lost. Election summary: received 3 responses out of 3 voters: 1 yes votes; 2 no votes. yes voters: 3e7427405d5843b2a4b89cdf82854e41; no voters: b00eb0dc4c4d49849f9124a5d6381487, f9679f5fa25a435c8d95df7ff2cc4c4b
I20260713 09:00:53.677706  1839 raft_consensus.cc:3060] T fed2caff1b714f898aae56a60e2dcfc0 P 3e7427405d5843b2a4b89cdf82854e41 [term 0 FOLLOWER]: Advancing to term 1
I20260713 09:00:53.681879  1430 catalog_manager.cc:5697] T c647f0bf733943e69ff8238136c41e8c P b00eb0dc4c4d49849f9124a5d6381487 reported cstate change: term changed from 1 to 2, leader changed from f9679f5fa25a435c8d95df7ff2cc4c4b (127.0.107.195) to b00eb0dc4c4d49849f9124a5d6381487 (127.0.107.194). New cstate: current_term: 2 leader_uuid: "b00eb0dc4c4d49849f9124a5d6381487" committed_config { opid_index: -1 OBSOLETE_local: false peers { permanent_uuid: "3e7427405d5843b2a4b89cdf82854e41" member_type: VOTER last_known_addr { host: "127.0.107.193" port: 35185 } health_report { overall_health: UNKNOWN } } peers { permanent_uuid: "b00eb0dc4c4d49849f9124a5d6381487" member_type: VOTER last_known_addr { host: "127.0.107.194" port: 37793 } health_report { overall_health: HEALTHY } } peers { permanent_uuid: "f9679f5fa25a435c8d95df7ff2cc4c4b" member_type: VOTER last_known_addr { host: "127.0.107.195" port: 46311 } health_report { overall_health: UNKNOWN } } }
I20260713 09:00:53.697475  1845 consensus_queue.cc:1048] T 1ed5c2e5e7df484aa703ffca30f2b147 P f9679f5fa25a435c8d95df7ff2cc4c4b [LEADER]: Connected to new peer: Peer: permanent_uuid: "b00eb0dc4c4d49849f9124a5d6381487" member_type: VOTER last_known_addr { host: "127.0.107.194" port: 37793 }, Status: LMP_MISMATCH, Last received: 0.0, Next index: 1, Last known committed idx: 0, Time since last communication: 0.001s
I20260713 09:00:53.701167  1839 raft_consensus.cc:2749] T fed2caff1b714f898aae56a60e2dcfc0 P 3e7427405d5843b2a4b89cdf82854e41 [term 1 FOLLOWER]: Leader pre-election lost for term 1. Reason: could not achieve majority
I20260713 09:00:53.722185  1430 catalog_manager.cc:5697] T 56cbc60902f74d27b4d38598d5a2eac3 P f9679f5fa25a435c8d95df7ff2cc4c4b reported cstate change: term changed from 1 to 3. New cstate: current_term: 3 leader_uuid: "f9679f5fa25a435c8d95df7ff2cc4c4b" committed_config { opid_index: -1 OBSOLETE_local: false peers { permanent_uuid: "3e7427405d5843b2a4b89cdf82854e41" member_type: VOTER last_known_addr { host: "127.0.107.193" port: 35185 } health_report { overall_health: UNKNOWN } } peers { permanent_uuid: "b00eb0dc4c4d49849f9124a5d6381487" member_type: VOTER last_known_addr { host: "127.0.107.194" port: 37793 } health_report { overall_health: UNKNOWN } } peers { permanent_uuid: "f9679f5fa25a435c8d95df7ff2cc4c4b" member_type: VOTER last_known_addr { host: "127.0.107.195" port: 46311 } health_report { overall_health: HEALTHY } } }
I20260713 09:00:53.738085  1743 consensus_queue.cc:1048] T 1ed5c2e5e7df484aa703ffca30f2b147 P f9679f5fa25a435c8d95df7ff2cc4c4b [LEADER]: Connected to new peer: Peer: permanent_uuid: "3e7427405d5843b2a4b89cdf82854e41" member_type: VOTER last_known_addr { host: "127.0.107.193" port: 35185 }, Status: LMP_MISMATCH, Last received: 0.0, Next index: 1, Last known committed idx: 0, Time since last communication: 0.000s
I20260713 09:00:53.797863  1743 consensus_queue.cc:1048] T 99e2eac4b6634cc69a1c1f66fbb32020 P f9679f5fa25a435c8d95df7ff2cc4c4b [LEADER]: Connected to new peer: Peer: permanent_uuid: "b00eb0dc4c4d49849f9124a5d6381487" member_type: VOTER last_known_addr { host: "127.0.107.194" port: 37793 }, Status: LMP_MISMATCH, Last received: 0.0, Next index: 1, Last known committed idx: 0, Time since last communication: 0.000s
I20260713 09:00:53.798420  1606 raft_consensus.cc:1275] T 24ba211fd34a44e1bcc79d6611a8379a P b00eb0dc4c4d49849f9124a5d6381487 [term 3 FOLLOWER]: Refusing update from remote peer f9679f5fa25a435c8d95df7ff2cc4c4b: Log matching property violated. Preceding OpId in replica: term: 1 index: 1. Preceding OpId from leader: term: 3 index: 2. (index mismatch)
I20260713 09:00:53.800513  1743 consensus_queue.cc:1048] T 24ba211fd34a44e1bcc79d6611a8379a P f9679f5fa25a435c8d95df7ff2cc4c4b [LEADER]: Connected to new peer: Peer: permanent_uuid: "b00eb0dc4c4d49849f9124a5d6381487" member_type: VOTER last_known_addr { host: "127.0.107.194" port: 37793 }, Status: LMP_MISMATCH, Last received: 0.0, Next index: 2, Last known committed idx: 0, Time since last communication: 0.000s
I20260713 09:00:53.819877  1534 raft_consensus.cc:1275] T 24ba211fd34a44e1bcc79d6611a8379a P 3e7427405d5843b2a4b89cdf82854e41 [term 3 FOLLOWER]: Refusing update from remote peer f9679f5fa25a435c8d95df7ff2cc4c4b: Log matching property violated. Preceding OpId in replica: term: 0 index: 0. Preceding OpId from leader: term: 3 index: 2. (index mismatch)
I20260713 09:00:53.822929  1845 consensus_queue.cc:1048] T 24ba211fd34a44e1bcc79d6611a8379a P f9679f5fa25a435c8d95df7ff2cc4c4b [LEADER]: Connected to new peer: Peer: permanent_uuid: "3e7427405d5843b2a4b89cdf82854e41" member_type: VOTER last_known_addr { host: "127.0.107.193" port: 35185 }, Status: LMP_MISMATCH, Last received: 0.0, Next index: 2, Last known committed idx: 0, Time since last communication: 0.000s
I20260713 09:00:53.824222  1845 consensus_queue.cc:1048] T 99e2eac4b6634cc69a1c1f66fbb32020 P f9679f5fa25a435c8d95df7ff2cc4c4b [LEADER]: Connected to new peer: Peer: permanent_uuid: "3e7427405d5843b2a4b89cdf82854e41" member_type: VOTER last_known_addr { host: "127.0.107.193" port: 35185 }, Status: LMP_MISMATCH, Last received: 0.0, Next index: 1, Last known committed idx: 0, Time since last communication: 0.000s
I20260713 09:00:53.850509  1839 consensus_queue.cc:1048] T 52c2627b7b2c4095b88719e6e9edcdd6 P 3e7427405d5843b2a4b89cdf82854e41 [LEADER]: Connected to new peer: Peer: permanent_uuid: "b00eb0dc4c4d49849f9124a5d6381487" member_type: VOTER last_known_addr { host: "127.0.107.194" port: 37793 }, Status: LMP_MISMATCH, Last received: 0.0, Next index: 1, Last known committed idx: 0, Time since last communication: 0.000s
I20260713 09:00:53.877780  1771 consensus_queue.cc:1048] T 932600a982d04e3b97315c69c58f2032 P 3e7427405d5843b2a4b89cdf82854e41 [LEADER]: Connected to new peer: Peer: permanent_uuid: "b00eb0dc4c4d49849f9124a5d6381487" member_type: VOTER last_known_addr { host: "127.0.107.194" port: 37793 }, Status: LMP_MISMATCH, Last received: 0.0, Next index: 1, Last known committed idx: 0, Time since last communication: 0.000s
I20260713 09:00:53.898125  1771 consensus_queue.cc:1048] T 52c2627b7b2c4095b88719e6e9edcdd6 P 3e7427405d5843b2a4b89cdf82854e41 [LEADER]: Connected to new peer: Peer: permanent_uuid: "f9679f5fa25a435c8d95df7ff2cc4c4b" member_type: VOTER last_known_addr { host: "127.0.107.195" port: 46311 }, Status: LMP_MISMATCH, Last received: 0.0, Next index: 1, Last known committed idx: 0, Time since last communication: 0.000s
I20260713 09:00:53.915985  1822 consensus_queue.cc:1048] T 932600a982d04e3b97315c69c58f2032 P 3e7427405d5843b2a4b89cdf82854e41 [LEADER]: Connected to new peer: Peer: permanent_uuid: "f9679f5fa25a435c8d95df7ff2cc4c4b" member_type: VOTER last_known_addr { host: "127.0.107.195" port: 46311 }, Status: LMP_MISMATCH, Last received: 0.0, Next index: 1, Last known committed idx: 0, Time since last communication: 0.000s
W20260713 09:00:54.029549  1480 auto_rebalancer.cc:288] Could not retrieve cluster info: Service unavailable: Tablet not running
I20260713 09:00:54.075031  1846 consensus_queue.cc:1048] T d6538993261b40039936960009cf2665 P f9679f5fa25a435c8d95df7ff2cc4c4b [LEADER]: Connected to new peer: Peer: permanent_uuid: "3e7427405d5843b2a4b89cdf82854e41" member_type: VOTER last_known_addr { host: "127.0.107.193" port: 35185 }, Status: LMP_MISMATCH, Last received: 0.0, Next index: 1, Last known committed idx: 0, Time since last communication: 0.000s
I20260713 09:00:54.087775  1743 consensus_queue.cc:1048] T d6538993261b40039936960009cf2665 P f9679f5fa25a435c8d95df7ff2cc4c4b [LEADER]: Connected to new peer: Peer: permanent_uuid: "b00eb0dc4c4d49849f9124a5d6381487" member_type: VOTER last_known_addr { host: "127.0.107.194" port: 37793 }, Status: LMP_MISMATCH, Last received: 0.0, Next index: 1, Last known committed idx: 0, Time since last communication: 0.000s
I20260713 09:00:54.139047  1839 raft_consensus.cc:493] T c647f0bf733943e69ff8238136c41e8c P 3e7427405d5843b2a4b89cdf82854e41 [term 2 FOLLOWER]: Starting pre-election (no leader contacted us within the election timeout)
I20260713 09:00:54.139585  1839 raft_consensus.cc:515] T c647f0bf733943e69ff8238136c41e8c P 3e7427405d5843b2a4b89cdf82854e41 [term 2 FOLLOWER]: Starting pre-election with config: opid_index: -1 OBSOLETE_local: false peers { permanent_uuid: "3e7427405d5843b2a4b89cdf82854e41" member_type: VOTER last_known_addr { host: "127.0.107.193" port: 35185 } } peers { permanent_uuid: "b00eb0dc4c4d49849f9124a5d6381487" member_type: VOTER last_known_addr { host: "127.0.107.194" port: 37793 } } peers { permanent_uuid: "f9679f5fa25a435c8d95df7ff2cc4c4b" member_type: VOTER last_known_addr { host: "127.0.107.195" port: 46311 } }
I20260713 09:00:54.142385  1609 tablet_service.cc:1917] Received RequestConsensusVote() RPC: tablet_id: "c647f0bf733943e69ff8238136c41e8c" candidate_uuid: "3e7427405d5843b2a4b89cdf82854e41" candidate_term: 3 candidate_status { last_received { term: 1 index: 1 } } ignore_live_leader: false dest_uuid: "b00eb0dc4c4d49849f9124a5d6381487" is_pre_election: true
I20260713 09:00:54.143402  1678 tablet_service.cc:1917] Received RequestConsensusVote() RPC: tablet_id: "c647f0bf733943e69ff8238136c41e8c" candidate_uuid: "3e7427405d5843b2a4b89cdf82854e41" candidate_term: 3 candidate_status { last_received { term: 1 index: 1 } } ignore_live_leader: false dest_uuid: "f9679f5fa25a435c8d95df7ff2cc4c4b" is_pre_election: true
I20260713 09:00:54.144034  1678 raft_consensus.cc:2468] T c647f0bf733943e69ff8238136c41e8c P f9679f5fa25a435c8d95df7ff2cc4c4b [term 2 FOLLOWER]: Leader pre-election vote request: Granting yes vote for candidate 3e7427405d5843b2a4b89cdf82854e41 in term 2.
I20260713 09:00:54.144176  1839 leader_election.cc:290] T c647f0bf733943e69ff8238136c41e8c P 3e7427405d5843b2a4b89cdf82854e41 [CANDIDATE]: Term 3 pre-election: Requested pre-vote from peers b00eb0dc4c4d49849f9124a5d6381487 (127.0.107.194:37793), f9679f5fa25a435c8d95df7ff2cc4c4b (127.0.107.195:46311)
I20260713 09:00:54.145372  1498 leader_election.cc:304] T c647f0bf733943e69ff8238136c41e8c P 3e7427405d5843b2a4b89cdf82854e41 [CANDIDATE]: Term 3 pre-election: Election decided. Result: candidate won. Election summary: received 3 responses out of 3 voters: 2 yes votes; 1 no votes. yes voters: 3e7427405d5843b2a4b89cdf82854e41, f9679f5fa25a435c8d95df7ff2cc4c4b; no voters: b00eb0dc4c4d49849f9124a5d6381487
I20260713 09:00:54.146467  1839 raft_consensus.cc:2804] T c647f0bf733943e69ff8238136c41e8c P 3e7427405d5843b2a4b89cdf82854e41 [term 2 FOLLOWER]: Leader pre-election won for term 3
I20260713 09:00:54.146808  1839 raft_consensus.cc:493] T c647f0bf733943e69ff8238136c41e8c P 3e7427405d5843b2a4b89cdf82854e41 [term 2 FOLLOWER]: Starting leader election (no leader contacted us within the election timeout)
I20260713 09:00:54.147114  1839 raft_consensus.cc:3060] T c647f0bf733943e69ff8238136c41e8c P 3e7427405d5843b2a4b89cdf82854e41 [term 2 FOLLOWER]: Advancing to term 3
I20260713 09:00:54.154888  1839 raft_consensus.cc:515] T c647f0bf733943e69ff8238136c41e8c P 3e7427405d5843b2a4b89cdf82854e41 [term 3 FOLLOWER]: Starting leader election with config: opid_index: -1 OBSOLETE_local: false peers { permanent_uuid: "3e7427405d5843b2a4b89cdf82854e41" member_type: VOTER last_known_addr { host: "127.0.107.193" port: 35185 } } peers { permanent_uuid: "b00eb0dc4c4d49849f9124a5d6381487" member_type: VOTER last_known_addr { host: "127.0.107.194" port: 37793 } } peers { permanent_uuid: "f9679f5fa25a435c8d95df7ff2cc4c4b" member_type: VOTER last_known_addr { host: "127.0.107.195" port: 46311 } }
I20260713 09:00:54.157611  1609 tablet_service.cc:1917] Received RequestConsensusVote() RPC: tablet_id: "c647f0bf733943e69ff8238136c41e8c" candidate_uuid: "3e7427405d5843b2a4b89cdf82854e41" candidate_term: 3 candidate_status { last_received { term: 1 index: 1 } } ignore_live_leader: false dest_uuid: "b00eb0dc4c4d49849f9124a5d6381487"
I20260713 09:00:54.159193  1678 tablet_service.cc:1917] Received RequestConsensusVote() RPC: tablet_id: "c647f0bf733943e69ff8238136c41e8c" candidate_uuid: "3e7427405d5843b2a4b89cdf82854e41" candidate_term: 3 candidate_status { last_received { term: 1 index: 1 } } ignore_live_leader: false dest_uuid: "f9679f5fa25a435c8d95df7ff2cc4c4b"
I20260713 09:00:54.159767  1678 raft_consensus.cc:3060] T c647f0bf733943e69ff8238136c41e8c P f9679f5fa25a435c8d95df7ff2cc4c4b [term 2 FOLLOWER]: Advancing to term 3
I20260713 09:00:54.166889  1839 leader_election.cc:290] T c647f0bf733943e69ff8238136c41e8c P 3e7427405d5843b2a4b89cdf82854e41 [CANDIDATE]: Term 3 election: Requested vote from peers b00eb0dc4c4d49849f9124a5d6381487 (127.0.107.194:37793), f9679f5fa25a435c8d95df7ff2cc4c4b (127.0.107.195:46311)
I20260713 09:00:54.167768  1678 raft_consensus.cc:2468] T c647f0bf733943e69ff8238136c41e8c P f9679f5fa25a435c8d95df7ff2cc4c4b [term 3 FOLLOWER]: Leader election vote request: Granting yes vote for candidate 3e7427405d5843b2a4b89cdf82854e41 in term 3.
I20260713 09:00:54.168548  1683 raft_consensus.cc:1240] T c647f0bf733943e69ff8238136c41e8c P f9679f5fa25a435c8d95df7ff2cc4c4b [term 3 FOLLOWER]: Rejecting Update request from peer b00eb0dc4c4d49849f9124a5d6381487 for earlier term 2. Current term is 3. Ops: []
I20260713 09:00:54.171010  1928 consensus_queue.cc:1059] T c647f0bf733943e69ff8238136c41e8c P b00eb0dc4c4d49849f9124a5d6381487 [LEADER]: Peer responded invalid term: Peer: permanent_uuid: "f9679f5fa25a435c8d95df7ff2cc4c4b" member_type: VOTER last_known_addr { host: "127.0.107.195" port: 46311 }, Status: INVALID_TERM, Last received: 0.0, Next index: 2, Last known committed idx: 1, Time since last communication: 0.000s
I20260713 09:00:54.171774  1928 raft_consensus.cc:3055] T c647f0bf733943e69ff8238136c41e8c P b00eb0dc4c4d49849f9124a5d6381487 [term 2 LEADER]: Stepping down as leader of term 2
I20260713 09:00:54.172065  1928 raft_consensus.cc:740] T c647f0bf733943e69ff8238136c41e8c P b00eb0dc4c4d49849f9124a5d6381487 [term 2 LEADER]: Becoming Follower/Learner. State: Replica: b00eb0dc4c4d49849f9124a5d6381487, State: Running, Role: LEADER
I20260713 09:00:54.172813  1928 consensus_queue.cc:260] T c647f0bf733943e69ff8238136c41e8c P b00eb0dc4c4d49849f9124a5d6381487 [NON_LEADER]: Queue going to NON_LEADER mode. State: All replicated index: 0, Majority replicated index: 1, Committed index: 1, Last appended: 2.2, Last appended by leader: 2, Current term: 2, Majority size: -1, State: 0, Mode: NON_LEADER, active raft config: opid_index: -1 OBSOLETE_local: false peers { permanent_uuid: "3e7427405d5843b2a4b89cdf82854e41" member_type: VOTER last_known_addr { host: "127.0.107.193" port: 35185 } } peers { permanent_uuid: "b00eb0dc4c4d49849f9124a5d6381487" member_type: VOTER last_known_addr { host: "127.0.107.194" port: 37793 } } peers { permanent_uuid: "f9679f5fa25a435c8d95df7ff2cc4c4b" member_type: VOTER last_known_addr { host: "127.0.107.195" port: 46311 } }
I20260713 09:00:54.173935  1928 raft_consensus.cc:3060] T c647f0bf733943e69ff8238136c41e8c P b00eb0dc4c4d49849f9124a5d6381487 [term 2 FOLLOWER]: Advancing to term 3
I20260713 09:00:54.178192  1498 leader_election.cc:304] T c647f0bf733943e69ff8238136c41e8c P 3e7427405d5843b2a4b89cdf82854e41 [CANDIDATE]: Term 3 election: Election decided. Result: candidate won. Election summary: received 3 responses out of 3 voters: 2 yes votes; 1 no votes. yes voters: 3e7427405d5843b2a4b89cdf82854e41, f9679f5fa25a435c8d95df7ff2cc4c4b; no voters: b00eb0dc4c4d49849f9124a5d6381487
I20260713 09:00:54.179296  1839 raft_consensus.cc:2804] T c647f0bf733943e69ff8238136c41e8c P 3e7427405d5843b2a4b89cdf82854e41 [term 3 FOLLOWER]: Leader election won for term 3
I20260713 09:00:54.179817  1839 raft_consensus.cc:697] T c647f0bf733943e69ff8238136c41e8c P 3e7427405d5843b2a4b89cdf82854e41 [term 3 LEADER]: Becoming Leader. State: Replica: 3e7427405d5843b2a4b89cdf82854e41, State: Running, Role: LEADER
I20260713 09:00:54.180727  1839 consensus_queue.cc:237] T c647f0bf733943e69ff8238136c41e8c P 3e7427405d5843b2a4b89cdf82854e41 [LEADER]: Queue going to LEADER mode. State: All replicated index: 0, Majority replicated index: 1, Committed index: 1, Last appended: 1.1, Last appended by leader: 1, Current term: 3, Majority size: 2, State: 0, Mode: LEADER, active raft config: opid_index: -1 OBSOLETE_local: false peers { permanent_uuid: "3e7427405d5843b2a4b89cdf82854e41" member_type: VOTER last_known_addr { host: "127.0.107.193" port: 35185 } } peers { permanent_uuid: "b00eb0dc4c4d49849f9124a5d6381487" member_type: VOTER last_known_addr { host: "127.0.107.194" port: 37793 } } peers { permanent_uuid: "f9679f5fa25a435c8d95df7ff2cc4c4b" member_type: VOTER last_known_addr { host: "127.0.107.195" port: 46311 } }
I20260713 09:00:54.193668  1429 catalog_manager.cc:5697] T c647f0bf733943e69ff8238136c41e8c P 3e7427405d5843b2a4b89cdf82854e41 reported cstate change: term changed from 2 to 3, leader changed from b00eb0dc4c4d49849f9124a5d6381487 (127.0.107.194) to 3e7427405d5843b2a4b89cdf82854e41 (127.0.107.193). New cstate: current_term: 3 leader_uuid: "3e7427405d5843b2a4b89cdf82854e41" committed_config { opid_index: -1 OBSOLETE_local: false peers { permanent_uuid: "3e7427405d5843b2a4b89cdf82854e41" member_type: VOTER last_known_addr { host: "127.0.107.193" port: 35185 } health_report { overall_health: HEALTHY } } peers { permanent_uuid: "b00eb0dc4c4d49849f9124a5d6381487" member_type: VOTER last_known_addr { host: "127.0.107.194" port: 37793 } health_report { overall_health: UNKNOWN } } peers { permanent_uuid: "f9679f5fa25a435c8d95df7ff2cc4c4b" member_type: VOTER last_known_addr { host: "127.0.107.195" port: 46311 } health_report { overall_health: UNKNOWN } } }
I20260713 09:00:54.224328  1532 raft_consensus.cc:1275] T 56cbc60902f74d27b4d38598d5a2eac3 P 3e7427405d5843b2a4b89cdf82854e41 [term 3 FOLLOWER]: Refusing update from remote peer f9679f5fa25a435c8d95df7ff2cc4c4b: Log matching property violated. Preceding OpId in replica: term: 0 index: 0. Preceding OpId from leader: term: 3 index: 2. (index mismatch)
I20260713 09:00:54.225777  1743 consensus_queue.cc:1048] T 56cbc60902f74d27b4d38598d5a2eac3 P f9679f5fa25a435c8d95df7ff2cc4c4b [LEADER]: Connected to new peer: Peer: permanent_uuid: "3e7427405d5843b2a4b89cdf82854e41" member_type: VOTER last_known_addr { host: "127.0.107.193" port: 35185 }, Status: LMP_MISMATCH, Last received: 0.0, Next index: 2, Last known committed idx: 0, Time since last communication: 0.000s
I20260713 09:00:54.240794  1609 raft_consensus.cc:1275] T 56cbc60902f74d27b4d38598d5a2eac3 P b00eb0dc4c4d49849f9124a5d6381487 [term 3 FOLLOWER]: Refusing update from remote peer f9679f5fa25a435c8d95df7ff2cc4c4b: Log matching property violated. Preceding OpId in replica: term: 1 index: 1. Preceding OpId from leader: term: 3 index: 2. (index mismatch)
I20260713 09:00:54.242331  1845 consensus_queue.cc:1048] T 56cbc60902f74d27b4d38598d5a2eac3 P f9679f5fa25a435c8d95df7ff2cc4c4b [LEADER]: Connected to new peer: Peer: permanent_uuid: "b00eb0dc4c4d49849f9124a5d6381487" member_type: VOTER last_known_addr { host: "127.0.107.194" port: 37793 }, Status: LMP_MISMATCH, Last received: 0.0, Next index: 2, Last known committed idx: 1, Time since last communication: 0.000s
I20260713 09:00:54.563450  1678 raft_consensus.cc:1275] T c647f0bf733943e69ff8238136c41e8c P f9679f5fa25a435c8d95df7ff2cc4c4b [term 3 FOLLOWER]: Refusing update from remote peer 3e7427405d5843b2a4b89cdf82854e41: Log matching property violated. Preceding OpId in replica: term: 1 index: 1. Preceding OpId from leader: term: 3 index: 2. (index mismatch)
I20260713 09:00:54.564788  1839 consensus_queue.cc:1048] T c647f0bf733943e69ff8238136c41e8c P 3e7427405d5843b2a4b89cdf82854e41 [LEADER]: Connected to new peer: Peer: permanent_uuid: "f9679f5fa25a435c8d95df7ff2cc4c4b" member_type: VOTER last_known_addr { host: "127.0.107.195" port: 46311 }, Status: LMP_MISMATCH, Last received: 0.0, Next index: 2, Last known committed idx: 1, Time since last communication: 0.000s
I20260713 09:00:54.585368  1606 raft_consensus.cc:1275] T c647f0bf733943e69ff8238136c41e8c P b00eb0dc4c4d49849f9124a5d6381487 [term 3 FOLLOWER]: Refusing update from remote peer 3e7427405d5843b2a4b89cdf82854e41: Log matching property violated. Preceding OpId in replica: term: 2 index: 2. Preceding OpId from leader: term: 3 index: 2. (term mismatch)
I20260713 09:00:54.585813  1606 pending_rounds.cc:85] T c647f0bf733943e69ff8238136c41e8c P b00eb0dc4c4d49849f9124a5d6381487: Aborting all ops after (but not including) 1
I20260713 09:00:54.586076  1606 pending_rounds.cc:107] T c647f0bf733943e69ff8238136c41e8c P b00eb0dc4c4d49849f9124a5d6381487: Aborting uncommitted NO_OP operation due to leader change: 2.2
I20260713 09:00:54.586330  1606 raft_consensus.cc:2889] T c647f0bf733943e69ff8238136c41e8c P b00eb0dc4c4d49849f9124a5d6381487 [term 3 FOLLOWER]: NO_OP replication failed: Aborted: Op aborted by new leader
I20260713 09:00:54.592664  1771 consensus_queue.cc:1048] T c647f0bf733943e69ff8238136c41e8c P 3e7427405d5843b2a4b89cdf82854e41 [LEADER]: Connected to new peer: Peer: permanent_uuid: "b00eb0dc4c4d49849f9124a5d6381487" member_type: VOTER last_known_addr { host: "127.0.107.194" port: 37793 }, Status: LMP_MISMATCH, Last received: 0.0, Next index: 2, Last known committed idx: 1, Time since last communication: 0.000s
I20260713 09:00:54.789647  1883 raft_consensus.cc:493] T fed2caff1b714f898aae56a60e2dcfc0 P b00eb0dc4c4d49849f9124a5d6381487 [term 1 FOLLOWER]: Starting pre-election (no leader contacted us within the election timeout)
I20260713 09:00:54.790155  1883 raft_consensus.cc:515] T fed2caff1b714f898aae56a60e2dcfc0 P b00eb0dc4c4d49849f9124a5d6381487 [term 1 FOLLOWER]: Starting pre-election with config: opid_index: -1 OBSOLETE_local: false peers { permanent_uuid: "3e7427405d5843b2a4b89cdf82854e41" member_type: VOTER last_known_addr { host: "127.0.107.193" port: 35185 } } peers { permanent_uuid: "b00eb0dc4c4d49849f9124a5d6381487" member_type: VOTER last_known_addr { host: "127.0.107.194" port: 37793 } } peers { permanent_uuid: "f9679f5fa25a435c8d95df7ff2cc4c4b" member_type: VOTER last_known_addr { host: "127.0.107.195" port: 46311 } }
I20260713 09:00:54.793759  1532 tablet_service.cc:1917] Received RequestConsensusVote() RPC: tablet_id: "fed2caff1b714f898aae56a60e2dcfc0" candidate_uuid: "b00eb0dc4c4d49849f9124a5d6381487" candidate_term: 2 candidate_status { last_received { term: 0 index: 0 } } ignore_live_leader: false dest_uuid: "3e7427405d5843b2a4b89cdf82854e41" is_pre_election: true
I20260713 09:00:54.794402  1532 raft_consensus.cc:2468] T fed2caff1b714f898aae56a60e2dcfc0 P 3e7427405d5843b2a4b89cdf82854e41 [term 1 FOLLOWER]: Leader pre-election vote request: Granting yes vote for candidate b00eb0dc4c4d49849f9124a5d6381487 in term 1.
I20260713 09:00:54.795590  1574 leader_election.cc:304] T fed2caff1b714f898aae56a60e2dcfc0 P b00eb0dc4c4d49849f9124a5d6381487 [CANDIDATE]: Term 2 pre-election: Election decided. Result: candidate won. Election summary: received 2 responses out of 3 voters: 2 yes votes; 0 no votes. yes voters: 3e7427405d5843b2a4b89cdf82854e41, b00eb0dc4c4d49849f9124a5d6381487; no voters: 
I20260713 09:00:54.795364  1883 leader_election.cc:290] T fed2caff1b714f898aae56a60e2dcfc0 P b00eb0dc4c4d49849f9124a5d6381487 [CANDIDATE]: Term 2 pre-election: Requested pre-vote from peers 3e7427405d5843b2a4b89cdf82854e41 (127.0.107.193:35185), f9679f5fa25a435c8d95df7ff2cc4c4b (127.0.107.195:46311)
I20260713 09:00:54.796432  1883 raft_consensus.cc:2804] T fed2caff1b714f898aae56a60e2dcfc0 P b00eb0dc4c4d49849f9124a5d6381487 [term 1 FOLLOWER]: Leader pre-election won for term 2
I20260713 09:00:54.797395  1883 raft_consensus.cc:493] T fed2caff1b714f898aae56a60e2dcfc0 P b00eb0dc4c4d49849f9124a5d6381487 [term 1 FOLLOWER]: Starting leader election (no leader contacted us within the election timeout)
I20260713 09:00:54.797889  1883 raft_consensus.cc:3060] T fed2caff1b714f898aae56a60e2dcfc0 P b00eb0dc4c4d49849f9124a5d6381487 [term 1 FOLLOWER]: Advancing to term 2
I20260713 09:00:54.797123  1678 tablet_service.cc:1917] Received RequestConsensusVote() RPC: tablet_id: "fed2caff1b714f898aae56a60e2dcfc0" candidate_uuid: "b00eb0dc4c4d49849f9124a5d6381487" candidate_term: 2 candidate_status { last_received { term: 0 index: 0 } } ignore_live_leader: false dest_uuid: "f9679f5fa25a435c8d95df7ff2cc4c4b" is_pre_election: true
I20260713 09:00:54.803294  1678 raft_consensus.cc:2468] T fed2caff1b714f898aae56a60e2dcfc0 P f9679f5fa25a435c8d95df7ff2cc4c4b [term 1 FOLLOWER]: Leader pre-election vote request: Granting yes vote for candidate b00eb0dc4c4d49849f9124a5d6381487 in term 1.
I20260713 09:00:54.809295  1883 raft_consensus.cc:515] T fed2caff1b714f898aae56a60e2dcfc0 P b00eb0dc4c4d49849f9124a5d6381487 [term 2 FOLLOWER]: Starting leader election with config: opid_index: -1 OBSOLETE_local: false peers { permanent_uuid: "3e7427405d5843b2a4b89cdf82854e41" member_type: VOTER last_known_addr { host: "127.0.107.193" port: 35185 } } peers { permanent_uuid: "b00eb0dc4c4d49849f9124a5d6381487" member_type: VOTER last_known_addr { host: "127.0.107.194" port: 37793 } } peers { permanent_uuid: "f9679f5fa25a435c8d95df7ff2cc4c4b" member_type: VOTER last_known_addr { host: "127.0.107.195" port: 46311 } }
I20260713 09:00:54.811470  1883 leader_election.cc:290] T fed2caff1b714f898aae56a60e2dcfc0 P b00eb0dc4c4d49849f9124a5d6381487 [CANDIDATE]: Term 2 election: Requested vote from peers 3e7427405d5843b2a4b89cdf82854e41 (127.0.107.193:35185), f9679f5fa25a435c8d95df7ff2cc4c4b (127.0.107.195:46311)
I20260713 09:00:54.812117  1532 tablet_service.cc:1917] Received RequestConsensusVote() RPC: tablet_id: "fed2caff1b714f898aae56a60e2dcfc0" candidate_uuid: "b00eb0dc4c4d49849f9124a5d6381487" candidate_term: 2 candidate_status { last_received { term: 0 index: 0 } } ignore_live_leader: false dest_uuid: "3e7427405d5843b2a4b89cdf82854e41"
I20260713 09:00:54.812667  1532 raft_consensus.cc:3060] T fed2caff1b714f898aae56a60e2dcfc0 P 3e7427405d5843b2a4b89cdf82854e41 [term 1 FOLLOWER]: Advancing to term 2
I20260713 09:00:54.813446  1678 tablet_service.cc:1917] Received RequestConsensusVote() RPC: tablet_id: "fed2caff1b714f898aae56a60e2dcfc0" candidate_uuid: "b00eb0dc4c4d49849f9124a5d6381487" candidate_term: 2 candidate_status { last_received { term: 0 index: 0 } } ignore_live_leader: false dest_uuid: "f9679f5fa25a435c8d95df7ff2cc4c4b"
I20260713 09:00:54.814220  1678 raft_consensus.cc:3060] T fed2caff1b714f898aae56a60e2dcfc0 P f9679f5fa25a435c8d95df7ff2cc4c4b [term 1 FOLLOWER]: Advancing to term 2
I20260713 09:00:54.821442  1532 raft_consensus.cc:2468] T fed2caff1b714f898aae56a60e2dcfc0 P 3e7427405d5843b2a4b89cdf82854e41 [term 2 FOLLOWER]: Leader election vote request: Granting yes vote for candidate b00eb0dc4c4d49849f9124a5d6381487 in term 2.
I20260713 09:00:54.824316  1574 leader_election.cc:304] T fed2caff1b714f898aae56a60e2dcfc0 P b00eb0dc4c4d49849f9124a5d6381487 [CANDIDATE]: Term 2 election: Election decided. Result: candidate won. Election summary: received 2 responses out of 3 voters: 2 yes votes; 0 no votes. yes voters: 3e7427405d5843b2a4b89cdf82854e41, b00eb0dc4c4d49849f9124a5d6381487; no voters: 
I20260713 09:00:54.825155  1883 raft_consensus.cc:2804] T fed2caff1b714f898aae56a60e2dcfc0 P b00eb0dc4c4d49849f9124a5d6381487 [term 2 FOLLOWER]: Leader election won for term 2
I20260713 09:00:54.825656  1883 raft_consensus.cc:697] T fed2caff1b714f898aae56a60e2dcfc0 P b00eb0dc4c4d49849f9124a5d6381487 [term 2 LEADER]: Becoming Leader. State: Replica: b00eb0dc4c4d49849f9124a5d6381487, State: Running, Role: LEADER
I20260713 09:00:54.827431  1883 consensus_queue.cc:237] T fed2caff1b714f898aae56a60e2dcfc0 P b00eb0dc4c4d49849f9124a5d6381487 [LEADER]: Queue going to LEADER mode. State: All replicated index: 0, Majority replicated index: 0, Committed index: 0, Last appended: 0.0, Last appended by leader: 0, Current term: 2, Majority size: 2, State: 0, Mode: LEADER, active raft config: opid_index: -1 OBSOLETE_local: false peers { permanent_uuid: "3e7427405d5843b2a4b89cdf82854e41" member_type: VOTER last_known_addr { host: "127.0.107.193" port: 35185 } } peers { permanent_uuid: "b00eb0dc4c4d49849f9124a5d6381487" member_type: VOTER last_known_addr { host: "127.0.107.194" port: 37793 } } peers { permanent_uuid: "f9679f5fa25a435c8d95df7ff2cc4c4b" member_type: VOTER last_known_addr { host: "127.0.107.195" port: 46311 } }
I20260713 09:00:54.831705  1678 raft_consensus.cc:2468] T fed2caff1b714f898aae56a60e2dcfc0 P f9679f5fa25a435c8d95df7ff2cc4c4b [term 2 FOLLOWER]: Leader election vote request: Granting yes vote for candidate b00eb0dc4c4d49849f9124a5d6381487 in term 2.
I20260713 09:00:54.840517  1429 catalog_manager.cc:5697] T fed2caff1b714f898aae56a60e2dcfc0 P b00eb0dc4c4d49849f9124a5d6381487 reported cstate change: term changed from 0 to 2, leader changed from <none> to b00eb0dc4c4d49849f9124a5d6381487 (127.0.107.194). New cstate: current_term: 2 leader_uuid: "b00eb0dc4c4d49849f9124a5d6381487" committed_config { opid_index: -1 OBSOLETE_local: false peers { permanent_uuid: "3e7427405d5843b2a4b89cdf82854e41" member_type: VOTER last_known_addr { host: "127.0.107.193" port: 35185 } health_report { overall_health: UNKNOWN } } peers { permanent_uuid: "b00eb0dc4c4d49849f9124a5d6381487" member_type: VOTER last_known_addr { host: "127.0.107.194" port: 37793 } health_report { overall_health: HEALTHY } } peers { permanent_uuid: "f9679f5fa25a435c8d95df7ff2cc4c4b" member_type: VOTER last_known_addr { host: "127.0.107.195" port: 46311 } health_report { overall_health: UNKNOWN } } }
I20260713 09:00:55.351541  1534 raft_consensus.cc:1275] T fed2caff1b714f898aae56a60e2dcfc0 P 3e7427405d5843b2a4b89cdf82854e41 [term 2 FOLLOWER]: Refusing update from remote peer b00eb0dc4c4d49849f9124a5d6381487: Log matching property violated. Preceding OpId in replica: term: 0 index: 0. Preceding OpId from leader: term: 2 index: 1. (index mismatch)
I20260713 09:00:55.353231  1883 consensus_queue.cc:1048] T fed2caff1b714f898aae56a60e2dcfc0 P b00eb0dc4c4d49849f9124a5d6381487 [LEADER]: Connected to new peer: Peer: permanent_uuid: "3e7427405d5843b2a4b89cdf82854e41" member_type: VOTER last_known_addr { host: "127.0.107.193" port: 35185 }, Status: LMP_MISMATCH, Last received: 0.0, Next index: 1, Last known committed idx: 0, Time since last communication: 0.000s
I20260713 09:00:55.373085  1678 raft_consensus.cc:1275] T fed2caff1b714f898aae56a60e2dcfc0 P f9679f5fa25a435c8d95df7ff2cc4c4b [term 2 FOLLOWER]: Refusing update from remote peer b00eb0dc4c4d49849f9124a5d6381487: Log matching property violated. Preceding OpId in replica: term: 0 index: 0. Preceding OpId from leader: term: 2 index: 1. (index mismatch)
I20260713 09:00:55.381560  1928 consensus_queue.cc:1048] T fed2caff1b714f898aae56a60e2dcfc0 P b00eb0dc4c4d49849f9124a5d6381487 [LEADER]: Connected to new peer: Peer: permanent_uuid: "f9679f5fa25a435c8d95df7ff2cc4c4b" member_type: VOTER last_known_addr { host: "127.0.107.195" port: 46311 }, Status: LMP_MISMATCH, Last received: 0.0, Next index: 1, Last known committed idx: 0, Time since last communication: 0.000s
I20260713 09:00:55.690743   431 file_cache.cc:504] Constructed file cache file cache with capacity 419430
W20260713 09:00:55.707746  1964 instance_detector.cc:116] could not retrieve AWS instance metadata: Network error: curl error: HTTP response code said error: The requested URL returned error: 404
W20260713 09:00:55.717260  1966 instance_detector.cc:116] could not retrieve Azure instance metadata: Network error: curl error: HTTP response code said error: The requested URL returned error: 404
I20260713 09:00:55.724712   431 server_base.cc:1061] running on GCE node
W20260713 09:00:55.726033  1968 instance_detector.cc:116] could not retrieve OpenStack instance metadata: Network error: curl error: HTTP response code said error: The requested URL returned error: 404
I20260713 09:00:55.727386   431 hybrid_clock.cc:584] initializing the hybrid clock with 'system_unsync' time source
W20260713 09:00:55.727694   431 system_unsync_time.cc:38] NTP support is disabled. Clock error bounds will not be accurate. This configuration is not suitable for distributed clusters.
I20260713 09:00:55.727944   431 hybrid_clock.cc:648] HybridClock initialized: now 1783933255727921 us; error 0 us; skew 500 ppm
I20260713 09:00:55.728718   431 server_base.cc:861] Flag tcmalloc_max_total_thread_cache_bytes is not working since tcmalloc is not enabled.
I20260713 09:00:55.739512   431 webserver.cc:533] Webserver started at http://127.0.107.196:40193/ using document root <none> and password file <none>
I20260713 09:00:55.740244   431 fs_manager.cc:362] Metadata directory not provided
I20260713 09:00:55.740516   431 fs_manager.cc:368] Using write-ahead log directory (fs_wal_dir) as metadata directory
I20260713 09:00:55.740950   431 server_base.cc:909] This appears to be a new deployment of Kudu; creating new FS layout
I20260713 09:00:55.742728   431 fs_manager.cc:1068] Generated new instance metadata in path /tmp/dist-test-task492MgB/test-tmp/auto_leader_rebalancer-test.0.LeaderRebalancerTest.AddTserver.1783933222415450-431-0/minicluster-data/ts-3-root/instance:
uuid: "9127149282c645f3884bf892fe1f542b"
format_stamp: "Formatted at 2026-07-13 09:00:55 on dist-test-slave-48sk"
I20260713 09:00:55.751605   431 fs_manager.cc:696] Time spent creating directory manager: real 0.008s	user 0.009s	sys 0.000s
I20260713 09:00:55.756522  1973 log_block_manager.cc:4127] Time spent loading block containers with low live blocks: real 0.000s	user 0.000s	sys 0.000s
I20260713 09:00:55.757620   431 fs_manager.cc:730] Time spent opening block manager: real 0.003s	user 0.003s	sys 0.000s
I20260713 09:00:55.758034   431 fs_manager.cc:647] Opened local filesystem: /tmp/dist-test-task492MgB/test-tmp/auto_leader_rebalancer-test.0.LeaderRebalancerTest.AddTserver.1783933222415450-431-0/minicluster-data/ts-3-root
uuid: "9127149282c645f3884bf892fe1f542b"
format_stamp: "Formatted at 2026-07-13 09:00:55 on dist-test-slave-48sk"
I20260713 09:00:55.758381   431 fs_report.cc:389] FS layout report
--------------------
wal directory: /tmp/dist-test-task492MgB/test-tmp/auto_leader_rebalancer-test.0.LeaderRebalancerTest.AddTserver.1783933222415450-431-0/minicluster-data/ts-3-root
metadata directory: /tmp/dist-test-task492MgB/test-tmp/auto_leader_rebalancer-test.0.LeaderRebalancerTest.AddTserver.1783933222415450-431-0/minicluster-data/ts-3-root
1 data directories: /tmp/dist-test-task492MgB/test-tmp/auto_leader_rebalancer-test.0.LeaderRebalancerTest.AddTserver.1783933222415450-431-0/minicluster-data/ts-3-root/data
Total live blocks: 0
Total live bytes: 0
Total live bytes (after alignment): 0
Total number of LBM containers: 0 (0 full)
Did not check for missing blocks
Did not check for orphaned blocks
Total full LBM containers with extra space: 0 (0 repaired)
Total full LBM container extra space in bytes: 0 (0 repaired)
Total incomplete LBM containers: 0 (0 repaired)
Total LBM partial records: 0 (0 repaired)
Total corrupted LBM metadata records in RocksDB: 0 (0 repaired)
I20260713 09:00:55.787844   431 rpc_server.cc:225] running with OpenSSL 1.1.1  11 Sep 2018
I20260713 09:00:55.789657   431 kserver.cc:163] Server-wide thread pool size limit: 3276
I20260713 09:00:55.794226   431 txn_system_client.cc:432] TxnSystemClient initialization is disabled...
I20260713 09:00:55.797585   431 ts_tablet_manager.cc:585] Loaded tablet metadata (0 total tablets, 0 live tablets)
I20260713 09:00:55.797928   431 ts_tablet_manager.cc:531] Time spent load tablet metadata: real 0.000s	user 0.000s	sys 0.000s
I20260713 09:00:55.798290   431 ts_tablet_manager.cc:616] Registered 0 tablets
I20260713 09:00:55.798571   431 ts_tablet_manager.cc:595] Time spent register tablets: real 0.000s	user 0.000s	sys 0.000s
I20260713 09:00:55.935767   431 rpc_server.cc:307] RPC server started. Bound to: 127.0.107.196:36471
I20260713 09:00:55.935870  2035 acceptor_pool.cc:272] collecting diagnostics on the listening RPC socket 127.0.107.196:36471 every 8 connection(s)
I20260713 09:00:55.942559   431 auto_leader_rebalancer-test.cc:392] add a tserver: 9127149282c645f3884bf892fe1f542b
I20260713 09:00:55.968056  2036 heartbeater.cc:344] Connected to a master server at 127.0.107.254:33003
I20260713 09:00:55.968531  2036 heartbeater.cc:461] Registering TS with master...
I20260713 09:00:55.969436  2036 heartbeater.cc:507] Master 127.0.107.254:33003 requested a full tablet report, sending...
I20260713 09:00:55.971704  1429 ts_manager.cc:194] Registered new tserver with Master: 9127149282c645f3884bf892fe1f542b (127.0.107.196:36471)
I20260713 09:00:55.973531  1429 master_service.cc:502] Signed X509 certificate for tserver {username='slave'} at 127.0.0.1:42422
I20260713 09:00:56.135097  1532 consensus_queue.cc:237] T c647f0bf733943e69ff8238136c41e8c P 3e7427405d5843b2a4b89cdf82854e41 [LEADER]: Queue going to LEADER mode. State: All replicated index: 0, Majority replicated index: 2, Committed index: 2, Last appended: 3.2, Last appended by leader: 1, Current term: 3, Majority size: 2, State: 0, Mode: LEADER, active raft config: opid_index: 3 OBSOLETE_local: false peers { permanent_uuid: "3e7427405d5843b2a4b89cdf82854e41" member_type: VOTER last_known_addr { host: "127.0.107.193" port: 35185 } } peers { permanent_uuid: "b00eb0dc4c4d49849f9124a5d6381487" member_type: VOTER last_known_addr { host: "127.0.107.194" port: 37793 } attrs { replace: true } } peers { permanent_uuid: "f9679f5fa25a435c8d95df7ff2cc4c4b" member_type: VOTER last_known_addr { host: "127.0.107.195" port: 46311 } } peers { permanent_uuid: "9127149282c645f3884bf892fe1f542b" member_type: NON_VOTER last_known_addr { host: "127.0.107.196" port: 36471 } attrs { promote: true } }
I20260713 09:00:56.147967  1678 raft_consensus.cc:1275] T c647f0bf733943e69ff8238136c41e8c P f9679f5fa25a435c8d95df7ff2cc4c4b [term 3 FOLLOWER]: Refusing update from remote peer 3e7427405d5843b2a4b89cdf82854e41: Log matching property violated. Preceding OpId in replica: term: 3 index: 2. Preceding OpId from leader: term: 3 index: 3. (index mismatch)
