I20260713 09:11:48.455456 28706 raft_consensus.cc:359] T d7a4de8a532944b58925129df24195a4 P 2f75985dc0594df5ac4f74cbc07e1bda [term 0 FOLLOWER]: Replica starting. Triggering 0 pending ops. Active config: opid_index: -1 OBSOLETE_local: false peers { permanent_uuid: "14cd167b3bc64e3f80590d8352be0573" member_type: VOTER last_known_addr { host: "127.26.189.193" port: 44419 } } peers { permanent_uuid: "2f75985dc0594df5ac4f74cbc07e1bda" member_type: VOTER last_known_addr { host: "127.26.189.194" port: 34715 } } peers { permanent_uuid: "36d9a9fad42b4f1b8c3feea1175d762e" member_type: VOTER last_known_addr { host: "127.26.189.195" port: 37963 } }
I20260713 09:11:48.456131 28706 raft_consensus.cc:385] T d7a4de8a532944b58925129df24195a4 P 2f75985dc0594df5ac4f74cbc07e1bda [term 0 FOLLOWER]: Consensus starting up: Expiring failure detector timer to make a prompt election more likely
I20260713 09:11:48.456390 28706 raft_consensus.cc:740] T d7a4de8a532944b58925129df24195a4 P 2f75985dc0594df5ac4f74cbc07e1bda [term 0 FOLLOWER]: Becoming Follower/Learner. State: Replica: 2f75985dc0594df5ac4f74cbc07e1bda, State: Initialized, Role: FOLLOWER
I20260713 09:11:48.457792 28706 consensus_queue.cc:260] T d7a4de8a532944b58925129df24195a4 P 2f75985dc0594df5ac4f74cbc07e1bda [NON_LEADER]: Queue going to NON_LEADER mode. State: All replicated index: 0, Majority replicated index: 0, Committed index: 0, Last appended: 0.0, Last appended by leader: 0, Current term: 0, Majority size: -1, State: 0, Mode: NON_LEADER, active raft config: opid_index: -1 OBSOLETE_local: false peers { permanent_uuid: "14cd167b3bc64e3f80590d8352be0573" member_type: VOTER last_known_addr { host: "127.26.189.193" port: 44419 } } peers { permanent_uuid: "2f75985dc0594df5ac4f74cbc07e1bda" member_type: VOTER last_known_addr { host: "127.26.189.194" port: 34715 } } peers { permanent_uuid: "36d9a9fad42b4f1b8c3feea1175d762e" member_type: VOTER last_known_addr { host: "127.26.189.195" port: 37963 } }
I20260713 09:11:48.459617 28708 tablet_bootstrap.cc:492] T f6c928a845b348e99faad10e5d12b127 P 36d9a9fad42b4f1b8c3feea1175d762e: No bootstrap required, opened a new log
I20260713 09:11:48.460075 28708 ts_tablet_manager.cc:1403] T f6c928a845b348e99faad10e5d12b127 P 36d9a9fad42b4f1b8c3feea1175d762e: Time spent bootstrapping tablet: real 0.079s	user 0.024s	sys 0.038s
I20260713 09:11:48.460551 28706 ts_tablet_manager.cc:1434] T d7a4de8a532944b58925129df24195a4 P 2f75985dc0594df5ac4f74cbc07e1bda: Time spent starting tablet: real 0.007s	user 0.004s	sys 0.001s
I20260713 09:11:48.461454 28706 tablet_bootstrap.cc:492] T ce80c499c313461ebef2077bdc860cec P 2f75985dc0594df5ac4f74cbc07e1bda: Bootstrap starting.
I20260713 09:11:48.458791 28412 catalog_manager.cc:5697] T b6dc315fe1784013bad3dbaebf0e4ce1 P 36d9a9fad42b4f1b8c3feea1175d762e reported cstate change: term changed from 0 to 1, leader changed from <none> to 36d9a9fad42b4f1b8c3feea1175d762e (127.26.189.195). New cstate: current_term: 1 leader_uuid: "36d9a9fad42b4f1b8c3feea1175d762e" committed_config { opid_index: -1 OBSOLETE_local: false peers { permanent_uuid: "14cd167b3bc64e3f80590d8352be0573" member_type: VOTER last_known_addr { host: "127.26.189.193" port: 44419 } health_report { overall_health: UNKNOWN } } peers { permanent_uuid: "2f75985dc0594df5ac4f74cbc07e1bda" member_type: VOTER last_known_addr { host: "127.26.189.194" port: 34715 } health_report { overall_health: UNKNOWN } } peers { permanent_uuid: "36d9a9fad42b4f1b8c3feea1175d762e" member_type: VOTER last_known_addr { host: "127.26.189.195" port: 37963 } health_report { overall_health: HEALTHY } } }
I20260713 09:11:48.468155 28706 tablet_bootstrap.cc:654] T ce80c499c313461ebef2077bdc860cec P 2f75985dc0594df5ac4f74cbc07e1bda: Neither blocks nor log segments found. Creating new log.
I20260713 09:11:48.469980 28708 raft_consensus.cc:359] T f6c928a845b348e99faad10e5d12b127 P 36d9a9fad42b4f1b8c3feea1175d762e [term 0 FOLLOWER]: Replica starting. Triggering 0 pending ops. Active config: opid_index: -1 OBSOLETE_local: false peers { permanent_uuid: "14cd167b3bc64e3f80590d8352be0573" member_type: VOTER last_known_addr { host: "127.26.189.193" port: 44419 } } peers { permanent_uuid: "2f75985dc0594df5ac4f74cbc07e1bda" member_type: VOTER last_known_addr { host: "127.26.189.194" port: 34715 } } peers { permanent_uuid: "36d9a9fad42b4f1b8c3feea1175d762e" member_type: VOTER last_known_addr { host: "127.26.189.195" port: 37963 } }
I20260713 09:11:48.470700 28708 raft_consensus.cc:385] T f6c928a845b348e99faad10e5d12b127 P 36d9a9fad42b4f1b8c3feea1175d762e [term 0 FOLLOWER]: Consensus starting up: Expiring failure detector timer to make a prompt election more likely
I20260713 09:11:48.471069 28708 raft_consensus.cc:740] T f6c928a845b348e99faad10e5d12b127 P 36d9a9fad42b4f1b8c3feea1175d762e [term 0 FOLLOWER]: Becoming Follower/Learner. State: Replica: 36d9a9fad42b4f1b8c3feea1175d762e, State: Initialized, Role: FOLLOWER
I20260713 09:11:48.472116 28708 consensus_queue.cc:260] T f6c928a845b348e99faad10e5d12b127 P 36d9a9fad42b4f1b8c3feea1175d762e [NON_LEADER]: Queue going to NON_LEADER mode. State: All replicated index: 0, Majority replicated index: 0, Committed index: 0, Last appended: 0.0, Last appended by leader: 0, Current term: 0, Majority size: -1, State: 0, Mode: NON_LEADER, active raft config: opid_index: -1 OBSOLETE_local: false peers { permanent_uuid: "14cd167b3bc64e3f80590d8352be0573" member_type: VOTER last_known_addr { host: "127.26.189.193" port: 44419 } } peers { permanent_uuid: "2f75985dc0594df5ac4f74cbc07e1bda" member_type: VOTER last_known_addr { host: "127.26.189.194" port: 34715 } } peers { permanent_uuid: "36d9a9fad42b4f1b8c3feea1175d762e" member_type: VOTER last_known_addr { host: "127.26.189.195" port: 37963 } }
I20260713 09:11:48.475378 28708 ts_tablet_manager.cc:1434] T f6c928a845b348e99faad10e5d12b127 P 36d9a9fad42b4f1b8c3feea1175d762e: Time spent starting tablet: real 0.015s	user 0.008s	sys 0.000s
I20260713 09:11:48.476630 28708 tablet_bootstrap.cc:492] T bdcd9d66b8e24a1cb0a8610246c1d8c7 P 36d9a9fad42b4f1b8c3feea1175d762e: Bootstrap starting.
I20260713 09:11:48.483968 28708 tablet_bootstrap.cc:654] T bdcd9d66b8e24a1cb0a8610246c1d8c7 P 36d9a9fad42b4f1b8c3feea1175d762e: Neither blocks nor log segments found. Creating new log.
I20260713 09:11:48.485409 28705 tablet_bootstrap.cc:492] T fca97cc6612c4c38a51048931a0e2af2 P 14cd167b3bc64e3f80590d8352be0573: No bootstrap required, opened a new log
I20260713 09:11:48.485883 28705 ts_tablet_manager.cc:1403] T fca97cc6612c4c38a51048931a0e2af2 P 14cd167b3bc64e3f80590d8352be0573: Time spent bootstrapping tablet: real 0.163s	user 0.016s	sys 0.000s
I20260713 09:11:48.488399 28705 raft_consensus.cc:359] T fca97cc6612c4c38a51048931a0e2af2 P 14cd167b3bc64e3f80590d8352be0573 [term 0 FOLLOWER]: Replica starting. Triggering 0 pending ops. Active config: opid_index: -1 OBSOLETE_local: false peers { permanent_uuid: "14cd167b3bc64e3f80590d8352be0573" member_type: VOTER last_known_addr { host: "127.26.189.193" port: 44419 } } peers { permanent_uuid: "2f75985dc0594df5ac4f74cbc07e1bda" member_type: VOTER last_known_addr { host: "127.26.189.194" port: 34715 } } peers { permanent_uuid: "36d9a9fad42b4f1b8c3feea1175d762e" member_type: VOTER last_known_addr { host: "127.26.189.195" port: 37963 } }
I20260713 09:11:48.489068 28705 raft_consensus.cc:385] T fca97cc6612c4c38a51048931a0e2af2 P 14cd167b3bc64e3f80590d8352be0573 [term 0 FOLLOWER]: Consensus starting up: Expiring failure detector timer to make a prompt election more likely
I20260713 09:11:48.489408 28705 raft_consensus.cc:740] T fca97cc6612c4c38a51048931a0e2af2 P 14cd167b3bc64e3f80590d8352be0573 [term 0 FOLLOWER]: Becoming Follower/Learner. State: Replica: 14cd167b3bc64e3f80590d8352be0573, State: Initialized, Role: FOLLOWER
I20260713 09:11:48.490052 28705 consensus_queue.cc:260] T fca97cc6612c4c38a51048931a0e2af2 P 14cd167b3bc64e3f80590d8352be0573 [NON_LEADER]: Queue going to NON_LEADER mode. State: All replicated index: 0, Majority replicated index: 0, Committed index: 0, Last appended: 0.0, Last appended by leader: 0, Current term: 0, Majority size: -1, State: 0, Mode: NON_LEADER, active raft config: opid_index: -1 OBSOLETE_local: false peers { permanent_uuid: "14cd167b3bc64e3f80590d8352be0573" member_type: VOTER last_known_addr { host: "127.26.189.193" port: 44419 } } peers { permanent_uuid: "2f75985dc0594df5ac4f74cbc07e1bda" member_type: VOTER last_known_addr { host: "127.26.189.194" port: 34715 } } peers { permanent_uuid: "36d9a9fad42b4f1b8c3feea1175d762e" member_type: VOTER last_known_addr { host: "127.26.189.195" port: 37963 } }
I20260713 09:11:48.492003 28705 ts_tablet_manager.cc:1434] T fca97cc6612c4c38a51048931a0e2af2 P 14cd167b3bc64e3f80590d8352be0573: Time spent starting tablet: real 0.006s	user 0.004s	sys 0.000s
I20260713 09:11:48.494186 28705 tablet_bootstrap.cc:492] T e2fee0ee614f47e5a5eed7aad69f2929 P 14cd167b3bc64e3f80590d8352be0573: Bootstrap starting.
I20260713 09:11:48.494752 28706 tablet_bootstrap.cc:492] T ce80c499c313461ebef2077bdc860cec P 2f75985dc0594df5ac4f74cbc07e1bda: No bootstrap required, opened a new log
I20260713 09:11:48.495235 28706 ts_tablet_manager.cc:1403] T ce80c499c313461ebef2077bdc860cec P 2f75985dc0594df5ac4f74cbc07e1bda: Time spent bootstrapping tablet: real 0.034s	user 0.015s	sys 0.017s
I20260713 09:11:48.499624 28706 raft_consensus.cc:359] T ce80c499c313461ebef2077bdc860cec P 2f75985dc0594df5ac4f74cbc07e1bda [term 0 FOLLOWER]: Replica starting. Triggering 0 pending ops. Active config: opid_index: -1 OBSOLETE_local: false peers { permanent_uuid: "14cd167b3bc64e3f80590d8352be0573" member_type: VOTER last_known_addr { host: "127.26.189.193" port: 44419 } } peers { permanent_uuid: "2f75985dc0594df5ac4f74cbc07e1bda" member_type: VOTER last_known_addr { host: "127.26.189.194" port: 34715 } } peers { permanent_uuid: "36d9a9fad42b4f1b8c3feea1175d762e" member_type: VOTER last_known_addr { host: "127.26.189.195" port: 37963 } }
I20260713 09:11:48.500263 28706 raft_consensus.cc:385] T ce80c499c313461ebef2077bdc860cec P 2f75985dc0594df5ac4f74cbc07e1bda [term 0 FOLLOWER]: Consensus starting up: Expiring failure detector timer to make a prompt election more likely
I20260713 09:11:48.500545 28706 raft_consensus.cc:740] T ce80c499c313461ebef2077bdc860cec P 2f75985dc0594df5ac4f74cbc07e1bda [term 0 FOLLOWER]: Becoming Follower/Learner. State: Replica: 2f75985dc0594df5ac4f74cbc07e1bda, State: Initialized, Role: FOLLOWER
I20260713 09:11:48.501519 28706 consensus_queue.cc:260] T ce80c499c313461ebef2077bdc860cec P 2f75985dc0594df5ac4f74cbc07e1bda [NON_LEADER]: Queue going to NON_LEADER mode. State: All replicated index: 0, Majority replicated index: 0, Committed index: 0, Last appended: 0.0, Last appended by leader: 0, Current term: 0, Majority size: -1, State: 0, Mode: NON_LEADER, active raft config: opid_index: -1 OBSOLETE_local: false peers { permanent_uuid: "14cd167b3bc64e3f80590d8352be0573" member_type: VOTER last_known_addr { host: "127.26.189.193" port: 44419 } } peers { permanent_uuid: "2f75985dc0594df5ac4f74cbc07e1bda" member_type: VOTER last_known_addr { host: "127.26.189.194" port: 34715 } } peers { permanent_uuid: "36d9a9fad42b4f1b8c3feea1175d762e" member_type: VOTER last_known_addr { host: "127.26.189.195" port: 37963 } }
I20260713 09:11:48.503556 28706 ts_tablet_manager.cc:1434] T ce80c499c313461ebef2077bdc860cec P 2f75985dc0594df5ac4f74cbc07e1bda: Time spent starting tablet: real 0.008s	user 0.002s	sys 0.001s
I20260713 09:11:48.504374 28706 tablet_bootstrap.cc:492] T e2fee0ee614f47e5a5eed7aad69f2929 P 2f75985dc0594df5ac4f74cbc07e1bda: Bootstrap starting.
I20260713 09:11:48.505816 28768 raft_consensus.cc:493] T 6112283b8e4a46ab847fc4e430c167ba P 14cd167b3bc64e3f80590d8352be0573 [term 0 FOLLOWER]: Starting pre-election (no leader contacted us within the election timeout)
I20260713 09:11:48.506270 28768 raft_consensus.cc:515] T 6112283b8e4a46ab847fc4e430c167ba P 14cd167b3bc64e3f80590d8352be0573 [term 0 FOLLOWER]: Starting pre-election with config: opid_index: -1 OBSOLETE_local: false peers { permanent_uuid: "14cd167b3bc64e3f80590d8352be0573" member_type: VOTER last_known_addr { host: "127.26.189.193" port: 44419 } } peers { permanent_uuid: "2f75985dc0594df5ac4f74cbc07e1bda" member_type: VOTER last_known_addr { host: "127.26.189.194" port: 34715 } } peers { permanent_uuid: "36d9a9fad42b4f1b8c3feea1175d762e" member_type: VOTER last_known_addr { host: "127.26.189.195" port: 37963 } }
I20260713 09:11:48.508728 28768 leader_election.cc:290] T 6112283b8e4a46ab847fc4e430c167ba P 14cd167b3bc64e3f80590d8352be0573 [CANDIDATE]: Term 1 pre-election: Requested pre-vote from peers 2f75985dc0594df5ac4f74cbc07e1bda (127.26.189.194:34715), 36d9a9fad42b4f1b8c3feea1175d762e (127.26.189.195:37963)
I20260713 09:11:48.511502 28590 tablet_service.cc:1917] Received RequestConsensusVote() RPC: tablet_id: "6112283b8e4a46ab847fc4e430c167ba" candidate_uuid: "14cd167b3bc64e3f80590d8352be0573" candidate_term: 1 candidate_status { last_received { term: 0 index: 0 } } ignore_live_leader: false dest_uuid: "2f75985dc0594df5ac4f74cbc07e1bda" is_pre_election: true
I20260713 09:11:48.512259 28590 raft_consensus.cc:2393] T 6112283b8e4a46ab847fc4e430c167ba P 2f75985dc0594df5ac4f74cbc07e1bda [term 1 FOLLOWER]: Leader pre-election vote request: Denying vote to candidate 14cd167b3bc64e3f80590d8352be0573 in current term 1: Already voted for candidate 36d9a9fad42b4f1b8c3feea1175d762e in this term.
I20260713 09:11:48.512540 28664 tablet_service.cc:1917] Received RequestConsensusVote() RPC: tablet_id: "6112283b8e4a46ab847fc4e430c167ba" candidate_uuid: "14cd167b3bc64e3f80590d8352be0573" candidate_term: 1 candidate_status { last_received { term: 0 index: 0 } } ignore_live_leader: false dest_uuid: "36d9a9fad42b4f1b8c3feea1175d762e" is_pre_election: true
I20260713 09:11:48.513616 28708 tablet_bootstrap.cc:492] T bdcd9d66b8e24a1cb0a8610246c1d8c7 P 36d9a9fad42b4f1b8c3feea1175d762e: No bootstrap required, opened a new log
I20260713 09:11:48.514091 28708 ts_tablet_manager.cc:1403] T bdcd9d66b8e24a1cb0a8610246c1d8c7 P 36d9a9fad42b4f1b8c3feea1175d762e: Time spent bootstrapping tablet: real 0.038s	user 0.008s	sys 0.010s
I20260713 09:11:48.513897 28479 leader_election.cc:304] T 6112283b8e4a46ab847fc4e430c167ba P 14cd167b3bc64e3f80590d8352be0573 [CANDIDATE]: Term 1 pre-election: Election decided. Result: candidate lost. Election summary: received 3 responses out of 3 voters: 1 yes votes; 2 no votes. yes voters: 14cd167b3bc64e3f80590d8352be0573; no voters: 2f75985dc0594df5ac4f74cbc07e1bda, 36d9a9fad42b4f1b8c3feea1175d762e
I20260713 09:11:48.515244 28706 tablet_bootstrap.cc:654] T e2fee0ee614f47e5a5eed7aad69f2929 P 2f75985dc0594df5ac4f74cbc07e1bda: Neither blocks nor log segments found. Creating new log.
I20260713 09:11:48.516724 28762 raft_consensus.cc:493] T d7a4de8a532944b58925129df24195a4 P 2f75985dc0594df5ac4f74cbc07e1bda [term 0 FOLLOWER]: Starting pre-election (no leader contacted us within the election timeout)
I20260713 09:11:48.516866 28708 raft_consensus.cc:359] T bdcd9d66b8e24a1cb0a8610246c1d8c7 P 36d9a9fad42b4f1b8c3feea1175d762e [term 0 FOLLOWER]: Replica starting. Triggering 0 pending ops. Active config: opid_index: -1 OBSOLETE_local: false peers { permanent_uuid: "14cd167b3bc64e3f80590d8352be0573" member_type: VOTER last_known_addr { host: "127.26.189.193" port: 44419 } } peers { permanent_uuid: "2f75985dc0594df5ac4f74cbc07e1bda" member_type: VOTER last_known_addr { host: "127.26.189.194" port: 34715 } } peers { permanent_uuid: "36d9a9fad42b4f1b8c3feea1175d762e" member_type: VOTER last_known_addr { host: "127.26.189.195" port: 37963 } }
I20260713 09:11:48.518875 28708 raft_consensus.cc:385] T bdcd9d66b8e24a1cb0a8610246c1d8c7 P 36d9a9fad42b4f1b8c3feea1175d762e [term 0 FOLLOWER]: Consensus starting up: Expiring failure detector timer to make a prompt election more likely
I20260713 09:11:48.519313 28708 raft_consensus.cc:740] T bdcd9d66b8e24a1cb0a8610246c1d8c7 P 36d9a9fad42b4f1b8c3feea1175d762e [term 0 FOLLOWER]: Becoming Follower/Learner. State: Replica: 36d9a9fad42b4f1b8c3feea1175d762e, State: Initialized, Role: FOLLOWER
I20260713 09:11:48.519966 28708 consensus_queue.cc:260] T bdcd9d66b8e24a1cb0a8610246c1d8c7 P 36d9a9fad42b4f1b8c3feea1175d762e [NON_LEADER]: Queue going to NON_LEADER mode. State: All replicated index: 0, Majority replicated index: 0, Committed index: 0, Last appended: 0.0, Last appended by leader: 0, Current term: 0, Majority size: -1, State: 0, Mode: NON_LEADER, active raft config: opid_index: -1 OBSOLETE_local: false peers { permanent_uuid: "14cd167b3bc64e3f80590d8352be0573" member_type: VOTER last_known_addr { host: "127.26.189.193" port: 44419 } } peers { permanent_uuid: "2f75985dc0594df5ac4f74cbc07e1bda" member_type: VOTER last_known_addr { host: "127.26.189.194" port: 34715 } } peers { permanent_uuid: "36d9a9fad42b4f1b8c3feea1175d762e" member_type: VOTER last_known_addr { host: "127.26.189.195" port: 37963 } }
I20260713 09:11:48.521689 28706 tablet_bootstrap.cc:492] T e2fee0ee614f47e5a5eed7aad69f2929 P 2f75985dc0594df5ac4f74cbc07e1bda: No bootstrap required, opened a new log
I20260713 09:11:48.521694 28761 consensus_queue.cc:1048] T ae8dd2c2742c4ee1b130e49d8ebb7722 P 2f75985dc0594df5ac4f74cbc07e1bda [LEADER]: Connected to new peer: Peer: permanent_uuid: "14cd167b3bc64e3f80590d8352be0573" member_type: VOTER last_known_addr { host: "127.26.189.193" port: 44419 }, Status: LMP_MISMATCH, Last received: 0.0, Next index: 1, Last known committed idx: 0, Time since last communication: 0.001s
I20260713 09:11:48.522449 28706 ts_tablet_manager.cc:1403] T e2fee0ee614f47e5a5eed7aad69f2929 P 2f75985dc0594df5ac4f74cbc07e1bda: Time spent bootstrapping tablet: real 0.018s	user 0.009s	sys 0.003s
I20260713 09:11:48.517201 28762 raft_consensus.cc:515] T d7a4de8a532944b58925129df24195a4 P 2f75985dc0594df5ac4f74cbc07e1bda [term 0 FOLLOWER]: Starting pre-election with config: opid_index: -1 OBSOLETE_local: false peers { permanent_uuid: "14cd167b3bc64e3f80590d8352be0573" member_type: VOTER last_known_addr { host: "127.26.189.193" port: 44419 } } peers { permanent_uuid: "2f75985dc0594df5ac4f74cbc07e1bda" member_type: VOTER last_known_addr { host: "127.26.189.194" port: 34715 } } peers { permanent_uuid: "36d9a9fad42b4f1b8c3feea1175d762e" member_type: VOTER last_known_addr { host: "127.26.189.195" port: 37963 } }
I20260713 09:11:48.524504 28708 ts_tablet_manager.cc:1434] T bdcd9d66b8e24a1cb0a8610246c1d8c7 P 36d9a9fad42b4f1b8c3feea1175d762e: Time spent starting tablet: real 0.010s	user 0.001s	sys 0.004s
I20260713 09:11:48.525403 28708 tablet_bootstrap.cc:492] T 345196f3609a441eb243b1ad331015fb P 36d9a9fad42b4f1b8c3feea1175d762e: Bootstrap starting.
I20260713 09:11:48.525580 28762 leader_election.cc:290] T d7a4de8a532944b58925129df24195a4 P 2f75985dc0594df5ac4f74cbc07e1bda [CANDIDATE]: Term 1 pre-election: Requested pre-vote from peers 14cd167b3bc64e3f80590d8352be0573 (127.26.189.193:44419), 36d9a9fad42b4f1b8c3feea1175d762e (127.26.189.195:37963)
I20260713 09:11:48.518146 28705 tablet_bootstrap.cc:654] T e2fee0ee614f47e5a5eed7aad69f2929 P 14cd167b3bc64e3f80590d8352be0573: Neither blocks nor log segments found. Creating new log.
I20260713 09:11:48.526929 28513 tablet_service.cc:1917] Received RequestConsensusVote() RPC: tablet_id: "d7a4de8a532944b58925129df24195a4" candidate_uuid: "2f75985dc0594df5ac4f74cbc07e1bda" candidate_term: 1 candidate_status { last_received { term: 0 index: 0 } } ignore_live_leader: false dest_uuid: "14cd167b3bc64e3f80590d8352be0573" is_pre_election: true
W20260713 09:11:48.528271 28556 leader_election.cc:343] T d7a4de8a532944b58925129df24195a4 P 2f75985dc0594df5ac4f74cbc07e1bda [CANDIDATE]: Term 1 pre-election: Tablet error from VoteRequest() call to peer 14cd167b3bc64e3f80590d8352be0573 (127.26.189.193:44419): Illegal state: must be running to vote when last-logged opid is not known
I20260713 09:11:48.518442 28768 raft_consensus.cc:3060] T 6112283b8e4a46ab847fc4e430c167ba P 14cd167b3bc64e3f80590d8352be0573 [term 0 FOLLOWER]: Advancing to term 1
I20260713 09:11:48.530933 28708 tablet_bootstrap.cc:654] T 345196f3609a441eb243b1ad331015fb P 36d9a9fad42b4f1b8c3feea1175d762e: Neither blocks nor log segments found. Creating new log.
I20260713 09:11:48.534029 28664 tablet_service.cc:1917] Received RequestConsensusVote() RPC: tablet_id: "d7a4de8a532944b58925129df24195a4" candidate_uuid: "2f75985dc0594df5ac4f74cbc07e1bda" candidate_term: 1 candidate_status { last_received { term: 0 index: 0 } } ignore_live_leader: false dest_uuid: "36d9a9fad42b4f1b8c3feea1175d762e" is_pre_election: true
I20260713 09:11:48.534045 28706 raft_consensus.cc:359] T e2fee0ee614f47e5a5eed7aad69f2929 P 2f75985dc0594df5ac4f74cbc07e1bda [term 0 FOLLOWER]: Replica starting. Triggering 0 pending ops. Active config: opid_index: -1 OBSOLETE_local: false peers { permanent_uuid: "14cd167b3bc64e3f80590d8352be0573" member_type: VOTER last_known_addr { host: "127.26.189.193" port: 44419 } } peers { permanent_uuid: "2f75985dc0594df5ac4f74cbc07e1bda" member_type: VOTER last_known_addr { host: "127.26.189.194" port: 34715 } } peers { permanent_uuid: "36d9a9fad42b4f1b8c3feea1175d762e" member_type: VOTER last_known_addr { host: "127.26.189.195" port: 37963 } }
I20260713 09:11:48.535025 28664 raft_consensus.cc:2468] T d7a4de8a532944b58925129df24195a4 P 36d9a9fad42b4f1b8c3feea1175d762e [term 0 FOLLOWER]: Leader pre-election vote request: Granting yes vote for candidate 2f75985dc0594df5ac4f74cbc07e1bda in term 0.
I20260713 09:11:48.535307 28706 raft_consensus.cc:385] T e2fee0ee614f47e5a5eed7aad69f2929 P 2f75985dc0594df5ac4f74cbc07e1bda [term 0 FOLLOWER]: Consensus starting up: Expiring failure detector timer to make a prompt election more likely
I20260713 09:11:48.535820 28706 raft_consensus.cc:740] T e2fee0ee614f47e5a5eed7aad69f2929 P 2f75985dc0594df5ac4f74cbc07e1bda [term 0 FOLLOWER]: Becoming Follower/Learner. State: Replica: 2f75985dc0594df5ac4f74cbc07e1bda, State: Initialized, Role: FOLLOWER
I20260713 09:11:48.536753 28706 consensus_queue.cc:260] T e2fee0ee614f47e5a5eed7aad69f2929 P 2f75985dc0594df5ac4f74cbc07e1bda [NON_LEADER]: Queue going to NON_LEADER mode. State: All replicated index: 0, Majority replicated index: 0, Committed index: 0, Last appended: 0.0, Last appended by leader: 0, Current term: 0, Majority size: -1, State: 0, Mode: NON_LEADER, active raft config: opid_index: -1 OBSOLETE_local: false peers { permanent_uuid: "14cd167b3bc64e3f80590d8352be0573" member_type: VOTER last_known_addr { host: "127.26.189.193" port: 44419 } } peers { permanent_uuid: "2f75985dc0594df5ac4f74cbc07e1bda" member_type: VOTER last_known_addr { host: "127.26.189.194" port: 34715 } } peers { permanent_uuid: "36d9a9fad42b4f1b8c3feea1175d762e" member_type: VOTER last_known_addr { host: "127.26.189.195" port: 37963 } }
I20260713 09:11:48.539942 28706 ts_tablet_manager.cc:1434] T e2fee0ee614f47e5a5eed7aad69f2929 P 2f75985dc0594df5ac4f74cbc07e1bda: Time spent starting tablet: real 0.017s	user 0.008s	sys 0.000s
I20260713 09:11:48.541285 28706 tablet_bootstrap.cc:492] T fca97cc6612c4c38a51048931a0e2af2 P 2f75985dc0594df5ac4f74cbc07e1bda: Bootstrap starting.
I20260713 09:11:48.543555 28554 leader_election.cc:304] T d7a4de8a532944b58925129df24195a4 P 2f75985dc0594df5ac4f74cbc07e1bda [CANDIDATE]: Term 1 pre-election: Election decided. Result: candidate won. Election summary: received 3 responses out of 3 voters: 2 yes votes; 1 no votes. yes voters: 2f75985dc0594df5ac4f74cbc07e1bda, 36d9a9fad42b4f1b8c3feea1175d762e; no voters: 14cd167b3bc64e3f80590d8352be0573
I20260713 09:11:48.546372 28770 raft_consensus.cc:493] T 42a1196d76cd46cb9d1f6979e1c41f7d P 14cd167b3bc64e3f80590d8352be0573 [term 0 FOLLOWER]: Starting pre-election (no leader contacted us within the election timeout)
I20260713 09:11:48.546864 28770 raft_consensus.cc:515] T 42a1196d76cd46cb9d1f6979e1c41f7d P 14cd167b3bc64e3f80590d8352be0573 [term 0 FOLLOWER]: Starting pre-election with config: opid_index: -1 OBSOLETE_local: false peers { permanent_uuid: "14cd167b3bc64e3f80590d8352be0573" member_type: VOTER last_known_addr { host: "127.26.189.193" port: 44419 } } peers { permanent_uuid: "2f75985dc0594df5ac4f74cbc07e1bda" member_type: VOTER last_known_addr { host: "127.26.189.194" port: 34715 } } peers { permanent_uuid: "36d9a9fad42b4f1b8c3feea1175d762e" member_type: VOTER last_known_addr { host: "127.26.189.195" port: 37963 } }
I20260713 09:11:48.549226 28706 tablet_bootstrap.cc:654] T fca97cc6612c4c38a51048931a0e2af2 P 2f75985dc0594df5ac4f74cbc07e1bda: Neither blocks nor log segments found. Creating new log.
I20260713 09:11:48.550633 28590 tablet_service.cc:1917] Received RequestConsensusVote() RPC: tablet_id: "42a1196d76cd46cb9d1f6979e1c41f7d" candidate_uuid: "14cd167b3bc64e3f80590d8352be0573" candidate_term: 1 candidate_status { last_received { term: 0 index: 0 } } ignore_live_leader: false dest_uuid: "2f75985dc0594df5ac4f74cbc07e1bda" is_pre_election: true
W20260713 09:11:48.552789 28482 leader_election.cc:343] T 42a1196d76cd46cb9d1f6979e1c41f7d P 14cd167b3bc64e3f80590d8352be0573 [CANDIDATE]: Term 1 pre-election: Tablet error from VoteRequest() call to peer 2f75985dc0594df5ac4f74cbc07e1bda (127.26.189.194:34715): Illegal state: must be running to vote when last-logged opid is not known
I20260713 09:11:48.561245 28664 tablet_service.cc:1917] Received RequestConsensusVote() RPC: tablet_id: "42a1196d76cd46cb9d1f6979e1c41f7d" candidate_uuid: "14cd167b3bc64e3f80590d8352be0573" candidate_term: 1 candidate_status { last_received { term: 0 index: 0 } } ignore_live_leader: false dest_uuid: "36d9a9fad42b4f1b8c3feea1175d762e" is_pre_election: true
W20260713 09:11:48.562594 28479 leader_election.cc:343] T 42a1196d76cd46cb9d1f6979e1c41f7d P 14cd167b3bc64e3f80590d8352be0573 [CANDIDATE]: Term 1 pre-election: Tablet error from VoteRequest() call to peer 36d9a9fad42b4f1b8c3feea1175d762e (127.26.189.195:37963): Illegal state: must be running to vote when last-logged opid is not known
I20260713 09:11:48.562997 28479 leader_election.cc:304] T 42a1196d76cd46cb9d1f6979e1c41f7d P 14cd167b3bc64e3f80590d8352be0573 [CANDIDATE]: Term 1 pre-election: Election decided. Result: candidate lost. Election summary: received 3 responses out of 3 voters: 1 yes votes; 2 no votes. yes voters: 14cd167b3bc64e3f80590d8352be0573; no voters: 2f75985dc0594df5ac4f74cbc07e1bda, 36d9a9fad42b4f1b8c3feea1175d762e
I20260713 09:11:48.563200 28762 consensus_queue.cc:1048] T ae8dd2c2742c4ee1b130e49d8ebb7722 P 2f75985dc0594df5ac4f74cbc07e1bda [LEADER]: Connected to new peer: Peer: permanent_uuid: "36d9a9fad42b4f1b8c3feea1175d762e" member_type: VOTER last_known_addr { host: "127.26.189.195" port: 37963 }, Status: LMP_MISMATCH, Last received: 0.0, Next index: 1, Last known committed idx: 0, Time since last communication: 0.000s
I20260713 09:11:48.563527 28740 consensus_queue.cc:1048] T 238fcc49dc164b618907b9f524f98dd8 P 36d9a9fad42b4f1b8c3feea1175d762e [LEADER]: Connected to new peer: Peer: permanent_uuid: "14cd167b3bc64e3f80590d8352be0573" member_type: VOTER last_known_addr { host: "127.26.189.193" port: 44419 }, Status: LMP_MISMATCH, Last received: 0.0, Next index: 1, Last known committed idx: 0, Time since last communication: 0.000s
I20260713 09:11:48.544866 28761 raft_consensus.cc:2804] T d7a4de8a532944b58925129df24195a4 P 2f75985dc0594df5ac4f74cbc07e1bda [term 0 FOLLOWER]: Leader pre-election won for term 1
I20260713 09:11:48.564224 28761 raft_consensus.cc:493] T d7a4de8a532944b58925129df24195a4 P 2f75985dc0594df5ac4f74cbc07e1bda [term 0 FOLLOWER]: Starting leader election (no leader contacted us within the election timeout)
I20260713 09:11:48.563782 28711 raft_consensus.cc:2749] T 42a1196d76cd46cb9d1f6979e1c41f7d P 14cd167b3bc64e3f80590d8352be0573 [term 0 FOLLOWER]: Leader pre-election lost for term 1. Reason: could not achieve majority
I20260713 09:11:48.549036 28770 leader_election.cc:290] T 42a1196d76cd46cb9d1f6979e1c41f7d P 14cd167b3bc64e3f80590d8352be0573 [CANDIDATE]: Term 1 pre-election: Requested pre-vote from peers 2f75985dc0594df5ac4f74cbc07e1bda (127.26.189.194:34715), 36d9a9fad42b4f1b8c3feea1175d762e (127.26.189.195:37963)
I20260713 09:11:48.564563 28761 raft_consensus.cc:3060] T d7a4de8a532944b58925129df24195a4 P 2f75985dc0594df5ac4f74cbc07e1bda [term 0 FOLLOWER]: Advancing to term 1
I20260713 09:11:48.570230 28705 tablet_bootstrap.cc:492] T e2fee0ee614f47e5a5eed7aad69f2929 P 14cd167b3bc64e3f80590d8352be0573: No bootstrap required, opened a new log
I20260713 09:11:48.570665 28705 ts_tablet_manager.cc:1403] T e2fee0ee614f47e5a5eed7aad69f2929 P 14cd167b3bc64e3f80590d8352be0573: Time spent bootstrapping tablet: real 0.077s	user 0.007s	sys 0.002s
I20260713 09:11:48.573159 28705 raft_consensus.cc:359] T e2fee0ee614f47e5a5eed7aad69f2929 P 14cd167b3bc64e3f80590d8352be0573 [term 0 FOLLOWER]: Replica starting. Triggering 0 pending ops. Active config: opid_index: -1 OBSOLETE_local: false peers { permanent_uuid: "14cd167b3bc64e3f80590d8352be0573" member_type: VOTER last_known_addr { host: "127.26.189.193" port: 44419 } } peers { permanent_uuid: "2f75985dc0594df5ac4f74cbc07e1bda" member_type: VOTER last_known_addr { host: "127.26.189.194" port: 34715 } } peers { permanent_uuid: "36d9a9fad42b4f1b8c3feea1175d762e" member_type: VOTER last_known_addr { host: "127.26.189.195" port: 37963 } }
I20260713 09:11:48.573529 28768 raft_consensus.cc:2749] T 6112283b8e4a46ab847fc4e430c167ba P 14cd167b3bc64e3f80590d8352be0573 [term 1 FOLLOWER]: Leader pre-election lost for term 1. Reason: could not achieve majority
I20260713 09:11:48.573841 28705 raft_consensus.cc:385] T e2fee0ee614f47e5a5eed7aad69f2929 P 14cd167b3bc64e3f80590d8352be0573 [term 0 FOLLOWER]: Consensus starting up: Expiring failure detector timer to make a prompt election more likely
I20260713 09:11:48.574268 28705 raft_consensus.cc:740] T e2fee0ee614f47e5a5eed7aad69f2929 P 14cd167b3bc64e3f80590d8352be0573 [term 0 FOLLOWER]: Becoming Follower/Learner. State: Replica: 14cd167b3bc64e3f80590d8352be0573, State: Initialized, Role: FOLLOWER
I20260713 09:11:48.575136 28705 consensus_queue.cc:260] T e2fee0ee614f47e5a5eed7aad69f2929 P 14cd167b3bc64e3f80590d8352be0573 [NON_LEADER]: Queue going to NON_LEADER mode. State: All replicated index: 0, Majority replicated index: 0, Committed index: 0, Last appended: 0.0, Last appended by leader: 0, Current term: 0, Majority size: -1, State: 0, Mode: NON_LEADER, active raft config: opid_index: -1 OBSOLETE_local: false peers { permanent_uuid: "14cd167b3bc64e3f80590d8352be0573" member_type: VOTER last_known_addr { host: "127.26.189.193" port: 44419 } } peers { permanent_uuid: "2f75985dc0594df5ac4f74cbc07e1bda" member_type: VOTER last_known_addr { host: "127.26.189.194" port: 34715 } } peers { permanent_uuid: "36d9a9fad42b4f1b8c3feea1175d762e" member_type: VOTER last_known_addr { host: "127.26.189.195" port: 37963 } }
I20260713 09:11:48.578125 28740 consensus_queue.cc:1048] T 6112283b8e4a46ab847fc4e430c167ba P 36d9a9fad42b4f1b8c3feea1175d762e [LEADER]: Connected to new peer: Peer: permanent_uuid: "14cd167b3bc64e3f80590d8352be0573" member_type: VOTER last_known_addr { host: "127.26.189.193" port: 44419 }, Status: LMP_MISMATCH, Last received: 0.0, Next index: 1, Last known committed idx: 0, Time since last communication: 0.001s
I20260713 09:11:48.579391 28705 ts_tablet_manager.cc:1434] T e2fee0ee614f47e5a5eed7aad69f2929 P 14cd167b3bc64e3f80590d8352be0573: Time spent starting tablet: real 0.008s	user 0.003s	sys 0.003s
I20260713 09:11:48.580502 28705 tablet_bootstrap.cc:492] T e44941242568420184d4be5803dd5c0c P 14cd167b3bc64e3f80590d8352be0573: Bootstrap starting.
I20260713 09:11:48.585196 28708 tablet_bootstrap.cc:492] T 345196f3609a441eb243b1ad331015fb P 36d9a9fad42b4f1b8c3feea1175d762e: No bootstrap required, opened a new log
I20260713 09:11:48.585636 28708 ts_tablet_manager.cc:1403] T 345196f3609a441eb243b1ad331015fb P 36d9a9fad42b4f1b8c3feea1175d762e: Time spent bootstrapping tablet: real 0.060s	user 0.021s	sys 0.016s
I20260713 09:11:48.585721 28761 raft_consensus.cc:515] T d7a4de8a532944b58925129df24195a4 P 2f75985dc0594df5ac4f74cbc07e1bda [term 1 FOLLOWER]: Starting leader election with config: opid_index: -1 OBSOLETE_local: false peers { permanent_uuid: "14cd167b3bc64e3f80590d8352be0573" member_type: VOTER last_known_addr { host: "127.26.189.193" port: 44419 } } peers { permanent_uuid: "2f75985dc0594df5ac4f74cbc07e1bda" member_type: VOTER last_known_addr { host: "127.26.189.194" port: 34715 } } peers { permanent_uuid: "36d9a9fad42b4f1b8c3feea1175d762e" member_type: VOTER last_known_addr { host: "127.26.189.195" port: 37963 } }
I20260713 09:11:48.588462 28710 consensus_queue.cc:1048] T a39f7ffa734c470ea21bded3aeef89ff P 2f75985dc0594df5ac4f74cbc07e1bda [LEADER]: Connected to new peer: Peer: permanent_uuid: "14cd167b3bc64e3f80590d8352be0573" member_type: VOTER last_known_addr { host: "127.26.189.193" port: 44419 }, Status: LMP_MISMATCH, Last received: 0.0, Next index: 1, Last known committed idx: 0, Time since last communication: 0.000s
I20260713 09:11:48.589783 28664 tablet_service.cc:1917] Received RequestConsensusVote() RPC: tablet_id: "d7a4de8a532944b58925129df24195a4" candidate_uuid: "2f75985dc0594df5ac4f74cbc07e1bda" candidate_term: 1 candidate_status { last_received { term: 0 index: 0 } } ignore_live_leader: false dest_uuid: "36d9a9fad42b4f1b8c3feea1175d762e"
I20260713 09:11:48.590489 28664 raft_consensus.cc:3060] T d7a4de8a532944b58925129df24195a4 P 36d9a9fad42b4f1b8c3feea1175d762e [term 0 FOLLOWER]: Advancing to term 1
I20260713 09:11:48.591497 28512 tablet_service.cc:1917] Received RequestConsensusVote() RPC: tablet_id: "d7a4de8a532944b58925129df24195a4" candidate_uuid: "2f75985dc0594df5ac4f74cbc07e1bda" candidate_term: 1 candidate_status { last_received { term: 0 index: 0 } } ignore_live_leader: false dest_uuid: "14cd167b3bc64e3f80590d8352be0573"
I20260713 09:11:48.592924 28761 leader_election.cc:290] T d7a4de8a532944b58925129df24195a4 P 2f75985dc0594df5ac4f74cbc07e1bda [CANDIDATE]: Term 1 election: Requested vote from peers 14cd167b3bc64e3f80590d8352be0573 (127.26.189.193:44419), 36d9a9fad42b4f1b8c3feea1175d762e (127.26.189.195:37963)
W20260713 09:11:48.616204 28556 leader_election.cc:343] T d7a4de8a532944b58925129df24195a4 P 2f75985dc0594df5ac4f74cbc07e1bda [CANDIDATE]: Term 1 election: Tablet error from VoteRequest() call to peer 14cd167b3bc64e3f80590d8352be0573 (127.26.189.193:44419): Illegal state: must be running to vote when last-logged opid is not known
I20260713 09:11:48.672250 28744 raft_consensus.cc:493] T f6c928a845b348e99faad10e5d12b127 P 36d9a9fad42b4f1b8c3feea1175d762e [term 0 FOLLOWER]: Starting pre-election (no leader contacted us within the election timeout)
I20260713 09:11:48.672950 28744 raft_consensus.cc:515] T f6c928a845b348e99faad10e5d12b127 P 36d9a9fad42b4f1b8c3feea1175d762e [term 0 FOLLOWER]: Starting pre-election with config: opid_index: -1 OBSOLETE_local: false peers { permanent_uuid: "14cd167b3bc64e3f80590d8352be0573" member_type: VOTER last_known_addr { host: "127.26.189.193" port: 44419 } } peers { permanent_uuid: "2f75985dc0594df5ac4f74cbc07e1bda" member_type: VOTER last_known_addr { host: "127.26.189.194" port: 34715 } } peers { permanent_uuid: "36d9a9fad42b4f1b8c3feea1175d762e" member_type: VOTER last_known_addr { host: "127.26.189.195" port: 37963 } }
I20260713 09:11:48.675419 28744 leader_election.cc:290] T f6c928a845b348e99faad10e5d12b127 P 36d9a9fad42b4f1b8c3feea1175d762e [CANDIDATE]: Term 1 pre-election: Requested pre-vote from peers 14cd167b3bc64e3f80590d8352be0573 (127.26.189.193:44419), 2f75985dc0594df5ac4f74cbc07e1bda (127.26.189.194:34715)
I20260713 09:11:48.676188 28708 raft_consensus.cc:359] T 345196f3609a441eb243b1ad331015fb P 36d9a9fad42b4f1b8c3feea1175d762e [term 0 FOLLOWER]: Replica starting. Triggering 0 pending ops. Active config: opid_index: -1 OBSOLETE_local: false peers { permanent_uuid: "14cd167b3bc64e3f80590d8352be0573" member_type: VOTER last_known_addr { host: "127.26.189.193" port: 44419 } } peers { permanent_uuid: "2f75985dc0594df5ac4f74cbc07e1bda" member_type: VOTER last_known_addr { host: "127.26.189.194" port: 34715 } } peers { permanent_uuid: "36d9a9fad42b4f1b8c3feea1175d762e" member_type: VOTER last_known_addr { host: "127.26.189.195" port: 37963 } }
I20260713 09:11:48.676887 28708 raft_consensus.cc:385] T 345196f3609a441eb243b1ad331015fb P 36d9a9fad42b4f1b8c3feea1175d762e [term 0 FOLLOWER]: Consensus starting up: Expiring failure detector timer to make a prompt election more likely
I20260713 09:11:48.677175 28708 raft_consensus.cc:740] T 345196f3609a441eb243b1ad331015fb P 36d9a9fad42b4f1b8c3feea1175d762e [term 0 FOLLOWER]: Becoming Follower/Learner. State: Replica: 36d9a9fad42b4f1b8c3feea1175d762e, State: Initialized, Role: FOLLOWER
I20260713 09:11:48.677776 28708 consensus_queue.cc:260] T 345196f3609a441eb243b1ad331015fb P 36d9a9fad42b4f1b8c3feea1175d762e [NON_LEADER]: Queue going to NON_LEADER mode. State: All replicated index: 0, Majority replicated index: 0, Committed index: 0, Last appended: 0.0, Last appended by leader: 0, Current term: 0, Majority size: -1, State: 0, Mode: NON_LEADER, active raft config: opid_index: -1 OBSOLETE_local: false peers { permanent_uuid: "14cd167b3bc64e3f80590d8352be0573" member_type: VOTER last_known_addr { host: "127.26.189.193" port: 44419 } } peers { permanent_uuid: "2f75985dc0594df5ac4f74cbc07e1bda" member_type: VOTER last_known_addr { host: "127.26.189.194" port: 34715 } } peers { permanent_uuid: "36d9a9fad42b4f1b8c3feea1175d762e" member_type: VOTER last_known_addr { host: "127.26.189.195" port: 37963 } }
I20260713 09:11:48.678953 28706 tablet_bootstrap.cc:492] T fca97cc6612c4c38a51048931a0e2af2 P 2f75985dc0594df5ac4f74cbc07e1bda: No bootstrap required, opened a new log
I20260713 09:11:48.679512 28706 ts_tablet_manager.cc:1403] T fca97cc6612c4c38a51048931a0e2af2 P 2f75985dc0594df5ac4f74cbc07e1bda: Time spent bootstrapping tablet: real 0.139s	user 0.018s	sys 0.041s
I20260713 09:11:48.680331 28708 ts_tablet_manager.cc:1434] T 345196f3609a441eb243b1ad331015fb P 36d9a9fad42b4f1b8c3feea1175d762e: Time spent starting tablet: real 0.094s	user 0.036s	sys 0.036s
I20260713 09:11:48.681313 28708 tablet_bootstrap.cc:492] T 82c6225404674099af8c36a62929bd69 P 36d9a9fad42b4f1b8c3feea1175d762e: Bootstrap starting.
I20260713 09:11:48.682803 28706 raft_consensus.cc:359] T fca97cc6612c4c38a51048931a0e2af2 P 2f75985dc0594df5ac4f74cbc07e1bda [term 0 FOLLOWER]: Replica starting. Triggering 0 pending ops. Active config: opid_index: -1 OBSOLETE_local: false peers { permanent_uuid: "14cd167b3bc64e3f80590d8352be0573" member_type: VOTER last_known_addr { host: "127.26.189.193" port: 44419 } } peers { permanent_uuid: "2f75985dc0594df5ac4f74cbc07e1bda" member_type: VOTER last_known_addr { host: "127.26.189.194" port: 34715 } } peers { permanent_uuid: "36d9a9fad42b4f1b8c3feea1175d762e" member_type: VOTER last_known_addr { host: "127.26.189.195" port: 37963 } }
I20260713 09:11:48.683665 28706 raft_consensus.cc:385] T fca97cc6612c4c38a51048931a0e2af2 P 2f75985dc0594df5ac4f74cbc07e1bda [term 0 FOLLOWER]: Consensus starting up: Expiring failure detector timer to make a prompt election more likely
I20260713 09:11:48.684031 28706 raft_consensus.cc:740] T fca97cc6612c4c38a51048931a0e2af2 P 2f75985dc0594df5ac4f74cbc07e1bda [term 0 FOLLOWER]: Becoming Follower/Learner. State: Replica: 2f75985dc0594df5ac4f74cbc07e1bda, State: Initialized, Role: FOLLOWER
I20260713 09:11:48.684867 28706 consensus_queue.cc:260] T fca97cc6612c4c38a51048931a0e2af2 P 2f75985dc0594df5ac4f74cbc07e1bda [NON_LEADER]: Queue going to NON_LEADER mode. State: All replicated index: 0, Majority replicated index: 0, Committed index: 0, Last appended: 0.0, Last appended by leader: 0, Current term: 0, Majority size: -1, State: 0, Mode: NON_LEADER, active raft config: opid_index: -1 OBSOLETE_local: false peers { permanent_uuid: "14cd167b3bc64e3f80590d8352be0573" member_type: VOTER last_known_addr { host: "127.26.189.193" port: 44419 } } peers { permanent_uuid: "2f75985dc0594df5ac4f74cbc07e1bda" member_type: VOTER last_known_addr { host: "127.26.189.194" port: 34715 } } peers { permanent_uuid: "36d9a9fad42b4f1b8c3feea1175d762e" member_type: VOTER last_known_addr { host: "127.26.189.195" port: 37963 } }
I20260713 09:11:48.687048 28708 tablet_bootstrap.cc:654] T 82c6225404674099af8c36a62929bd69 P 36d9a9fad42b4f1b8c3feea1175d762e: Neither blocks nor log segments found. Creating new log.
I20260713 09:11:48.688400 28705 tablet_bootstrap.cc:654] T e44941242568420184d4be5803dd5c0c P 14cd167b3bc64e3f80590d8352be0573: Neither blocks nor log segments found. Creating new log.
I20260713 09:11:48.689899 28706 ts_tablet_manager.cc:1434] T fca97cc6612c4c38a51048931a0e2af2 P 2f75985dc0594df5ac4f74cbc07e1bda: Time spent starting tablet: real 0.010s	user 0.007s	sys 0.000s
I20260713 09:11:48.690964 28706 tablet_bootstrap.cc:492] T cf0dd004eee648f8a5ffce66382e3f05 P 2f75985dc0594df5ac4f74cbc07e1bda: Bootstrap starting.
I20260713 09:11:48.696367 28740 raft_consensus.cc:493] T bdcd9d66b8e24a1cb0a8610246c1d8c7 P 36d9a9fad42b4f1b8c3feea1175d762e [term 0 FOLLOWER]: Starting pre-election (no leader contacted us within the election timeout)
I20260713 09:11:48.696992 28740 raft_consensus.cc:515] T bdcd9d66b8e24a1cb0a8610246c1d8c7 P 36d9a9fad42b4f1b8c3feea1175d762e [term 0 FOLLOWER]: Starting pre-election with config: opid_index: -1 OBSOLETE_local: false peers { permanent_uuid: "14cd167b3bc64e3f80590d8352be0573" member_type: VOTER last_known_addr { host: "127.26.189.193" port: 44419 } } peers { permanent_uuid: "2f75985dc0594df5ac4f74cbc07e1bda" member_type: VOTER last_known_addr { host: "127.26.189.194" port: 34715 } } peers { permanent_uuid: "36d9a9fad42b4f1b8c3feea1175d762e" member_type: VOTER last_known_addr { host: "127.26.189.195" port: 37963 } }
I20260713 09:11:48.699029 28816 raft_consensus.cc:493] T c277bf17728d4b10a18b2722037d2811 P 36d9a9fad42b4f1b8c3feea1175d762e [term 0 FOLLOWER]: Starting pre-election (no leader contacted us within the election timeout)
I20260713 09:11:48.699934 28740 leader_election.cc:290] T bdcd9d66b8e24a1cb0a8610246c1d8c7 P 36d9a9fad42b4f1b8c3feea1175d762e [CANDIDATE]: Term 1 pre-election: Requested pre-vote from peers 14cd167b3bc64e3f80590d8352be0573 (127.26.189.193:44419), 2f75985dc0594df5ac4f74cbc07e1bda (127.26.189.194:34715)
I20260713 09:11:48.699492 28816 raft_consensus.cc:515] T c277bf17728d4b10a18b2722037d2811 P 36d9a9fad42b4f1b8c3feea1175d762e [term 0 FOLLOWER]: Starting pre-election with config: opid_index: -1 OBSOLETE_local: false peers { permanent_uuid: "14cd167b3bc64e3f80590d8352be0573" member_type: VOTER last_known_addr { host: "127.26.189.193" port: 44419 } } peers { permanent_uuid: "2f75985dc0594df5ac4f74cbc07e1bda" member_type: VOTER last_known_addr { host: "127.26.189.194" port: 34715 } } peers { permanent_uuid: "36d9a9fad42b4f1b8c3feea1175d762e" member_type: VOTER last_known_addr { host: "127.26.189.195" port: 37963 } }
I20260713 09:11:48.696779 28706 tablet_bootstrap.cc:654] T cf0dd004eee648f8a5ffce66382e3f05 P 2f75985dc0594df5ac4f74cbc07e1bda: Neither blocks nor log segments found. Creating new log.
I20260713 09:11:48.701884 28816 leader_election.cc:290] T c277bf17728d4b10a18b2722037d2811 P 36d9a9fad42b4f1b8c3feea1175d762e [CANDIDATE]: Term 1 pre-election: Requested pre-vote from peers 14cd167b3bc64e3f80590d8352be0573 (127.26.189.193:44419), 2f75985dc0594df5ac4f74cbc07e1bda (127.26.189.194:34715)
I20260713 09:11:48.705461 28590 tablet_service.cc:1917] Received RequestConsensusVote() RPC: tablet_id: "f6c928a845b348e99faad10e5d12b127" candidate_uuid: "36d9a9fad42b4f1b8c3feea1175d762e" candidate_term: 1 candidate_status { last_received { term: 0 index: 0 } } ignore_live_leader: false dest_uuid: "2f75985dc0594df5ac4f74cbc07e1bda" is_pre_election: true
I20260713 09:11:48.706784 28705 tablet_bootstrap.cc:492] T e44941242568420184d4be5803dd5c0c P 14cd167b3bc64e3f80590d8352be0573: No bootstrap required, opened a new log
I20260713 09:11:48.707239 28705 ts_tablet_manager.cc:1403] T e44941242568420184d4be5803dd5c0c P 14cd167b3bc64e3f80590d8352be0573: Time spent bootstrapping tablet: real 0.127s	user 0.017s	sys 0.000s
I20260713 09:11:48.711031 28705 raft_consensus.cc:359] T e44941242568420184d4be5803dd5c0c P 14cd167b3bc64e3f80590d8352be0573 [term 0 FOLLOWER]: Replica starting. Triggering 0 pending ops. Active config: opid_index: -1 OBSOLETE_local: false peers { permanent_uuid: "14cd167b3bc64e3f80590d8352be0573" member_type: VOTER last_known_addr { host: "127.26.189.193" port: 44419 } } peers { permanent_uuid: "2f75985dc0594df5ac4f74cbc07e1bda" member_type: VOTER last_known_addr { host: "127.26.189.194" port: 34715 } } peers { permanent_uuid: "36d9a9fad42b4f1b8c3feea1175d762e" member_type: VOTER last_known_addr { host: "127.26.189.195" port: 37963 } }
I20260713 09:11:48.711855 28705 raft_consensus.cc:385] T e44941242568420184d4be5803dd5c0c P 14cd167b3bc64e3f80590d8352be0573 [term 0 FOLLOWER]: Consensus starting up: Expiring failure detector timer to make a prompt election more likely
I20260713 09:11:48.711987 28665 raft_consensus.cc:3060] T bdcd9d66b8e24a1cb0a8610246c1d8c7 P 36d9a9fad42b4f1b8c3feea1175d762e [term 0 FOLLOWER]: Advancing to term 1
I20260713 09:11:48.712237 28705 raft_consensus.cc:740] T e44941242568420184d4be5803dd5c0c P 14cd167b3bc64e3f80590d8352be0573 [term 0 FOLLOWER]: Becoming Follower/Learner. State: Replica: 14cd167b3bc64e3f80590d8352be0573, State: Initialized, Role: FOLLOWER
I20260713 09:11:48.712903 28705 consensus_queue.cc:260] T e44941242568420184d4be5803dd5c0c P 14cd167b3bc64e3f80590d8352be0573 [NON_LEADER]: Queue going to NON_LEADER mode. State: All replicated index: 0, Majority replicated index: 0, Committed index: 0, Last appended: 0.0, Last appended by leader: 0, Current term: 0, Majority size: -1, State: 0, Mode: NON_LEADER, active raft config: opid_index: -1 OBSOLETE_local: false peers { permanent_uuid: "14cd167b3bc64e3f80590d8352be0573" member_type: VOTER last_known_addr { host: "127.26.189.193" port: 44419 } } peers { permanent_uuid: "2f75985dc0594df5ac4f74cbc07e1bda" member_type: VOTER last_known_addr { host: "127.26.189.194" port: 34715 } } peers { permanent_uuid: "36d9a9fad42b4f1b8c3feea1175d762e" member_type: VOTER last_known_addr { host: "127.26.189.195" port: 37963 } }
I20260713 09:11:48.714470 28708 tablet_bootstrap.cc:492] T 82c6225404674099af8c36a62929bd69 P 36d9a9fad42b4f1b8c3feea1175d762e: No bootstrap required, opened a new log
I20260713 09:11:48.714716 28705 ts_tablet_manager.cc:1434] T e44941242568420184d4be5803dd5c0c P 14cd167b3bc64e3f80590d8352be0573: Time spent starting tablet: real 0.007s	user 0.007s	sys 0.000s
I20260713 09:11:48.714895 28708 ts_tablet_manager.cc:1403] T 82c6225404674099af8c36a62929bd69 P 36d9a9fad42b4f1b8c3feea1175d762e: Time spent bootstrapping tablet: real 0.034s	user 0.010s	sys 0.004s
I20260713 09:11:48.715580 28705 tablet_bootstrap.cc:492] T c277bf17728d4b10a18b2722037d2811 P 14cd167b3bc64e3f80590d8352be0573: Bootstrap starting.
I20260713 09:11:48.717707 28708 raft_consensus.cc:359] T 82c6225404674099af8c36a62929bd69 P 36d9a9fad42b4f1b8c3feea1175d762e [term 0 FOLLOWER]: Replica starting. Triggering 0 pending ops. Active config: opid_index: -1 OBSOLETE_local: false peers { permanent_uuid: "14cd167b3bc64e3f80590d8352be0573" member_type: VOTER last_known_addr { host: "127.26.189.193" port: 44419 } } peers { permanent_uuid: "2f75985dc0594df5ac4f74cbc07e1bda" member_type: VOTER last_known_addr { host: "127.26.189.194" port: 34715 } } peers { permanent_uuid: "36d9a9fad42b4f1b8c3feea1175d762e" member_type: VOTER last_known_addr { host: "127.26.189.195" port: 37963 } }
I20260713 09:11:48.718325 28708 raft_consensus.cc:385] T 82c6225404674099af8c36a62929bd69 P 36d9a9fad42b4f1b8c3feea1175d762e [term 0 FOLLOWER]: Consensus starting up: Expiring failure detector timer to make a prompt election more likely
I20260713 09:11:48.718593 28708 raft_consensus.cc:740] T 82c6225404674099af8c36a62929bd69 P 36d9a9fad42b4f1b8c3feea1175d762e [term 0 FOLLOWER]: Becoming Follower/Learner. State: Replica: 36d9a9fad42b4f1b8c3feea1175d762e, State: Initialized, Role: FOLLOWER
I20260713 09:11:48.719213 28708 consensus_queue.cc:260] T 82c6225404674099af8c36a62929bd69 P 36d9a9fad42b4f1b8c3feea1175d762e [NON_LEADER]: Queue going to NON_LEADER mode. State: All replicated index: 0, Majority replicated index: 0, Committed index: 0, Last appended: 0.0, Last appended by leader: 0, Current term: 0, Majority size: -1, State: 0, Mode: NON_LEADER, active raft config: opid_index: -1 OBSOLETE_local: false peers { permanent_uuid: "14cd167b3bc64e3f80590d8352be0573" member_type: VOTER last_known_addr { host: "127.26.189.193" port: 44419 } } peers { permanent_uuid: "2f75985dc0594df5ac4f74cbc07e1bda" member_type: VOTER last_known_addr { host: "127.26.189.194" port: 34715 } } peers { permanent_uuid: "36d9a9fad42b4f1b8c3feea1175d762e" member_type: VOTER last_known_addr { host: "127.26.189.195" port: 37963 } }
I20260713 09:11:48.720438 28768 consensus_queue.cc:1048] T a5c37f789bbf472baf4321d70b171ce9 P 14cd167b3bc64e3f80590d8352be0573 [LEADER]: Connected to new peer: Peer: permanent_uuid: "2f75985dc0594df5ac4f74cbc07e1bda" member_type: VOTER last_known_addr { host: "127.26.189.194" port: 34715 }, Status: LMP_MISMATCH, Last received: 0.0, Next index: 1, Last known committed idx: 0, Time since last communication: 0.000s
I20260713 09:11:48.720292 28710 consensus_queue.cc:1048] T a5e1bfadc090472da7417e2cc5065181 P 2f75985dc0594df5ac4f74cbc07e1bda [LEADER]: Connected to new peer: Peer: permanent_uuid: "36d9a9fad42b4f1b8c3feea1175d762e" member_type: VOTER last_known_addr { host: "127.26.189.195" port: 37963 }, Status: LMP_MISMATCH, Last received: 0.0, Next index: 1, Last known committed idx: 0, Time since last communication: 0.001s
I20260713 09:11:48.721071 28708 ts_tablet_manager.cc:1434] T 82c6225404674099af8c36a62929bd69 P 36d9a9fad42b4f1b8c3feea1175d762e: Time spent starting tablet: real 0.006s	user 0.004s	sys 0.000s
