I20260713 09:11:59.757925  1944 consensus_queue.cc:1048] T 62d13afc4ce0403abf2cc656e6a1a257 P ebae597954e64a35a4268cfebc2cf8e9 [LEADER]: Connected to new peer: Peer: permanent_uuid: "1df6163efedc4516a6abc7832a6ab690" member_type: VOTER last_known_addr { host: "127.31.239.1" port: 36317 }, Status: LMP_MISMATCH, Last received: 0.0, Next index: 3, Last known committed idx: 2, Time since last communication: 0.001s
I20260713 09:11:59.771785  1407 raft_consensus.cc:2955] T b0d8af47b9184f07ab123e72384be864 P f941a3d08b414a668e6f8be0dd313ea3 [term 1 FOLLOWER]: Committing config change with OpId 1.3: config changed from index 2 to 3, 2b7bddc718234ba4ad67adf81a78f4ae (127.31.239.4) changed from NON_VOTER to VOTER. New config: { opid_index: 3 OBSOLETE_local: false peers { permanent_uuid: "1df6163efedc4516a6abc7832a6ab690" member_type: VOTER last_known_addr { host: "127.31.239.1" port: 36317 } } peers { permanent_uuid: "f941a3d08b414a668e6f8be0dd313ea3" member_type: VOTER last_known_addr { host: "127.31.239.2" port: 41701 } } peers { permanent_uuid: "ebae597954e64a35a4268cfebc2cf8e9" member_type: VOTER last_known_addr { host: "127.31.239.3" port: 40555 } attrs { replace: true } } peers { permanent_uuid: "2b7bddc718234ba4ad67adf81a78f4ae" member_type: VOTER last_known_addr { host: "127.31.239.4" port: 39711 } attrs { promote: false } } }
I20260713 09:11:59.774289  1747 raft_consensus.cc:2955] T b0d8af47b9184f07ab123e72384be864 P 2b7bddc718234ba4ad67adf81a78f4ae [term 1 FOLLOWER]: Committing config change with OpId 1.3: config changed from index 2 to 3, 2b7bddc718234ba4ad67adf81a78f4ae (127.31.239.4) changed from NON_VOTER to VOTER. New config: { opid_index: 3 OBSOLETE_local: false peers { permanent_uuid: "1df6163efedc4516a6abc7832a6ab690" member_type: VOTER last_known_addr { host: "127.31.239.1" port: 36317 } } peers { permanent_uuid: "f941a3d08b414a668e6f8be0dd313ea3" member_type: VOTER last_known_addr { host: "127.31.239.2" port: 41701 } } peers { permanent_uuid: "ebae597954e64a35a4268cfebc2cf8e9" member_type: VOTER last_known_addr { host: "127.31.239.3" port: 40555 } attrs { replace: true } } peers { permanent_uuid: "2b7bddc718234ba4ad67adf81a78f4ae" member_type: VOTER last_known_addr { host: "127.31.239.4" port: 39711 } attrs { promote: false } } }
I20260713 09:11:59.778740  2064 raft_consensus.cc:2955] T 62d13afc4ce0403abf2cc656e6a1a257 P ebae597954e64a35a4268cfebc2cf8e9 [term 1 LEADER]: Committing config change with OpId 1.3: config changed from index 2 to 3, 2b7bddc718234ba4ad67adf81a78f4ae (127.31.239.4) changed from NON_VOTER to VOTER. New config: { opid_index: 3 OBSOLETE_local: false peers { permanent_uuid: "1df6163efedc4516a6abc7832a6ab690" member_type: VOTER last_known_addr { host: "127.31.239.1" port: 36317 } } peers { permanent_uuid: "f941a3d08b414a668e6f8be0dd313ea3" member_type: VOTER last_known_addr { host: "127.31.239.2" port: 41701 } attrs { replace: true } } peers { permanent_uuid: "ebae597954e64a35a4268cfebc2cf8e9" member_type: VOTER last_known_addr { host: "127.31.239.3" port: 40555 } } peers { permanent_uuid: "2b7bddc718234ba4ad67adf81a78f4ae" member_type: VOTER last_known_addr { host: "127.31.239.4" port: 39711 } attrs { promote: false } } }
I20260713 09:11:59.786998  1411 raft_consensus.cc:2955] T 62d13afc4ce0403abf2cc656e6a1a257 P f941a3d08b414a668e6f8be0dd313ea3 [term 1 FOLLOWER]: Committing config change with OpId 1.3: config changed from index 2 to 3, 2b7bddc718234ba4ad67adf81a78f4ae (127.31.239.4) changed from NON_VOTER to VOTER. New config: { opid_index: 3 OBSOLETE_local: false peers { permanent_uuid: "1df6163efedc4516a6abc7832a6ab690" member_type: VOTER last_known_addr { host: "127.31.239.1" port: 36317 } } peers { permanent_uuid: "f941a3d08b414a668e6f8be0dd313ea3" member_type: VOTER last_known_addr { host: "127.31.239.2" port: 41701 } attrs { replace: true } } peers { permanent_uuid: "ebae597954e64a35a4268cfebc2cf8e9" member_type: VOTER last_known_addr { host: "127.31.239.3" port: 40555 } } peers { permanent_uuid: "2b7bddc718234ba4ad67adf81a78f4ae" member_type: VOTER last_known_addr { host: "127.31.239.4" port: 39711 } attrs { promote: false } } }
I20260713 09:11:59.813493  1746 raft_consensus.cc:2955] T 62d13afc4ce0403abf2cc656e6a1a257 P 2b7bddc718234ba4ad67adf81a78f4ae [term 1 FOLLOWER]: Committing config change with OpId 1.3: config changed from index 2 to 3, 2b7bddc718234ba4ad67adf81a78f4ae (127.31.239.4) changed from NON_VOTER to VOTER. New config: { opid_index: 3 OBSOLETE_local: false peers { permanent_uuid: "1df6163efedc4516a6abc7832a6ab690" member_type: VOTER last_known_addr { host: "127.31.239.1" port: 36317 } } peers { permanent_uuid: "f941a3d08b414a668e6f8be0dd313ea3" member_type: VOTER last_known_addr { host: "127.31.239.2" port: 41701 } attrs { replace: true } } peers { permanent_uuid: "ebae597954e64a35a4268cfebc2cf8e9" member_type: VOTER last_known_addr { host: "127.31.239.3" port: 40555 } } peers { permanent_uuid: "2b7bddc718234ba4ad67adf81a78f4ae" member_type: VOTER last_known_addr { host: "127.31.239.4" port: 39711 } attrs { promote: false } } }
I20260713 09:11:59.844046  1336 raft_consensus.cc:2955] T 62d13afc4ce0403abf2cc656e6a1a257 P 1df6163efedc4516a6abc7832a6ab690 [term 1 FOLLOWER]: Committing config change with OpId 1.3: config changed from index 2 to 3, 2b7bddc718234ba4ad67adf81a78f4ae (127.31.239.4) changed from NON_VOTER to VOTER. New config: { opid_index: 3 OBSOLETE_local: false peers { permanent_uuid: "1df6163efedc4516a6abc7832a6ab690" member_type: VOTER last_known_addr { host: "127.31.239.1" port: 36317 } } peers { permanent_uuid: "f941a3d08b414a668e6f8be0dd313ea3" member_type: VOTER last_known_addr { host: "127.31.239.2" port: 41701 } attrs { replace: true } } peers { permanent_uuid: "ebae597954e64a35a4268cfebc2cf8e9" member_type: VOTER last_known_addr { host: "127.31.239.3" port: 40555 } } peers { permanent_uuid: "2b7bddc718234ba4ad67adf81a78f4ae" member_type: VOTER last_known_addr { host: "127.31.239.4" port: 39711 } attrs { promote: false } } }
I20260713 09:11:59.851572  1236 catalog_manager.cc:5697] T 62d13afc4ce0403abf2cc656e6a1a257 P ebae597954e64a35a4268cfebc2cf8e9 reported cstate change: config changed from index 2 to 3, 2b7bddc718234ba4ad67adf81a78f4ae (127.31.239.4) changed from NON_VOTER to VOTER. New cstate: current_term: 1 leader_uuid: "ebae597954e64a35a4268cfebc2cf8e9" committed_config { opid_index: 3 OBSOLETE_local: false peers { permanent_uuid: "1df6163efedc4516a6abc7832a6ab690" member_type: VOTER last_known_addr { host: "127.31.239.1" port: 36317 } health_report { overall_health: HEALTHY } } peers { permanent_uuid: "f941a3d08b414a668e6f8be0dd313ea3" member_type: VOTER last_known_addr { host: "127.31.239.2" port: 41701 } attrs { replace: true } health_report { overall_health: HEALTHY } } peers { permanent_uuid: "ebae597954e64a35a4268cfebc2cf8e9" member_type: VOTER last_known_addr { host: "127.31.239.3" port: 40555 } health_report { overall_health: HEALTHY } } peers { permanent_uuid: "2b7bddc718234ba4ad67adf81a78f4ae" member_type: VOTER last_known_addr { host: "127.31.239.4" port: 39711 } attrs { promote: false } health_report { overall_health: HEALTHY } } }
I20260713 09:11:59.874668  1486 consensus_queue.cc:237] T 62d13afc4ce0403abf2cc656e6a1a257 P ebae597954e64a35a4268cfebc2cf8e9 [LEADER]: Queue going to LEADER mode. State: All replicated index: 0, Majority replicated index: 3, Committed index: 3, Last appended: 1.3, Last appended by leader: 0, Current term: 1, Majority size: 2, State: 0, Mode: LEADER, active raft config: opid_index: 4 OBSOLETE_local: false peers { permanent_uuid: "1df6163efedc4516a6abc7832a6ab690" member_type: VOTER last_known_addr { host: "127.31.239.1" port: 36317 } } peers { permanent_uuid: "ebae597954e64a35a4268cfebc2cf8e9" member_type: VOTER last_known_addr { host: "127.31.239.3" port: 40555 } } peers { permanent_uuid: "2b7bddc718234ba4ad67adf81a78f4ae" member_type: VOTER last_known_addr { host: "127.31.239.4" port: 39711 } attrs { promote: false } }
I20260713 09:11:59.881016  1336 raft_consensus.cc:1275] T 62d13afc4ce0403abf2cc656e6a1a257 P 1df6163efedc4516a6abc7832a6ab690 [term 1 FOLLOWER]: Refusing update from remote peer ebae597954e64a35a4268cfebc2cf8e9: Log matching property violated. Preceding OpId in replica: term: 1 index: 3. Preceding OpId from leader: term: 1 index: 4. (index mismatch)
I20260713 09:11:59.880650  1746 raft_consensus.cc:1275] T 62d13afc4ce0403abf2cc656e6a1a257 P 2b7bddc718234ba4ad67adf81a78f4ae [term 1 FOLLOWER]: Refusing update from remote peer ebae597954e64a35a4268cfebc2cf8e9: Log matching property violated. Preceding OpId in replica: term: 1 index: 3. Preceding OpId from leader: term: 1 index: 4. (index mismatch)
I20260713 09:11:59.882557  1944 consensus_queue.cc:1048] T 62d13afc4ce0403abf2cc656e6a1a257 P ebae597954e64a35a4268cfebc2cf8e9 [LEADER]: Connected to new peer: Peer: permanent_uuid: "2b7bddc718234ba4ad67adf81a78f4ae" member_type: VOTER last_known_addr { host: "127.31.239.4" port: 39711 } attrs { promote: false }, Status: LMP_MISMATCH, Last received: 0.0, Next index: 4, Last known committed idx: 3, Time since last communication: 0.000s
I20260713 09:11:59.884194  1944 consensus_queue.cc:1048] T 62d13afc4ce0403abf2cc656e6a1a257 P ebae597954e64a35a4268cfebc2cf8e9 [LEADER]: Connected to new peer: Peer: permanent_uuid: "1df6163efedc4516a6abc7832a6ab690" member_type: VOTER last_known_addr { host: "127.31.239.1" port: 36317 }, Status: LMP_MISMATCH, Last received: 0.0, Next index: 4, Last known committed idx: 3, Time since last communication: 0.000s
I20260713 09:11:59.890057  1334 consensus_queue.cc:237] T b0d8af47b9184f07ab123e72384be864 P 1df6163efedc4516a6abc7832a6ab690 [LEADER]: Queue going to LEADER mode. State: All replicated index: 0, Majority replicated index: 3, Committed index: 3, Last appended: 1.3, Last appended by leader: 0, Current term: 1, Majority size: 2, State: 0, Mode: LEADER, active raft config: opid_index: 4 OBSOLETE_local: false peers { permanent_uuid: "1df6163efedc4516a6abc7832a6ab690" member_type: VOTER last_known_addr { host: "127.31.239.1" port: 36317 } } peers { permanent_uuid: "f941a3d08b414a668e6f8be0dd313ea3" member_type: VOTER last_known_addr { host: "127.31.239.2" port: 41701 } } peers { permanent_uuid: "2b7bddc718234ba4ad67adf81a78f4ae" member_type: VOTER last_known_addr { host: "127.31.239.4" port: 39711 } attrs { promote: false } }
I20260713 09:11:59.895269  1840 raft_consensus.cc:2955] T 62d13afc4ce0403abf2cc656e6a1a257 P ebae597954e64a35a4268cfebc2cf8e9 [term 1 LEADER]: Committing config change with OpId 1.4: config changed from index 3 to 4, VOTER f941a3d08b414a668e6f8be0dd313ea3 (127.31.239.2) evicted. New config: { opid_index: 4 OBSOLETE_local: false peers { permanent_uuid: "1df6163efedc4516a6abc7832a6ab690" member_type: VOTER last_known_addr { host: "127.31.239.1" port: 36317 } } peers { permanent_uuid: "ebae597954e64a35a4268cfebc2cf8e9" member_type: VOTER last_known_addr { host: "127.31.239.3" port: 40555 } } peers { permanent_uuid: "2b7bddc718234ba4ad67adf81a78f4ae" member_type: VOTER last_known_addr { host: "127.31.239.4" port: 39711 } attrs { promote: false } } }
I20260713 09:11:59.900098  1336 raft_consensus.cc:2955] T 62d13afc4ce0403abf2cc656e6a1a257 P 1df6163efedc4516a6abc7832a6ab690 [term 1 FOLLOWER]: Committing config change with OpId 1.4: config changed from index 3 to 4, VOTER f941a3d08b414a668e6f8be0dd313ea3 (127.31.239.2) evicted. New config: { opid_index: 4 OBSOLETE_local: false peers { permanent_uuid: "1df6163efedc4516a6abc7832a6ab690" member_type: VOTER last_known_addr { host: "127.31.239.1" port: 36317 } } peers { permanent_uuid: "ebae597954e64a35a4268cfebc2cf8e9" member_type: VOTER last_known_addr { host: "127.31.239.3" port: 40555 } } peers { permanent_uuid: "2b7bddc718234ba4ad67adf81a78f4ae" member_type: VOTER last_known_addr { host: "127.31.239.4" port: 39711 } attrs { promote: false } } }
I20260713 09:11:59.900152  1746 raft_consensus.cc:2955] T 62d13afc4ce0403abf2cc656e6a1a257 P 2b7bddc718234ba4ad67adf81a78f4ae [term 1 FOLLOWER]: Committing config change with OpId 1.4: config changed from index 3 to 4, VOTER f941a3d08b414a668e6f8be0dd313ea3 (127.31.239.2) evicted. New config: { opid_index: 4 OBSOLETE_local: false peers { permanent_uuid: "1df6163efedc4516a6abc7832a6ab690" member_type: VOTER last_known_addr { host: "127.31.239.1" port: 36317 } } peers { permanent_uuid: "ebae597954e64a35a4268cfebc2cf8e9" member_type: VOTER last_known_addr { host: "127.31.239.3" port: 40555 } } peers { permanent_uuid: "2b7bddc718234ba4ad67adf81a78f4ae" member_type: VOTER last_known_addr { host: "127.31.239.4" port: 39711 } attrs { promote: false } } }
I20260713 09:11:59.907073  1223 catalog_manager.cc:5210] ChangeConfig:REMOVE_PEER RPC for tablet 62d13afc4ce0403abf2cc656e6a1a257 with cas_config_opid_index 3: ChangeConfig:REMOVE_PEER succeeded (attempt 1)
I20260713 09:11:59.911846  1747 raft_consensus.cc:1275] T b0d8af47b9184f07ab123e72384be864 P 2b7bddc718234ba4ad67adf81a78f4ae [term 1 FOLLOWER]: Refusing update from remote peer 1df6163efedc4516a6abc7832a6ab690: Log matching property violated. Preceding OpId in replica: term: 1 index: 3. Preceding OpId from leader: term: 1 index: 4. (index mismatch)
I20260713 09:11:59.911363  1233 catalog_manager.cc:5697] T 62d13afc4ce0403abf2cc656e6a1a257 P ebae597954e64a35a4268cfebc2cf8e9 reported cstate change: config changed from index 3 to 4, VOTER f941a3d08b414a668e6f8be0dd313ea3 (127.31.239.2) evicted. New cstate: current_term: 1 leader_uuid: "ebae597954e64a35a4268cfebc2cf8e9" committed_config { opid_index: 4 OBSOLETE_local: false peers { permanent_uuid: "1df6163efedc4516a6abc7832a6ab690" member_type: VOTER last_known_addr { host: "127.31.239.1" port: 36317 } health_report { overall_health: HEALTHY } } peers { permanent_uuid: "ebae597954e64a35a4268cfebc2cf8e9" member_type: VOTER last_known_addr { host: "127.31.239.3" port: 40555 } health_report { overall_health: HEALTHY } } peers { permanent_uuid: "2b7bddc718234ba4ad67adf81a78f4ae" member_type: VOTER last_known_addr { host: "127.31.239.4" port: 39711 } attrs { promote: false } health_report { overall_health: HEALTHY } } }
I20260713 09:11:59.913300  2050 consensus_queue.cc:1048] T b0d8af47b9184f07ab123e72384be864 P 1df6163efedc4516a6abc7832a6ab690 [LEADER]: Connected to new peer: Peer: permanent_uuid: "2b7bddc718234ba4ad67adf81a78f4ae" member_type: VOTER last_known_addr { host: "127.31.239.4" port: 39711 } attrs { promote: false }, Status: LMP_MISMATCH, Last received: 0.0, Next index: 4, Last known committed idx: 3, Time since last communication: 0.000s
I20260713 09:11:59.922431  2051 raft_consensus.cc:2955] T b0d8af47b9184f07ab123e72384be864 P 1df6163efedc4516a6abc7832a6ab690 [term 1 LEADER]: Committing config change with OpId 1.4: config changed from index 3 to 4, VOTER ebae597954e64a35a4268cfebc2cf8e9 (127.31.239.3) evicted. New config: { opid_index: 4 OBSOLETE_local: false peers { permanent_uuid: "1df6163efedc4516a6abc7832a6ab690" member_type: VOTER last_known_addr { host: "127.31.239.1" port: 36317 } } peers { permanent_uuid: "f941a3d08b414a668e6f8be0dd313ea3" member_type: VOTER last_known_addr { host: "127.31.239.2" port: 41701 } } peers { permanent_uuid: "2b7bddc718234ba4ad67adf81a78f4ae" member_type: VOTER last_known_addr { host: "127.31.239.4" port: 39711 } attrs { promote: false } } }
I20260713 09:11:59.925973  1400 tablet_service.cc:1558] Processing DeleteTablet for tablet 62d13afc4ce0403abf2cc656e6a1a257 with delete_type TABLET_DATA_TOMBSTONED (TS f941a3d08b414a668e6f8be0dd313ea3 not found in new config with opid_index 4) from {username='slave'} at 127.0.0.1:60226
I20260713 09:11:59.928105  1747 raft_consensus.cc:2955] T b0d8af47b9184f07ab123e72384be864 P 2b7bddc718234ba4ad67adf81a78f4ae [term 1 FOLLOWER]: Committing config change with OpId 1.4: config changed from index 3 to 4, VOTER ebae597954e64a35a4268cfebc2cf8e9 (127.31.239.3) evicted. New config: { opid_index: 4 OBSOLETE_local: false peers { permanent_uuid: "1df6163efedc4516a6abc7832a6ab690" member_type: VOTER last_known_addr { host: "127.31.239.1" port: 36317 } } peers { permanent_uuid: "f941a3d08b414a668e6f8be0dd313ea3" member_type: VOTER last_known_addr { host: "127.31.239.2" port: 41701 } } peers { permanent_uuid: "2b7bddc718234ba4ad67adf81a78f4ae" member_type: VOTER last_known_addr { host: "127.31.239.4" port: 39711 } attrs { promote: false } } }
I20260713 09:11:59.939543  1407 raft_consensus.cc:1275] T b0d8af47b9184f07ab123e72384be864 P f941a3d08b414a668e6f8be0dd313ea3 [term 1 FOLLOWER]: Refusing update from remote peer 1df6163efedc4516a6abc7832a6ab690: Log matching property violated. Preceding OpId in replica: term: 1 index: 3. Preceding OpId from leader: term: 1 index: 4. (index mismatch)
I20260713 09:11:59.940975  2050 consensus_queue.cc:1048] T b0d8af47b9184f07ab123e72384be864 P 1df6163efedc4516a6abc7832a6ab690 [LEADER]: Connected to new peer: Peer: permanent_uuid: "f941a3d08b414a668e6f8be0dd313ea3" member_type: VOTER last_known_addr { host: "127.31.239.2" port: 41701 }, Status: LMP_MISMATCH, Last received: 0.0, Next index: 4, Last known committed idx: 3, Time since last communication: 0.000s
I20260713 09:11:59.945670  1407 raft_consensus.cc:2955] T b0d8af47b9184f07ab123e72384be864 P f941a3d08b414a668e6f8be0dd313ea3 [term 1 FOLLOWER]: Committing config change with OpId 1.4: config changed from index 3 to 4, VOTER ebae597954e64a35a4268cfebc2cf8e9 (127.31.239.3) evicted. New config: { opid_index: 4 OBSOLETE_local: false peers { permanent_uuid: "1df6163efedc4516a6abc7832a6ab690" member_type: VOTER last_known_addr { host: "127.31.239.1" port: 36317 } } peers { permanent_uuid: "f941a3d08b414a668e6f8be0dd313ea3" member_type: VOTER last_known_addr { host: "127.31.239.2" port: 41701 } } peers { permanent_uuid: "2b7bddc718234ba4ad67adf81a78f4ae" member_type: VOTER last_known_addr { host: "127.31.239.4" port: 39711 } attrs { promote: false } } }
I20260713 09:11:59.973635  1223 catalog_manager.cc:5210] ChangeConfig:REMOVE_PEER RPC for tablet b0d8af47b9184f07ab123e72384be864 with cas_config_opid_index 3: ChangeConfig:REMOVE_PEER succeeded (attempt 1)
I20260713 09:11:59.983871  2071 tablet_replica.cc:333] T 62d13afc4ce0403abf2cc656e6a1a257 P f941a3d08b414a668e6f8be0dd313ea3: stopping tablet replica
I20260713 09:11:59.985426  1233 catalog_manager.cc:5697] T b0d8af47b9184f07ab123e72384be864 P 1df6163efedc4516a6abc7832a6ab690 reported cstate change: config changed from index 3 to 4, VOTER ebae597954e64a35a4268cfebc2cf8e9 (127.31.239.3) evicted. New cstate: current_term: 1 leader_uuid: "1df6163efedc4516a6abc7832a6ab690" committed_config { opid_index: 4 OBSOLETE_local: false peers { permanent_uuid: "1df6163efedc4516a6abc7832a6ab690" member_type: VOTER last_known_addr { host: "127.31.239.1" port: 36317 } health_report { overall_health: HEALTHY } } peers { permanent_uuid: "f941a3d08b414a668e6f8be0dd313ea3" member_type: VOTER last_known_addr { host: "127.31.239.2" port: 41701 } health_report { overall_health: UNKNOWN } } peers { permanent_uuid: "2b7bddc718234ba4ad67adf81a78f4ae" member_type: VOTER last_known_addr { host: "127.31.239.4" port: 39711 } attrs { promote: false } health_report { overall_health: HEALTHY } } }
I20260713 09:11:59.996801  2071 raft_consensus.cc:2243] T 62d13afc4ce0403abf2cc656e6a1a257 P f941a3d08b414a668e6f8be0dd313ea3 [term 1 FOLLOWER]: Raft consensus shutting down.
I20260713 09:11:59.997637  2071 raft_consensus.cc:2272] T 62d13afc4ce0403abf2cc656e6a1a257 P f941a3d08b414a668e6f8be0dd313ea3 [term 1 FOLLOWER]: Raft consensus is shut down!
I20260713 09:12:00.000293  1468 tablet_service.cc:1558] Processing DeleteTablet for tablet b0d8af47b9184f07ab123e72384be864 with delete_type TABLET_DATA_TOMBSTONED (TS ebae597954e64a35a4268cfebc2cf8e9 not found in new config with opid_index 4) from {username='slave'} at 127.0.0.1:41342
I20260713 09:12:00.003043  2071 ts_tablet_manager.cc:1916] T 62d13afc4ce0403abf2cc656e6a1a257 P f941a3d08b414a668e6f8be0dd313ea3: Deleting tablet data with delete state TABLET_DATA_TOMBSTONED
I20260713 09:12:00.006922  2072 tablet_replica.cc:333] T b0d8af47b9184f07ab123e72384be864 P ebae597954e64a35a4268cfebc2cf8e9: stopping tablet replica
I20260713 09:12:00.007864  2072 raft_consensus.cc:2243] T b0d8af47b9184f07ab123e72384be864 P ebae597954e64a35a4268cfebc2cf8e9 [term 1 FOLLOWER]: Raft consensus shutting down.
I20260713 09:12:00.010727  2072 raft_consensus.cc:2272] T b0d8af47b9184f07ab123e72384be864 P ebae597954e64a35a4268cfebc2cf8e9 [term 1 FOLLOWER]: Raft consensus is shut down!
I20260713 09:12:00.014257  2072 ts_tablet_manager.cc:1916] T b0d8af47b9184f07ab123e72384be864 P ebae597954e64a35a4268cfebc2cf8e9: Deleting tablet data with delete state TABLET_DATA_TOMBSTONED
I20260713 09:12:00.034514  2071 ts_tablet_manager.cc:1929] T 62d13afc4ce0403abf2cc656e6a1a257 P f941a3d08b414a668e6f8be0dd313ea3: tablet deleted with delete type TABLET_DATA_TOMBSTONED: last-logged OpId 1.3
I20260713 09:12:00.035168  2071 log.cc:1199] T 62d13afc4ce0403abf2cc656e6a1a257 P f941a3d08b414a668e6f8be0dd313ea3: Deleting WAL directory at /tmp/dist-test-taskncClRV/test-tmp/auto_leader_rebalancer-test.0.LeaderRebalancerTest.AddTserver.1783933880184218-32700-0/minicluster-data/ts-1-root/wals/62d13afc4ce0403abf2cc656e6a1a257
I20260713 09:12:00.036814  1223 catalog_manager.cc:5028] TS f941a3d08b414a668e6f8be0dd313ea3 (127.31.239.2:41701): tablet 62d13afc4ce0403abf2cc656e6a1a257 (table test-workload [id=a1dbcbe41d1f49298089af813805163b]) successfully deleted
I20260713 09:12:00.039081  2072 ts_tablet_manager.cc:1929] T b0d8af47b9184f07ab123e72384be864 P ebae597954e64a35a4268cfebc2cf8e9: tablet deleted with delete type TABLET_DATA_TOMBSTONED: last-logged OpId 1.3
I20260713 09:12:00.039538  2072 log.cc:1199] T b0d8af47b9184f07ab123e72384be864 P ebae597954e64a35a4268cfebc2cf8e9: Deleting WAL directory at /tmp/dist-test-taskncClRV/test-tmp/auto_leader_rebalancer-test.0.LeaderRebalancerTest.AddTserver.1783933880184218-32700-0/minicluster-data/ts-2-root/wals/b0d8af47b9184f07ab123e72384be864
I20260713 09:12:00.041170  1223 catalog_manager.cc:5028] TS ebae597954e64a35a4268cfebc2cf8e9 (127.31.239.3:40555): tablet b0d8af47b9184f07ab123e72384be864 (table test-workload [id=a1dbcbe41d1f49298089af813805163b]) successfully deleted
I20260713 09:12:01.098444  1407 consensus_queue.cc:237] T 658eb833e7854bb881928a4150887863 P f941a3d08b414a668e6f8be0dd313ea3 [LEADER]: Queue going to LEADER mode. State: All replicated index: 0, Majority replicated index: 1, Committed index: 1, Last appended: 1.1, Last appended by leader: 0, Current term: 1, Majority size: 2, State: 0, Mode: LEADER, active raft config: opid_index: 2 OBSOLETE_local: false peers { permanent_uuid: "1df6163efedc4516a6abc7832a6ab690" member_type: VOTER last_known_addr { host: "127.31.239.1" port: 36317 } attrs { replace: true } } peers { permanent_uuid: "f941a3d08b414a668e6f8be0dd313ea3" member_type: VOTER last_known_addr { host: "127.31.239.2" port: 41701 } } peers { permanent_uuid: "ebae597954e64a35a4268cfebc2cf8e9" member_type: VOTER last_known_addr { host: "127.31.239.3" port: 40555 } } peers { permanent_uuid: "2b7bddc718234ba4ad67adf81a78f4ae" member_type: NON_VOTER last_known_addr { host: "127.31.239.4" port: 39711 } attrs { promote: true } }
W20260713 09:12:01.110324  1376 consensus_peers.cc:597] T 658eb833e7854bb881928a4150887863 P f941a3d08b414a668e6f8be0dd313ea3 -> Peer 2b7bddc718234ba4ad67adf81a78f4ae (127.31.239.4:39711): Couldn't send request to peer 2b7bddc718234ba4ad67adf81a78f4ae. Error code: TABLET_NOT_FOUND (6). Status: Not found: Tablet not found: 658eb833e7854bb881928a4150887863. This is attempt 1: this message will repeat every 5th retry.
I20260713 09:12:01.112615  1484 raft_consensus.cc:1275] T 658eb833e7854bb881928a4150887863 P ebae597954e64a35a4268cfebc2cf8e9 [term 1 FOLLOWER]: Refusing update from remote peer f941a3d08b414a668e6f8be0dd313ea3: Log matching property violated. Preceding OpId in replica: term: 1 index: 1. Preceding OpId from leader: term: 1 index: 2. (index mismatch)
I20260713 09:12:01.113045  1334 raft_consensus.cc:1275] T 658eb833e7854bb881928a4150887863 P 1df6163efedc4516a6abc7832a6ab690 [term 1 FOLLOWER]: Refusing update from remote peer f941a3d08b414a668e6f8be0dd313ea3: Log matching property violated. Preceding OpId in replica: term: 1 index: 1. Preceding OpId from leader: term: 1 index: 2. (index mismatch)
I20260713 09:12:01.114496  1938 consensus_queue.cc:1048] T 658eb833e7854bb881928a4150887863 P f941a3d08b414a668e6f8be0dd313ea3 [LEADER]: Connected to new peer: Peer: permanent_uuid: "ebae597954e64a35a4268cfebc2cf8e9" member_type: VOTER last_known_addr { host: "127.31.239.3" port: 40555 }, Status: LMP_MISMATCH, Last received: 0.0, Next index: 2, Last known committed idx: 1, Time since last communication: 0.000s
I20260713 09:12:01.115528  2073 consensus_queue.cc:1048] T 658eb833e7854bb881928a4150887863 P f941a3d08b414a668e6f8be0dd313ea3 [LEADER]: Connected to new peer: Peer: permanent_uuid: "1df6163efedc4516a6abc7832a6ab690" member_type: VOTER last_known_addr { host: "127.31.239.1" port: 36317 } attrs { replace: true }, Status: LMP_MISMATCH, Last received: 0.0, Next index: 2, Last known committed idx: 1, Time since last communication: 0.001s
I20260713 09:12:01.139142  2073 raft_consensus.cc:2955] T 658eb833e7854bb881928a4150887863 P f941a3d08b414a668e6f8be0dd313ea3 [term 1 LEADER]: Committing config change with OpId 1.2: config changed from index -1 to 2, NON_VOTER 2b7bddc718234ba4ad67adf81a78f4ae (127.31.239.4) added. New config: { opid_index: 2 OBSOLETE_local: false peers { permanent_uuid: "1df6163efedc4516a6abc7832a6ab690" member_type: VOTER last_known_addr { host: "127.31.239.1" port: 36317 } attrs { replace: true } } peers { permanent_uuid: "f941a3d08b414a668e6f8be0dd313ea3" member_type: VOTER last_known_addr { host: "127.31.239.2" port: 41701 } } peers { permanent_uuid: "ebae597954e64a35a4268cfebc2cf8e9" member_type: VOTER last_known_addr { host: "127.31.239.3" port: 40555 } } peers { permanent_uuid: "2b7bddc718234ba4ad67adf81a78f4ae" member_type: NON_VOTER last_known_addr { host: "127.31.239.4" port: 39711 } attrs { promote: true } } }
I20260713 09:12:01.147635  1484 raft_consensus.cc:2955] T 658eb833e7854bb881928a4150887863 P ebae597954e64a35a4268cfebc2cf8e9 [term 1 FOLLOWER]: Committing config change with OpId 1.2: config changed from index -1 to 2, NON_VOTER 2b7bddc718234ba4ad67adf81a78f4ae (127.31.239.4) added. New config: { opid_index: 2 OBSOLETE_local: false peers { permanent_uuid: "1df6163efedc4516a6abc7832a6ab690" member_type: VOTER last_known_addr { host: "127.31.239.1" port: 36317 } attrs { replace: true } } peers { permanent_uuid: "f941a3d08b414a668e6f8be0dd313ea3" member_type: VOTER last_known_addr { host: "127.31.239.2" port: 41701 } } peers { permanent_uuid: "ebae597954e64a35a4268cfebc2cf8e9" member_type: VOTER last_known_addr { host: "127.31.239.3" port: 40555 } } peers { permanent_uuid: "2b7bddc718234ba4ad67adf81a78f4ae" member_type: NON_VOTER last_known_addr { host: "127.31.239.4" port: 39711 } attrs { promote: true } } }
I20260713 09:12:01.188235  1407 consensus_queue.cc:237] T 8b98b3887a794780b60802fcc80d73be P f941a3d08b414a668e6f8be0dd313ea3 [LEADER]: Queue going to LEADER mode. State: All replicated index: 0, Majority replicated index: 1, Committed index: 1, Last appended: 1.1, Last appended by leader: 0, Current term: 1, Majority size: 2, State: 0, Mode: LEADER, active raft config: opid_index: 2 OBSOLETE_local: false peers { permanent_uuid: "1df6163efedc4516a6abc7832a6ab690" member_type: VOTER last_known_addr { host: "127.31.239.1" port: 36317 } } peers { permanent_uuid: "f941a3d08b414a668e6f8be0dd313ea3" member_type: VOTER last_known_addr { host: "127.31.239.2" port: 41701 } } peers { permanent_uuid: "ebae597954e64a35a4268cfebc2cf8e9" member_type: VOTER last_known_addr { host: "127.31.239.3" port: 40555 } attrs { replace: true } } peers { permanent_uuid: "2b7bddc718234ba4ad67adf81a78f4ae" member_type: NON_VOTER last_known_addr { host: "127.31.239.4" port: 39711 } attrs { promote: true } }
I20260713 09:12:01.188158  1234 catalog_manager.cc:5697] T 658eb833e7854bb881928a4150887863 P f941a3d08b414a668e6f8be0dd313ea3 reported cstate change: config changed from index -1 to 2, NON_VOTER 2b7bddc718234ba4ad67adf81a78f4ae (127.31.239.4) added. New cstate: current_term: 1 leader_uuid: "f941a3d08b414a668e6f8be0dd313ea3" committed_config { opid_index: 2 OBSOLETE_local: false peers { permanent_uuid: "1df6163efedc4516a6abc7832a6ab690" member_type: VOTER last_known_addr { host: "127.31.239.1" port: 36317 } attrs { replace: true } health_report { overall_health: UNKNOWN } } peers { permanent_uuid: "f941a3d08b414a668e6f8be0dd313ea3" member_type: VOTER last_known_addr { host: "127.31.239.2" port: 41701 } health_report { overall_health: HEALTHY } } peers { permanent_uuid: "ebae597954e64a35a4268cfebc2cf8e9" member_type: VOTER last_known_addr { host: "127.31.239.3" port: 40555 } health_report { overall_health: HEALTHY } } peers { permanent_uuid: "2b7bddc718234ba4ad67adf81a78f4ae" member_type: NON_VOTER last_known_addr { host: "127.31.239.4" port: 39711 } attrs { promote: true } health_report { overall_health: UNKNOWN } } }
I20260713 09:12:01.202775  1334 raft_consensus.cc:2955] T 658eb833e7854bb881928a4150887863 P 1df6163efedc4516a6abc7832a6ab690 [term 1 FOLLOWER]: Committing config change with OpId 1.2: config changed from index -1 to 2, NON_VOTER 2b7bddc718234ba4ad67adf81a78f4ae (127.31.239.4) added. New config: { opid_index: 2 OBSOLETE_local: false peers { permanent_uuid: "1df6163efedc4516a6abc7832a6ab690" member_type: VOTER last_known_addr { host: "127.31.239.1" port: 36317 } attrs { replace: true } } peers { permanent_uuid: "f941a3d08b414a668e6f8be0dd313ea3" member_type: VOTER last_known_addr { host: "127.31.239.2" port: 41701 } } peers { permanent_uuid: "ebae597954e64a35a4268cfebc2cf8e9" member_type: VOTER last_known_addr { host: "127.31.239.3" port: 40555 } } peers { permanent_uuid: "2b7bddc718234ba4ad67adf81a78f4ae" member_type: NON_VOTER last_known_addr { host: "127.31.239.4" port: 39711 } attrs { promote: true } } }
W20260713 09:12:01.233229  1376 consensus_peers.cc:597] T 8b98b3887a794780b60802fcc80d73be P f941a3d08b414a668e6f8be0dd313ea3 -> Peer 2b7bddc718234ba4ad67adf81a78f4ae (127.31.239.4:39711): Couldn't send request to peer 2b7bddc718234ba4ad67adf81a78f4ae. Error code: TABLET_NOT_FOUND (6). Status: Not found: Tablet not found: 8b98b3887a794780b60802fcc80d73be. This is attempt 1: this message will repeat every 5th retry.
I20260713 09:12:01.234128  1336 raft_consensus.cc:1275] T 8b98b3887a794780b60802fcc80d73be P 1df6163efedc4516a6abc7832a6ab690 [term 1 FOLLOWER]: Refusing update from remote peer f941a3d08b414a668e6f8be0dd313ea3: Log matching property violated. Preceding OpId in replica: term: 1 index: 1. Preceding OpId from leader: term: 1 index: 2. (index mismatch)
I20260713 09:12:01.238132  1484 raft_consensus.cc:1275] T 8b98b3887a794780b60802fcc80d73be P ebae597954e64a35a4268cfebc2cf8e9 [term 1 FOLLOWER]: Refusing update from remote peer f941a3d08b414a668e6f8be0dd313ea3: Log matching property violated. Preceding OpId in replica: term: 1 index: 1. Preceding OpId from leader: term: 1 index: 2. (index mismatch)
I20260713 09:12:01.240748  1938 consensus_queue.cc:1048] T 8b98b3887a794780b60802fcc80d73be P f941a3d08b414a668e6f8be0dd313ea3 [LEADER]: Connected to new peer: Peer: permanent_uuid: "ebae597954e64a35a4268cfebc2cf8e9" member_type: VOTER last_known_addr { host: "127.31.239.3" port: 40555 } attrs { replace: true }, Status: LMP_MISMATCH, Last received: 0.0, Next index: 2, Last known committed idx: 1, Time since last communication: 0.000s
I20260713 09:12:01.242219  2082 consensus_queue.cc:1048] T 8b98b3887a794780b60802fcc80d73be P f941a3d08b414a668e6f8be0dd313ea3 [LEADER]: Connected to new peer: Peer: permanent_uuid: "1df6163efedc4516a6abc7832a6ab690" member_type: VOTER last_known_addr { host: "127.31.239.1" port: 36317 }, Status: LMP_MISMATCH, Last received: 0.0, Next index: 2, Last known committed idx: 1, Time since last communication: 0.001s
I20260713 09:12:01.262029  2082 raft_consensus.cc:2955] T 8b98b3887a794780b60802fcc80d73be P f941a3d08b414a668e6f8be0dd313ea3 [term 1 LEADER]: Committing config change with OpId 1.2: config changed from index -1 to 2, NON_VOTER 2b7bddc718234ba4ad67adf81a78f4ae (127.31.239.4) added. New config: { opid_index: 2 OBSOLETE_local: false peers { permanent_uuid: "1df6163efedc4516a6abc7832a6ab690" member_type: VOTER last_known_addr { host: "127.31.239.1" port: 36317 } } peers { permanent_uuid: "f941a3d08b414a668e6f8be0dd313ea3" member_type: VOTER last_known_addr { host: "127.31.239.2" port: 41701 } } peers { permanent_uuid: "ebae597954e64a35a4268cfebc2cf8e9" member_type: VOTER last_known_addr { host: "127.31.239.3" port: 40555 } attrs { replace: true } } peers { permanent_uuid: "2b7bddc718234ba4ad67adf81a78f4ae" member_type: NON_VOTER last_known_addr { host: "127.31.239.4" port: 39711 } attrs { promote: true } } }
I20260713 09:12:01.263587  1336 raft_consensus.cc:2955] T 8b98b3887a794780b60802fcc80d73be P 1df6163efedc4516a6abc7832a6ab690 [term 1 FOLLOWER]: Committing config change with OpId 1.2: config changed from index -1 to 2, NON_VOTER 2b7bddc718234ba4ad67adf81a78f4ae (127.31.239.4) added. New config: { opid_index: 2 OBSOLETE_local: false peers { permanent_uuid: "1df6163efedc4516a6abc7832a6ab690" member_type: VOTER last_known_addr { host: "127.31.239.1" port: 36317 } } peers { permanent_uuid: "f941a3d08b414a668e6f8be0dd313ea3" member_type: VOTER last_known_addr { host: "127.31.239.2" port: 41701 } } peers { permanent_uuid: "ebae597954e64a35a4268cfebc2cf8e9" member_type: VOTER last_known_addr { host: "127.31.239.3" port: 40555 } attrs { replace: true } } peers { permanent_uuid: "2b7bddc718234ba4ad67adf81a78f4ae" member_type: NON_VOTER last_known_addr { host: "127.31.239.4" port: 39711 } attrs { promote: true } } }
I20260713 09:12:01.272610  1486 raft_consensus.cc:2955] T 8b98b3887a794780b60802fcc80d73be P ebae597954e64a35a4268cfebc2cf8e9 [term 1 FOLLOWER]: Committing config change with OpId 1.2: config changed from index -1 to 2, NON_VOTER 2b7bddc718234ba4ad67adf81a78f4ae (127.31.239.4) added. New config: { opid_index: 2 OBSOLETE_local: false peers { permanent_uuid: "1df6163efedc4516a6abc7832a6ab690" member_type: VOTER last_known_addr { host: "127.31.239.1" port: 36317 } } peers { permanent_uuid: "f941a3d08b414a668e6f8be0dd313ea3" member_type: VOTER last_known_addr { host: "127.31.239.2" port: 41701 } } peers { permanent_uuid: "ebae597954e64a35a4268cfebc2cf8e9" member_type: VOTER last_known_addr { host: "127.31.239.3" port: 40555 } attrs { replace: true } } peers { permanent_uuid: "2b7bddc718234ba4ad67adf81a78f4ae" member_type: NON_VOTER last_known_addr { host: "127.31.239.4" port: 39711 } attrs { promote: true } } }
I20260713 09:12:01.323518  1236 catalog_manager.cc:5697] T 8b98b3887a794780b60802fcc80d73be P ebae597954e64a35a4268cfebc2cf8e9 reported cstate change: config changed from index -1 to 2, NON_VOTER 2b7bddc718234ba4ad67adf81a78f4ae (127.31.239.4) added. New cstate: current_term: 1 leader_uuid: "f941a3d08b414a668e6f8be0dd313ea3" committed_config { opid_index: 2 OBSOLETE_local: false peers { permanent_uuid: "1df6163efedc4516a6abc7832a6ab690" member_type: VOTER last_known_addr { host: "127.31.239.1" port: 36317 } } peers { permanent_uuid: "f941a3d08b414a668e6f8be0dd313ea3" member_type: VOTER last_known_addr { host: "127.31.239.2" port: 41701 } } peers { permanent_uuid: "ebae597954e64a35a4268cfebc2cf8e9" member_type: VOTER last_known_addr { host: "127.31.239.3" port: 40555 } attrs { replace: true } } peers { permanent_uuid: "2b7bddc718234ba4ad67adf81a78f4ae" member_type: NON_VOTER last_known_addr { host: "127.31.239.4" port: 39711 } attrs { promote: true } } }
I20260713 09:12:01.512147  2091 ts_tablet_manager.cc:933] T 658eb833e7854bb881928a4150887863 P 2b7bddc718234ba4ad67adf81a78f4ae: Initiating tablet copy from peer f941a3d08b414a668e6f8be0dd313ea3 (127.31.239.2:41701)
I20260713 09:12:01.533080  2091 tablet_copy_client.cc:323] T 658eb833e7854bb881928a4150887863 P 2b7bddc718234ba4ad67adf81a78f4ae: tablet copy: Beginning tablet copy session from remote peer at address 127.31.239.2:41701
I20260713 09:12:01.535665  1423 tablet_copy_service.cc:140] P f941a3d08b414a668e6f8be0dd313ea3: Received BeginTabletCopySession request for tablet 658eb833e7854bb881928a4150887863 from peer 2b7bddc718234ba4ad67adf81a78f4ae ({username='slave'} at 127.0.0.1:34664)
I20260713 09:12:01.536312  1423 tablet_copy_service.cc:161] P f941a3d08b414a668e6f8be0dd313ea3: Beginning new tablet copy session on tablet 658eb833e7854bb881928a4150887863 from peer 2b7bddc718234ba4ad67adf81a78f4ae at {username='slave'} at 127.0.0.1:34664: session id = 2b7bddc718234ba4ad67adf81a78f4ae-658eb833e7854bb881928a4150887863
I20260713 09:12:01.549984  1423 tablet_copy_source_session.cc:215] T 658eb833e7854bb881928a4150887863 P f941a3d08b414a668e6f8be0dd313ea3: Tablet Copy: opened 0 blocks and 1 log segments
I20260713 09:12:01.558367  2091 data_dirs.cc:400] Could only allocate 1 dirs of requested 3 for tablet 658eb833e7854bb881928a4150887863. 1 dirs total, 0 dirs full, 0 dirs failed
I20260713 09:12:01.577832  2091 tablet_copy_client.cc:806] T 658eb833e7854bb881928a4150887863 P 2b7bddc718234ba4ad67adf81a78f4ae: tablet copy: Starting download of 0 data blocks...
I20260713 09:12:01.585564  2091 tablet_copy_client.cc:670] T 658eb833e7854bb881928a4150887863 P 2b7bddc718234ba4ad67adf81a78f4ae: tablet copy: Starting download of 1 WAL segments...
I20260713 09:12:01.589812  2091 tablet_copy_client.cc:538] T 658eb833e7854bb881928a4150887863 P 2b7bddc718234ba4ad67adf81a78f4ae: tablet copy: Tablet Copy complete. Replacing tablet superblock.
I20260713 09:12:01.600178  2091 tablet_bootstrap.cc:492] T 658eb833e7854bb881928a4150887863 P 2b7bddc718234ba4ad67adf81a78f4ae: Bootstrap starting.
I20260713 09:12:01.645165  2091 tablet_bootstrap.cc:492] T 658eb833e7854bb881928a4150887863 P 2b7bddc718234ba4ad67adf81a78f4ae: Bootstrap replayed 1/1 log segments. Stats: ops{read=2 overwritten=0 applied=2 ignored=0} inserts{seen=0 ignored=0} mutations{seen=0 ignored=0} orphaned_commits=0. Pending: 0 replicates
I20260713 09:12:01.656049  2091 tablet_bootstrap.cc:492] T 658eb833e7854bb881928a4150887863 P 2b7bddc718234ba4ad67adf81a78f4ae: Bootstrap complete.
I20260713 09:12:01.656848  2091 ts_tablet_manager.cc:1403] T 658eb833e7854bb881928a4150887863 P 2b7bddc718234ba4ad67adf81a78f4ae: Time spent bootstrapping tablet: real 0.057s	user 0.014s	sys 0.010s
I20260713 09:12:01.660109  2091 raft_consensus.cc:359] T 658eb833e7854bb881928a4150887863 P 2b7bddc718234ba4ad67adf81a78f4ae [term 1 LEARNER]: Replica starting. Triggering 0 pending ops. Active config: opid_index: 2 OBSOLETE_local: false peers { permanent_uuid: "1df6163efedc4516a6abc7832a6ab690" member_type: VOTER last_known_addr { host: "127.31.239.1" port: 36317 } attrs { replace: true } } peers { permanent_uuid: "f941a3d08b414a668e6f8be0dd313ea3" member_type: VOTER last_known_addr { host: "127.31.239.2" port: 41701 } } peers { permanent_uuid: "ebae597954e64a35a4268cfebc2cf8e9" member_type: VOTER last_known_addr { host: "127.31.239.3" port: 40555 } } peers { permanent_uuid: "2b7bddc718234ba4ad67adf81a78f4ae" member_type: NON_VOTER last_known_addr { host: "127.31.239.4" port: 39711 } attrs { promote: true } }
I20260713 09:12:01.661350  2091 raft_consensus.cc:740] T 658eb833e7854bb881928a4150887863 P 2b7bddc718234ba4ad67adf81a78f4ae [term 1 LEARNER]: Becoming Follower/Learner. State: Replica: 2b7bddc718234ba4ad67adf81a78f4ae, State: Initialized, Role: LEARNER
I20260713 09:12:01.662125  2091 consensus_queue.cc:260] T 658eb833e7854bb881928a4150887863 P 2b7bddc718234ba4ad67adf81a78f4ae [NON_LEADER]: Queue going to NON_LEADER mode. State: All replicated index: 0, Majority replicated index: 0, Committed index: 2, Last appended: 1.2, Last appended by leader: 2, Current term: 0, Majority size: -1, State: 0, Mode: NON_LEADER, active raft config: opid_index: 2 OBSOLETE_local: false peers { permanent_uuid: "1df6163efedc4516a6abc7832a6ab690" member_type: VOTER last_known_addr { host: "127.31.239.1" port: 36317 } attrs { replace: true } } peers { permanent_uuid: "f941a3d08b414a668e6f8be0dd313ea3" member_type: VOTER last_known_addr { host: "127.31.239.2" port: 41701 } } peers { permanent_uuid: "ebae597954e64a35a4268cfebc2cf8e9" member_type: VOTER last_known_addr { host: "127.31.239.3" port: 40555 } } peers { permanent_uuid: "2b7bddc718234ba4ad67adf81a78f4ae" member_type: NON_VOTER last_known_addr { host: "127.31.239.4" port: 39711 } attrs { promote: true } }
I20260713 09:12:01.682603  2091 ts_tablet_manager.cc:1434] T 658eb833e7854bb881928a4150887863 P 2b7bddc718234ba4ad67adf81a78f4ae: Time spent starting tablet: real 0.025s	user 0.010s	sys 0.001s
I20260713 09:12:01.684365  1423 tablet_copy_service.cc:342] P f941a3d08b414a668e6f8be0dd313ea3: Request end of tablet copy session 2b7bddc718234ba4ad67adf81a78f4ae-658eb833e7854bb881928a4150887863 received from {username='slave'} at 127.0.0.1:34664
I20260713 09:12:01.684881  1423 tablet_copy_service.cc:434] P f941a3d08b414a668e6f8be0dd313ea3: ending tablet copy session 2b7bddc718234ba4ad67adf81a78f4ae-658eb833e7854bb881928a4150887863 on tablet 658eb833e7854bb881928a4150887863 with peer 2b7bddc718234ba4ad67adf81a78f4ae
I20260713 09:12:01.703305  2091 ts_tablet_manager.cc:933] T 8b98b3887a794780b60802fcc80d73be P 2b7bddc718234ba4ad67adf81a78f4ae: Initiating tablet copy from peer f941a3d08b414a668e6f8be0dd313ea3 (127.31.239.2:41701)
I20260713 09:12:01.718221  2091 tablet_copy_client.cc:323] T 8b98b3887a794780b60802fcc80d73be P 2b7bddc718234ba4ad67adf81a78f4ae: tablet copy: Beginning tablet copy session from remote peer at address 127.31.239.2:41701
I20260713 09:12:01.727706  1423 tablet_copy_service.cc:140] P f941a3d08b414a668e6f8be0dd313ea3: Received BeginTabletCopySession request for tablet 8b98b3887a794780b60802fcc80d73be from peer 2b7bddc718234ba4ad67adf81a78f4ae ({username='slave'} at 127.0.0.1:34664)
I20260713 09:12:01.728286  1423 tablet_copy_service.cc:161] P f941a3d08b414a668e6f8be0dd313ea3: Beginning new tablet copy session on tablet 8b98b3887a794780b60802fcc80d73be from peer 2b7bddc718234ba4ad67adf81a78f4ae at {username='slave'} at 127.0.0.1:34664: session id = 2b7bddc718234ba4ad67adf81a78f4ae-8b98b3887a794780b60802fcc80d73be
I20260713 09:12:01.739097  1423 tablet_copy_source_session.cc:215] T 8b98b3887a794780b60802fcc80d73be P f941a3d08b414a668e6f8be0dd313ea3: Tablet Copy: opened 0 blocks and 1 log segments
I20260713 09:12:01.742259  2091 data_dirs.cc:400] Could only allocate 1 dirs of requested 3 for tablet 8b98b3887a794780b60802fcc80d73be. 1 dirs total, 0 dirs full, 0 dirs failed
I20260713 09:12:01.763484  2091 tablet_copy_client.cc:806] T 8b98b3887a794780b60802fcc80d73be P 2b7bddc718234ba4ad67adf81a78f4ae: tablet copy: Starting download of 0 data blocks...
I20260713 09:12:01.764025  2091 tablet_copy_client.cc:670] T 8b98b3887a794780b60802fcc80d73be P 2b7bddc718234ba4ad67adf81a78f4ae: tablet copy: Starting download of 1 WAL segments...
I20260713 09:12:01.772137  2091 tablet_copy_client.cc:538] T 8b98b3887a794780b60802fcc80d73be P 2b7bddc718234ba4ad67adf81a78f4ae: tablet copy: Tablet Copy complete. Replacing tablet superblock.
I20260713 09:12:01.782832  2091 tablet_bootstrap.cc:492] T 8b98b3887a794780b60802fcc80d73be P 2b7bddc718234ba4ad67adf81a78f4ae: Bootstrap starting.
I20260713 09:12:01.845975  2091 tablet_bootstrap.cc:492] T 8b98b3887a794780b60802fcc80d73be P 2b7bddc718234ba4ad67adf81a78f4ae: Bootstrap replayed 1/1 log segments. Stats: ops{read=2 overwritten=0 applied=2 ignored=0} inserts{seen=0 ignored=0} mutations{seen=0 ignored=0} orphaned_commits=0. Pending: 0 replicates
I20260713 09:12:01.846880  2091 tablet_bootstrap.cc:492] T 8b98b3887a794780b60802fcc80d73be P 2b7bddc718234ba4ad67adf81a78f4ae: Bootstrap complete.
I20260713 09:12:01.847581  2091 ts_tablet_manager.cc:1403] T 8b98b3887a794780b60802fcc80d73be P 2b7bddc718234ba4ad67adf81a78f4ae: Time spent bootstrapping tablet: real 0.065s	user 0.017s	sys 0.011s
I20260713 09:12:01.850593  2091 raft_consensus.cc:359] T 8b98b3887a794780b60802fcc80d73be P 2b7bddc718234ba4ad67adf81a78f4ae [term 1 LEARNER]: Replica starting. Triggering 0 pending ops. Active config: opid_index: 2 OBSOLETE_local: false peers { permanent_uuid: "1df6163efedc4516a6abc7832a6ab690" member_type: VOTER last_known_addr { host: "127.31.239.1" port: 36317 } } peers { permanent_uuid: "f941a3d08b414a668e6f8be0dd313ea3" member_type: VOTER last_known_addr { host: "127.31.239.2" port: 41701 } } peers { permanent_uuid: "ebae597954e64a35a4268cfebc2cf8e9" member_type: VOTER last_known_addr { host: "127.31.239.3" port: 40555 } attrs { replace: true } } peers { permanent_uuid: "2b7bddc718234ba4ad67adf81a78f4ae" member_type: NON_VOTER last_known_addr { host: "127.31.239.4" port: 39711 } attrs { promote: true } }
I20260713 09:12:01.851608  2091 raft_consensus.cc:740] T 8b98b3887a794780b60802fcc80d73be P 2b7bddc718234ba4ad67adf81a78f4ae [term 1 LEARNER]: Becoming Follower/Learner. State: Replica: 2b7bddc718234ba4ad67adf81a78f4ae, State: Initialized, Role: LEARNER
I20260713 09:12:01.852258  2091 consensus_queue.cc:260] T 8b98b3887a794780b60802fcc80d73be P 2b7bddc718234ba4ad67adf81a78f4ae [NON_LEADER]: Queue going to NON_LEADER mode. State: All replicated index: 0, Majority replicated index: 0, Committed index: 2, Last appended: 1.2, Last appended by leader: 2, Current term: 0, Majority size: -1, State: 0, Mode: NON_LEADER, active raft config: opid_index: 2 OBSOLETE_local: false peers { permanent_uuid: "1df6163efedc4516a6abc7832a6ab690" member_type: VOTER last_known_addr { host: "127.31.239.1" port: 36317 } } peers { permanent_uuid: "f941a3d08b414a668e6f8be0dd313ea3" member_type: VOTER last_known_addr { host: "127.31.239.2" port: 41701 } } peers { permanent_uuid: "ebae597954e64a35a4268cfebc2cf8e9" member_type: VOTER last_known_addr { host: "127.31.239.3" port: 40555 } attrs { replace: true } } peers { permanent_uuid: "2b7bddc718234ba4ad67adf81a78f4ae" member_type: NON_VOTER last_known_addr { host: "127.31.239.4" port: 39711 } attrs { promote: true } }
I20260713 09:12:01.858434  2091 ts_tablet_manager.cc:1434] T 8b98b3887a794780b60802fcc80d73be P 2b7bddc718234ba4ad67adf81a78f4ae: Time spent starting tablet: real 0.011s	user 0.008s	sys 0.000s
I20260713 09:12:01.860347  1423 tablet_copy_service.cc:342] P f941a3d08b414a668e6f8be0dd313ea3: Request end of tablet copy session 2b7bddc718234ba4ad67adf81a78f4ae-8b98b3887a794780b60802fcc80d73be received from {username='slave'} at 127.0.0.1:34664
I20260713 09:12:01.860865  1423 tablet_copy_service.cc:434] P f941a3d08b414a668e6f8be0dd313ea3: ending tablet copy session 2b7bddc718234ba4ad67adf81a78f4ae-8b98b3887a794780b60802fcc80d73be on tablet 8b98b3887a794780b60802fcc80d73be with peer 2b7bddc718234ba4ad67adf81a78f4ae
I20260713 09:12:02.115940  1746 raft_consensus.cc:1217] T 658eb833e7854bb881928a4150887863 P 2b7bddc718234ba4ad67adf81a78f4ae [term 1 LEARNER]: Deduplicated request from leader. Original: 1.1->[1.2-1.2]   Dedup: 1.2->[]
I20260713 09:12:02.241288  1746 raft_consensus.cc:1217] T 8b98b3887a794780b60802fcc80d73be P 2b7bddc718234ba4ad67adf81a78f4ae [term 1 LEARNER]: Deduplicated request from leader. Original: 1.1->[1.2-1.2]   Dedup: 1.2->[]
I20260713 09:12:02.494472  2083 raft_consensus.cc:1064] T 658eb833e7854bb881928a4150887863 P f941a3d08b414a668e6f8be0dd313ea3: attempting to promote NON_VOTER 2b7bddc718234ba4ad67adf81a78f4ae to VOTER
I20260713 09:12:02.496301  2083 consensus_queue.cc:237] T 658eb833e7854bb881928a4150887863 P f941a3d08b414a668e6f8be0dd313ea3 [LEADER]: Queue going to LEADER mode. State: All replicated index: 0, Majority replicated index: 2, Committed index: 2, Last appended: 1.2, Last appended by leader: 0, Current term: 1, Majority size: 3, State: 0, Mode: LEADER, active raft config: opid_index: 3 OBSOLETE_local: false peers { permanent_uuid: "1df6163efedc4516a6abc7832a6ab690" member_type: VOTER last_known_addr { host: "127.31.239.1" port: 36317 } attrs { replace: true } } peers { permanent_uuid: "f941a3d08b414a668e6f8be0dd313ea3" member_type: VOTER last_known_addr { host: "127.31.239.2" port: 41701 } } peers { permanent_uuid: "ebae597954e64a35a4268cfebc2cf8e9" member_type: VOTER last_known_addr { host: "127.31.239.3" port: 40555 } } peers { permanent_uuid: "2b7bddc718234ba4ad67adf81a78f4ae" member_type: VOTER last_known_addr { host: "127.31.239.4" port: 39711 } attrs { promote: false } }
I20260713 09:12:02.507603  1747 raft_consensus.cc:1275] T 658eb833e7854bb881928a4150887863 P 2b7bddc718234ba4ad67adf81a78f4ae [term 1 LEARNER]: Refusing update from remote peer f941a3d08b414a668e6f8be0dd313ea3: Log matching property violated. Preceding OpId in replica: term: 1 index: 2. Preceding OpId from leader: term: 1 index: 3. (index mismatch)
I20260713 09:12:02.509042  1938 consensus_queue.cc:1048] T 658eb833e7854bb881928a4150887863 P f941a3d08b414a668e6f8be0dd313ea3 [LEADER]: Connected to new peer: Peer: permanent_uuid: "2b7bddc718234ba4ad67adf81a78f4ae" member_type: VOTER last_known_addr { host: "127.31.239.4" port: 39711 } attrs { promote: false }, Status: LMP_MISMATCH, Last received: 0.0, Next index: 3, Last known committed idx: 2, Time since last communication: 0.000s
I20260713 09:12:02.509956  1486 raft_consensus.cc:1275] T 658eb833e7854bb881928a4150887863 P ebae597954e64a35a4268cfebc2cf8e9 [term 1 FOLLOWER]: Refusing update from remote peer f941a3d08b414a668e6f8be0dd313ea3: Log matching property violated. Preceding OpId in replica: term: 1 index: 2. Preceding OpId from leader: term: 1 index: 3. (index mismatch)
