I20260713 09:11:33.436868   914 data_dirs.cc:400] Could only allocate 1 dirs of requested 3 for tablet 3eaa2b3faa16467ea5624c75c74309b1. 1 dirs total, 0 dirs full, 0 dirs failed
I20260713 09:11:33.438344   834 tablet_service.cc:1511] Processing CreateTablet for tablet 711fe13404534b11b08608c5eef6d61a (DEFAULT_TABLE table=test-workload [id=06883e7b10f442918a0d690cf1883cde]), partition=RANGE (key) PARTITION 1073741820 <= VALUES < 1288490184
I20260713 09:11:33.439610   834 data_dirs.cc:400] Could only allocate 1 dirs of requested 3 for tablet 711fe13404534b11b08608c5eef6d61a. 1 dirs total, 0 dirs full, 0 dirs failed
I20260713 09:11:33.441982   912 tablet_service.cc:1511] Processing CreateTablet for tablet 4b85904f122640879fa5fc44259f7257 (DEFAULT_TABLE table=test-workload [id=06883e7b10f442918a0d690cf1883cde]), partition=RANGE (key) PARTITION 429496728 <= VALUES < 644245092
I20260713 09:11:33.443207   912 data_dirs.cc:400] Could only allocate 1 dirs of requested 3 for tablet 4b85904f122640879fa5fc44259f7257. 1 dirs total, 0 dirs full, 0 dirs failed
I20260713 09:11:33.446979   911 tablet_service.cc:1511] Processing CreateTablet for tablet a8d9f032409d4ccd889f791ee888da14 (DEFAULT_TABLE table=test-workload [id=06883e7b10f442918a0d690cf1883cde]), partition=RANGE (key) PARTITION 644245092 <= VALUES < 858993456
I20260713 09:11:33.446918   833 tablet_service.cc:1511] Processing CreateTablet for tablet 2a35e9f2b9194b639e2cbf157e8f6090 (DEFAULT_TABLE table=test-workload [id=06883e7b10f442918a0d690cf1883cde]), partition=RANGE (key) PARTITION 1288490184 <= VALUES < 1503238548
I20260713 09:11:33.450206   913 tablet_service.cc:1511] Processing CreateTablet for tablet 1003cfb3f6a64487af42e52c3d67511c (DEFAULT_TABLE table=test-workload [id=06883e7b10f442918a0d690cf1883cde]), partition=RANGE (key) PARTITION 214748364 <= VALUES < 429496728
I20260713 09:11:33.453902   910 tablet_service.cc:1511] Processing CreateTablet for tablet 387c97d914d344ee94d85e1b8ab2b514 (DEFAULT_TABLE table=test-workload [id=06883e7b10f442918a0d690cf1883cde]), partition=RANGE (key) PARTITION 858993456 <= VALUES < 1073741820
I20260713 09:11:33.456269   909 tablet_service.cc:1511] Processing CreateTablet for tablet 711fe13404534b11b08608c5eef6d61a (DEFAULT_TABLE table=test-workload [id=06883e7b10f442918a0d690cf1883cde]), partition=RANGE (key) PARTITION 1073741820 <= VALUES < 1288490184
I20260713 09:11:33.458612   908 tablet_service.cc:1511] Processing CreateTablet for tablet 2a35e9f2b9194b639e2cbf157e8f6090 (DEFAULT_TABLE table=test-workload [id=06883e7b10f442918a0d690cf1883cde]), partition=RANGE (key) PARTITION 1288490184 <= VALUES < 1503238548
I20260713 09:11:33.461377   911 data_dirs.cc:400] Could only allocate 1 dirs of requested 3 for tablet a8d9f032409d4ccd889f791ee888da14. 1 dirs total, 0 dirs full, 0 dirs failed
I20260713 09:11:33.465703   913 data_dirs.cc:400] Could only allocate 1 dirs of requested 3 for tablet 1003cfb3f6a64487af42e52c3d67511c. 1 dirs total, 0 dirs full, 0 dirs failed
I20260713 09:11:33.469226   910 data_dirs.cc:400] Could only allocate 1 dirs of requested 3 for tablet 387c97d914d344ee94d85e1b8ab2b514. 1 dirs total, 0 dirs full, 0 dirs failed
I20260713 09:11:33.471604   909 data_dirs.cc:400] Could only allocate 1 dirs of requested 3 for tablet 711fe13404534b11b08608c5eef6d61a. 1 dirs total, 0 dirs full, 0 dirs failed
I20260713 09:11:33.476641   988 tablet_service.cc:1511] Processing CreateTablet for tablet 3eaa2b3faa16467ea5624c75c74309b1 (DEFAULT_TABLE table=test-workload [id=06883e7b10f442918a0d690cf1883cde]), partition=RANGE (key) PARTITION VALUES < 214748364
I20260713 09:11:33.478081   988 data_dirs.cc:400] Could only allocate 1 dirs of requested 3 for tablet 3eaa2b3faa16467ea5624c75c74309b1. 1 dirs total, 0 dirs full, 0 dirs failed
I20260713 09:11:33.481956   908 data_dirs.cc:400] Could only allocate 1 dirs of requested 3 for tablet 2a35e9f2b9194b639e2cbf157e8f6090. 1 dirs total, 0 dirs full, 0 dirs failed
I20260713 09:11:33.482537   985 tablet_service.cc:1511] Processing CreateTablet for tablet a8d9f032409d4ccd889f791ee888da14 (DEFAULT_TABLE table=test-workload [id=06883e7b10f442918a0d690cf1883cde]), partition=RANGE (key) PARTITION 644245092 <= VALUES < 858993456
I20260713 09:11:33.483822   985 data_dirs.cc:400] Could only allocate 1 dirs of requested 3 for tablet a8d9f032409d4ccd889f791ee888da14. 1 dirs total, 0 dirs full, 0 dirs failed
I20260713 09:11:33.484163   982 tablet_service.cc:1511] Processing CreateTablet for tablet 2a35e9f2b9194b639e2cbf157e8f6090 (DEFAULT_TABLE table=test-workload [id=06883e7b10f442918a0d690cf1883cde]), partition=RANGE (key) PARTITION 1288490184 <= VALUES < 1503238548
I20260713 09:11:33.485203   833 data_dirs.cc:400] Could only allocate 1 dirs of requested 3 for tablet 2a35e9f2b9194b639e2cbf157e8f6090. 1 dirs total, 0 dirs full, 0 dirs failed
I20260713 09:11:33.485412   982 data_dirs.cc:400] Could only allocate 1 dirs of requested 3 for tablet 2a35e9f2b9194b639e2cbf157e8f6090. 1 dirs total, 0 dirs full, 0 dirs failed
I20260713 09:11:33.485888   987 tablet_service.cc:1511] Processing CreateTablet for tablet 1003cfb3f6a64487af42e52c3d67511c (DEFAULT_TABLE table=test-workload [id=06883e7b10f442918a0d690cf1883cde]), partition=RANGE (key) PARTITION 214748364 <= VALUES < 429496728
I20260713 09:11:33.487124   987 data_dirs.cc:400] Could only allocate 1 dirs of requested 3 for tablet 1003cfb3f6a64487af42e52c3d67511c. 1 dirs total, 0 dirs full, 0 dirs failed
I20260713 09:11:33.490957  1038 tablet_bootstrap.cc:492] T 3eaa2b3faa16467ea5624c75c74309b1 P 344d36a9b946416bb7818cd000608a88: Bootstrap starting.
I20260713 09:11:33.491020   984 tablet_service.cc:1511] Processing CreateTablet for tablet 387c97d914d344ee94d85e1b8ab2b514 (DEFAULT_TABLE table=test-workload [id=06883e7b10f442918a0d690cf1883cde]), partition=RANGE (key) PARTITION 858993456 <= VALUES < 1073741820
I20260713 09:11:33.492352   984 data_dirs.cc:400] Could only allocate 1 dirs of requested 3 for tablet 387c97d914d344ee94d85e1b8ab2b514. 1 dirs total, 0 dirs full, 0 dirs failed
I20260713 09:11:33.493013   832 tablet_service.cc:1511] Processing CreateTablet for tablet 3622b58578214757ac6794a628c91649 (DEFAULT_TABLE table=test-workload [id=06883e7b10f442918a0d690cf1883cde]), partition=RANGE (key) PARTITION 1717986912 <= VALUES < 1932735276
I20260713 09:11:33.493913   986 tablet_service.cc:1511] Processing CreateTablet for tablet 4b85904f122640879fa5fc44259f7257 (DEFAULT_TABLE table=test-workload [id=06883e7b10f442918a0d690cf1883cde]), partition=RANGE (key) PARTITION 429496728 <= VALUES < 644245092
I20260713 09:11:33.494421   832 data_dirs.cc:400] Could only allocate 1 dirs of requested 3 for tablet 3622b58578214757ac6794a628c91649. 1 dirs total, 0 dirs full, 0 dirs failed
I20260713 09:11:33.495196   986 data_dirs.cc:400] Could only allocate 1 dirs of requested 3 for tablet 4b85904f122640879fa5fc44259f7257. 1 dirs total, 0 dirs full, 0 dirs failed
I20260713 09:11:33.497797   983 tablet_service.cc:1511] Processing CreateTablet for tablet 711fe13404534b11b08608c5eef6d61a (DEFAULT_TABLE table=test-workload [id=06883e7b10f442918a0d690cf1883cde]), partition=RANGE (key) PARTITION 1073741820 <= VALUES < 1288490184
I20260713 09:11:33.499049   983 data_dirs.cc:400] Could only allocate 1 dirs of requested 3 for tablet 711fe13404534b11b08608c5eef6d61a. 1 dirs total, 0 dirs full, 0 dirs failed
I20260713 09:11:33.502823   907 tablet_service.cc:1511] Processing CreateTablet for tablet f0b6f25838b84824b42f742251c2daa2 (DEFAULT_TABLE table=test-workload [id=06883e7b10f442918a0d690cf1883cde]), partition=RANGE (key) PARTITION 1503238548 <= VALUES < 1717986912
I20260713 09:11:33.503566   839 tablet_service.cc:1511] Processing CreateTablet for tablet f0b6f25838b84824b42f742251c2daa2 (DEFAULT_TABLE table=test-workload [id=06883e7b10f442918a0d690cf1883cde]), partition=RANGE (key) PARTITION 1503238548 <= VALUES < 1717986912
I20260713 09:11:33.504312   907 data_dirs.cc:400] Could only allocate 1 dirs of requested 3 for tablet f0b6f25838b84824b42f742251c2daa2. 1 dirs total, 0 dirs full, 0 dirs failed
I20260713 09:11:33.504906   839 data_dirs.cc:400] Could only allocate 1 dirs of requested 3 for tablet f0b6f25838b84824b42f742251c2daa2. 1 dirs total, 0 dirs full, 0 dirs failed
I20260713 09:11:33.506803   981 tablet_service.cc:1511] Processing CreateTablet for tablet f0b6f25838b84824b42f742251c2daa2 (DEFAULT_TABLE table=test-workload [id=06883e7b10f442918a0d690cf1883cde]), partition=RANGE (key) PARTITION 1503238548 <= VALUES < 1717986912
I20260713 09:11:33.508201   981 data_dirs.cc:400] Could only allocate 1 dirs of requested 3 for tablet f0b6f25838b84824b42f742251c2daa2. 1 dirs total, 0 dirs full, 0 dirs failed
I20260713 09:11:33.529400   906 tablet_service.cc:1511] Processing CreateTablet for tablet 3622b58578214757ac6794a628c91649 (DEFAULT_TABLE table=test-workload [id=06883e7b10f442918a0d690cf1883cde]), partition=RANGE (key) PARTITION 1717986912 <= VALUES < 1932735276
I20260713 09:11:33.530900   906 data_dirs.cc:400] Could only allocate 1 dirs of requested 3 for tablet 3622b58578214757ac6794a628c91649. 1 dirs total, 0 dirs full, 0 dirs failed
I20260713 09:11:33.531613  1038 tablet_bootstrap.cc:654] T 3eaa2b3faa16467ea5624c75c74309b1 P 344d36a9b946416bb7818cd000608a88: Neither blocks nor log segments found. Creating new log.
I20260713 09:11:33.537504   980 tablet_service.cc:1511] Processing CreateTablet for tablet 3622b58578214757ac6794a628c91649 (DEFAULT_TABLE table=test-workload [id=06883e7b10f442918a0d690cf1883cde]), partition=RANGE (key) PARTITION 1717986912 <= VALUES < 1932735276
I20260713 09:11:33.538945   980 data_dirs.cc:400] Could only allocate 1 dirs of requested 3 for tablet 3622b58578214757ac6794a628c91649. 1 dirs total, 0 dirs full, 0 dirs failed
I20260713 09:11:33.561331   839 tablet_service.cc:1511] Processing CreateTablet for tablet 454f54b4e17f4e1e8fc95b2e57e23817 (DEFAULT_TABLE table=test-workload [id=06883e7b10f442918a0d690cf1883cde]), partition=RANGE (key) PARTITION 1932735276 <= VALUES
I20260713 09:11:33.562893   839 data_dirs.cc:400] Could only allocate 1 dirs of requested 3 for tablet 454f54b4e17f4e1e8fc95b2e57e23817. 1 dirs total, 0 dirs full, 0 dirs failed
I20260713 09:11:33.586591  1039 tablet_bootstrap.cc:492] T 387c97d914d344ee94d85e1b8ab2b514 P 4f371dfcae004d138de07783df4122e4: Bootstrap starting.
I20260713 09:11:33.589398   905 tablet_service.cc:1511] Processing CreateTablet for tablet 454f54b4e17f4e1e8fc95b2e57e23817 (DEFAULT_TABLE table=test-workload [id=06883e7b10f442918a0d690cf1883cde]), partition=RANGE (key) PARTITION 1932735276 <= VALUES
I20260713 09:11:33.590675   905 data_dirs.cc:400] Could only allocate 1 dirs of requested 3 for tablet 454f54b4e17f4e1e8fc95b2e57e23817. 1 dirs total, 0 dirs full, 0 dirs failed
I20260713 09:11:33.590485   984 tablet_service.cc:1511] Processing CreateTablet for tablet 454f54b4e17f4e1e8fc95b2e57e23817 (DEFAULT_TABLE table=test-workload [id=06883e7b10f442918a0d690cf1883cde]), partition=RANGE (key) PARTITION 1932735276 <= VALUES
I20260713 09:11:33.591647   984 data_dirs.cc:400] Could only allocate 1 dirs of requested 3 for tablet 454f54b4e17f4e1e8fc95b2e57e23817. 1 dirs total, 0 dirs full, 0 dirs failed
I20260713 09:11:33.655807  1040 tablet_bootstrap.cc:492] T 3622b58578214757ac6794a628c91649 P 4cd3bc3162aa4def8cb091ecac74b926: Bootstrap starting.
I20260713 09:11:33.660516  1038 tablet_bootstrap.cc:492] T 3eaa2b3faa16467ea5624c75c74309b1 P 344d36a9b946416bb7818cd000608a88: No bootstrap required, opened a new log
I20260713 09:11:33.660995  1038 ts_tablet_manager.cc:1403] T 3eaa2b3faa16467ea5624c75c74309b1 P 344d36a9b946416bb7818cd000608a88: Time spent bootstrapping tablet: real 0.170s	user 0.023s	sys 0.022s
I20260713 09:11:33.663733  1040 tablet_bootstrap.cc:654] T 3622b58578214757ac6794a628c91649 P 4cd3bc3162aa4def8cb091ecac74b926: Neither blocks nor log segments found. Creating new log.
I20260713 09:11:33.663779  1038 raft_consensus.cc:359] T 3eaa2b3faa16467ea5624c75c74309b1 P 344d36a9b946416bb7818cd000608a88 [term 0 FOLLOWER]: Replica starting. Triggering 0 pending ops. Active config: opid_index: -1 OBSOLETE_local: false peers { permanent_uuid: "344d36a9b946416bb7818cd000608a88" member_type: VOTER last_known_addr { host: "127.31.239.1" port: 44729 } } peers { permanent_uuid: "4f371dfcae004d138de07783df4122e4" member_type: VOTER last_known_addr { host: "127.31.239.3" port: 39497 } } peers { permanent_uuid: "4cd3bc3162aa4def8cb091ecac74b926" member_type: VOTER last_known_addr { host: "127.31.239.2" port: 34087 } }
I20260713 09:11:33.664614  1038 raft_consensus.cc:385] T 3eaa2b3faa16467ea5624c75c74309b1 P 344d36a9b946416bb7818cd000608a88 [term 0 FOLLOWER]: Consensus starting up: Expiring failure detector timer to make a prompt election more likely
I20260713 09:11:33.664971  1038 raft_consensus.cc:740] T 3eaa2b3faa16467ea5624c75c74309b1 P 344d36a9b946416bb7818cd000608a88 [term 0 FOLLOWER]: Becoming Follower/Learner. State: Replica: 344d36a9b946416bb7818cd000608a88, State: Initialized, Role: FOLLOWER
I20260713 09:11:33.665782  1038 consensus_queue.cc:260] T 3eaa2b3faa16467ea5624c75c74309b1 P 344d36a9b946416bb7818cd000608a88 [NON_LEADER]: Queue going to NON_LEADER mode. State: All replicated index: 0, Majority replicated index: 0, Committed index: 0, Last appended: 0.0, Last appended by leader: 0, Current term: 0, Majority size: -1, State: 0, Mode: NON_LEADER, active raft config: opid_index: -1 OBSOLETE_local: false peers { permanent_uuid: "344d36a9b946416bb7818cd000608a88" member_type: VOTER last_known_addr { host: "127.31.239.1" port: 44729 } } peers { permanent_uuid: "4f371dfcae004d138de07783df4122e4" member_type: VOTER last_known_addr { host: "127.31.239.3" port: 39497 } } peers { permanent_uuid: "4cd3bc3162aa4def8cb091ecac74b926" member_type: VOTER last_known_addr { host: "127.31.239.2" port: 34087 } }
I20260713 09:11:33.674700  1038 ts_tablet_manager.cc:1434] T 3eaa2b3faa16467ea5624c75c74309b1 P 344d36a9b946416bb7818cd000608a88: Time spent starting tablet: real 0.013s	user 0.007s	sys 0.005s
I20260713 09:11:33.675372   874 heartbeater.cc:499] Master 127.31.239.62:36205 was elected leader, sending a full tablet report...
I20260713 09:11:33.678480  1039 tablet_bootstrap.cc:654] T 387c97d914d344ee94d85e1b8ab2b514 P 4f371dfcae004d138de07783df4122e4: Neither blocks nor log segments found. Creating new log.
I20260713 09:11:33.679531  1040 tablet_bootstrap.cc:492] T 3622b58578214757ac6794a628c91649 P 4cd3bc3162aa4def8cb091ecac74b926: No bootstrap required, opened a new log
I20260713 09:11:33.679795  1038 tablet_bootstrap.cc:492] T 387c97d914d344ee94d85e1b8ab2b514 P 344d36a9b946416bb7818cd000608a88: Bootstrap starting.
I20260713 09:11:33.679953  1040 ts_tablet_manager.cc:1403] T 3622b58578214757ac6794a628c91649 P 4cd3bc3162aa4def8cb091ecac74b926: Time spent bootstrapping tablet: real 0.024s	user 0.010s	sys 0.011s
I20260713 09:11:33.682806  1040 raft_consensus.cc:359] T 3622b58578214757ac6794a628c91649 P 4cd3bc3162aa4def8cb091ecac74b926 [term 0 FOLLOWER]: Replica starting. Triggering 0 pending ops. Active config: opid_index: -1 OBSOLETE_local: false peers { permanent_uuid: "344d36a9b946416bb7818cd000608a88" member_type: VOTER last_known_addr { host: "127.31.239.1" port: 44729 } } peers { permanent_uuid: "4cd3bc3162aa4def8cb091ecac74b926" member_type: VOTER last_known_addr { host: "127.31.239.2" port: 34087 } } peers { permanent_uuid: "4f371dfcae004d138de07783df4122e4" member_type: VOTER last_known_addr { host: "127.31.239.3" port: 39497 } }
I20260713 09:11:33.683503  1040 raft_consensus.cc:385] T 3622b58578214757ac6794a628c91649 P 4cd3bc3162aa4def8cb091ecac74b926 [term 0 FOLLOWER]: Consensus starting up: Expiring failure detector timer to make a prompt election more likely
I20260713 09:11:33.683827  1040 raft_consensus.cc:740] T 3622b58578214757ac6794a628c91649 P 4cd3bc3162aa4def8cb091ecac74b926 [term 0 FOLLOWER]: Becoming Follower/Learner. State: Replica: 4cd3bc3162aa4def8cb091ecac74b926, State: Initialized, Role: FOLLOWER
I20260713 09:11:33.684638  1040 consensus_queue.cc:260] T 3622b58578214757ac6794a628c91649 P 4cd3bc3162aa4def8cb091ecac74b926 [NON_LEADER]: Queue going to NON_LEADER mode. State: All replicated index: 0, Majority replicated index: 0, Committed index: 0, Last appended: 0.0, Last appended by leader: 0, Current term: 0, Majority size: -1, State: 0, Mode: NON_LEADER, active raft config: opid_index: -1 OBSOLETE_local: false peers { permanent_uuid: "344d36a9b946416bb7818cd000608a88" member_type: VOTER last_known_addr { host: "127.31.239.1" port: 44729 } } peers { permanent_uuid: "4cd3bc3162aa4def8cb091ecac74b926" member_type: VOTER last_known_addr { host: "127.31.239.2" port: 34087 } } peers { permanent_uuid: "4f371dfcae004d138de07783df4122e4" member_type: VOTER last_known_addr { host: "127.31.239.3" port: 39497 } }
I20260713 09:11:33.690477  1038 tablet_bootstrap.cc:654] T 387c97d914d344ee94d85e1b8ab2b514 P 344d36a9b946416bb7818cd000608a88: Neither blocks nor log segments found. Creating new log.
I20260713 09:11:33.702509  1039 tablet_bootstrap.cc:492] T 387c97d914d344ee94d85e1b8ab2b514 P 4f371dfcae004d138de07783df4122e4: No bootstrap required, opened a new log
I20260713 09:11:33.702992  1039 ts_tablet_manager.cc:1403] T 387c97d914d344ee94d85e1b8ab2b514 P 4f371dfcae004d138de07783df4122e4: Time spent bootstrapping tablet: real 0.117s	user 0.017s	sys 0.012s
I20260713 09:11:33.705706  1039 raft_consensus.cc:359] T 387c97d914d344ee94d85e1b8ab2b514 P 4f371dfcae004d138de07783df4122e4 [term 0 FOLLOWER]: Replica starting. Triggering 0 pending ops. Active config: opid_index: -1 OBSOLETE_local: false peers { permanent_uuid: "344d36a9b946416bb7818cd000608a88" member_type: VOTER last_known_addr { host: "127.31.239.1" port: 44729 } } peers { permanent_uuid: "4cd3bc3162aa4def8cb091ecac74b926" member_type: VOTER last_known_addr { host: "127.31.239.2" port: 34087 } } peers { permanent_uuid: "4f371dfcae004d138de07783df4122e4" member_type: VOTER last_known_addr { host: "127.31.239.3" port: 39497 } }
I20260713 09:11:33.706336  1038 tablet_bootstrap.cc:492] T 387c97d914d344ee94d85e1b8ab2b514 P 344d36a9b946416bb7818cd000608a88: No bootstrap required, opened a new log
I20260713 09:11:33.706362  1039 raft_consensus.cc:385] T 387c97d914d344ee94d85e1b8ab2b514 P 4f371dfcae004d138de07783df4122e4 [term 0 FOLLOWER]: Consensus starting up: Expiring failure detector timer to make a prompt election more likely
I20260713 09:11:33.706875  1039 raft_consensus.cc:740] T 387c97d914d344ee94d85e1b8ab2b514 P 4f371dfcae004d138de07783df4122e4 [term 0 FOLLOWER]: Becoming Follower/Learner. State: Replica: 4f371dfcae004d138de07783df4122e4, State: Initialized, Role: FOLLOWER
I20260713 09:11:33.706990  1038 ts_tablet_manager.cc:1403] T 387c97d914d344ee94d85e1b8ab2b514 P 344d36a9b946416bb7818cd000608a88: Time spent bootstrapping tablet: real 0.027s	user 0.010s	sys 0.006s
I20260713 09:11:33.707894  1039 consensus_queue.cc:260] T 387c97d914d344ee94d85e1b8ab2b514 P 4f371dfcae004d138de07783df4122e4 [NON_LEADER]: Queue going to NON_LEADER mode. State: All replicated index: 0, Majority replicated index: 0, Committed index: 0, Last appended: 0.0, Last appended by leader: 0, Current term: 0, Majority size: -1, State: 0, Mode: NON_LEADER, active raft config: opid_index: -1 OBSOLETE_local: false peers { permanent_uuid: "344d36a9b946416bb7818cd000608a88" member_type: VOTER last_known_addr { host: "127.31.239.1" port: 44729 } } peers { permanent_uuid: "4cd3bc3162aa4def8cb091ecac74b926" member_type: VOTER last_known_addr { host: "127.31.239.2" port: 34087 } } peers { permanent_uuid: "4f371dfcae004d138de07783df4122e4" member_type: VOTER last_known_addr { host: "127.31.239.3" port: 39497 } }
I20260713 09:11:33.710335  1038 raft_consensus.cc:359] T 387c97d914d344ee94d85e1b8ab2b514 P 344d36a9b946416bb7818cd000608a88 [term 0 FOLLOWER]: Replica starting. Triggering 0 pending ops. Active config: opid_index: -1 OBSOLETE_local: false peers { permanent_uuid: "344d36a9b946416bb7818cd000608a88" member_type: VOTER last_known_addr { host: "127.31.239.1" port: 44729 } } peers { permanent_uuid: "4cd3bc3162aa4def8cb091ecac74b926" member_type: VOTER last_known_addr { host: "127.31.239.2" port: 34087 } } peers { permanent_uuid: "4f371dfcae004d138de07783df4122e4" member_type: VOTER last_known_addr { host: "127.31.239.3" port: 39497 } }
I20260713 09:11:33.711203  1038 raft_consensus.cc:385] T 387c97d914d344ee94d85e1b8ab2b514 P 344d36a9b946416bb7818cd000608a88 [term 0 FOLLOWER]: Consensus starting up: Expiring failure detector timer to make a prompt election more likely
I20260713 09:11:33.711580  1038 raft_consensus.cc:740] T 387c97d914d344ee94d85e1b8ab2b514 P 344d36a9b946416bb7818cd000608a88 [term 0 FOLLOWER]: Becoming Follower/Learner. State: Replica: 344d36a9b946416bb7818cd000608a88, State: Initialized, Role: FOLLOWER
I20260713 09:11:33.712610  1045 raft_consensus.cc:493] T 3622b58578214757ac6794a628c91649 P 4cd3bc3162aa4def8cb091ecac74b926 [term 0 FOLLOWER]: Starting pre-election (no leader contacted us within the election timeout)
I20260713 09:11:33.712707   949 heartbeater.cc:499] Master 127.31.239.62:36205 was elected leader, sending a full tablet report...
I20260713 09:11:33.713138  1045 raft_consensus.cc:515] T 3622b58578214757ac6794a628c91649 P 4cd3bc3162aa4def8cb091ecac74b926 [term 0 FOLLOWER]: Starting pre-election with config: opid_index: -1 OBSOLETE_local: false peers { permanent_uuid: "344d36a9b946416bb7818cd000608a88" member_type: VOTER last_known_addr { host: "127.31.239.1" port: 44729 } } peers { permanent_uuid: "4cd3bc3162aa4def8cb091ecac74b926" member_type: VOTER last_known_addr { host: "127.31.239.2" port: 34087 } } peers { permanent_uuid: "4f371dfcae004d138de07783df4122e4" member_type: VOTER last_known_addr { host: "127.31.239.3" port: 39497 } }
I20260713 09:11:33.715605  1045 leader_election.cc:290] T 3622b58578214757ac6794a628c91649 P 4cd3bc3162aa4def8cb091ecac74b926 [CANDIDATE]: Term 1 pre-election: Requested pre-vote from peers 344d36a9b946416bb7818cd000608a88 (127.31.239.1:44729), 4f371dfcae004d138de07783df4122e4 (127.31.239.3:39497)
I20260713 09:11:33.717487  1038 consensus_queue.cc:260] T 387c97d914d344ee94d85e1b8ab2b514 P 344d36a9b946416bb7818cd000608a88 [NON_LEADER]: Queue going to NON_LEADER mode. State: All replicated index: 0, Majority replicated index: 0, Committed index: 0, Last appended: 0.0, Last appended by leader: 0, Current term: 0, Majority size: -1, State: 0, Mode: NON_LEADER, active raft config: opid_index: -1 OBSOLETE_local: false peers { permanent_uuid: "344d36a9b946416bb7818cd000608a88" member_type: VOTER last_known_addr { host: "127.31.239.1" port: 44729 } } peers { permanent_uuid: "4cd3bc3162aa4def8cb091ecac74b926" member_type: VOTER last_known_addr { host: "127.31.239.2" port: 34087 } } peers { permanent_uuid: "4f371dfcae004d138de07783df4122e4" member_type: VOTER last_known_addr { host: "127.31.239.3" port: 39497 } }
I20260713 09:11:33.720513  1038 ts_tablet_manager.cc:1434] T 387c97d914d344ee94d85e1b8ab2b514 P 344d36a9b946416bb7818cd000608a88: Time spent starting tablet: real 0.013s	user 0.001s	sys 0.005s
I20260713 09:11:33.721771  1038 tablet_bootstrap.cc:492] T a8d9f032409d4ccd889f791ee888da14 P 344d36a9b946416bb7818cd000608a88: Bootstrap starting.
I20260713 09:11:33.730439  1023 heartbeater.cc:499] Master 127.31.239.62:36205 was elected leader, sending a full tablet report...
I20260713 09:11:33.730132  1038 tablet_bootstrap.cc:654] T a8d9f032409d4ccd889f791ee888da14 P 344d36a9b946416bb7818cd000608a88: Neither blocks nor log segments found. Creating new log.
I20260713 09:11:33.734721  1040 ts_tablet_manager.cc:1434] T 3622b58578214757ac6794a628c91649 P 4cd3bc3162aa4def8cb091ecac74b926: Time spent starting tablet: real 0.054s	user 0.007s	sys 0.007s
I20260713 09:11:33.735729  1040 tablet_bootstrap.cc:492] T 4b85904f122640879fa5fc44259f7257 P 4cd3bc3162aa4def8cb091ecac74b926: Bootstrap starting.
I20260713 09:11:33.735754  1039 ts_tablet_manager.cc:1434] T 387c97d914d344ee94d85e1b8ab2b514 P 4f371dfcae004d138de07783df4122e4: Time spent starting tablet: real 0.032s	user 0.008s	sys 0.008s
I20260713 09:11:33.737389  1039 tablet_bootstrap.cc:492] T 4b85904f122640879fa5fc44259f7257 P 4f371dfcae004d138de07783df4122e4: Bootstrap starting.
I20260713 09:11:33.743366   998 tablet_service.cc:1917] Received RequestConsensusVote() RPC: tablet_id: "3622b58578214757ac6794a628c91649" candidate_uuid: "4cd3bc3162aa4def8cb091ecac74b926" candidate_term: 1 candidate_status { last_received { term: 0 index: 0 } } ignore_live_leader: false dest_uuid: "4f371dfcae004d138de07783df4122e4" is_pre_election: true
W20260713 09:11:33.745333   888 leader_election.cc:343] T 3622b58578214757ac6794a628c91649 P 4cd3bc3162aa4def8cb091ecac74b926 [CANDIDATE]: Term 1 pre-election: Tablet error from VoteRequest() call to peer 4f371dfcae004d138de07783df4122e4 (127.31.239.3:39497): Illegal state: must be running to vote when last-logged opid is not known
I20260713 09:11:33.744760   849 tablet_service.cc:1917] Received RequestConsensusVote() RPC: tablet_id: "3622b58578214757ac6794a628c91649" candidate_uuid: "4cd3bc3162aa4def8cb091ecac74b926" candidate_term: 1 candidate_status { last_received { term: 0 index: 0 } } ignore_live_leader: false dest_uuid: "344d36a9b946416bb7818cd000608a88" is_pre_election: true
W20260713 09:11:33.747283   890 leader_election.cc:343] T 3622b58578214757ac6794a628c91649 P 4cd3bc3162aa4def8cb091ecac74b926 [CANDIDATE]: Term 1 pre-election: Tablet error from VoteRequest() call to peer 344d36a9b946416bb7818cd000608a88 (127.31.239.1:44729): Illegal state: must be running to vote when last-logged opid is not known
I20260713 09:11:33.747786  1039 tablet_bootstrap.cc:654] T 4b85904f122640879fa5fc44259f7257 P 4f371dfcae004d138de07783df4122e4: Neither blocks nor log segments found. Creating new log.
I20260713 09:11:33.747714   890 leader_election.cc:304] T 3622b58578214757ac6794a628c91649 P 4cd3bc3162aa4def8cb091ecac74b926 [CANDIDATE]: Term 1 pre-election: Election decided. Result: candidate lost. Election summary: received 3 responses out of 3 voters: 1 yes votes; 2 no votes. yes voters: 4cd3bc3162aa4def8cb091ecac74b926; no voters: 344d36a9b946416bb7818cd000608a88, 4f371dfcae004d138de07783df4122e4
I20260713 09:11:33.748905  1047 raft_consensus.cc:2749] T 3622b58578214757ac6794a628c91649 P 4cd3bc3162aa4def8cb091ecac74b926 [term 0 FOLLOWER]: Leader pre-election lost for term 1. Reason: could not achieve majority
I20260713 09:11:33.749145  1040 tablet_bootstrap.cc:654] T 4b85904f122640879fa5fc44259f7257 P 4cd3bc3162aa4def8cb091ecac74b926: Neither blocks nor log segments found. Creating new log.
I20260713 09:11:33.759887  1040 tablet_bootstrap.cc:492] T 4b85904f122640879fa5fc44259f7257 P 4cd3bc3162aa4def8cb091ecac74b926: No bootstrap required, opened a new log
I20260713 09:11:33.760425  1040 ts_tablet_manager.cc:1403] T 4b85904f122640879fa5fc44259f7257 P 4cd3bc3162aa4def8cb091ecac74b926: Time spent bootstrapping tablet: real 0.025s	user 0.005s	sys 0.005s
I20260713 09:11:33.762269  1039 tablet_bootstrap.cc:492] T 4b85904f122640879fa5fc44259f7257 P 4f371dfcae004d138de07783df4122e4: No bootstrap required, opened a new log
I20260713 09:11:33.762755  1039 ts_tablet_manager.cc:1403] T 4b85904f122640879fa5fc44259f7257 P 4f371dfcae004d138de07783df4122e4: Time spent bootstrapping tablet: real 0.026s	user 0.004s	sys 0.017s
I20260713 09:11:33.763149  1040 raft_consensus.cc:359] T 4b85904f122640879fa5fc44259f7257 P 4cd3bc3162aa4def8cb091ecac74b926 [term 0 FOLLOWER]: Replica starting. Triggering 0 pending ops. Active config: opid_index: -1 OBSOLETE_local: false peers { permanent_uuid: "344d36a9b946416bb7818cd000608a88" member_type: VOTER last_known_addr { host: "127.31.239.1" port: 44729 } } peers { permanent_uuid: "4cd3bc3162aa4def8cb091ecac74b926" member_type: VOTER last_known_addr { host: "127.31.239.2" port: 34087 } } peers { permanent_uuid: "4f371dfcae004d138de07783df4122e4" member_type: VOTER last_known_addr { host: "127.31.239.3" port: 39497 } }
I20260713 09:11:33.763906  1040 raft_consensus.cc:385] T 4b85904f122640879fa5fc44259f7257 P 4cd3bc3162aa4def8cb091ecac74b926 [term 0 FOLLOWER]: Consensus starting up: Expiring failure detector timer to make a prompt election more likely
I20260713 09:11:33.764197  1040 raft_consensus.cc:740] T 4b85904f122640879fa5fc44259f7257 P 4cd3bc3162aa4def8cb091ecac74b926 [term 0 FOLLOWER]: Becoming Follower/Learner. State: Replica: 4cd3bc3162aa4def8cb091ecac74b926, State: Initialized, Role: FOLLOWER
I20260713 09:11:33.759873  1038 tablet_bootstrap.cc:492] T a8d9f032409d4ccd889f791ee888da14 P 344d36a9b946416bb7818cd000608a88: No bootstrap required, opened a new log
I20260713 09:11:33.764933  1038 ts_tablet_manager.cc:1403] T a8d9f032409d4ccd889f791ee888da14 P 344d36a9b946416bb7818cd000608a88: Time spent bootstrapping tablet: real 0.043s	user 0.009s	sys 0.020s
I20260713 09:11:33.765039  1040 consensus_queue.cc:260] T 4b85904f122640879fa5fc44259f7257 P 4cd3bc3162aa4def8cb091ecac74b926 [NON_LEADER]: Queue going to NON_LEADER mode. State: All replicated index: 0, Majority replicated index: 0, Committed index: 0, Last appended: 0.0, Last appended by leader: 0, Current term: 0, Majority size: -1, State: 0, Mode: NON_LEADER, active raft config: opid_index: -1 OBSOLETE_local: false peers { permanent_uuid: "344d36a9b946416bb7818cd000608a88" member_type: VOTER last_known_addr { host: "127.31.239.1" port: 44729 } } peers { permanent_uuid: "4cd3bc3162aa4def8cb091ecac74b926" member_type: VOTER last_known_addr { host: "127.31.239.2" port: 34087 } } peers { permanent_uuid: "4f371dfcae004d138de07783df4122e4" member_type: VOTER last_known_addr { host: "127.31.239.3" port: 39497 } }
I20260713 09:11:33.766021  1039 raft_consensus.cc:359] T 4b85904f122640879fa5fc44259f7257 P 4f371dfcae004d138de07783df4122e4 [term 0 FOLLOWER]: Replica starting. Triggering 0 pending ops. Active config: opid_index: -1 OBSOLETE_local: false peers { permanent_uuid: "344d36a9b946416bb7818cd000608a88" member_type: VOTER last_known_addr { host: "127.31.239.1" port: 44729 } } peers { permanent_uuid: "4cd3bc3162aa4def8cb091ecac74b926" member_type: VOTER last_known_addr { host: "127.31.239.2" port: 34087 } } peers { permanent_uuid: "4f371dfcae004d138de07783df4122e4" member_type: VOTER last_known_addr { host: "127.31.239.3" port: 39497 } }
I20260713 09:11:33.766726  1039 raft_consensus.cc:385] T 4b85904f122640879fa5fc44259f7257 P 4f371dfcae004d138de07783df4122e4 [term 0 FOLLOWER]: Consensus starting up: Expiring failure detector timer to make a prompt election more likely
I20260713 09:11:33.767077  1039 raft_consensus.cc:740] T 4b85904f122640879fa5fc44259f7257 P 4f371dfcae004d138de07783df4122e4 [term 0 FOLLOWER]: Becoming Follower/Learner. State: Replica: 4f371dfcae004d138de07783df4122e4, State: Initialized, Role: FOLLOWER
I20260713 09:11:33.767398  1040 ts_tablet_manager.cc:1434] T 4b85904f122640879fa5fc44259f7257 P 4cd3bc3162aa4def8cb091ecac74b926: Time spent starting tablet: real 0.007s	user 0.006s	sys 0.000s
I20260713 09:11:33.767686  1038 raft_consensus.cc:359] T a8d9f032409d4ccd889f791ee888da14 P 344d36a9b946416bb7818cd000608a88 [term 0 FOLLOWER]: Replica starting. Triggering 0 pending ops. Active config: opid_index: -1 OBSOLETE_local: false peers { permanent_uuid: "344d36a9b946416bb7818cd000608a88" member_type: VOTER last_known_addr { host: "127.31.239.1" port: 44729 } } peers { permanent_uuid: "4cd3bc3162aa4def8cb091ecac74b926" member_type: VOTER last_known_addr { host: "127.31.239.2" port: 34087 } } peers { permanent_uuid: "4f371dfcae004d138de07783df4122e4" member_type: VOTER last_known_addr { host: "127.31.239.3" port: 39497 } }
I20260713 09:11:33.768419  1040 tablet_bootstrap.cc:492] T f0b6f25838b84824b42f742251c2daa2 P 4cd3bc3162aa4def8cb091ecac74b926: Bootstrap starting.
I20260713 09:11:33.767890  1039 consensus_queue.cc:260] T 4b85904f122640879fa5fc44259f7257 P 4f371dfcae004d138de07783df4122e4 [NON_LEADER]: Queue going to NON_LEADER mode. State: All replicated index: 0, Majority replicated index: 0, Committed index: 0, Last appended: 0.0, Last appended by leader: 0, Current term: 0, Majority size: -1, State: 0, Mode: NON_LEADER, active raft config: opid_index: -1 OBSOLETE_local: false peers { permanent_uuid: "344d36a9b946416bb7818cd000608a88" member_type: VOTER last_known_addr { host: "127.31.239.1" port: 44729 } } peers { permanent_uuid: "4cd3bc3162aa4def8cb091ecac74b926" member_type: VOTER last_known_addr { host: "127.31.239.2" port: 34087 } } peers { permanent_uuid: "4f371dfcae004d138de07783df4122e4" member_type: VOTER last_known_addr { host: "127.31.239.3" port: 39497 } }
I20260713 09:11:33.768425  1038 raft_consensus.cc:385] T a8d9f032409d4ccd889f791ee888da14 P 344d36a9b946416bb7818cd000608a88 [term 0 FOLLOWER]: Consensus starting up: Expiring failure detector timer to make a prompt election more likely
I20260713 09:11:33.768985  1038 raft_consensus.cc:740] T a8d9f032409d4ccd889f791ee888da14 P 344d36a9b946416bb7818cd000608a88 [term 0 FOLLOWER]: Becoming Follower/Learner. State: Replica: 344d36a9b946416bb7818cd000608a88, State: Initialized, Role: FOLLOWER
I20260713 09:11:33.769647  1038 consensus_queue.cc:260] T a8d9f032409d4ccd889f791ee888da14 P 344d36a9b946416bb7818cd000608a88 [NON_LEADER]: Queue going to NON_LEADER mode. State: All replicated index: 0, Majority replicated index: 0, Committed index: 0, Last appended: 0.0, Last appended by leader: 0, Current term: 0, Majority size: -1, State: 0, Mode: NON_LEADER, active raft config: opid_index: -1 OBSOLETE_local: false peers { permanent_uuid: "344d36a9b946416bb7818cd000608a88" member_type: VOTER last_known_addr { host: "127.31.239.1" port: 44729 } } peers { permanent_uuid: "4cd3bc3162aa4def8cb091ecac74b926" member_type: VOTER last_known_addr { host: "127.31.239.2" port: 34087 } } peers { permanent_uuid: "4f371dfcae004d138de07783df4122e4" member_type: VOTER last_known_addr { host: "127.31.239.3" port: 39497 } }
I20260713 09:11:33.770557  1039 ts_tablet_manager.cc:1434] T 4b85904f122640879fa5fc44259f7257 P 4f371dfcae004d138de07783df4122e4: Time spent starting tablet: real 0.007s	user 0.004s	sys 0.002s
I20260713 09:11:33.771522  1039 tablet_bootstrap.cc:492] T 711fe13404534b11b08608c5eef6d61a P 4f371dfcae004d138de07783df4122e4: Bootstrap starting.
I20260713 09:11:33.771641  1038 ts_tablet_manager.cc:1434] T a8d9f032409d4ccd889f791ee888da14 P 344d36a9b946416bb7818cd000608a88: Time spent starting tablet: real 0.006s	user 0.004s	sys 0.000s
I20260713 09:11:33.772526  1038 tablet_bootstrap.cc:492] T 1003cfb3f6a64487af42e52c3d67511c P 344d36a9b946416bb7818cd000608a88: Bootstrap starting.
I20260713 09:11:33.775182  1040 tablet_bootstrap.cc:654] T f0b6f25838b84824b42f742251c2daa2 P 4cd3bc3162aa4def8cb091ecac74b926: Neither blocks nor log segments found. Creating new log.
I20260713 09:11:33.775306  1047 raft_consensus.cc:493] T 4b85904f122640879fa5fc44259f7257 P 4cd3bc3162aa4def8cb091ecac74b926 [term 0 FOLLOWER]: Starting pre-election (no leader contacted us within the election timeout)
I20260713 09:11:33.775821  1047 raft_consensus.cc:515] T 4b85904f122640879fa5fc44259f7257 P 4cd3bc3162aa4def8cb091ecac74b926 [term 0 FOLLOWER]: Starting pre-election with config: opid_index: -1 OBSOLETE_local: false peers { permanent_uuid: "344d36a9b946416bb7818cd000608a88" member_type: VOTER last_known_addr { host: "127.31.239.1" port: 44729 } } peers { permanent_uuid: "4cd3bc3162aa4def8cb091ecac74b926" member_type: VOTER last_known_addr { host: "127.31.239.2" port: 34087 } } peers { permanent_uuid: "4f371dfcae004d138de07783df4122e4" member_type: VOTER last_known_addr { host: "127.31.239.3" port: 39497 } }
I20260713 09:11:33.778470  1038 tablet_bootstrap.cc:654] T 1003cfb3f6a64487af42e52c3d67511c P 344d36a9b946416bb7818cd000608a88: Neither blocks nor log segments found. Creating new log.
I20260713 09:11:33.778826  1047 leader_election.cc:290] T 4b85904f122640879fa5fc44259f7257 P 4cd3bc3162aa4def8cb091ecac74b926 [CANDIDATE]: Term 1 pre-election: Requested pre-vote from peers 344d36a9b946416bb7818cd000608a88 (127.31.239.1:44729), 4f371dfcae004d138de07783df4122e4 (127.31.239.3:39497)
I20260713 09:11:33.778884  1039 tablet_bootstrap.cc:654] T 711fe13404534b11b08608c5eef6d61a P 4f371dfcae004d138de07783df4122e4: Neither blocks nor log segments found. Creating new log.
I20260713 09:11:33.780874   998 tablet_service.cc:1917] Received RequestConsensusVote() RPC: tablet_id: "4b85904f122640879fa5fc44259f7257" candidate_uuid: "4cd3bc3162aa4def8cb091ecac74b926" candidate_term: 1 candidate_status { last_received { term: 0 index: 0 } } ignore_live_leader: false dest_uuid: "4f371dfcae004d138de07783df4122e4" is_pre_election: true
I20260713 09:11:33.781612   998 raft_consensus.cc:2468] T 4b85904f122640879fa5fc44259f7257 P 4f371dfcae004d138de07783df4122e4 [term 0 FOLLOWER]: Leader pre-election vote request: Granting yes vote for candidate 4cd3bc3162aa4def8cb091ecac74b926 in term 0.
I20260713 09:11:33.783371   849 tablet_service.cc:1917] Received RequestConsensusVote() RPC: tablet_id: "4b85904f122640879fa5fc44259f7257" candidate_uuid: "4cd3bc3162aa4def8cb091ecac74b926" candidate_term: 1 candidate_status { last_received { term: 0 index: 0 } } ignore_live_leader: false dest_uuid: "344d36a9b946416bb7818cd000608a88" is_pre_election: true
I20260713 09:11:33.785169   888 leader_election.cc:304] T 4b85904f122640879fa5fc44259f7257 P 4cd3bc3162aa4def8cb091ecac74b926 [CANDIDATE]: Term 1 pre-election: Election decided. Result: candidate won. Election summary: received 2 responses out of 3 voters: 2 yes votes; 0 no votes. yes voters: 4cd3bc3162aa4def8cb091ecac74b926, 4f371dfcae004d138de07783df4122e4; no voters: 
W20260713 09:11:33.786823   890 leader_election.cc:343] T 4b85904f122640879fa5fc44259f7257 P 4cd3bc3162aa4def8cb091ecac74b926 [CANDIDATE]: Term 1 pre-election: Tablet error from VoteRequest() call to peer 344d36a9b946416bb7818cd000608a88 (127.31.239.1:44729): Illegal state: must be running to vote when last-logged opid is not known
I20260713 09:11:33.787618  1040 tablet_bootstrap.cc:492] T f0b6f25838b84824b42f742251c2daa2 P 4cd3bc3162aa4def8cb091ecac74b926: No bootstrap required, opened a new log
I20260713 09:11:33.788211  1040 ts_tablet_manager.cc:1403] T f0b6f25838b84824b42f742251c2daa2 P 4cd3bc3162aa4def8cb091ecac74b926: Time spent bootstrapping tablet: real 0.020s	user 0.012s	sys 0.004s
I20260713 09:11:33.791956  1040 raft_consensus.cc:359] T f0b6f25838b84824b42f742251c2daa2 P 4cd3bc3162aa4def8cb091ecac74b926 [term 0 FOLLOWER]: Replica starting. Triggering 0 pending ops. Active config: opid_index: -1 OBSOLETE_local: false peers { permanent_uuid: "344d36a9b946416bb7818cd000608a88" member_type: VOTER last_known_addr { host: "127.31.239.1" port: 44729 } } peers { permanent_uuid: "4cd3bc3162aa4def8cb091ecac74b926" member_type: VOTER last_known_addr { host: "127.31.239.2" port: 34087 } } peers { permanent_uuid: "4f371dfcae004d138de07783df4122e4" member_type: VOTER last_known_addr { host: "127.31.239.3" port: 39497 } }
I20260713 09:11:33.794123  1040 raft_consensus.cc:385] T f0b6f25838b84824b42f742251c2daa2 P 4cd3bc3162aa4def8cb091ecac74b926 [term 0 FOLLOWER]: Consensus starting up: Expiring failure detector timer to make a prompt election more likely
I20260713 09:11:33.794548  1040 raft_consensus.cc:740] T f0b6f25838b84824b42f742251c2daa2 P 4cd3bc3162aa4def8cb091ecac74b926 [term 0 FOLLOWER]: Becoming Follower/Learner. State: Replica: 4cd3bc3162aa4def8cb091ecac74b926, State: Initialized, Role: FOLLOWER
I20260713 09:11:33.794996  1047 raft_consensus.cc:2804] T 4b85904f122640879fa5fc44259f7257 P 4cd3bc3162aa4def8cb091ecac74b926 [term 0 FOLLOWER]: Leader pre-election won for term 1
I20260713 09:11:33.795361  1047 raft_consensus.cc:493] T 4b85904f122640879fa5fc44259f7257 P 4cd3bc3162aa4def8cb091ecac74b926 [term 0 FOLLOWER]: Starting leader election (no leader contacted us within the election timeout)
I20260713 09:11:33.795713  1047 raft_consensus.cc:3060] T 4b85904f122640879fa5fc44259f7257 P 4cd3bc3162aa4def8cb091ecac74b926 [term 0 FOLLOWER]: Advancing to term 1
I20260713 09:11:33.797410  1038 tablet_bootstrap.cc:492] T 1003cfb3f6a64487af42e52c3d67511c P 344d36a9b946416bb7818cd000608a88: No bootstrap required, opened a new log
I20260713 09:11:33.797930  1038 ts_tablet_manager.cc:1403] T 1003cfb3f6a64487af42e52c3d67511c P 344d36a9b946416bb7818cd000608a88: Time spent bootstrapping tablet: real 0.026s	user 0.012s	sys 0.011s
I20260713 09:11:33.801700  1040 consensus_queue.cc:260] T f0b6f25838b84824b42f742251c2daa2 P 4cd3bc3162aa4def8cb091ecac74b926 [NON_LEADER]: Queue going to NON_LEADER mode. State: All replicated index: 0, Majority replicated index: 0, Committed index: 0, Last appended: 0.0, Last appended by leader: 0, Current term: 0, Majority size: -1, State: 0, Mode: NON_LEADER, active raft config: opid_index: -1 OBSOLETE_local: false peers { permanent_uuid: "344d36a9b946416bb7818cd000608a88" member_type: VOTER last_known_addr { host: "127.31.239.1" port: 44729 } } peers { permanent_uuid: "4cd3bc3162aa4def8cb091ecac74b926" member_type: VOTER last_known_addr { host: "127.31.239.2" port: 34087 } } peers { permanent_uuid: "4f371dfcae004d138de07783df4122e4" member_type: VOTER last_known_addr { host: "127.31.239.3" port: 39497 } }
I20260713 09:11:33.802951  1039 tablet_bootstrap.cc:492] T 711fe13404534b11b08608c5eef6d61a P 4f371dfcae004d138de07783df4122e4: No bootstrap required, opened a new log
I20260713 09:11:33.803550  1039 ts_tablet_manager.cc:1403] T 711fe13404534b11b08608c5eef6d61a P 4f371dfcae004d138de07783df4122e4: Time spent bootstrapping tablet: real 0.032s	user 0.011s	sys 0.019s
I20260713 09:11:33.804143  1040 ts_tablet_manager.cc:1434] T f0b6f25838b84824b42f742251c2daa2 P 4cd3bc3162aa4def8cb091ecac74b926: Time spent starting tablet: real 0.016s	user 0.005s	sys 0.005s
I20260713 09:11:33.805207  1040 tablet_bootstrap.cc:492] T 2a35e9f2b9194b639e2cbf157e8f6090 P 4cd3bc3162aa4def8cb091ecac74b926: Bootstrap starting.
I20260713 09:11:33.805505  1047 raft_consensus.cc:515] T 4b85904f122640879fa5fc44259f7257 P 4cd3bc3162aa4def8cb091ecac74b926 [term 1 FOLLOWER]: Starting leader election with config: opid_index: -1 OBSOLETE_local: false peers { permanent_uuid: "344d36a9b946416bb7818cd000608a88" member_type: VOTER last_known_addr { host: "127.31.239.1" port: 44729 } } peers { permanent_uuid: "4cd3bc3162aa4def8cb091ecac74b926" member_type: VOTER last_known_addr { host: "127.31.239.2" port: 34087 } } peers { permanent_uuid: "4f371dfcae004d138de07783df4122e4" member_type: VOTER last_known_addr { host: "127.31.239.3" port: 39497 } }
I20260713 09:11:33.806746  1039 raft_consensus.cc:359] T 711fe13404534b11b08608c5eef6d61a P 4f371dfcae004d138de07783df4122e4 [term 0 FOLLOWER]: Replica starting. Triggering 0 pending ops. Active config: opid_index: -1 OBSOLETE_local: false peers { permanent_uuid: "344d36a9b946416bb7818cd000608a88" member_type: VOTER last_known_addr { host: "127.31.239.1" port: 44729 } } peers { permanent_uuid: "4cd3bc3162aa4def8cb091ecac74b926" member_type: VOTER last_known_addr { host: "127.31.239.2" port: 34087 } } peers { permanent_uuid: "4f371dfcae004d138de07783df4122e4" member_type: VOTER last_known_addr { host: "127.31.239.3" port: 39497 } }
I20260713 09:11:33.807480  1039 raft_consensus.cc:385] T 711fe13404534b11b08608c5eef6d61a P 4f371dfcae004d138de07783df4122e4 [term 0 FOLLOWER]: Consensus starting up: Expiring failure detector timer to make a prompt election more likely
I20260713 09:11:33.807356  1038 raft_consensus.cc:359] T 1003cfb3f6a64487af42e52c3d67511c P 344d36a9b946416bb7818cd000608a88 [term 0 FOLLOWER]: Replica starting. Triggering 0 pending ops. Active config: opid_index: -1 OBSOLETE_local: false peers { permanent_uuid: "344d36a9b946416bb7818cd000608a88" member_type: VOTER last_known_addr { host: "127.31.239.1" port: 44729 } } peers { permanent_uuid: "4cd3bc3162aa4def8cb091ecac74b926" member_type: VOTER last_known_addr { host: "127.31.239.2" port: 34087 } } peers { permanent_uuid: "4f371dfcae004d138de07783df4122e4" member_type: VOTER last_known_addr { host: "127.31.239.3" port: 39497 } }
I20260713 09:11:33.807852  1039 raft_consensus.cc:740] T 711fe13404534b11b08608c5eef6d61a P 4f371dfcae004d138de07783df4122e4 [term 0 FOLLOWER]: Becoming Follower/Learner. State: Replica: 4f371dfcae004d138de07783df4122e4, State: Initialized, Role: FOLLOWER
I20260713 09:11:33.808089  1038 raft_consensus.cc:385] T 1003cfb3f6a64487af42e52c3d67511c P 344d36a9b946416bb7818cd000608a88 [term 0 FOLLOWER]: Consensus starting up: Expiring failure detector timer to make a prompt election more likely
I20260713 09:11:33.808408  1038 raft_consensus.cc:740] T 1003cfb3f6a64487af42e52c3d67511c P 344d36a9b946416bb7818cd000608a88 [term 0 FOLLOWER]: Becoming Follower/Learner. State: Replica: 344d36a9b946416bb7818cd000608a88, State: Initialized, Role: FOLLOWER
I20260713 09:11:33.808413   998 tablet_service.cc:1917] Received RequestConsensusVote() RPC: tablet_id: "4b85904f122640879fa5fc44259f7257" candidate_uuid: "4cd3bc3162aa4def8cb091ecac74b926" candidate_term: 1 candidate_status { last_received { term: 0 index: 0 } } ignore_live_leader: false dest_uuid: "4f371dfcae004d138de07783df4122e4"
I20260713 09:11:33.809109   998 raft_consensus.cc:3060] T 4b85904f122640879fa5fc44259f7257 P 4f371dfcae004d138de07783df4122e4 [term 0 FOLLOWER]: Advancing to term 1
I20260713 09:11:33.808991  1039 consensus_queue.cc:260] T 711fe13404534b11b08608c5eef6d61a P 4f371dfcae004d138de07783df4122e4 [NON_LEADER]: Queue going to NON_LEADER mode. State: All replicated index: 0, Majority replicated index: 0, Committed index: 0, Last appended: 0.0, Last appended by leader: 0, Current term: 0, Majority size: -1, State: 0, Mode: NON_LEADER, active raft config: opid_index: -1 OBSOLETE_local: false peers { permanent_uuid: "344d36a9b946416bb7818cd000608a88" member_type: VOTER last_known_addr { host: "127.31.239.1" port: 44729 } } peers { permanent_uuid: "4cd3bc3162aa4def8cb091ecac74b926" member_type: VOTER last_known_addr { host: "127.31.239.2" port: 34087 } } peers { permanent_uuid: "4f371dfcae004d138de07783df4122e4" member_type: VOTER last_known_addr { host: "127.31.239.3" port: 39497 } }
I20260713 09:11:33.813900  1039 ts_tablet_manager.cc:1434] T 711fe13404534b11b08608c5eef6d61a P 4f371dfcae004d138de07783df4122e4: Time spent starting tablet: real 0.010s	user 0.001s	sys 0.005s
I20260713 09:11:33.814347  1040 tablet_bootstrap.cc:654] T 2a35e9f2b9194b639e2cbf157e8f6090 P 4cd3bc3162aa4def8cb091ecac74b926: Neither blocks nor log segments found. Creating new log.
I20260713 09:11:33.814966  1039 tablet_bootstrap.cc:492] T 3eaa2b3faa16467ea5624c75c74309b1 P 4f371dfcae004d138de07783df4122e4: Bootstrap starting.
I20260713 09:11:33.815876   998 raft_consensus.cc:2468] T 4b85904f122640879fa5fc44259f7257 P 4f371dfcae004d138de07783df4122e4 [term 1 FOLLOWER]: Leader election vote request: Granting yes vote for candidate 4cd3bc3162aa4def8cb091ecac74b926 in term 1.
I20260713 09:11:33.809142   849 tablet_service.cc:1917] Received RequestConsensusVote() RPC: tablet_id: "4b85904f122640879fa5fc44259f7257" candidate_uuid: "4cd3bc3162aa4def8cb091ecac74b926" candidate_term: 1 candidate_status { last_received { term: 0 index: 0 } } ignore_live_leader: false dest_uuid: "344d36a9b946416bb7818cd000608a88"
I20260713 09:11:33.817035   888 leader_election.cc:304] T 4b85904f122640879fa5fc44259f7257 P 4cd3bc3162aa4def8cb091ecac74b926 [CANDIDATE]: Term 1 election: Election decided. Result: candidate won. Election summary: received 2 responses out of 3 voters: 2 yes votes; 0 no votes. yes voters: 4cd3bc3162aa4def8cb091ecac74b926, 4f371dfcae004d138de07783df4122e4; no voters: 
I20260713 09:11:33.817453  1038 consensus_queue.cc:260] T 1003cfb3f6a64487af42e52c3d67511c P 344d36a9b946416bb7818cd000608a88 [NON_LEADER]: Queue going to NON_LEADER mode. State: All replicated index: 0, Majority replicated index: 0, Committed index: 0, Last appended: 0.0, Last appended by leader: 0, Current term: 0, Majority size: -1, State: 0, Mode: NON_LEADER, active raft config: opid_index: -1 OBSOLETE_local: false peers { permanent_uuid: "344d36a9b946416bb7818cd000608a88" member_type: VOTER last_known_addr { host: "127.31.239.1" port: 44729 } } peers { permanent_uuid: "4cd3bc3162aa4def8cb091ecac74b926" member_type: VOTER last_known_addr { host: "127.31.239.2" port: 34087 } } peers { permanent_uuid: "4f371dfcae004d138de07783df4122e4" member_type: VOTER last_known_addr { host: "127.31.239.3" port: 39497 } }
W20260713 09:11:33.817857   890 leader_election.cc:343] T 4b85904f122640879fa5fc44259f7257 P 4cd3bc3162aa4def8cb091ecac74b926 [CANDIDATE]: Term 1 election: Tablet error from VoteRequest() call to peer 344d36a9b946416bb7818cd000608a88 (127.31.239.1:44729): Illegal state: must be running to vote when last-logged opid is not known
I20260713 09:11:33.818022  1048 raft_consensus.cc:493] T 387c97d914d344ee94d85e1b8ab2b514 P 4f371dfcae004d138de07783df4122e4 [term 0 FOLLOWER]: Starting pre-election (no leader contacted us within the election timeout)
I20260713 09:11:33.818372  1047 leader_election.cc:290] T 4b85904f122640879fa5fc44259f7257 P 4cd3bc3162aa4def8cb091ecac74b926 [CANDIDATE]: Term 1 election: Requested vote from peers 344d36a9b946416bb7818cd000608a88 (127.31.239.1:44729), 4f371dfcae004d138de07783df4122e4 (127.31.239.3:39497)
I20260713 09:11:33.818490  1048 raft_consensus.cc:515] T 387c97d914d344ee94d85e1b8ab2b514 P 4f371dfcae004d138de07783df4122e4 [term 0 FOLLOWER]: Starting pre-election with config: opid_index: -1 OBSOLETE_local: false peers { permanent_uuid: "344d36a9b946416bb7818cd000608a88" member_type: VOTER last_known_addr { host: "127.31.239.1" port: 44729 } } peers { permanent_uuid: "4cd3bc3162aa4def8cb091ecac74b926" member_type: VOTER last_known_addr { host: "127.31.239.2" port: 34087 } } peers { permanent_uuid: "4f371dfcae004d138de07783df4122e4" member_type: VOTER last_known_addr { host: "127.31.239.3" port: 39497 } }
