I20260713 09:11:56.337186  1746 raft_consensus.cc:1275] T 739ce0f601174b43ab33161c9308b2ca P 2b7bddc718234ba4ad67adf81a78f4ae [term 1 FOLLOWER]: Refusing update from remote peer f941a3d08b414a668e6f8be0dd313ea3: Log matching property violated. Preceding OpId in replica: term: 1 index: 3. Preceding OpId from leader: term: 1 index: 4. (index mismatch)
I20260713 09:11:56.338254  1938 consensus_queue.cc:1048] T 739ce0f601174b43ab33161c9308b2ca P f941a3d08b414a668e6f8be0dd313ea3 [LEADER]: Connected to new peer: Peer: permanent_uuid: "1df6163efedc4516a6abc7832a6ab690" member_type: VOTER last_known_addr { host: "127.31.239.1" port: 36317 }, Status: LMP_MISMATCH, Last received: 0.0, Next index: 4, Last known committed idx: 3, Time since last communication: 0.000s
I20260713 09:11:56.339299  1957 consensus_queue.cc:1048] T 739ce0f601174b43ab33161c9308b2ca P f941a3d08b414a668e6f8be0dd313ea3 [LEADER]: Connected to new peer: Peer: permanent_uuid: "2b7bddc718234ba4ad67adf81a78f4ae" member_type: VOTER last_known_addr { host: "127.31.239.4" port: 39711 } attrs { promote: false }, Status: LMP_MISMATCH, Last received: 0.0, Next index: 4, Last known committed idx: 3, Time since last communication: 0.001s
I20260713 09:11:56.345579  1957 raft_consensus.cc:2955] T 739ce0f601174b43ab33161c9308b2ca P f941a3d08b414a668e6f8be0dd313ea3 [term 1 LEADER]: Committing config change with OpId 1.4: config changed from index 3 to 4, VOTER ebae597954e64a35a4268cfebc2cf8e9 (127.31.239.3) evicted. New config: { opid_index: 4 OBSOLETE_local: false peers { permanent_uuid: "1df6163efedc4516a6abc7832a6ab690" member_type: VOTER last_known_addr { host: "127.31.239.1" port: 36317 } } peers { permanent_uuid: "f941a3d08b414a668e6f8be0dd313ea3" member_type: VOTER last_known_addr { host: "127.31.239.2" port: 41701 } } peers { permanent_uuid: "2b7bddc718234ba4ad67adf81a78f4ae" member_type: VOTER last_known_addr { host: "127.31.239.4" port: 39711 } attrs { promote: false } } }
I20260713 09:11:56.347378  1746 raft_consensus.cc:2955] T 739ce0f601174b43ab33161c9308b2ca P 2b7bddc718234ba4ad67adf81a78f4ae [term 1 FOLLOWER]: Committing config change with OpId 1.4: config changed from index 3 to 4, VOTER ebae597954e64a35a4268cfebc2cf8e9 (127.31.239.3) evicted. New config: { opid_index: 4 OBSOLETE_local: false peers { permanent_uuid: "1df6163efedc4516a6abc7832a6ab690" member_type: VOTER last_known_addr { host: "127.31.239.1" port: 36317 } } peers { permanent_uuid: "f941a3d08b414a668e6f8be0dd313ea3" member_type: VOTER last_known_addr { host: "127.31.239.2" port: 41701 } } peers { permanent_uuid: "2b7bddc718234ba4ad67adf81a78f4ae" member_type: VOTER last_known_addr { host: "127.31.239.4" port: 39711 } attrs { promote: false } } }
I20260713 09:11:56.349448  1336 raft_consensus.cc:2955] T 739ce0f601174b43ab33161c9308b2ca P 1df6163efedc4516a6abc7832a6ab690 [term 1 FOLLOWER]: Committing config change with OpId 1.4: config changed from index 3 to 4, VOTER ebae597954e64a35a4268cfebc2cf8e9 (127.31.239.3) evicted. New config: { opid_index: 4 OBSOLETE_local: false peers { permanent_uuid: "1df6163efedc4516a6abc7832a6ab690" member_type: VOTER last_known_addr { host: "127.31.239.1" port: 36317 } } peers { permanent_uuid: "f941a3d08b414a668e6f8be0dd313ea3" member_type: VOTER last_known_addr { host: "127.31.239.2" port: 41701 } } peers { permanent_uuid: "2b7bddc718234ba4ad67adf81a78f4ae" member_type: VOTER last_known_addr { host: "127.31.239.4" port: 39711 } attrs { promote: false } } }
I20260713 09:11:56.358552  1223 catalog_manager.cc:5210] ChangeConfig:REMOVE_PEER RPC for tablet 739ce0f601174b43ab33161c9308b2ca with cas_config_opid_index 3: ChangeConfig:REMOVE_PEER succeeded (attempt 1)
I20260713 09:11:56.361718  1236 catalog_manager.cc:5697] T 739ce0f601174b43ab33161c9308b2ca P 2b7bddc718234ba4ad67adf81a78f4ae reported cstate change: config changed from index 3 to 4, VOTER ebae597954e64a35a4268cfebc2cf8e9 (127.31.239.3) evicted. New cstate: current_term: 1 leader_uuid: "f941a3d08b414a668e6f8be0dd313ea3" committed_config { opid_index: 4 OBSOLETE_local: false peers { permanent_uuid: "1df6163efedc4516a6abc7832a6ab690" member_type: VOTER last_known_addr { host: "127.31.239.1" port: 36317 } } peers { permanent_uuid: "f941a3d08b414a668e6f8be0dd313ea3" member_type: VOTER last_known_addr { host: "127.31.239.2" port: 41701 } } peers { permanent_uuid: "2b7bddc718234ba4ad67adf81a78f4ae" member_type: VOTER last_known_addr { host: "127.31.239.4" port: 39711 } attrs { promote: false } } }
I20260713 09:11:56.372344  1468 tablet_service.cc:1558] Processing DeleteTablet for tablet 739ce0f601174b43ab33161c9308b2ca with delete_type TABLET_DATA_TOMBSTONED (TS ebae597954e64a35a4268cfebc2cf8e9 not found in new config with opid_index 4) from {username='slave'} at 127.0.0.1:41342
I20260713 09:11:56.374270  2002 tablet_replica.cc:333] T 739ce0f601174b43ab33161c9308b2ca P ebae597954e64a35a4268cfebc2cf8e9: stopping tablet replica
I20260713 09:11:56.375217  2002 raft_consensus.cc:2243] T 739ce0f601174b43ab33161c9308b2ca P ebae597954e64a35a4268cfebc2cf8e9 [term 1 FOLLOWER]: Raft consensus shutting down.
I20260713 09:11:56.375809  2002 raft_consensus.cc:2272] T 739ce0f601174b43ab33161c9308b2ca P ebae597954e64a35a4268cfebc2cf8e9 [term 1 FOLLOWER]: Raft consensus is shut down!
I20260713 09:11:56.378213  2002 ts_tablet_manager.cc:1916] T 739ce0f601174b43ab33161c9308b2ca P ebae597954e64a35a4268cfebc2cf8e9: Deleting tablet data with delete state TABLET_DATA_TOMBSTONED
I20260713 09:11:56.390091  2002 ts_tablet_manager.cc:1929] T 739ce0f601174b43ab33161c9308b2ca P ebae597954e64a35a4268cfebc2cf8e9: tablet deleted with delete type TABLET_DATA_TOMBSTONED: last-logged OpId 1.3
I20260713 09:11:56.390412  2002 log.cc:1199] T 739ce0f601174b43ab33161c9308b2ca P ebae597954e64a35a4268cfebc2cf8e9: Deleting WAL directory at /tmp/dist-test-taskncClRV/test-tmp/auto_leader_rebalancer-test.0.LeaderRebalancerTest.AddTserver.1783933880184218-32700-0/minicluster-data/ts-2-root/wals/739ce0f601174b43ab33161c9308b2ca
I20260713 09:11:56.391633  1223 catalog_manager.cc:5028] TS ebae597954e64a35a4268cfebc2cf8e9 (127.31.239.3:40555): tablet 739ce0f601174b43ab33161c9308b2ca (table test-workload [id=a1dbcbe41d1f49298089af813805163b]) successfully deleted
I20260713 09:11:57.400686  1336 consensus_queue.cc:237] T 07aec12ecb864422aeae3a9ff9540188 P 1df6163efedc4516a6abc7832a6ab690 [LEADER]: Queue going to LEADER mode. State: All replicated index: 0, Majority replicated index: 1, Committed index: 1, Last appended: 1.1, Last appended by leader: 0, Current term: 1, Majority size: 2, State: 0, Mode: LEADER, active raft config: opid_index: 2 OBSOLETE_local: false peers { permanent_uuid: "1df6163efedc4516a6abc7832a6ab690" member_type: VOTER last_known_addr { host: "127.31.239.1" port: 36317 } } peers { permanent_uuid: "f941a3d08b414a668e6f8be0dd313ea3" member_type: VOTER last_known_addr { host: "127.31.239.2" port: 41701 } attrs { replace: true } } peers { permanent_uuid: "ebae597954e64a35a4268cfebc2cf8e9" member_type: VOTER last_known_addr { host: "127.31.239.3" port: 40555 } } peers { permanent_uuid: "2b7bddc718234ba4ad67adf81a78f4ae" member_type: NON_VOTER last_known_addr { host: "127.31.239.4" port: 39711 } attrs { promote: true } }
I20260713 09:11:57.406399  1486 raft_consensus.cc:1275] T 07aec12ecb864422aeae3a9ff9540188 P ebae597954e64a35a4268cfebc2cf8e9 [term 1 FOLLOWER]: Refusing update from remote peer 1df6163efedc4516a6abc7832a6ab690: Log matching property violated. Preceding OpId in replica: term: 1 index: 1. Preceding OpId from leader: term: 1 index: 2. (index mismatch)
I20260713 09:11:57.406915  1413 raft_consensus.cc:1275] T 07aec12ecb864422aeae3a9ff9540188 P f941a3d08b414a668e6f8be0dd313ea3 [term 1 FOLLOWER]: Refusing update from remote peer 1df6163efedc4516a6abc7832a6ab690: Log matching property violated. Preceding OpId in replica: term: 1 index: 1. Preceding OpId from leader: term: 1 index: 2. (index mismatch)
W20260713 09:11:57.406961  1301 consensus_peers.cc:597] T 07aec12ecb864422aeae3a9ff9540188 P 1df6163efedc4516a6abc7832a6ab690 -> Peer 2b7bddc718234ba4ad67adf81a78f4ae (127.31.239.4:39711): Couldn't send request to peer 2b7bddc718234ba4ad67adf81a78f4ae. Error code: TABLET_NOT_FOUND (6). Status: Not found: Tablet not found: 07aec12ecb864422aeae3a9ff9540188. This is attempt 1: this message will repeat every 5th retry.
I20260713 09:11:57.407624  2005 consensus_queue.cc:1048] T 07aec12ecb864422aeae3a9ff9540188 P 1df6163efedc4516a6abc7832a6ab690 [LEADER]: Connected to new peer: Peer: permanent_uuid: "ebae597954e64a35a4268cfebc2cf8e9" member_type: VOTER last_known_addr { host: "127.31.239.3" port: 40555 }, Status: LMP_MISMATCH, Last received: 0.0, Next index: 2, Last known committed idx: 1, Time since last communication: 0.000s
I20260713 09:11:57.408375  2003 consensus_queue.cc:1048] T 07aec12ecb864422aeae3a9ff9540188 P 1df6163efedc4516a6abc7832a6ab690 [LEADER]: Connected to new peer: Peer: permanent_uuid: "f941a3d08b414a668e6f8be0dd313ea3" member_type: VOTER last_known_addr { host: "127.31.239.2" port: 41701 } attrs { replace: true }, Status: LMP_MISMATCH, Last received: 0.0, Next index: 2, Last known committed idx: 1, Time since last communication: 0.000s
I20260713 09:11:57.415848  2003 raft_consensus.cc:2955] T 07aec12ecb864422aeae3a9ff9540188 P 1df6163efedc4516a6abc7832a6ab690 [term 1 LEADER]: Committing config change with OpId 1.2: config changed from index -1 to 2, NON_VOTER 2b7bddc718234ba4ad67adf81a78f4ae (127.31.239.4) added. New config: { opid_index: 2 OBSOLETE_local: false peers { permanent_uuid: "1df6163efedc4516a6abc7832a6ab690" member_type: VOTER last_known_addr { host: "127.31.239.1" port: 36317 } } peers { permanent_uuid: "f941a3d08b414a668e6f8be0dd313ea3" member_type: VOTER last_known_addr { host: "127.31.239.2" port: 41701 } attrs { replace: true } } peers { permanent_uuid: "ebae597954e64a35a4268cfebc2cf8e9" member_type: VOTER last_known_addr { host: "127.31.239.3" port: 40555 } } peers { permanent_uuid: "2b7bddc718234ba4ad67adf81a78f4ae" member_type: NON_VOTER last_known_addr { host: "127.31.239.4" port: 39711 } attrs { promote: true } } }
I20260713 09:11:57.417733  1413 raft_consensus.cc:2955] T 07aec12ecb864422aeae3a9ff9540188 P f941a3d08b414a668e6f8be0dd313ea3 [term 1 FOLLOWER]: Committing config change with OpId 1.2: config changed from index -1 to 2, NON_VOTER 2b7bddc718234ba4ad67adf81a78f4ae (127.31.239.4) added. New config: { opid_index: 2 OBSOLETE_local: false peers { permanent_uuid: "1df6163efedc4516a6abc7832a6ab690" member_type: VOTER last_known_addr { host: "127.31.239.1" port: 36317 } } peers { permanent_uuid: "f941a3d08b414a668e6f8be0dd313ea3" member_type: VOTER last_known_addr { host: "127.31.239.2" port: 41701 } attrs { replace: true } } peers { permanent_uuid: "ebae597954e64a35a4268cfebc2cf8e9" member_type: VOTER last_known_addr { host: "127.31.239.3" port: 40555 } } peers { permanent_uuid: "2b7bddc718234ba4ad67adf81a78f4ae" member_type: NON_VOTER last_known_addr { host: "127.31.239.4" port: 39711 } attrs { promote: true } } }
I20260713 09:11:57.417335  1486 raft_consensus.cc:2955] T 07aec12ecb864422aeae3a9ff9540188 P ebae597954e64a35a4268cfebc2cf8e9 [term 1 FOLLOWER]: Committing config change with OpId 1.2: config changed from index -1 to 2, NON_VOTER 2b7bddc718234ba4ad67adf81a78f4ae (127.31.239.4) added. New config: { opid_index: 2 OBSOLETE_local: false peers { permanent_uuid: "1df6163efedc4516a6abc7832a6ab690" member_type: VOTER last_known_addr { host: "127.31.239.1" port: 36317 } } peers { permanent_uuid: "f941a3d08b414a668e6f8be0dd313ea3" member_type: VOTER last_known_addr { host: "127.31.239.2" port: 41701 } attrs { replace: true } } peers { permanent_uuid: "ebae597954e64a35a4268cfebc2cf8e9" member_type: VOTER last_known_addr { host: "127.31.239.3" port: 40555 } } peers { permanent_uuid: "2b7bddc718234ba4ad67adf81a78f4ae" member_type: NON_VOTER last_known_addr { host: "127.31.239.4" port: 39711 } attrs { promote: true } } }
I20260713 09:11:57.429579  1336 consensus_queue.cc:237] T b0d8af47b9184f07ab123e72384be864 P 1df6163efedc4516a6abc7832a6ab690 [LEADER]: Queue going to LEADER mode. State: All replicated index: 0, Majority replicated index: 1, Committed index: 1, Last appended: 1.1, Last appended by leader: 0, Current term: 1, Majority size: 2, State: 0, Mode: LEADER, active raft config: opid_index: 2 OBSOLETE_local: false peers { permanent_uuid: "1df6163efedc4516a6abc7832a6ab690" member_type: VOTER last_known_addr { host: "127.31.239.1" port: 36317 } } peers { permanent_uuid: "f941a3d08b414a668e6f8be0dd313ea3" member_type: VOTER last_known_addr { host: "127.31.239.2" port: 41701 } } peers { permanent_uuid: "ebae597954e64a35a4268cfebc2cf8e9" member_type: VOTER last_known_addr { host: "127.31.239.3" port: 40555 } attrs { replace: true } } peers { permanent_uuid: "2b7bddc718234ba4ad67adf81a78f4ae" member_type: NON_VOTER last_known_addr { host: "127.31.239.4" port: 39711 } attrs { promote: true } }
I20260713 09:11:57.432556  1236 catalog_manager.cc:5697] T 07aec12ecb864422aeae3a9ff9540188 P 1df6163efedc4516a6abc7832a6ab690 reported cstate change: config changed from index -1 to 2, NON_VOTER 2b7bddc718234ba4ad67adf81a78f4ae (127.31.239.4) added. New cstate: current_term: 1 leader_uuid: "1df6163efedc4516a6abc7832a6ab690" committed_config { opid_index: 2 OBSOLETE_local: false peers { permanent_uuid: "1df6163efedc4516a6abc7832a6ab690" member_type: VOTER last_known_addr { host: "127.31.239.1" port: 36317 } health_report { overall_health: HEALTHY } } peers { permanent_uuid: "f941a3d08b414a668e6f8be0dd313ea3" member_type: VOTER last_known_addr { host: "127.31.239.2" port: 41701 } attrs { replace: true } health_report { overall_health: HEALTHY } } peers { permanent_uuid: "ebae597954e64a35a4268cfebc2cf8e9" member_type: VOTER last_known_addr { host: "127.31.239.3" port: 40555 } health_report { overall_health: HEALTHY } } peers { permanent_uuid: "2b7bddc718234ba4ad67adf81a78f4ae" member_type: NON_VOTER last_known_addr { host: "127.31.239.4" port: 39711 } attrs { promote: true } health_report { overall_health: UNKNOWN } } }
I20260713 09:11:57.438246  1413 raft_consensus.cc:1275] T b0d8af47b9184f07ab123e72384be864 P f941a3d08b414a668e6f8be0dd313ea3 [term 1 FOLLOWER]: Refusing update from remote peer 1df6163efedc4516a6abc7832a6ab690: Log matching property violated. Preceding OpId in replica: term: 1 index: 1. Preceding OpId from leader: term: 1 index: 2. (index mismatch)
I20260713 09:11:57.438489  1486 raft_consensus.cc:1275] T b0d8af47b9184f07ab123e72384be864 P ebae597954e64a35a4268cfebc2cf8e9 [term 1 FOLLOWER]: Refusing update from remote peer 1df6163efedc4516a6abc7832a6ab690: Log matching property violated. Preceding OpId in replica: term: 1 index: 1. Preceding OpId from leader: term: 1 index: 2. (index mismatch)
W20260713 09:11:57.438627  1301 consensus_peers.cc:597] T b0d8af47b9184f07ab123e72384be864 P 1df6163efedc4516a6abc7832a6ab690 -> Peer 2b7bddc718234ba4ad67adf81a78f4ae (127.31.239.4:39711): Couldn't send request to peer 2b7bddc718234ba4ad67adf81a78f4ae. Error code: TABLET_NOT_FOUND (6). Status: Not found: Tablet not found: b0d8af47b9184f07ab123e72384be864. This is attempt 1: this message will repeat every 5th retry.
I20260713 09:11:57.439574  2003 consensus_queue.cc:1048] T b0d8af47b9184f07ab123e72384be864 P 1df6163efedc4516a6abc7832a6ab690 [LEADER]: Connected to new peer: Peer: permanent_uuid: "f941a3d08b414a668e6f8be0dd313ea3" member_type: VOTER last_known_addr { host: "127.31.239.2" port: 41701 }, Status: LMP_MISMATCH, Last received: 0.0, Next index: 2, Last known committed idx: 1, Time since last communication: 0.000s
I20260713 09:11:57.440527  1978 consensus_queue.cc:1048] T b0d8af47b9184f07ab123e72384be864 P 1df6163efedc4516a6abc7832a6ab690 [LEADER]: Connected to new peer: Peer: permanent_uuid: "ebae597954e64a35a4268cfebc2cf8e9" member_type: VOTER last_known_addr { host: "127.31.239.3" port: 40555 } attrs { replace: true }, Status: LMP_MISMATCH, Last received: 0.0, Next index: 2, Last known committed idx: 1, Time since last communication: 0.000s
I20260713 09:11:57.451318  2003 raft_consensus.cc:2955] T b0d8af47b9184f07ab123e72384be864 P 1df6163efedc4516a6abc7832a6ab690 [term 1 LEADER]: Committing config change with OpId 1.2: config changed from index -1 to 2, NON_VOTER 2b7bddc718234ba4ad67adf81a78f4ae (127.31.239.4) added. New config: { opid_index: 2 OBSOLETE_local: false peers { permanent_uuid: "1df6163efedc4516a6abc7832a6ab690" member_type: VOTER last_known_addr { host: "127.31.239.1" port: 36317 } } peers { permanent_uuid: "f941a3d08b414a668e6f8be0dd313ea3" member_type: VOTER last_known_addr { host: "127.31.239.2" port: 41701 } } peers { permanent_uuid: "ebae597954e64a35a4268cfebc2cf8e9" member_type: VOTER last_known_addr { host: "127.31.239.3" port: 40555 } attrs { replace: true } } peers { permanent_uuid: "2b7bddc718234ba4ad67adf81a78f4ae" member_type: NON_VOTER last_known_addr { host: "127.31.239.4" port: 39711 } attrs { promote: true } } }
I20260713 09:11:57.452890  1413 raft_consensus.cc:2955] T b0d8af47b9184f07ab123e72384be864 P f941a3d08b414a668e6f8be0dd313ea3 [term 1 FOLLOWER]: Committing config change with OpId 1.2: config changed from index -1 to 2, NON_VOTER 2b7bddc718234ba4ad67adf81a78f4ae (127.31.239.4) added. New config: { opid_index: 2 OBSOLETE_local: false peers { permanent_uuid: "1df6163efedc4516a6abc7832a6ab690" member_type: VOTER last_known_addr { host: "127.31.239.1" port: 36317 } } peers { permanent_uuid: "f941a3d08b414a668e6f8be0dd313ea3" member_type: VOTER last_known_addr { host: "127.31.239.2" port: 41701 } } peers { permanent_uuid: "ebae597954e64a35a4268cfebc2cf8e9" member_type: VOTER last_known_addr { host: "127.31.239.3" port: 40555 } attrs { replace: true } } peers { permanent_uuid: "2b7bddc718234ba4ad67adf81a78f4ae" member_type: NON_VOTER last_known_addr { host: "127.31.239.4" port: 39711 } attrs { promote: true } } }
I20260713 09:11:57.455714  1486 raft_consensus.cc:2955] T b0d8af47b9184f07ab123e72384be864 P ebae597954e64a35a4268cfebc2cf8e9 [term 1 FOLLOWER]: Committing config change with OpId 1.2: config changed from index -1 to 2, NON_VOTER 2b7bddc718234ba4ad67adf81a78f4ae (127.31.239.4) added. New config: { opid_index: 2 OBSOLETE_local: false peers { permanent_uuid: "1df6163efedc4516a6abc7832a6ab690" member_type: VOTER last_known_addr { host: "127.31.239.1" port: 36317 } } peers { permanent_uuid: "f941a3d08b414a668e6f8be0dd313ea3" member_type: VOTER last_known_addr { host: "127.31.239.2" port: 41701 } } peers { permanent_uuid: "ebae597954e64a35a4268cfebc2cf8e9" member_type: VOTER last_known_addr { host: "127.31.239.3" port: 40555 } attrs { replace: true } } peers { permanent_uuid: "2b7bddc718234ba4ad67adf81a78f4ae" member_type: NON_VOTER last_known_addr { host: "127.31.239.4" port: 39711 } attrs { promote: true } } }
I20260713 09:11:57.466583  1484 consensus_queue.cc:237] T bdd4389a13c8479f8d8346df5478bf2b P ebae597954e64a35a4268cfebc2cf8e9 [LEADER]: Queue going to LEADER mode. State: All replicated index: 0, Majority replicated index: 1, Committed index: 1, Last appended: 1.1, Last appended by leader: 0, Current term: 1, Majority size: 2, State: 0, Mode: LEADER, active raft config: opid_index: 2 OBSOLETE_local: false peers { permanent_uuid: "1df6163efedc4516a6abc7832a6ab690" member_type: VOTER last_known_addr { host: "127.31.239.1" port: 36317 } attrs { replace: true } } peers { permanent_uuid: "f941a3d08b414a668e6f8be0dd313ea3" member_type: VOTER last_known_addr { host: "127.31.239.2" port: 41701 } } peers { permanent_uuid: "ebae597954e64a35a4268cfebc2cf8e9" member_type: VOTER last_known_addr { host: "127.31.239.3" port: 40555 } } peers { permanent_uuid: "2b7bddc718234ba4ad67adf81a78f4ae" member_type: NON_VOTER last_known_addr { host: "127.31.239.4" port: 39711 } attrs { promote: true } }
I20260713 09:11:57.470669  1233 catalog_manager.cc:5697] T b0d8af47b9184f07ab123e72384be864 P f941a3d08b414a668e6f8be0dd313ea3 reported cstate change: config changed from index -1 to 2, NON_VOTER 2b7bddc718234ba4ad67adf81a78f4ae (127.31.239.4) added. New cstate: current_term: 1 leader_uuid: "1df6163efedc4516a6abc7832a6ab690" committed_config { opid_index: 2 OBSOLETE_local: false peers { permanent_uuid: "1df6163efedc4516a6abc7832a6ab690" member_type: VOTER last_known_addr { host: "127.31.239.1" port: 36317 } } peers { permanent_uuid: "f941a3d08b414a668e6f8be0dd313ea3" member_type: VOTER last_known_addr { host: "127.31.239.2" port: 41701 } } peers { permanent_uuid: "ebae597954e64a35a4268cfebc2cf8e9" member_type: VOTER last_known_addr { host: "127.31.239.3" port: 40555 } attrs { replace: true } } peers { permanent_uuid: "2b7bddc718234ba4ad67adf81a78f4ae" member_type: NON_VOTER last_known_addr { host: "127.31.239.4" port: 39711 } attrs { promote: true } } }
W20260713 09:11:57.473419  1450 consensus_peers.cc:597] T bdd4389a13c8479f8d8346df5478bf2b P ebae597954e64a35a4268cfebc2cf8e9 -> Peer 2b7bddc718234ba4ad67adf81a78f4ae (127.31.239.4:39711): Couldn't send request to peer 2b7bddc718234ba4ad67adf81a78f4ae. Error code: TABLET_NOT_FOUND (6). Status: Not found: Tablet not found: bdd4389a13c8479f8d8346df5478bf2b. This is attempt 1: this message will repeat every 5th retry.
I20260713 09:11:57.474066  1413 raft_consensus.cc:1275] T bdd4389a13c8479f8d8346df5478bf2b P f941a3d08b414a668e6f8be0dd313ea3 [term 1 FOLLOWER]: Refusing update from remote peer ebae597954e64a35a4268cfebc2cf8e9: Log matching property violated. Preceding OpId in replica: term: 1 index: 1. Preceding OpId from leader: term: 1 index: 2. (index mismatch)
I20260713 09:11:57.474934  1336 raft_consensus.cc:1275] T bdd4389a13c8479f8d8346df5478bf2b P 1df6163efedc4516a6abc7832a6ab690 [term 1 FOLLOWER]: Refusing update from remote peer ebae597954e64a35a4268cfebc2cf8e9: Log matching property violated. Preceding OpId in replica: term: 1 index: 1. Preceding OpId from leader: term: 1 index: 2. (index mismatch)
I20260713 09:11:57.475327  1944 consensus_queue.cc:1048] T bdd4389a13c8479f8d8346df5478bf2b P ebae597954e64a35a4268cfebc2cf8e9 [LEADER]: Connected to new peer: Peer: permanent_uuid: "f941a3d08b414a668e6f8be0dd313ea3" member_type: VOTER last_known_addr { host: "127.31.239.2" port: 41701 }, Status: LMP_MISMATCH, Last received: 0.0, Next index: 2, Last known committed idx: 1, Time since last communication: 0.000s
I20260713 09:11:57.477035  1944 consensus_queue.cc:1048] T bdd4389a13c8479f8d8346df5478bf2b P ebae597954e64a35a4268cfebc2cf8e9 [LEADER]: Connected to new peer: Peer: permanent_uuid: "1df6163efedc4516a6abc7832a6ab690" member_type: VOTER last_known_addr { host: "127.31.239.1" port: 36317 } attrs { replace: true }, Status: LMP_MISMATCH, Last received: 0.0, Next index: 2, Last known committed idx: 1, Time since last communication: 0.000s
I20260713 09:11:57.484485  1944 raft_consensus.cc:2955] T bdd4389a13c8479f8d8346df5478bf2b P ebae597954e64a35a4268cfebc2cf8e9 [term 1 LEADER]: Committing config change with OpId 1.2: config changed from index -1 to 2, NON_VOTER 2b7bddc718234ba4ad67adf81a78f4ae (127.31.239.4) added. New config: { opid_index: 2 OBSOLETE_local: false peers { permanent_uuid: "1df6163efedc4516a6abc7832a6ab690" member_type: VOTER last_known_addr { host: "127.31.239.1" port: 36317 } attrs { replace: true } } peers { permanent_uuid: "f941a3d08b414a668e6f8be0dd313ea3" member_type: VOTER last_known_addr { host: "127.31.239.2" port: 41701 } } peers { permanent_uuid: "ebae597954e64a35a4268cfebc2cf8e9" member_type: VOTER last_known_addr { host: "127.31.239.3" port: 40555 } } peers { permanent_uuid: "2b7bddc718234ba4ad67adf81a78f4ae" member_type: NON_VOTER last_known_addr { host: "127.31.239.4" port: 39711 } attrs { promote: true } } }
I20260713 09:11:57.489663  1338 raft_consensus.cc:2955] T bdd4389a13c8479f8d8346df5478bf2b P 1df6163efedc4516a6abc7832a6ab690 [term 1 FOLLOWER]: Committing config change with OpId 1.2: config changed from index -1 to 2, NON_VOTER 2b7bddc718234ba4ad67adf81a78f4ae (127.31.239.4) added. New config: { opid_index: 2 OBSOLETE_local: false peers { permanent_uuid: "1df6163efedc4516a6abc7832a6ab690" member_type: VOTER last_known_addr { host: "127.31.239.1" port: 36317 } attrs { replace: true } } peers { permanent_uuid: "f941a3d08b414a668e6f8be0dd313ea3" member_type: VOTER last_known_addr { host: "127.31.239.2" port: 41701 } } peers { permanent_uuid: "ebae597954e64a35a4268cfebc2cf8e9" member_type: VOTER last_known_addr { host: "127.31.239.3" port: 40555 } } peers { permanent_uuid: "2b7bddc718234ba4ad67adf81a78f4ae" member_type: NON_VOTER last_known_addr { host: "127.31.239.4" port: 39711 } attrs { promote: true } } }
I20260713 09:11:57.491240  1413 raft_consensus.cc:2955] T bdd4389a13c8479f8d8346df5478bf2b P f941a3d08b414a668e6f8be0dd313ea3 [term 1 FOLLOWER]: Committing config change with OpId 1.2: config changed from index -1 to 2, NON_VOTER 2b7bddc718234ba4ad67adf81a78f4ae (127.31.239.4) added. New config: { opid_index: 2 OBSOLETE_local: false peers { permanent_uuid: "1df6163efedc4516a6abc7832a6ab690" member_type: VOTER last_known_addr { host: "127.31.239.1" port: 36317 } attrs { replace: true } } peers { permanent_uuid: "f941a3d08b414a668e6f8be0dd313ea3" member_type: VOTER last_known_addr { host: "127.31.239.2" port: 41701 } } peers { permanent_uuid: "ebae597954e64a35a4268cfebc2cf8e9" member_type: VOTER last_known_addr { host: "127.31.239.3" port: 40555 } } peers { permanent_uuid: "2b7bddc718234ba4ad67adf81a78f4ae" member_type: NON_VOTER last_known_addr { host: "127.31.239.4" port: 39711 } attrs { promote: true } } }
I20260713 09:11:57.501206  1484 consensus_queue.cc:237] T 62d13afc4ce0403abf2cc656e6a1a257 P ebae597954e64a35a4268cfebc2cf8e9 [LEADER]: Queue going to LEADER mode. State: All replicated index: 0, Majority replicated index: 1, Committed index: 1, Last appended: 1.1, Last appended by leader: 0, Current term: 1, Majority size: 2, State: 0, Mode: LEADER, active raft config: opid_index: 2 OBSOLETE_local: false peers { permanent_uuid: "1df6163efedc4516a6abc7832a6ab690" member_type: VOTER last_known_addr { host: "127.31.239.1" port: 36317 } } peers { permanent_uuid: "f941a3d08b414a668e6f8be0dd313ea3" member_type: VOTER last_known_addr { host: "127.31.239.2" port: 41701 } attrs { replace: true } } peers { permanent_uuid: "ebae597954e64a35a4268cfebc2cf8e9" member_type: VOTER last_known_addr { host: "127.31.239.3" port: 40555 } } peers { permanent_uuid: "2b7bddc718234ba4ad67adf81a78f4ae" member_type: NON_VOTER last_known_addr { host: "127.31.239.4" port: 39711 } attrs { promote: true } }
I20260713 09:11:57.506102  1236 catalog_manager.cc:5697] T bdd4389a13c8479f8d8346df5478bf2b P ebae597954e64a35a4268cfebc2cf8e9 reported cstate change: config changed from index -1 to 2, NON_VOTER 2b7bddc718234ba4ad67adf81a78f4ae (127.31.239.4) added. New cstate: current_term: 1 leader_uuid: "ebae597954e64a35a4268cfebc2cf8e9" committed_config { opid_index: 2 OBSOLETE_local: false peers { permanent_uuid: "1df6163efedc4516a6abc7832a6ab690" member_type: VOTER last_known_addr { host: "127.31.239.1" port: 36317 } attrs { replace: true } health_report { overall_health: HEALTHY } } peers { permanent_uuid: "f941a3d08b414a668e6f8be0dd313ea3" member_type: VOTER last_known_addr { host: "127.31.239.2" port: 41701 } health_report { overall_health: HEALTHY } } peers { permanent_uuid: "ebae597954e64a35a4268cfebc2cf8e9" member_type: VOTER last_known_addr { host: "127.31.239.3" port: 40555 } health_report { overall_health: HEALTHY } } peers { permanent_uuid: "2b7bddc718234ba4ad67adf81a78f4ae" member_type: NON_VOTER last_known_addr { host: "127.31.239.4" port: 39711 } attrs { promote: true } health_report { overall_health: UNKNOWN } } }
W20260713 09:11:57.516390  1450 consensus_peers.cc:597] T 62d13afc4ce0403abf2cc656e6a1a257 P ebae597954e64a35a4268cfebc2cf8e9 -> Peer 2b7bddc718234ba4ad67adf81a78f4ae (127.31.239.4:39711): Couldn't send request to peer 2b7bddc718234ba4ad67adf81a78f4ae. Error code: TABLET_NOT_FOUND (6). Status: Not found: Tablet not found: 62d13afc4ce0403abf2cc656e6a1a257. This is attempt 1: this message will repeat every 5th retry.
I20260713 09:11:57.527266  1338 raft_consensus.cc:1275] T 62d13afc4ce0403abf2cc656e6a1a257 P 1df6163efedc4516a6abc7832a6ab690 [term 1 FOLLOWER]: Refusing update from remote peer ebae597954e64a35a4268cfebc2cf8e9: Log matching property violated. Preceding OpId in replica: term: 1 index: 1. Preceding OpId from leader: term: 1 index: 2. (index mismatch)
I20260713 09:11:57.527318  1413 raft_consensus.cc:1275] T 62d13afc4ce0403abf2cc656e6a1a257 P f941a3d08b414a668e6f8be0dd313ea3 [term 1 FOLLOWER]: Refusing update from remote peer ebae597954e64a35a4268cfebc2cf8e9: Log matching property violated. Preceding OpId in replica: term: 1 index: 1. Preceding OpId from leader: term: 1 index: 2. (index mismatch)
I20260713 09:11:57.529471  1840 consensus_queue.cc:1048] T 62d13afc4ce0403abf2cc656e6a1a257 P ebae597954e64a35a4268cfebc2cf8e9 [LEADER]: Connected to new peer: Peer: permanent_uuid: "f941a3d08b414a668e6f8be0dd313ea3" member_type: VOTER last_known_addr { host: "127.31.239.2" port: 41701 } attrs { replace: true }, Status: LMP_MISMATCH, Last received: 0.0, Next index: 2, Last known committed idx: 1, Time since last communication: 0.000s
I20260713 09:11:57.530370  1987 consensus_queue.cc:1048] T 62d13afc4ce0403abf2cc656e6a1a257 P ebae597954e64a35a4268cfebc2cf8e9 [LEADER]: Connected to new peer: Peer: permanent_uuid: "1df6163efedc4516a6abc7832a6ab690" member_type: VOTER last_known_addr { host: "127.31.239.1" port: 36317 }, Status: LMP_MISMATCH, Last received: 0.0, Next index: 2, Last known committed idx: 1, Time since last communication: 0.000s
I20260713 09:11:57.538635  1987 raft_consensus.cc:2955] T 62d13afc4ce0403abf2cc656e6a1a257 P ebae597954e64a35a4268cfebc2cf8e9 [term 1 LEADER]: Committing config change with OpId 1.2: config changed from index -1 to 2, NON_VOTER 2b7bddc718234ba4ad67adf81a78f4ae (127.31.239.4) added. New config: { opid_index: 2 OBSOLETE_local: false peers { permanent_uuid: "1df6163efedc4516a6abc7832a6ab690" member_type: VOTER last_known_addr { host: "127.31.239.1" port: 36317 } } peers { permanent_uuid: "f941a3d08b414a668e6f8be0dd313ea3" member_type: VOTER last_known_addr { host: "127.31.239.2" port: 41701 } attrs { replace: true } } peers { permanent_uuid: "ebae597954e64a35a4268cfebc2cf8e9" member_type: VOTER last_known_addr { host: "127.31.239.3" port: 40555 } } peers { permanent_uuid: "2b7bddc718234ba4ad67adf81a78f4ae" member_type: NON_VOTER last_known_addr { host: "127.31.239.4" port: 39711 } attrs { promote: true } } }
I20260713 09:11:57.549558  1338 raft_consensus.cc:2955] T 62d13afc4ce0403abf2cc656e6a1a257 P 1df6163efedc4516a6abc7832a6ab690 [term 1 FOLLOWER]: Committing config change with OpId 1.2: config changed from index -1 to 2, NON_VOTER 2b7bddc718234ba4ad67adf81a78f4ae (127.31.239.4) added. New config: { opid_index: 2 OBSOLETE_local: false peers { permanent_uuid: "1df6163efedc4516a6abc7832a6ab690" member_type: VOTER last_known_addr { host: "127.31.239.1" port: 36317 } } peers { permanent_uuid: "f941a3d08b414a668e6f8be0dd313ea3" member_type: VOTER last_known_addr { host: "127.31.239.2" port: 41701 } attrs { replace: true } } peers { permanent_uuid: "ebae597954e64a35a4268cfebc2cf8e9" member_type: VOTER last_known_addr { host: "127.31.239.3" port: 40555 } } peers { permanent_uuid: "2b7bddc718234ba4ad67adf81a78f4ae" member_type: NON_VOTER last_known_addr { host: "127.31.239.4" port: 39711 } attrs { promote: true } } }
I20260713 09:11:57.550055  1234 catalog_manager.cc:5697] T 62d13afc4ce0403abf2cc656e6a1a257 P ebae597954e64a35a4268cfebc2cf8e9 reported cstate change: config changed from index -1 to 2, NON_VOTER 2b7bddc718234ba4ad67adf81a78f4ae (127.31.239.4) added. New cstate: current_term: 1 leader_uuid: "ebae597954e64a35a4268cfebc2cf8e9" committed_config { opid_index: 2 OBSOLETE_local: false peers { permanent_uuid: "1df6163efedc4516a6abc7832a6ab690" member_type: VOTER last_known_addr { host: "127.31.239.1" port: 36317 } health_report { overall_health: HEALTHY } } peers { permanent_uuid: "f941a3d08b414a668e6f8be0dd313ea3" member_type: VOTER last_known_addr { host: "127.31.239.2" port: 41701 } attrs { replace: true } health_report { overall_health: UNKNOWN } } peers { permanent_uuid: "ebae597954e64a35a4268cfebc2cf8e9" member_type: VOTER last_known_addr { host: "127.31.239.3" port: 40555 } health_report { overall_health: HEALTHY } } peers { permanent_uuid: "2b7bddc718234ba4ad67adf81a78f4ae" member_type: NON_VOTER last_known_addr { host: "127.31.239.4" port: 39711 } attrs { promote: true } health_report { overall_health: UNKNOWN } } }
I20260713 09:11:57.550185  1413 raft_consensus.cc:2955] T 62d13afc4ce0403abf2cc656e6a1a257 P f941a3d08b414a668e6f8be0dd313ea3 [term 1 FOLLOWER]: Committing config change with OpId 1.2: config changed from index -1 to 2, NON_VOTER 2b7bddc718234ba4ad67adf81a78f4ae (127.31.239.4) added. New config: { opid_index: 2 OBSOLETE_local: false peers { permanent_uuid: "1df6163efedc4516a6abc7832a6ab690" member_type: VOTER last_known_addr { host: "127.31.239.1" port: 36317 } } peers { permanent_uuid: "f941a3d08b414a668e6f8be0dd313ea3" member_type: VOTER last_known_addr { host: "127.31.239.2" port: 41701 } attrs { replace: true } } peers { permanent_uuid: "ebae597954e64a35a4268cfebc2cf8e9" member_type: VOTER last_known_addr { host: "127.31.239.3" port: 40555 } } peers { permanent_uuid: "2b7bddc718234ba4ad67adf81a78f4ae" member_type: NON_VOTER last_known_addr { host: "127.31.239.4" port: 39711 } attrs { promote: true } } }
I20260713 09:11:57.868405  2023 ts_tablet_manager.cc:933] T bdd4389a13c8479f8d8346df5478bf2b P 2b7bddc718234ba4ad67adf81a78f4ae: Initiating tablet copy from peer ebae597954e64a35a4268cfebc2cf8e9 (127.31.239.3:40555)
I20260713 09:11:57.870211  2023 tablet_copy_client.cc:323] T bdd4389a13c8479f8d8346df5478bf2b P 2b7bddc718234ba4ad67adf81a78f4ae: tablet copy: Beginning tablet copy session from remote peer at address 127.31.239.3:40555
I20260713 09:11:57.871641  1497 tablet_copy_service.cc:140] P ebae597954e64a35a4268cfebc2cf8e9: Received BeginTabletCopySession request for tablet bdd4389a13c8479f8d8346df5478bf2b from peer 2b7bddc718234ba4ad67adf81a78f4ae ({username='slave'} at 127.0.0.1:44816)
I20260713 09:11:57.872061  1497 tablet_copy_service.cc:161] P ebae597954e64a35a4268cfebc2cf8e9: Beginning new tablet copy session on tablet bdd4389a13c8479f8d8346df5478bf2b from peer 2b7bddc718234ba4ad67adf81a78f4ae at {username='slave'} at 127.0.0.1:44816: session id = 2b7bddc718234ba4ad67adf81a78f4ae-bdd4389a13c8479f8d8346df5478bf2b
I20260713 09:11:57.877153  1497 tablet_copy_source_session.cc:215] T bdd4389a13c8479f8d8346df5478bf2b P ebae597954e64a35a4268cfebc2cf8e9: Tablet Copy: opened 0 blocks and 1 log segments
I20260713 09:11:57.879997  2023 data_dirs.cc:400] Could only allocate 1 dirs of requested 3 for tablet bdd4389a13c8479f8d8346df5478bf2b. 1 dirs total, 0 dirs full, 0 dirs failed
W20260713 09:11:57.886327  1434 debug-util.cc:398] Leaking SignalData structure 0x7b08001a9880 after lost signal to thread 32703
W20260713 09:11:57.887300  1434 debug-util.cc:398] Leaking SignalData structure 0x7b080015f200 after lost signal to thread 1270
W20260713 09:11:57.888402  1434 debug-util.cc:398] Leaking SignalData structure 0x7b08002894c0 after lost signal to thread 1362
W20260713 09:11:57.889392  1434 debug-util.cc:398] Leaking SignalData structure 0x7b0800060500 after lost signal to thread 1437
W20260713 09:11:57.890372  1434 debug-util.cc:398] Leaking SignalData structure 0x7b0800060520 after lost signal to thread 1511
W20260713 09:11:57.891394  1434 debug-util.cc:398] Leaking SignalData structure 0x7b080020f360 after lost signal to thread 1772
I20260713 09:11:57.891610  2023 tablet_copy_client.cc:806] T bdd4389a13c8479f8d8346df5478bf2b P 2b7bddc718234ba4ad67adf81a78f4ae: tablet copy: Starting download of 0 data blocks...
I20260713 09:11:57.892186  2023 tablet_copy_client.cc:670] T bdd4389a13c8479f8d8346df5478bf2b P 2b7bddc718234ba4ad67adf81a78f4ae: tablet copy: Starting download of 1 WAL segments...
I20260713 09:11:57.895540  2023 tablet_copy_client.cc:538] T bdd4389a13c8479f8d8346df5478bf2b P 2b7bddc718234ba4ad67adf81a78f4ae: tablet copy: Tablet Copy complete. Replacing tablet superblock.
I20260713 09:11:57.901299  2023 tablet_bootstrap.cc:492] T bdd4389a13c8479f8d8346df5478bf2b P 2b7bddc718234ba4ad67adf81a78f4ae: Bootstrap starting.
I20260713 09:11:57.920388  2023 tablet_bootstrap.cc:492] T bdd4389a13c8479f8d8346df5478bf2b P 2b7bddc718234ba4ad67adf81a78f4ae: Bootstrap replayed 1/1 log segments. Stats: ops{read=2 overwritten=0 applied=2 ignored=0} inserts{seen=0 ignored=0} mutations{seen=0 ignored=0} orphaned_commits=0. Pending: 0 replicates
I20260713 09:11:57.921527  2023 tablet_bootstrap.cc:492] T bdd4389a13c8479f8d8346df5478bf2b P 2b7bddc718234ba4ad67adf81a78f4ae: Bootstrap complete.
I20260713 09:11:57.922397  2023 ts_tablet_manager.cc:1403] T bdd4389a13c8479f8d8346df5478bf2b P 2b7bddc718234ba4ad67adf81a78f4ae: Time spent bootstrapping tablet: real 0.021s	user 0.018s	sys 0.000s
I20260713 09:11:57.926246  2023 raft_consensus.cc:359] T bdd4389a13c8479f8d8346df5478bf2b P 2b7bddc718234ba4ad67adf81a78f4ae [term 1 LEARNER]: Replica starting. Triggering 0 pending ops. Active config: opid_index: 2 OBSOLETE_local: false peers { permanent_uuid: "1df6163efedc4516a6abc7832a6ab690" member_type: VOTER last_known_addr { host: "127.31.239.1" port: 36317 } attrs { replace: true } } peers { permanent_uuid: "f941a3d08b414a668e6f8be0dd313ea3" member_type: VOTER last_known_addr { host: "127.31.239.2" port: 41701 } } peers { permanent_uuid: "ebae597954e64a35a4268cfebc2cf8e9" member_type: VOTER last_known_addr { host: "127.31.239.3" port: 40555 } } peers { permanent_uuid: "2b7bddc718234ba4ad67adf81a78f4ae" member_type: NON_VOTER last_known_addr { host: "127.31.239.4" port: 39711 } attrs { promote: true } }
I20260713 09:11:57.927469  2023 raft_consensus.cc:740] T bdd4389a13c8479f8d8346df5478bf2b P 2b7bddc718234ba4ad67adf81a78f4ae [term 1 LEARNER]: Becoming Follower/Learner. State: Replica: 2b7bddc718234ba4ad67adf81a78f4ae, State: Initialized, Role: LEARNER
I20260713 09:11:57.928158  2023 consensus_queue.cc:260] T bdd4389a13c8479f8d8346df5478bf2b P 2b7bddc718234ba4ad67adf81a78f4ae [NON_LEADER]: Queue going to NON_LEADER mode. State: All replicated index: 0, Majority replicated index: 0, Committed index: 2, Last appended: 1.2, Last appended by leader: 2, Current term: 0, Majority size: -1, State: 0, Mode: NON_LEADER, active raft config: opid_index: 2 OBSOLETE_local: false peers { permanent_uuid: "1df6163efedc4516a6abc7832a6ab690" member_type: VOTER last_known_addr { host: "127.31.239.1" port: 36317 } attrs { replace: true } } peers { permanent_uuid: "f941a3d08b414a668e6f8be0dd313ea3" member_type: VOTER last_known_addr { host: "127.31.239.2" port: 41701 } } peers { permanent_uuid: "ebae597954e64a35a4268cfebc2cf8e9" member_type: VOTER last_known_addr { host: "127.31.239.3" port: 40555 } } peers { permanent_uuid: "2b7bddc718234ba4ad67adf81a78f4ae" member_type: NON_VOTER last_known_addr { host: "127.31.239.4" port: 39711 } attrs { promote: true } }
I20260713 09:11:57.934803  2026 ts_tablet_manager.cc:933] T 07aec12ecb864422aeae3a9ff9540188 P 2b7bddc718234ba4ad67adf81a78f4ae: Initiating tablet copy from peer 1df6163efedc4516a6abc7832a6ab690 (127.31.239.1:36317)
I20260713 09:11:57.941000  2023 ts_tablet_manager.cc:1434] T bdd4389a13c8479f8d8346df5478bf2b P 2b7bddc718234ba4ad67adf81a78f4ae: Time spent starting tablet: real 0.018s	user 0.012s	sys 0.004s
I20260713 09:11:57.944746  1497 tablet_copy_service.cc:342] P ebae597954e64a35a4268cfebc2cf8e9: Request end of tablet copy session 2b7bddc718234ba4ad67adf81a78f4ae-bdd4389a13c8479f8d8346df5478bf2b received from {username='slave'} at 127.0.0.1:44816
I20260713 09:11:57.945310  1497 tablet_copy_service.cc:434] P ebae597954e64a35a4268cfebc2cf8e9: ending tablet copy session 2b7bddc718234ba4ad67adf81a78f4ae-bdd4389a13c8479f8d8346df5478bf2b on tablet bdd4389a13c8479f8d8346df5478bf2b with peer 2b7bddc718234ba4ad67adf81a78f4ae
I20260713 09:11:57.946693  2026 tablet_copy_client.cc:323] T 07aec12ecb864422aeae3a9ff9540188 P 2b7bddc718234ba4ad67adf81a78f4ae: tablet copy: Beginning tablet copy session from remote peer at address 127.31.239.1:36317
I20260713 09:11:57.952178  1348 tablet_copy_service.cc:140] P 1df6163efedc4516a6abc7832a6ab690: Received BeginTabletCopySession request for tablet 07aec12ecb864422aeae3a9ff9540188 from peer 2b7bddc718234ba4ad67adf81a78f4ae ({username='slave'} at 127.0.0.1:48158)
I20260713 09:11:57.952629  1348 tablet_copy_service.cc:161] P 1df6163efedc4516a6abc7832a6ab690: Beginning new tablet copy session on tablet 07aec12ecb864422aeae3a9ff9540188 from peer 2b7bddc718234ba4ad67adf81a78f4ae at {username='slave'} at 127.0.0.1:48158: session id = 2b7bddc718234ba4ad67adf81a78f4ae-07aec12ecb864422aeae3a9ff9540188
I20260713 09:11:57.964630  1348 tablet_copy_source_session.cc:215] T 07aec12ecb864422aeae3a9ff9540188 P 1df6163efedc4516a6abc7832a6ab690: Tablet Copy: opened 0 blocks and 1 log segments
I20260713 09:11:57.967932  2026 data_dirs.cc:400] Could only allocate 1 dirs of requested 3 for tablet 07aec12ecb864422aeae3a9ff9540188. 1 dirs total, 0 dirs full, 0 dirs failed
I20260713 09:11:57.978149  2026 tablet_copy_client.cc:806] T 07aec12ecb864422aeae3a9ff9540188 P 2b7bddc718234ba4ad67adf81a78f4ae: tablet copy: Starting download of 0 data blocks...
I20260713 09:11:57.978690  2026 tablet_copy_client.cc:670] T 07aec12ecb864422aeae3a9ff9540188 P 2b7bddc718234ba4ad67adf81a78f4ae: tablet copy: Starting download of 1 WAL segments...
I20260713 09:11:57.981925  2026 tablet_copy_client.cc:538] T 07aec12ecb864422aeae3a9ff9540188 P 2b7bddc718234ba4ad67adf81a78f4ae: tablet copy: Tablet Copy complete. Replacing tablet superblock.
I20260713 09:11:57.988217  2026 tablet_bootstrap.cc:492] T 07aec12ecb864422aeae3a9ff9540188 P 2b7bddc718234ba4ad67adf81a78f4ae: Bootstrap starting.
I20260713 09:11:58.003739  2023 ts_tablet_manager.cc:933] T b0d8af47b9184f07ab123e72384be864 P 2b7bddc718234ba4ad67adf81a78f4ae: Initiating tablet copy from peer 1df6163efedc4516a6abc7832a6ab690 (127.31.239.1:36317)
I20260713 09:11:58.026077  2026 tablet_bootstrap.cc:492] T 07aec12ecb864422aeae3a9ff9540188 P 2b7bddc718234ba4ad67adf81a78f4ae: Bootstrap replayed 1/1 log segments. Stats: ops{read=2 overwritten=0 applied=2 ignored=0} inserts{seen=0 ignored=0} mutations{seen=0 ignored=0} orphaned_commits=0. Pending: 0 replicates
I20260713 09:11:58.027000  2026 tablet_bootstrap.cc:492] T 07aec12ecb864422aeae3a9ff9540188 P 2b7bddc718234ba4ad67adf81a78f4ae: Bootstrap complete.
I20260713 09:11:58.027688  2026 ts_tablet_manager.cc:1403] T 07aec12ecb864422aeae3a9ff9540188 P 2b7bddc718234ba4ad67adf81a78f4ae: Time spent bootstrapping tablet: real 0.040s	user 0.028s	sys 0.013s
I20260713 09:11:58.030517  2026 raft_consensus.cc:359] T 07aec12ecb864422aeae3a9ff9540188 P 2b7bddc718234ba4ad67adf81a78f4ae [term 1 LEARNER]: Replica starting. Triggering 0 pending ops. Active config: opid_index: 2 OBSOLETE_local: false peers { permanent_uuid: "1df6163efedc4516a6abc7832a6ab690" member_type: VOTER last_known_addr { host: "127.31.239.1" port: 36317 } } peers { permanent_uuid: "f941a3d08b414a668e6f8be0dd313ea3" member_type: VOTER last_known_addr { host: "127.31.239.2" port: 41701 } attrs { replace: true } } peers { permanent_uuid: "ebae597954e64a35a4268cfebc2cf8e9" member_type: VOTER last_known_addr { host: "127.31.239.3" port: 40555 } } peers { permanent_uuid: "2b7bddc718234ba4ad67adf81a78f4ae" member_type: NON_VOTER last_known_addr { host: "127.31.239.4" port: 39711 } attrs { promote: true } }
I20260713 09:11:58.033429  2026 raft_consensus.cc:740] T 07aec12ecb864422aeae3a9ff9540188 P 2b7bddc718234ba4ad67adf81a78f4ae [term 1 LEARNER]: Becoming Follower/Learner. State: Replica: 2b7bddc718234ba4ad67adf81a78f4ae, State: Initialized, Role: LEARNER
I20260713 09:11:58.034261  2026 consensus_queue.cc:260] T 07aec12ecb864422aeae3a9ff9540188 P 2b7bddc718234ba4ad67adf81a78f4ae [NON_LEADER]: Queue going to NON_LEADER mode. State: All replicated index: 0, Majority replicated index: 0, Committed index: 2, Last appended: 1.2, Last appended by leader: 2, Current term: 0, Majority size: -1, State: 0, Mode: NON_LEADER, active raft config: opid_index: 2 OBSOLETE_local: false peers { permanent_uuid: "1df6163efedc4516a6abc7832a6ab690" member_type: VOTER last_known_addr { host: "127.31.239.1" port: 36317 } } peers { permanent_uuid: "f941a3d08b414a668e6f8be0dd313ea3" member_type: VOTER last_known_addr { host: "127.31.239.2" port: 41701 } attrs { replace: true } } peers { permanent_uuid: "ebae597954e64a35a4268cfebc2cf8e9" member_type: VOTER last_known_addr { host: "127.31.239.3" port: 40555 } } peers { permanent_uuid: "2b7bddc718234ba4ad67adf81a78f4ae" member_type: NON_VOTER last_known_addr { host: "127.31.239.4" port: 39711 } attrs { promote: true } }
I20260713 09:11:58.036561  2026 ts_tablet_manager.cc:1434] T 07aec12ecb864422aeae3a9ff9540188 P 2b7bddc718234ba4ad67adf81a78f4ae: Time spent starting tablet: real 0.009s	user 0.005s	sys 0.000s
I20260713 09:11:58.042678  1348 tablet_copy_service.cc:342] P 1df6163efedc4516a6abc7832a6ab690: Request end of tablet copy session 2b7bddc718234ba4ad67adf81a78f4ae-07aec12ecb864422aeae3a9ff9540188 received from {username='slave'} at 127.0.0.1:48158
I20260713 09:11:58.043118  1348 tablet_copy_service.cc:434] P 1df6163efedc4516a6abc7832a6ab690: ending tablet copy session 2b7bddc718234ba4ad67adf81a78f4ae-07aec12ecb864422aeae3a9ff9540188 on tablet 07aec12ecb864422aeae3a9ff9540188 with peer 2b7bddc718234ba4ad67adf81a78f4ae
I20260713 09:11:58.052215  2023 tablet_copy_client.cc:323] T b0d8af47b9184f07ab123e72384be864 P 2b7bddc718234ba4ad67adf81a78f4ae: tablet copy: Beginning tablet copy session from remote peer at address 127.31.239.1:36317
I20260713 09:11:58.053951  2026 ts_tablet_manager.cc:933] T 62d13afc4ce0403abf2cc656e6a1a257 P 2b7bddc718234ba4ad67adf81a78f4ae: Initiating tablet copy from peer ebae597954e64a35a4268cfebc2cf8e9 (127.31.239.3:40555)
I20260713 09:11:58.058777  1348 tablet_copy_service.cc:140] P 1df6163efedc4516a6abc7832a6ab690: Received BeginTabletCopySession request for tablet b0d8af47b9184f07ab123e72384be864 from peer 2b7bddc718234ba4ad67adf81a78f4ae ({username='slave'} at 127.0.0.1:48158)
I20260713 09:11:58.059468  1348 tablet_copy_service.cc:161] P 1df6163efedc4516a6abc7832a6ab690: Beginning new tablet copy session on tablet b0d8af47b9184f07ab123e72384be864 from peer 2b7bddc718234ba4ad67adf81a78f4ae at {username='slave'} at 127.0.0.1:48158: session id = 2b7bddc718234ba4ad67adf81a78f4ae-b0d8af47b9184f07ab123e72384be864
I20260713 09:11:58.064635  2026 tablet_copy_client.cc:323] T 62d13afc4ce0403abf2cc656e6a1a257 P 2b7bddc718234ba4ad67adf81a78f4ae: tablet copy: Beginning tablet copy session from remote peer at address 127.31.239.3:40555
I20260713 09:11:58.499006  1348 tablet_copy_source_session.cc:215] T b0d8af47b9184f07ab123e72384be864 P 1df6163efedc4516a6abc7832a6ab690: Tablet Copy: opened 0 blocks and 1 log segments
I20260713 09:11:58.506271  1497 tablet_copy_service.cc:140] P ebae597954e64a35a4268cfebc2cf8e9: Received BeginTabletCopySession request for tablet 62d13afc4ce0403abf2cc656e6a1a257 from peer 2b7bddc718234ba4ad67adf81a78f4ae ({username='slave'} at 127.0.0.1:44816)
I20260713 09:11:58.506855  1497 tablet_copy_service.cc:161] P ebae597954e64a35a4268cfebc2cf8e9: Beginning new tablet copy session on tablet 62d13afc4ce0403abf2cc656e6a1a257 from peer 2b7bddc718234ba4ad67adf81a78f4ae at {username='slave'} at 127.0.0.1:44816: session id = 2b7bddc718234ba4ad67adf81a78f4ae-62d13afc4ce0403abf2cc656e6a1a257
I20260713 09:11:58.514726  1497 tablet_copy_source_session.cc:215] T 62d13afc4ce0403abf2cc656e6a1a257 P ebae597954e64a35a4268cfebc2cf8e9: Tablet Copy: opened 0 blocks and 1 log segments
I20260713 09:11:58.575172  2026 data_dirs.cc:400] Could only allocate 1 dirs of requested 3 for tablet 62d13afc4ce0403abf2cc656e6a1a257. 1 dirs total, 0 dirs full, 0 dirs failed
I20260713 09:11:58.577076  1746 raft_consensus.cc:1217] T bdd4389a13c8479f8d8346df5478bf2b P 2b7bddc718234ba4ad67adf81a78f4ae [term 1 LEARNER]: Deduplicated request from leader. Original: 1.1->[1.2-1.2]   Dedup: 1.2->[]
I20260713 09:11:58.581493  1745 raft_consensus.cc:1217] T 07aec12ecb864422aeae3a9ff9540188 P 2b7bddc718234ba4ad67adf81a78f4ae [term 1 LEARNER]: Deduplicated request from leader. Original: 1.1->[1.2-1.2]   Dedup: 1.2->[]
I20260713 09:11:58.590179  2023 data_dirs.cc:400] Could only allocate 1 dirs of requested 3 for tablet b0d8af47b9184f07ab123e72384be864. 1 dirs total, 0 dirs full, 0 dirs failed
I20260713 09:11:58.593358  2026 tablet_copy_client.cc:806] T 62d13afc4ce0403abf2cc656e6a1a257 P 2b7bddc718234ba4ad67adf81a78f4ae: tablet copy: Starting download of 0 data blocks...
I20260713 09:11:58.593966  2026 tablet_copy_client.cc:670] T 62d13afc4ce0403abf2cc656e6a1a257 P 2b7bddc718234ba4ad67adf81a78f4ae: tablet copy: Starting download of 1 WAL segments...
I20260713 09:11:58.598207  2026 tablet_copy_client.cc:538] T 62d13afc4ce0403abf2cc656e6a1a257 P 2b7bddc718234ba4ad67adf81a78f4ae: tablet copy: Tablet Copy complete. Replacing tablet superblock.
I20260713 09:11:58.605752  2023 tablet_copy_client.cc:806] T b0d8af47b9184f07ab123e72384be864 P 2b7bddc718234ba4ad67adf81a78f4ae: tablet copy: Starting download of 0 data blocks...
I20260713 09:11:58.606352  2023 tablet_copy_client.cc:670] T b0d8af47b9184f07ab123e72384be864 P 2b7bddc718234ba4ad67adf81a78f4ae: tablet copy: Starting download of 1 WAL segments...
I20260713 09:11:58.607115  2026 tablet_bootstrap.cc:492] T 62d13afc4ce0403abf2cc656e6a1a257 P 2b7bddc718234ba4ad67adf81a78f4ae: Bootstrap starting.
I20260713 09:11:58.611722  2023 tablet_copy_client.cc:538] T b0d8af47b9184f07ab123e72384be864 P 2b7bddc718234ba4ad67adf81a78f4ae: tablet copy: Tablet Copy complete. Replacing tablet superblock.
