I20260713 09:11:47.752030  2033 consensus_queue.cc:237] T cd3ae315df7b429d996814bd5f1dc593 P e07fbadd5ab64f4a9b628327ee5ca0b2 [LEADER]: Queue going to LEADER mode. State: All replicated index: 0, Majority replicated index: 0, Committed index: 0, Last appended: 0.0, Last appended by leader: 0, Current term: 1, Majority size: 2, State: 0, Mode: LEADER, active raft config: opid_index: -1 OBSOLETE_local: false peers { permanent_uuid: "8c91c8bac7b74977a22d6c8170043dc9" member_type: VOTER last_known_addr { host: "127.0.160.193" port: 46519 } } peers { permanent_uuid: "3fd0d9eb461e43468f4aae55dbb06b77" member_type: VOTER last_known_addr { host: "127.0.160.194" port: 35539 } } peers { permanent_uuid: "e07fbadd5ab64f4a9b628327ee5ca0b2" member_type: VOTER last_known_addr { host: "127.0.160.195" port: 35643 } }
I20260713 09:11:47.753489  1973 tablet_bootstrap.cc:654] T fbbb7a86001844ca8e43345fa6d86ddd P e07fbadd5ab64f4a9b628327ee5ca0b2: Neither blocks nor log segments found. Creating new log.
W20260713 09:11:47.760146  1822 leader_election.cc:343] T fbbb7a86001844ca8e43345fa6d86ddd P 3fd0d9eb461e43468f4aae55dbb06b77 [CANDIDATE]: Term 1 election: Tablet error from VoteRequest() call to peer e07fbadd5ab64f4a9b628327ee5ca0b2 (127.0.160.195:35643): Illegal state: must be running to vote when last-logged opid is not known
I20260713 09:11:47.772863  1783 raft_consensus.cc:2468] T a7072ab7746145f68cbb07a1c8a1c105 P 8c91c8bac7b74977a22d6c8170043dc9 [term 1 FOLLOWER]: Leader election vote request: Granting yes vote for candidate e07fbadd5ab64f4a9b628327ee5ca0b2 in term 1.
I20260713 09:11:47.775210  1897 leader_election.cc:304] T a7072ab7746145f68cbb07a1c8a1c105 P e07fbadd5ab64f4a9b628327ee5ca0b2 [CANDIDATE]: Term 1 election: Election decided. Result: candidate won. Election summary: received 2 responses out of 3 voters: 2 yes votes; 0 no votes. yes voters: 8c91c8bac7b74977a22d6c8170043dc9, e07fbadd5ab64f4a9b628327ee5ca0b2; no voters: 
I20260713 09:11:47.776160  1998 raft_consensus.cc:2804] T a7072ab7746145f68cbb07a1c8a1c105 P e07fbadd5ab64f4a9b628327ee5ca0b2 [term 1 FOLLOWER]: Leader election won for term 1
I20260713 09:11:47.776794  1998 raft_consensus.cc:697] T a7072ab7746145f68cbb07a1c8a1c105 P e07fbadd5ab64f4a9b628327ee5ca0b2 [term 1 LEADER]: Becoming Leader. State: Replica: e07fbadd5ab64f4a9b628327ee5ca0b2, State: Running, Role: LEADER
I20260713 09:11:47.777772  1998 consensus_queue.cc:237] T a7072ab7746145f68cbb07a1c8a1c105 P e07fbadd5ab64f4a9b628327ee5ca0b2 [LEADER]: Queue going to LEADER mode. State: All replicated index: 0, Majority replicated index: 0, Committed index: 0, Last appended: 0.0, Last appended by leader: 0, Current term: 1, Majority size: 2, State: 0, Mode: LEADER, active raft config: opid_index: -1 OBSOLETE_local: false peers { permanent_uuid: "8c91c8bac7b74977a22d6c8170043dc9" member_type: VOTER last_known_addr { host: "127.0.160.193" port: 46519 } } peers { permanent_uuid: "3fd0d9eb461e43468f4aae55dbb06b77" member_type: VOTER last_known_addr { host: "127.0.160.194" port: 35539 } } peers { permanent_uuid: "e07fbadd5ab64f4a9b628327ee5ca0b2" member_type: VOTER last_known_addr { host: "127.0.160.195" port: 35643 } }
I20260713 09:11:47.782660  1854 raft_consensus.cc:2468] T a7072ab7746145f68cbb07a1c8a1c105 P 3fd0d9eb461e43468f4aae55dbb06b77 [term 1 FOLLOWER]: Leader election vote request: Granting yes vote for candidate e07fbadd5ab64f4a9b628327ee5ca0b2 in term 1.
I20260713 09:11:47.804404  1972 tablet_bootstrap.cc:492] T e05791f1b0bc48f69a4224937a81476e P 3fd0d9eb461e43468f4aae55dbb06b77: No bootstrap required, opened a new log
I20260713 09:11:47.805125  1972 ts_tablet_manager.cc:1403] T e05791f1b0bc48f69a4224937a81476e P 3fd0d9eb461e43468f4aae55dbb06b77: Time spent bootstrapping tablet: real 0.167s	user 0.013s	sys 0.007s
I20260713 09:11:47.811764  1972 raft_consensus.cc:359] T e05791f1b0bc48f69a4224937a81476e P 3fd0d9eb461e43468f4aae55dbb06b77 [term 0 FOLLOWER]: Replica starting. Triggering 0 pending ops. Active config: opid_index: -1 OBSOLETE_local: false peers { permanent_uuid: "8c91c8bac7b74977a22d6c8170043dc9" member_type: VOTER last_known_addr { host: "127.0.160.193" port: 46519 } } peers { permanent_uuid: "3fd0d9eb461e43468f4aae55dbb06b77" member_type: VOTER last_known_addr { host: "127.0.160.194" port: 35539 } } peers { permanent_uuid: "e07fbadd5ab64f4a9b628327ee5ca0b2" member_type: VOTER last_known_addr { host: "127.0.160.195" port: 35643 } }
I20260713 09:11:47.812500  1972 raft_consensus.cc:385] T e05791f1b0bc48f69a4224937a81476e P 3fd0d9eb461e43468f4aae55dbb06b77 [term 0 FOLLOWER]: Consensus starting up: Expiring failure detector timer to make a prompt election more likely
I20260713 09:11:47.812777  1972 raft_consensus.cc:740] T e05791f1b0bc48f69a4224937a81476e P 3fd0d9eb461e43468f4aae55dbb06b77 [term 0 FOLLOWER]: Becoming Follower/Learner. State: Replica: 3fd0d9eb461e43468f4aae55dbb06b77, State: Initialized, Role: FOLLOWER
I20260713 09:11:47.813588  2033 raft_consensus.cc:493] T e05791f1b0bc48f69a4224937a81476e P e07fbadd5ab64f4a9b628327ee5ca0b2 [term 0 FOLLOWER]: Starting pre-election (no leader contacted us within the election timeout)
I20260713 09:11:47.813473  1972 consensus_queue.cc:260] T e05791f1b0bc48f69a4224937a81476e P 3fd0d9eb461e43468f4aae55dbb06b77 [NON_LEADER]: Queue going to NON_LEADER mode. State: All replicated index: 0, Majority replicated index: 0, Committed index: 0, Last appended: 0.0, Last appended by leader: 0, Current term: 0, Majority size: -1, State: 0, Mode: NON_LEADER, active raft config: opid_index: -1 OBSOLETE_local: false peers { permanent_uuid: "8c91c8bac7b74977a22d6c8170043dc9" member_type: VOTER last_known_addr { host: "127.0.160.193" port: 46519 } } peers { permanent_uuid: "3fd0d9eb461e43468f4aae55dbb06b77" member_type: VOTER last_known_addr { host: "127.0.160.194" port: 35539 } } peers { permanent_uuid: "e07fbadd5ab64f4a9b628327ee5ca0b2" member_type: VOTER last_known_addr { host: "127.0.160.195" port: 35643 } }
I20260713 09:11:47.814191  2033 raft_consensus.cc:515] T e05791f1b0bc48f69a4224937a81476e P e07fbadd5ab64f4a9b628327ee5ca0b2 [term 0 FOLLOWER]: Starting pre-election with config: opid_index: -1 OBSOLETE_local: false peers { permanent_uuid: "8c91c8bac7b74977a22d6c8170043dc9" member_type: VOTER last_known_addr { host: "127.0.160.193" port: 46519 } } peers { permanent_uuid: "3fd0d9eb461e43468f4aae55dbb06b77" member_type: VOTER last_known_addr { host: "127.0.160.194" port: 35539 } } peers { permanent_uuid: "e07fbadd5ab64f4a9b628327ee5ca0b2" member_type: VOTER last_known_addr { host: "127.0.160.195" port: 35643 } }
I20260713 09:11:47.818133  1783 tablet_service.cc:1917] Received RequestConsensusVote() RPC: tablet_id: "e05791f1b0bc48f69a4224937a81476e" candidate_uuid: "e07fbadd5ab64f4a9b628327ee5ca0b2" candidate_term: 1 candidate_status { last_received { term: 0 index: 0 } } ignore_live_leader: false dest_uuid: "8c91c8bac7b74977a22d6c8170043dc9" is_pre_election: true
I20260713 09:11:47.818477  1972 ts_tablet_manager.cc:1434] T e05791f1b0bc48f69a4224937a81476e P 3fd0d9eb461e43468f4aae55dbb06b77: Time spent starting tablet: real 0.013s	user 0.006s	sys 0.003s
I20260713 09:11:47.820176  1972 tablet_bootstrap.cc:492] T 8728f69138a04fc7b37e3b676ebdb744 P 3fd0d9eb461e43468f4aae55dbb06b77: Bootstrap starting.
W20260713 09:11:47.821338  1897 leader_election.cc:343] T e05791f1b0bc48f69a4224937a81476e P e07fbadd5ab64f4a9b628327ee5ca0b2 [CANDIDATE]: Term 1 pre-election: Tablet error from VoteRequest() call to peer 8c91c8bac7b74977a22d6c8170043dc9 (127.0.160.193:46519): Illegal state: must be running to vote when last-logged opid is not known
I20260713 09:11:47.818576  1681 catalog_manager.cc:5697] T fbbb7a86001844ca8e43345fa6d86ddd P 3fd0d9eb461e43468f4aae55dbb06b77 reported cstate change: term changed from 0 to 1, leader changed from <none> to 3fd0d9eb461e43468f4aae55dbb06b77 (127.0.160.194). New cstate: current_term: 1 leader_uuid: "3fd0d9eb461e43468f4aae55dbb06b77" committed_config { opid_index: -1 OBSOLETE_local: false peers { permanent_uuid: "8c91c8bac7b74977a22d6c8170043dc9" member_type: VOTER last_known_addr { host: "127.0.160.193" port: 46519 } health_report { overall_health: UNKNOWN } } peers { permanent_uuid: "3fd0d9eb461e43468f4aae55dbb06b77" member_type: VOTER last_known_addr { host: "127.0.160.194" port: 35539 } health_report { overall_health: HEALTHY } } peers { permanent_uuid: "e07fbadd5ab64f4a9b628327ee5ca0b2" member_type: VOTER last_known_addr { host: "127.0.160.195" port: 35643 } health_report { overall_health: UNKNOWN } } }
I20260713 09:11:47.827615  2033 leader_election.cc:290] T e05791f1b0bc48f69a4224937a81476e P e07fbadd5ab64f4a9b628327ee5ca0b2 [CANDIDATE]: Term 1 pre-election: Requested pre-vote from peers 8c91c8bac7b74977a22d6c8170043dc9 (127.0.160.193:46519), 3fd0d9eb461e43468f4aae55dbb06b77 (127.0.160.194:35539)
I20260713 09:11:47.831249  1974 tablet_bootstrap.cc:492] T e05791f1b0bc48f69a4224937a81476e P 8c91c8bac7b74977a22d6c8170043dc9: No bootstrap required, opened a new log
I20260713 09:11:47.831919  1974 ts_tablet_manager.cc:1403] T e05791f1b0bc48f69a4224937a81476e P 8c91c8bac7b74977a22d6c8170043dc9: Time spent bootstrapping tablet: real 0.213s	user 0.018s	sys 0.014s
I20260713 09:11:47.835760  1858 tablet_service.cc:1917] Received RequestConsensusVote() RPC: tablet_id: "e05791f1b0bc48f69a4224937a81476e" candidate_uuid: "e07fbadd5ab64f4a9b628327ee5ca0b2" candidate_term: 1 candidate_status { last_received { term: 0 index: 0 } } ignore_live_leader: false dest_uuid: "3fd0d9eb461e43468f4aae55dbb06b77" is_pre_election: true
I20260713 09:11:47.836583  1858 raft_consensus.cc:2468] T e05791f1b0bc48f69a4224937a81476e P 3fd0d9eb461e43468f4aae55dbb06b77 [term 0 FOLLOWER]: Leader pre-election vote request: Granting yes vote for candidate e07fbadd5ab64f4a9b628327ee5ca0b2 in term 0.
I20260713 09:11:47.838234  1896 leader_election.cc:304] T e05791f1b0bc48f69a4224937a81476e P e07fbadd5ab64f4a9b628327ee5ca0b2 [CANDIDATE]: Term 1 pre-election: Election decided. Result: candidate won. Election summary: received 3 responses out of 3 voters: 2 yes votes; 1 no votes. yes voters: 3fd0d9eb461e43468f4aae55dbb06b77, e07fbadd5ab64f4a9b628327ee5ca0b2; no voters: 8c91c8bac7b74977a22d6c8170043dc9
I20260713 09:11:47.838899  1972 tablet_bootstrap.cc:654] T 8728f69138a04fc7b37e3b676ebdb744 P 3fd0d9eb461e43468f4aae55dbb06b77: Neither blocks nor log segments found. Creating new log.
I20260713 09:11:47.839355  2033 raft_consensus.cc:2804] T e05791f1b0bc48f69a4224937a81476e P e07fbadd5ab64f4a9b628327ee5ca0b2 [term 0 FOLLOWER]: Leader pre-election won for term 1
I20260713 09:11:47.839913  2033 raft_consensus.cc:493] T e05791f1b0bc48f69a4224937a81476e P e07fbadd5ab64f4a9b628327ee5ca0b2 [term 0 FOLLOWER]: Starting leader election (no leader contacted us within the election timeout)
I20260713 09:11:47.840386  2033 raft_consensus.cc:3060] T e05791f1b0bc48f69a4224937a81476e P e07fbadd5ab64f4a9b628327ee5ca0b2 [term 0 FOLLOWER]: Advancing to term 1
I20260713 09:11:47.840171  1974 raft_consensus.cc:359] T e05791f1b0bc48f69a4224937a81476e P 8c91c8bac7b74977a22d6c8170043dc9 [term 0 FOLLOWER]: Replica starting. Triggering 0 pending ops. Active config: opid_index: -1 OBSOLETE_local: false peers { permanent_uuid: "8c91c8bac7b74977a22d6c8170043dc9" member_type: VOTER last_known_addr { host: "127.0.160.193" port: 46519 } } peers { permanent_uuid: "3fd0d9eb461e43468f4aae55dbb06b77" member_type: VOTER last_known_addr { host: "127.0.160.194" port: 35539 } } peers { permanent_uuid: "e07fbadd5ab64f4a9b628327ee5ca0b2" member_type: VOTER last_known_addr { host: "127.0.160.195" port: 35643 } }
I20260713 09:11:47.841051  1974 raft_consensus.cc:385] T e05791f1b0bc48f69a4224937a81476e P 8c91c8bac7b74977a22d6c8170043dc9 [term 0 FOLLOWER]: Consensus starting up: Expiring failure detector timer to make a prompt election more likely
I20260713 09:11:47.841535  1974 raft_consensus.cc:740] T e05791f1b0bc48f69a4224937a81476e P 8c91c8bac7b74977a22d6c8170043dc9 [term 0 FOLLOWER]: Becoming Follower/Learner. State: Replica: 8c91c8bac7b74977a22d6c8170043dc9, State: Initialized, Role: FOLLOWER
I20260713 09:11:47.842599  1974 consensus_queue.cc:260] T e05791f1b0bc48f69a4224937a81476e P 8c91c8bac7b74977a22d6c8170043dc9 [NON_LEADER]: Queue going to NON_LEADER mode. State: All replicated index: 0, Majority replicated index: 0, Committed index: 0, Last appended: 0.0, Last appended by leader: 0, Current term: 0, Majority size: -1, State: 0, Mode: NON_LEADER, active raft config: opid_index: -1 OBSOLETE_local: false peers { permanent_uuid: "8c91c8bac7b74977a22d6c8170043dc9" member_type: VOTER last_known_addr { host: "127.0.160.193" port: 46519 } } peers { permanent_uuid: "3fd0d9eb461e43468f4aae55dbb06b77" member_type: VOTER last_known_addr { host: "127.0.160.194" port: 35539 } } peers { permanent_uuid: "e07fbadd5ab64f4a9b628327ee5ca0b2" member_type: VOTER last_known_addr { host: "127.0.160.195" port: 35643 } }
I20260713 09:11:47.846227  1974 ts_tablet_manager.cc:1434] T e05791f1b0bc48f69a4224937a81476e P 8c91c8bac7b74977a22d6c8170043dc9: Time spent starting tablet: real 0.014s	user 0.008s	sys 0.000s
I20260713 09:11:47.847803  1974 tablet_bootstrap.cc:492] T d933a40e71f34ff68c477530f0b47a6a P 8c91c8bac7b74977a22d6c8170043dc9: Bootstrap starting.
I20260713 09:11:47.857139  1974 tablet_bootstrap.cc:654] T d933a40e71f34ff68c477530f0b47a6a P 8c91c8bac7b74977a22d6c8170043dc9: Neither blocks nor log segments found. Creating new log.
I20260713 09:11:47.856411  1678 catalog_manager.cc:5697] T ee224ff7c427448f86d2710be87a9817 P e07fbadd5ab64f4a9b628327ee5ca0b2 reported cstate change: term changed from 0 to 1, leader changed from <none> to e07fbadd5ab64f4a9b628327ee5ca0b2 (127.0.160.195). New cstate: current_term: 1 leader_uuid: "e07fbadd5ab64f4a9b628327ee5ca0b2" committed_config { opid_index: -1 OBSOLETE_local: false peers { permanent_uuid: "8c91c8bac7b74977a22d6c8170043dc9" member_type: VOTER last_known_addr { host: "127.0.160.193" port: 46519 } health_report { overall_health: UNKNOWN } } peers { permanent_uuid: "3fd0d9eb461e43468f4aae55dbb06b77" member_type: VOTER last_known_addr { host: "127.0.160.194" port: 35539 } health_report { overall_health: UNKNOWN } } peers { permanent_uuid: "e07fbadd5ab64f4a9b628327ee5ca0b2" member_type: VOTER last_known_addr { host: "127.0.160.195" port: 35643 } health_report { overall_health: HEALTHY } } }
I20260713 09:11:47.857053  2033 raft_consensus.cc:515] T e05791f1b0bc48f69a4224937a81476e P e07fbadd5ab64f4a9b628327ee5ca0b2 [term 1 FOLLOWER]: Starting leader election with config: opid_index: -1 OBSOLETE_local: false peers { permanent_uuid: "8c91c8bac7b74977a22d6c8170043dc9" member_type: VOTER last_known_addr { host: "127.0.160.193" port: 46519 } } peers { permanent_uuid: "3fd0d9eb461e43468f4aae55dbb06b77" member_type: VOTER last_known_addr { host: "127.0.160.194" port: 35539 } } peers { permanent_uuid: "e07fbadd5ab64f4a9b628327ee5ca0b2" member_type: VOTER last_known_addr { host: "127.0.160.195" port: 35643 } }
I20260713 09:11:47.862003  1678 catalog_manager.cc:5697] T a7072ab7746145f68cbb07a1c8a1c105 P e07fbadd5ab64f4a9b628327ee5ca0b2 reported cstate change: term changed from 0 to 1, leader changed from <none> to e07fbadd5ab64f4a9b628327ee5ca0b2 (127.0.160.195). New cstate: current_term: 1 leader_uuid: "e07fbadd5ab64f4a9b628327ee5ca0b2" committed_config { opid_index: -1 OBSOLETE_local: false peers { permanent_uuid: "8c91c8bac7b74977a22d6c8170043dc9" member_type: VOTER last_known_addr { host: "127.0.160.193" port: 46519 } health_report { overall_health: UNKNOWN } } peers { permanent_uuid: "3fd0d9eb461e43468f4aae55dbb06b77" member_type: VOTER last_known_addr { host: "127.0.160.194" port: 35539 } health_report { overall_health: UNKNOWN } } peers { permanent_uuid: "e07fbadd5ab64f4a9b628327ee5ca0b2" member_type: VOTER last_known_addr { host: "127.0.160.195" port: 35643 } health_report { overall_health: HEALTHY } } }
I20260713 09:11:47.864600  2044 raft_consensus.cc:493] T e05791f1b0bc48f69a4224937a81476e P 8c91c8bac7b74977a22d6c8170043dc9 [term 0 FOLLOWER]: Starting pre-election (no leader contacted us within the election timeout)
I20260713 09:11:47.864830  1973 tablet_bootstrap.cc:492] T fbbb7a86001844ca8e43345fa6d86ddd P e07fbadd5ab64f4a9b628327ee5ca0b2: No bootstrap required, opened a new log
I20260713 09:11:47.865163  2044 raft_consensus.cc:515] T e05791f1b0bc48f69a4224937a81476e P 8c91c8bac7b74977a22d6c8170043dc9 [term 0 FOLLOWER]: Starting pre-election with config: opid_index: -1 OBSOLETE_local: false peers { permanent_uuid: "8c91c8bac7b74977a22d6c8170043dc9" member_type: VOTER last_known_addr { host: "127.0.160.193" port: 46519 } } peers { permanent_uuid: "3fd0d9eb461e43468f4aae55dbb06b77" member_type: VOTER last_known_addr { host: "127.0.160.194" port: 35539 } } peers { permanent_uuid: "e07fbadd5ab64f4a9b628327ee5ca0b2" member_type: VOTER last_known_addr { host: "127.0.160.195" port: 35643 } }
I20260713 09:11:47.865767  1973 ts_tablet_manager.cc:1403] T fbbb7a86001844ca8e43345fa6d86ddd P e07fbadd5ab64f4a9b628327ee5ca0b2: Time spent bootstrapping tablet: real 0.138s	user 0.021s	sys 0.004s
I20260713 09:11:47.865163  1678 catalog_manager.cc:5697] T cd3ae315df7b429d996814bd5f1dc593 P e07fbadd5ab64f4a9b628327ee5ca0b2 reported cstate change: term changed from 0 to 1, leader changed from <none> to e07fbadd5ab64f4a9b628327ee5ca0b2 (127.0.160.195). New cstate: current_term: 1 leader_uuid: "e07fbadd5ab64f4a9b628327ee5ca0b2" committed_config { opid_index: -1 OBSOLETE_local: false peers { permanent_uuid: "8c91c8bac7b74977a22d6c8170043dc9" member_type: VOTER last_known_addr { host: "127.0.160.193" port: 46519 } health_report { overall_health: UNKNOWN } } peers { permanent_uuid: "3fd0d9eb461e43468f4aae55dbb06b77" member_type: VOTER last_known_addr { host: "127.0.160.194" port: 35539 } health_report { overall_health: UNKNOWN } } peers { permanent_uuid: "e07fbadd5ab64f4a9b628327ee5ca0b2" member_type: VOTER last_known_addr { host: "127.0.160.195" port: 35643 } health_report { overall_health: HEALTHY } } }
I20260713 09:11:47.868270  2044 leader_election.cc:290] T e05791f1b0bc48f69a4224937a81476e P 8c91c8bac7b74977a22d6c8170043dc9 [CANDIDATE]: Term 1 pre-election: Requested pre-vote from peers 3fd0d9eb461e43468f4aae55dbb06b77 (127.0.160.194:35539), e07fbadd5ab64f4a9b628327ee5ca0b2 (127.0.160.195:35643)
I20260713 09:11:47.871222  1932 tablet_service.cc:1917] Received RequestConsensusVote() RPC: tablet_id: "e05791f1b0bc48f69a4224937a81476e" candidate_uuid: "8c91c8bac7b74977a22d6c8170043dc9" candidate_term: 1 candidate_status { last_received { term: 0 index: 0 } } ignore_live_leader: false dest_uuid: "e07fbadd5ab64f4a9b628327ee5ca0b2" is_pre_election: true
I20260713 09:11:47.872180  1932 raft_consensus.cc:2393] T e05791f1b0bc48f69a4224937a81476e P e07fbadd5ab64f4a9b628327ee5ca0b2 [term 1 FOLLOWER]: Leader pre-election vote request: Denying vote to candidate 8c91c8bac7b74977a22d6c8170043dc9 in current term 1: Already voted for candidate e07fbadd5ab64f4a9b628327ee5ca0b2 in this term.
I20260713 09:11:47.873210  2033 leader_election.cc:290] T e05791f1b0bc48f69a4224937a81476e P e07fbadd5ab64f4a9b628327ee5ca0b2 [CANDIDATE]: Term 1 election: Requested vote from peers 8c91c8bac7b74977a22d6c8170043dc9 (127.0.160.193:46519), 3fd0d9eb461e43468f4aae55dbb06b77 (127.0.160.194:35539)
I20260713 09:11:47.874333  1783 tablet_service.cc:1917] Received RequestConsensusVote() RPC: tablet_id: "e05791f1b0bc48f69a4224937a81476e" candidate_uuid: "e07fbadd5ab64f4a9b628327ee5ca0b2" candidate_term: 1 candidate_status { last_received { term: 0 index: 0 } } ignore_live_leader: false dest_uuid: "8c91c8bac7b74977a22d6c8170043dc9"
I20260713 09:11:47.871222  1858 tablet_service.cc:1917] Received RequestConsensusVote() RPC: tablet_id: "e05791f1b0bc48f69a4224937a81476e" candidate_uuid: "8c91c8bac7b74977a22d6c8170043dc9" candidate_term: 1 candidate_status { last_received { term: 0 index: 0 } } ignore_live_leader: false dest_uuid: "3fd0d9eb461e43468f4aae55dbb06b77" is_pre_election: true
I20260713 09:11:47.877878  1783 raft_consensus.cc:3060] T e05791f1b0bc48f69a4224937a81476e P 8c91c8bac7b74977a22d6c8170043dc9 [term 0 FOLLOWER]: Advancing to term 1
I20260713 09:11:47.877920  1858 raft_consensus.cc:2468] T e05791f1b0bc48f69a4224937a81476e P 3fd0d9eb461e43468f4aae55dbb06b77 [term 0 FOLLOWER]: Leader pre-election vote request: Granting yes vote for candidate 8c91c8bac7b74977a22d6c8170043dc9 in term 0.
I20260713 09:11:47.879264  1974 tablet_bootstrap.cc:492] T d933a40e71f34ff68c477530f0b47a6a P 8c91c8bac7b74977a22d6c8170043dc9: No bootstrap required, opened a new log
I20260713 09:11:47.879824  1974 ts_tablet_manager.cc:1403] T d933a40e71f34ff68c477530f0b47a6a P 8c91c8bac7b74977a22d6c8170043dc9: Time spent bootstrapping tablet: real 0.032s	user 0.014s	sys 0.013s
I20260713 09:11:47.883502  1974 raft_consensus.cc:359] T d933a40e71f34ff68c477530f0b47a6a P 8c91c8bac7b74977a22d6c8170043dc9 [term 0 FOLLOWER]: Replica starting. Triggering 0 pending ops. Active config: opid_index: -1 OBSOLETE_local: false peers { permanent_uuid: "8c91c8bac7b74977a22d6c8170043dc9" member_type: VOTER last_known_addr { host: "127.0.160.193" port: 46519 } } peers { permanent_uuid: "3fd0d9eb461e43468f4aae55dbb06b77" member_type: VOTER last_known_addr { host: "127.0.160.194" port: 35539 } } peers { permanent_uuid: "e07fbadd5ab64f4a9b628327ee5ca0b2" member_type: VOTER last_known_addr { host: "127.0.160.195" port: 35643 } }
I20260713 09:11:47.884312  1974 raft_consensus.cc:385] T d933a40e71f34ff68c477530f0b47a6a P 8c91c8bac7b74977a22d6c8170043dc9 [term 0 FOLLOWER]: Consensus starting up: Expiring failure detector timer to make a prompt election more likely
I20260713 09:11:47.884186  1747 leader_election.cc:304] T e05791f1b0bc48f69a4224937a81476e P 8c91c8bac7b74977a22d6c8170043dc9 [CANDIDATE]: Term 1 pre-election: Election decided. Result: candidate won. Election summary: received 2 responses out of 3 voters: 2 yes votes; 0 no votes. yes voters: 3fd0d9eb461e43468f4aae55dbb06b77, 8c91c8bac7b74977a22d6c8170043dc9; no voters: 
I20260713 09:11:47.884778  1974 raft_consensus.cc:740] T d933a40e71f34ff68c477530f0b47a6a P 8c91c8bac7b74977a22d6c8170043dc9 [term 0 FOLLOWER]: Becoming Follower/Learner. State: Replica: 8c91c8bac7b74977a22d6c8170043dc9, State: Initialized, Role: FOLLOWER
I20260713 09:11:47.875361  1973 raft_consensus.cc:359] T fbbb7a86001844ca8e43345fa6d86ddd P e07fbadd5ab64f4a9b628327ee5ca0b2 [term 0 FOLLOWER]: Replica starting. Triggering 0 pending ops. Active config: opid_index: -1 OBSOLETE_local: false peers { permanent_uuid: "8c91c8bac7b74977a22d6c8170043dc9" member_type: VOTER last_known_addr { host: "127.0.160.193" port: 46519 } } peers { permanent_uuid: "3fd0d9eb461e43468f4aae55dbb06b77" member_type: VOTER last_known_addr { host: "127.0.160.194" port: 35539 } } peers { permanent_uuid: "e07fbadd5ab64f4a9b628327ee5ca0b2" member_type: VOTER last_known_addr { host: "127.0.160.195" port: 35643 } }
I20260713 09:11:47.885607  1973 raft_consensus.cc:385] T fbbb7a86001844ca8e43345fa6d86ddd P e07fbadd5ab64f4a9b628327ee5ca0b2 [term 0 FOLLOWER]: Consensus starting up: Expiring failure detector timer to make a prompt election more likely
I20260713 09:11:47.876927  1972 tablet_bootstrap.cc:492] T 8728f69138a04fc7b37e3b676ebdb744 P 3fd0d9eb461e43468f4aae55dbb06b77: No bootstrap required, opened a new log
I20260713 09:11:47.886586  1972 ts_tablet_manager.cc:1403] T 8728f69138a04fc7b37e3b676ebdb744 P 3fd0d9eb461e43468f4aae55dbb06b77: Time spent bootstrapping tablet: real 0.067s	user 0.022s	sys 0.010s
I20260713 09:11:47.886475  1974 consensus_queue.cc:260] T d933a40e71f34ff68c477530f0b47a6a P 8c91c8bac7b74977a22d6c8170043dc9 [NON_LEADER]: Queue going to NON_LEADER mode. State: All replicated index: 0, Majority replicated index: 0, Committed index: 0, Last appended: 0.0, Last appended by leader: 0, Current term: 0, Majority size: -1, State: 0, Mode: NON_LEADER, active raft config: opid_index: -1 OBSOLETE_local: false peers { permanent_uuid: "8c91c8bac7b74977a22d6c8170043dc9" member_type: VOTER last_known_addr { host: "127.0.160.193" port: 46519 } } peers { permanent_uuid: "3fd0d9eb461e43468f4aae55dbb06b77" member_type: VOTER last_known_addr { host: "127.0.160.194" port: 35539 } } peers { permanent_uuid: "e07fbadd5ab64f4a9b628327ee5ca0b2" member_type: VOTER last_known_addr { host: "127.0.160.195" port: 35643 } }
I20260713 09:11:47.888823  1974 ts_tablet_manager.cc:1434] T d933a40e71f34ff68c477530f0b47a6a P 8c91c8bac7b74977a22d6c8170043dc9: Time spent starting tablet: real 0.009s	user 0.007s	sys 0.000s
I20260713 09:11:47.889808  1974 tablet_bootstrap.cc:492] T b01d5e17e57a43e69494d8ddfe636425 P 8c91c8bac7b74977a22d6c8170043dc9: Bootstrap starting.
I20260713 09:11:47.877151  1854 tablet_service.cc:1917] Received RequestConsensusVote() RPC: tablet_id: "e05791f1b0bc48f69a4224937a81476e" candidate_uuid: "e07fbadd5ab64f4a9b628327ee5ca0b2" candidate_term: 1 candidate_status { last_received { term: 0 index: 0 } } ignore_live_leader: false dest_uuid: "3fd0d9eb461e43468f4aae55dbb06b77"
I20260713 09:11:47.889968  1972 raft_consensus.cc:359] T 8728f69138a04fc7b37e3b676ebdb744 P 3fd0d9eb461e43468f4aae55dbb06b77 [term 0 FOLLOWER]: Replica starting. Triggering 0 pending ops. Active config: opid_index: -1 OBSOLETE_local: false peers { permanent_uuid: "8c91c8bac7b74977a22d6c8170043dc9" member_type: VOTER last_known_addr { host: "127.0.160.193" port: 46519 } } peers { permanent_uuid: "3fd0d9eb461e43468f4aae55dbb06b77" member_type: VOTER last_known_addr { host: "127.0.160.194" port: 35539 } } peers { permanent_uuid: "e07fbadd5ab64f4a9b628327ee5ca0b2" member_type: VOTER last_known_addr { host: "127.0.160.195" port: 35643 } }
I20260713 09:11:47.890832  1972 raft_consensus.cc:385] T 8728f69138a04fc7b37e3b676ebdb744 P 3fd0d9eb461e43468f4aae55dbb06b77 [term 0 FOLLOWER]: Consensus starting up: Expiring failure detector timer to make a prompt election more likely
I20260713 09:11:47.890483  1854 raft_consensus.cc:3060] T e05791f1b0bc48f69a4224937a81476e P 3fd0d9eb461e43468f4aae55dbb06b77 [term 0 FOLLOWER]: Advancing to term 1
I20260713 09:11:47.891635  1979 consensus_queue.cc:1048] T 26fa9dd3ea9448a5b143d2786b2f2de6 P 3fd0d9eb461e43468f4aae55dbb06b77 [LEADER]: Connected to new peer: Peer: permanent_uuid: "8c91c8bac7b74977a22d6c8170043dc9" member_type: VOTER last_known_addr { host: "127.0.160.193" port: 46519 }, Status: LMP_MISMATCH, Last received: 0.0, Next index: 1, Last known committed idx: 0, Time since last communication: 0.000s
I20260713 09:11:47.885910  1973 raft_consensus.cc:740] T fbbb7a86001844ca8e43345fa6d86ddd P e07fbadd5ab64f4a9b628327ee5ca0b2 [term 0 FOLLOWER]: Becoming Follower/Learner. State: Replica: e07fbadd5ab64f4a9b628327ee5ca0b2, State: Initialized, Role: FOLLOWER
I20260713 09:11:47.893149  1973 consensus_queue.cc:260] T fbbb7a86001844ca8e43345fa6d86ddd P e07fbadd5ab64f4a9b628327ee5ca0b2 [NON_LEADER]: Queue going to NON_LEADER mode. State: All replicated index: 0, Majority replicated index: 0, Committed index: 0, Last appended: 0.0, Last appended by leader: 0, Current term: 0, Majority size: -1, State: 0, Mode: NON_LEADER, active raft config: opid_index: -1 OBSOLETE_local: false peers { permanent_uuid: "8c91c8bac7b74977a22d6c8170043dc9" member_type: VOTER last_known_addr { host: "127.0.160.193" port: 46519 } } peers { permanent_uuid: "3fd0d9eb461e43468f4aae55dbb06b77" member_type: VOTER last_known_addr { host: "127.0.160.194" port: 35539 } } peers { permanent_uuid: "e07fbadd5ab64f4a9b628327ee5ca0b2" member_type: VOTER last_known_addr { host: "127.0.160.195" port: 35643 } }
I20260713 09:11:47.895926  1973 ts_tablet_manager.cc:1434] T fbbb7a86001844ca8e43345fa6d86ddd P e07fbadd5ab64f4a9b628327ee5ca0b2: Time spent starting tablet: real 0.030s	user 0.006s	sys 0.001s
I20260713 09:11:47.896832  1974 tablet_bootstrap.cc:654] T b01d5e17e57a43e69494d8ddfe636425 P 8c91c8bac7b74977a22d6c8170043dc9: Neither blocks nor log segments found. Creating new log.
I20260713 09:11:47.897285  1973 tablet_bootstrap.cc:492] T f63404f3ffbb4f9085901c7d7dd2f0bd P e07fbadd5ab64f4a9b628327ee5ca0b2: Bootstrap starting.
I20260713 09:11:47.901127  1783 raft_consensus.cc:2468] T e05791f1b0bc48f69a4224937a81476e P 8c91c8bac7b74977a22d6c8170043dc9 [term 1 FOLLOWER]: Leader election vote request: Granting yes vote for candidate e07fbadd5ab64f4a9b628327ee5ca0b2 in term 1.
I20260713 09:11:47.902442  1897 leader_election.cc:304] T e05791f1b0bc48f69a4224937a81476e P e07fbadd5ab64f4a9b628327ee5ca0b2 [CANDIDATE]: Term 1 election: Election decided. Result: candidate won. Election summary: received 2 responses out of 3 voters: 2 yes votes; 0 no votes. yes voters: 8c91c8bac7b74977a22d6c8170043dc9, e07fbadd5ab64f4a9b628327ee5ca0b2; no voters: 
I20260713 09:11:47.903411  2033 raft_consensus.cc:2804] T e05791f1b0bc48f69a4224937a81476e P e07fbadd5ab64f4a9b628327ee5ca0b2 [term 1 FOLLOWER]: Leader election won for term 1
I20260713 09:11:47.903584  1978 raft_consensus.cc:2764] T e05791f1b0bc48f69a4224937a81476e P 8c91c8bac7b74977a22d6c8170043dc9 [term 1 FOLLOWER]: Leader pre-election decision vote started in defunct term 0: won
I20260713 09:11:47.903983  2033 raft_consensus.cc:697] T e05791f1b0bc48f69a4224937a81476e P e07fbadd5ab64f4a9b628327ee5ca0b2 [term 1 LEADER]: Becoming Leader. State: Replica: e07fbadd5ab64f4a9b628327ee5ca0b2, State: Running, Role: LEADER
I20260713 09:11:47.904951  2033 consensus_queue.cc:237] T e05791f1b0bc48f69a4224937a81476e P e07fbadd5ab64f4a9b628327ee5ca0b2 [LEADER]: Queue going to LEADER mode. State: All replicated index: 0, Majority replicated index: 0, Committed index: 0, Last appended: 0.0, Last appended by leader: 0, Current term: 1, Majority size: 2, State: 0, Mode: LEADER, active raft config: opid_index: -1 OBSOLETE_local: false peers { permanent_uuid: "8c91c8bac7b74977a22d6c8170043dc9" member_type: VOTER last_known_addr { host: "127.0.160.193" port: 46519 } } peers { permanent_uuid: "3fd0d9eb461e43468f4aae55dbb06b77" member_type: VOTER last_known_addr { host: "127.0.160.194" port: 35539 } } peers { permanent_uuid: "e07fbadd5ab64f4a9b628327ee5ca0b2" member_type: VOTER last_known_addr { host: "127.0.160.195" port: 35643 } }
I20260713 09:11:47.906363  1973 tablet_bootstrap.cc:654] T f63404f3ffbb4f9085901c7d7dd2f0bd P e07fbadd5ab64f4a9b628327ee5ca0b2: Neither blocks nor log segments found. Creating new log.
I20260713 09:11:47.906806  1979 raft_consensus.cc:493] T c0f3cb3941c44d908de7b50be1f50956 P 3fd0d9eb461e43468f4aae55dbb06b77 [term 0 FOLLOWER]: Starting pre-election (no leader contacted us within the election timeout)
I20260713 09:11:47.907537  1979 raft_consensus.cc:515] T c0f3cb3941c44d908de7b50be1f50956 P 3fd0d9eb461e43468f4aae55dbb06b77 [term 0 FOLLOWER]: Starting pre-election with config: opid_index: -1 OBSOLETE_local: false peers { permanent_uuid: "8c91c8bac7b74977a22d6c8170043dc9" member_type: VOTER last_known_addr { host: "127.0.160.193" port: 46519 } } peers { permanent_uuid: "3fd0d9eb461e43468f4aae55dbb06b77" member_type: VOTER last_known_addr { host: "127.0.160.194" port: 35539 } } peers { permanent_uuid: "e07fbadd5ab64f4a9b628327ee5ca0b2" member_type: VOTER last_known_addr { host: "127.0.160.195" port: 35643 } }
I20260713 09:11:47.911830  1979 leader_election.cc:290] T c0f3cb3941c44d908de7b50be1f50956 P 3fd0d9eb461e43468f4aae55dbb06b77 [CANDIDATE]: Term 1 pre-election: Requested pre-vote from peers 8c91c8bac7b74977a22d6c8170043dc9 (127.0.160.193:46519), e07fbadd5ab64f4a9b628327ee5ca0b2 (127.0.160.195:35643)
I20260713 09:11:47.913357  1782 tablet_service.cc:1917] Received RequestConsensusVote() RPC: tablet_id: "c0f3cb3941c44d908de7b50be1f50956" candidate_uuid: "3fd0d9eb461e43468f4aae55dbb06b77" candidate_term: 1 candidate_status { last_received { term: 0 index: 0 } } ignore_live_leader: false dest_uuid: "8c91c8bac7b74977a22d6c8170043dc9" is_pre_election: true
I20260713 09:11:47.914208  1782 raft_consensus.cc:2393] T c0f3cb3941c44d908de7b50be1f50956 P 8c91c8bac7b74977a22d6c8170043dc9 [term 1 FOLLOWER]: Leader pre-election vote request: Denying vote to candidate 3fd0d9eb461e43468f4aae55dbb06b77 in current term 1: Already voted for candidate e07fbadd5ab64f4a9b628327ee5ca0b2 in this term.
I20260713 09:11:47.916319  1932 tablet_service.cc:1917] Received RequestConsensusVote() RPC: tablet_id: "c0f3cb3941c44d908de7b50be1f50956" candidate_uuid: "3fd0d9eb461e43468f4aae55dbb06b77" candidate_term: 1 candidate_status { last_received { term: 0 index: 0 } } ignore_live_leader: false dest_uuid: "e07fbadd5ab64f4a9b628327ee5ca0b2" is_pre_election: true
I20260713 09:11:47.918605  1854 raft_consensus.cc:2468] T e05791f1b0bc48f69a4224937a81476e P 3fd0d9eb461e43468f4aae55dbb06b77 [term 1 FOLLOWER]: Leader election vote request: Granting yes vote for candidate e07fbadd5ab64f4a9b628327ee5ca0b2 in term 1.
I20260713 09:11:47.891108  1972 raft_consensus.cc:740] T 8728f69138a04fc7b37e3b676ebdb744 P 3fd0d9eb461e43468f4aae55dbb06b77 [term 0 FOLLOWER]: Becoming Follower/Learner. State: Replica: 3fd0d9eb461e43468f4aae55dbb06b77, State: Initialized, Role: FOLLOWER
I20260713 09:11:47.921331  1998 consensus_queue.cc:1048] T c0f3cb3941c44d908de7b50be1f50956 P e07fbadd5ab64f4a9b628327ee5ca0b2 [LEADER]: Connected to new peer: Peer: permanent_uuid: "8c91c8bac7b74977a22d6c8170043dc9" member_type: VOTER last_known_addr { host: "127.0.160.193" port: 46519 }, Status: LMP_MISMATCH, Last received: 0.0, Next index: 1, Last known committed idx: 0, Time since last communication: 0.000s
I20260713 09:11:47.921564  1972 consensus_queue.cc:260] T 8728f69138a04fc7b37e3b676ebdb744 P 3fd0d9eb461e43468f4aae55dbb06b77 [NON_LEADER]: Queue going to NON_LEADER mode. State: All replicated index: 0, Majority replicated index: 0, Committed index: 0, Last appended: 0.0, Last appended by leader: 0, Current term: 0, Majority size: -1, State: 0, Mode: NON_LEADER, active raft config: opid_index: -1 OBSOLETE_local: false peers { permanent_uuid: "8c91c8bac7b74977a22d6c8170043dc9" member_type: VOTER last_known_addr { host: "127.0.160.193" port: 46519 } } peers { permanent_uuid: "3fd0d9eb461e43468f4aae55dbb06b77" member_type: VOTER last_known_addr { host: "127.0.160.194" port: 35539 } } peers { permanent_uuid: "e07fbadd5ab64f4a9b628327ee5ca0b2" member_type: VOTER last_known_addr { host: "127.0.160.195" port: 35643 } }
I20260713 09:11:47.922767  2036 consensus_queue.cc:1048] T a1c0c1a1314d488cb59b47b670404e19 P 3fd0d9eb461e43468f4aae55dbb06b77 [LEADER]: Connected to new peer: Peer: permanent_uuid: "e07fbadd5ab64f4a9b628327ee5ca0b2" member_type: VOTER last_known_addr { host: "127.0.160.195" port: 35643 }, Status: LMP_MISMATCH, Last received: 0.0, Next index: 1, Last known committed idx: 0, Time since last communication: 0.001s
I20260713 09:11:47.925339  1972 ts_tablet_manager.cc:1434] T 8728f69138a04fc7b37e3b676ebdb744 P 3fd0d9eb461e43468f4aae55dbb06b77: Time spent starting tablet: real 0.038s	user 0.007s	sys 0.001s
I20260713 09:11:47.923132  1823 leader_election.cc:304] T c0f3cb3941c44d908de7b50be1f50956 P 3fd0d9eb461e43468f4aae55dbb06b77 [CANDIDATE]: Term 1 pre-election: Election decided. Result: candidate lost. Election summary: received 3 responses out of 3 voters: 1 yes votes; 2 no votes. yes voters: 3fd0d9eb461e43468f4aae55dbb06b77; no voters: 8c91c8bac7b74977a22d6c8170043dc9, e07fbadd5ab64f4a9b628327ee5ca0b2
I20260713 09:11:47.928594  1972 tablet_bootstrap.cc:492] T d933a40e71f34ff68c477530f0b47a6a P 3fd0d9eb461e43468f4aae55dbb06b77: Bootstrap starting.
I20260713 09:11:47.928443  2036 raft_consensus.cc:3060] T c0f3cb3941c44d908de7b50be1f50956 P 3fd0d9eb461e43468f4aae55dbb06b77 [term 0 FOLLOWER]: Advancing to term 1
I20260713 09:11:47.921069  2044 consensus_queue.cc:1048] T c6d1117376cd4a3889a409a0bd14b261 P 8c91c8bac7b74977a22d6c8170043dc9 [LEADER]: Connected to new peer: Peer: permanent_uuid: "3fd0d9eb461e43468f4aae55dbb06b77" member_type: VOTER last_known_addr { host: "127.0.160.194" port: 35539 }, Status: LMP_MISMATCH, Last received: 0.0, Next index: 1, Last known committed idx: 0, Time since last communication: 0.001s
I20260713 09:11:47.953867  2036 raft_consensus.cc:2749] T c0f3cb3941c44d908de7b50be1f50956 P 3fd0d9eb461e43468f4aae55dbb06b77 [term 1 FOLLOWER]: Leader pre-election lost for term 1. Reason: could not achieve majority
I20260713 09:11:47.946780  1979 raft_consensus.cc:493] T 8728f69138a04fc7b37e3b676ebdb744 P 3fd0d9eb461e43468f4aae55dbb06b77 [term 0 FOLLOWER]: Starting pre-election (no leader contacted us within the election timeout)
I20260713 09:11:47.957953  2060 consensus_queue.cc:1048] T ee224ff7c427448f86d2710be87a9817 P e07fbadd5ab64f4a9b628327ee5ca0b2 [LEADER]: Connected to new peer: Peer: permanent_uuid: "8c91c8bac7b74977a22d6c8170043dc9" member_type: VOTER last_known_addr { host: "127.0.160.193" port: 46519 }, Status: LMP_MISMATCH, Last received: 0.0, Next index: 1, Last known committed idx: 0, Time since last communication: 0.001s
I20260713 09:11:47.958140  1979 raft_consensus.cc:515] T 8728f69138a04fc7b37e3b676ebdb744 P 3fd0d9eb461e43468f4aae55dbb06b77 [term 0 FOLLOWER]: Starting pre-election with config: opid_index: -1 OBSOLETE_local: false peers { permanent_uuid: "8c91c8bac7b74977a22d6c8170043dc9" member_type: VOTER last_known_addr { host: "127.0.160.193" port: 46519 } } peers { permanent_uuid: "3fd0d9eb461e43468f4aae55dbb06b77" member_type: VOTER last_known_addr { host: "127.0.160.194" port: 35539 } } peers { permanent_uuid: "e07fbadd5ab64f4a9b628327ee5ca0b2" member_type: VOTER last_known_addr { host: "127.0.160.195" port: 35643 } }
I20260713 09:11:47.975036  1979 leader_election.cc:290] T 8728f69138a04fc7b37e3b676ebdb744 P 3fd0d9eb461e43468f4aae55dbb06b77 [CANDIDATE]: Term 1 pre-election: Requested pre-vote from peers 8c91c8bac7b74977a22d6c8170043dc9 (127.0.160.193:46519), e07fbadd5ab64f4a9b628327ee5ca0b2 (127.0.160.195:35643)
I20260713 09:11:47.976393  1783 tablet_service.cc:1917] Received RequestConsensusVote() RPC: tablet_id: "8728f69138a04fc7b37e3b676ebdb744" candidate_uuid: "3fd0d9eb461e43468f4aae55dbb06b77" candidate_term: 1 candidate_status { last_received { term: 0 index: 0 } } ignore_live_leader: false dest_uuid: "8c91c8bac7b74977a22d6c8170043dc9" is_pre_election: true
W20260713 09:11:47.978204  1823 leader_election.cc:343] T 8728f69138a04fc7b37e3b676ebdb744 P 3fd0d9eb461e43468f4aae55dbb06b77 [CANDIDATE]: Term 1 pre-election: Tablet error from VoteRequest() call to peer 8c91c8bac7b74977a22d6c8170043dc9 (127.0.160.193:46519): Illegal state: must be running to vote when last-logged opid is not known
I20260713 09:11:47.988195  1979 consensus_queue.cc:1048] T 26fa9dd3ea9448a5b143d2786b2f2de6 P 3fd0d9eb461e43468f4aae55dbb06b77 [LEADER]: Connected to new peer: Peer: permanent_uuid: "e07fbadd5ab64f4a9b628327ee5ca0b2" member_type: VOTER last_known_addr { host: "127.0.160.195" port: 35643 }, Status: LMP_MISMATCH, Last received: 0.0, Next index: 1, Last known committed idx: 0, Time since last communication: 0.000s
I20260713 09:11:47.988916  2027 consensus_queue.cc:1048] T c6d1117376cd4a3889a409a0bd14b261 P 8c91c8bac7b74977a22d6c8170043dc9 [LEADER]: Connected to new peer: Peer: permanent_uuid: "e07fbadd5ab64f4a9b628327ee5ca0b2" member_type: VOTER last_known_addr { host: "127.0.160.195" port: 35643 }, Status: LMP_MISMATCH, Last received: 0.0, Next index: 1, Last known committed idx: 0, Time since last communication: 0.000s
I20260713 09:11:47.989984  1972 tablet_bootstrap.cc:654] T d933a40e71f34ff68c477530f0b47a6a P 3fd0d9eb461e43468f4aae55dbb06b77: Neither blocks nor log segments found. Creating new log.
I20260713 09:11:47.990913  1979 consensus_queue.cc:1048] T a1c0c1a1314d488cb59b47b670404e19 P 3fd0d9eb461e43468f4aae55dbb06b77 [LEADER]: Connected to new peer: Peer: permanent_uuid: "8c91c8bac7b74977a22d6c8170043dc9" member_type: VOTER last_known_addr { host: "127.0.160.193" port: 46519 }, Status: LMP_MISMATCH, Last received: 0.0, Next index: 1, Last known committed idx: 0, Time since last communication: 0.001s
I20260713 09:11:47.997078  1931 tablet_service.cc:1917] Received RequestConsensusVote() RPC: tablet_id: "8728f69138a04fc7b37e3b676ebdb744" candidate_uuid: "3fd0d9eb461e43468f4aae55dbb06b77" candidate_term: 1 candidate_status { last_received { term: 0 index: 0 } } ignore_live_leader: false dest_uuid: "e07fbadd5ab64f4a9b628327ee5ca0b2" is_pre_election: true
W20260713 09:11:48.005815  1822 leader_election.cc:343] T 8728f69138a04fc7b37e3b676ebdb744 P 3fd0d9eb461e43468f4aae55dbb06b77 [CANDIDATE]: Term 1 pre-election: Tablet error from VoteRequest() call to peer e07fbadd5ab64f4a9b628327ee5ca0b2 (127.0.160.195:35643): Illegal state: must be running to vote when last-logged opid is not known
I20260713 09:11:48.006451  1822 leader_election.cc:304] T 8728f69138a04fc7b37e3b676ebdb744 P 3fd0d9eb461e43468f4aae55dbb06b77 [CANDIDATE]: Term 1 pre-election: Election decided. Result: candidate lost. Election summary: received 3 responses out of 3 voters: 1 yes votes; 2 no votes. yes voters: 3fd0d9eb461e43468f4aae55dbb06b77; no voters: 8c91c8bac7b74977a22d6c8170043dc9, e07fbadd5ab64f4a9b628327ee5ca0b2
I20260713 09:11:48.008458  2036 raft_consensus.cc:2749] T 8728f69138a04fc7b37e3b676ebdb744 P 3fd0d9eb461e43468f4aae55dbb06b77 [term 0 FOLLOWER]: Leader pre-election lost for term 1. Reason: could not achieve majority
I20260713 09:11:48.011626  1973 tablet_bootstrap.cc:492] T f63404f3ffbb4f9085901c7d7dd2f0bd P e07fbadd5ab64f4a9b628327ee5ca0b2: No bootstrap required, opened a new log
I20260713 09:11:48.012199  1973 ts_tablet_manager.cc:1403] T f63404f3ffbb4f9085901c7d7dd2f0bd P e07fbadd5ab64f4a9b628327ee5ca0b2: Time spent bootstrapping tablet: real 0.115s	user 0.016s	sys 0.017s
I20260713 09:11:48.027523  1974 tablet_bootstrap.cc:492] T b01d5e17e57a43e69494d8ddfe636425 P 8c91c8bac7b74977a22d6c8170043dc9: No bootstrap required, opened a new log
I20260713 09:11:48.030169  1974 ts_tablet_manager.cc:1403] T b01d5e17e57a43e69494d8ddfe636425 P 8c91c8bac7b74977a22d6c8170043dc9: Time spent bootstrapping tablet: real 0.140s	user 0.045s	sys 0.040s
I20260713 09:11:48.036827  2033 consensus_queue.cc:1048] T c0f3cb3941c44d908de7b50be1f50956 P e07fbadd5ab64f4a9b628327ee5ca0b2 [LEADER]: Connected to new peer: Peer: permanent_uuid: "3fd0d9eb461e43468f4aae55dbb06b77" member_type: VOTER last_known_addr { host: "127.0.160.194" port: 35539 }, Status: LMP_MISMATCH, Last received: 0.0, Next index: 1, Last known committed idx: 0, Time since last communication: 0.001s
I20260713 09:11:48.058487  2033 consensus_queue.cc:1048] T ee224ff7c427448f86d2710be87a9817 P e07fbadd5ab64f4a9b628327ee5ca0b2 [LEADER]: Connected to new peer: Peer: permanent_uuid: "3fd0d9eb461e43468f4aae55dbb06b77" member_type: VOTER last_known_addr { host: "127.0.160.194" port: 35539 }, Status: LMP_MISMATCH, Last received: 0.0, Next index: 1, Last known committed idx: 0, Time since last communication: 0.001s
I20260713 09:11:48.071602  1973 raft_consensus.cc:359] T f63404f3ffbb4f9085901c7d7dd2f0bd P e07fbadd5ab64f4a9b628327ee5ca0b2 [term 0 FOLLOWER]: Replica starting. Triggering 0 pending ops. Active config: opid_index: -1 OBSOLETE_local: false peers { permanent_uuid: "8c91c8bac7b74977a22d6c8170043dc9" member_type: VOTER last_known_addr { host: "127.0.160.193" port: 46519 } } peers { permanent_uuid: "3fd0d9eb461e43468f4aae55dbb06b77" member_type: VOTER last_known_addr { host: "127.0.160.194" port: 35539 } } peers { permanent_uuid: "e07fbadd5ab64f4a9b628327ee5ca0b2" member_type: VOTER last_known_addr { host: "127.0.160.195" port: 35643 } }
I20260713 09:11:48.077584  1973 raft_consensus.cc:385] T f63404f3ffbb4f9085901c7d7dd2f0bd P e07fbadd5ab64f4a9b628327ee5ca0b2 [term 0 FOLLOWER]: Consensus starting up: Expiring failure detector timer to make a prompt election more likely
I20260713 09:11:48.078401  1973 raft_consensus.cc:740] T f63404f3ffbb4f9085901c7d7dd2f0bd P e07fbadd5ab64f4a9b628327ee5ca0b2 [term 0 FOLLOWER]: Becoming Follower/Learner. State: Replica: e07fbadd5ab64f4a9b628327ee5ca0b2, State: Initialized, Role: FOLLOWER
I20260713 09:11:48.071298  1974 raft_consensus.cc:359] T b01d5e17e57a43e69494d8ddfe636425 P 8c91c8bac7b74977a22d6c8170043dc9 [term 0 FOLLOWER]: Replica starting. Triggering 0 pending ops. Active config: opid_index: -1 OBSOLETE_local: false peers { permanent_uuid: "8c91c8bac7b74977a22d6c8170043dc9" member_type: VOTER last_known_addr { host: "127.0.160.193" port: 46519 } } peers { permanent_uuid: "3fd0d9eb461e43468f4aae55dbb06b77" member_type: VOTER last_known_addr { host: "127.0.160.194" port: 35539 } } peers { permanent_uuid: "e07fbadd5ab64f4a9b628327ee5ca0b2" member_type: VOTER last_known_addr { host: "127.0.160.195" port: 35643 } }
I20260713 09:11:48.081037  1974 raft_consensus.cc:385] T b01d5e17e57a43e69494d8ddfe636425 P 8c91c8bac7b74977a22d6c8170043dc9 [term 0 FOLLOWER]: Consensus starting up: Expiring failure detector timer to make a prompt election more likely
I20260713 09:11:48.081358  1974 raft_consensus.cc:740] T b01d5e17e57a43e69494d8ddfe636425 P 8c91c8bac7b74977a22d6c8170043dc9 [term 0 FOLLOWER]: Becoming Follower/Learner. State: Replica: 8c91c8bac7b74977a22d6c8170043dc9, State: Initialized, Role: FOLLOWER
I20260713 09:11:48.082114  1974 consensus_queue.cc:260] T b01d5e17e57a43e69494d8ddfe636425 P 8c91c8bac7b74977a22d6c8170043dc9 [NON_LEADER]: Queue going to NON_LEADER mode. State: All replicated index: 0, Majority replicated index: 0, Committed index: 0, Last appended: 0.0, Last appended by leader: 0, Current term: 0, Majority size: -1, State: 0, Mode: NON_LEADER, active raft config: opid_index: -1 OBSOLETE_local: false peers { permanent_uuid: "8c91c8bac7b74977a22d6c8170043dc9" member_type: VOTER last_known_addr { host: "127.0.160.193" port: 46519 } } peers { permanent_uuid: "3fd0d9eb461e43468f4aae55dbb06b77" member_type: VOTER last_known_addr { host: "127.0.160.194" port: 35539 } } peers { permanent_uuid: "e07fbadd5ab64f4a9b628327ee5ca0b2" member_type: VOTER last_known_addr { host: "127.0.160.195" port: 35643 } }
I20260713 09:11:48.081606  1973 consensus_queue.cc:260] T f63404f3ffbb4f9085901c7d7dd2f0bd P e07fbadd5ab64f4a9b628327ee5ca0b2 [NON_LEADER]: Queue going to NON_LEADER mode. State: All replicated index: 0, Majority replicated index: 0, Committed index: 0, Last appended: 0.0, Last appended by leader: 0, Current term: 0, Majority size: -1, State: 0, Mode: NON_LEADER, active raft config: opid_index: -1 OBSOLETE_local: false peers { permanent_uuid: "8c91c8bac7b74977a22d6c8170043dc9" member_type: VOTER last_known_addr { host: "127.0.160.193" port: 46519 } } peers { permanent_uuid: "3fd0d9eb461e43468f4aae55dbb06b77" member_type: VOTER last_known_addr { host: "127.0.160.194" port: 35539 } } peers { permanent_uuid: "e07fbadd5ab64f4a9b628327ee5ca0b2" member_type: VOTER last_known_addr { host: "127.0.160.195" port: 35643 } }
I20260713 09:11:48.085716  1974 ts_tablet_manager.cc:1434] T b01d5e17e57a43e69494d8ddfe636425 P 8c91c8bac7b74977a22d6c8170043dc9: Time spent starting tablet: real 0.055s	user 0.007s	sys 0.000s
I20260713 09:11:48.086045  2033 raft_consensus.cc:493] T fbbb7a86001844ca8e43345fa6d86ddd P e07fbadd5ab64f4a9b628327ee5ca0b2 [term 0 FOLLOWER]: Starting pre-election (no leader contacted us within the election timeout)
I20260713 09:11:48.096490  2033 raft_consensus.cc:515] T fbbb7a86001844ca8e43345fa6d86ddd P e07fbadd5ab64f4a9b628327ee5ca0b2 [term 0 FOLLOWER]: Starting pre-election with config: opid_index: -1 OBSOLETE_local: false peers { permanent_uuid: "8c91c8bac7b74977a22d6c8170043dc9" member_type: VOTER last_known_addr { host: "127.0.160.193" port: 46519 } } peers { permanent_uuid: "3fd0d9eb461e43468f4aae55dbb06b77" member_type: VOTER last_known_addr { host: "127.0.160.194" port: 35539 } } peers { permanent_uuid: "e07fbadd5ab64f4a9b628327ee5ca0b2" member_type: VOTER last_known_addr { host: "127.0.160.195" port: 35643 } }
I20260713 09:11:48.100437  1974 tablet_bootstrap.cc:492] T d462f96d69424673872541a9a0caaddd P 8c91c8bac7b74977a22d6c8170043dc9: Bootstrap starting.
I20260713 09:11:48.115249  1973 ts_tablet_manager.cc:1434] T f63404f3ffbb4f9085901c7d7dd2f0bd P e07fbadd5ab64f4a9b628327ee5ca0b2: Time spent starting tablet: real 0.103s	user 0.007s	sys 0.002s
I20260713 09:11:48.116791  1973 tablet_bootstrap.cc:492] T 8728f69138a04fc7b37e3b676ebdb744 P e07fbadd5ab64f4a9b628327ee5ca0b2: Bootstrap starting.
W20260713 09:11:48.123291  2074 log.cc:927] Time spent T e05791f1b0bc48f69a4224937a81476e P e07fbadd5ab64f4a9b628327ee5ca0b2: Append to log took a long time: real 0.101s	user 0.002s	sys 0.000s
I20260713 09:11:48.156081  1972 tablet_bootstrap.cc:492] T d933a40e71f34ff68c477530f0b47a6a P 3fd0d9eb461e43468f4aae55dbb06b77: No bootstrap required, opened a new log
I20260713 09:11:48.156685  1972 ts_tablet_manager.cc:1403] T d933a40e71f34ff68c477530f0b47a6a P 3fd0d9eb461e43468f4aae55dbb06b77: Time spent bootstrapping tablet: real 0.228s	user 0.015s	sys 0.012s
I20260713 09:11:48.168543  1854 tablet_service.cc:1917] Received RequestConsensusVote() RPC: tablet_id: "fbbb7a86001844ca8e43345fa6d86ddd" candidate_uuid: "e07fbadd5ab64f4a9b628327ee5ca0b2" candidate_term: 1 candidate_status { last_received { term: 0 index: 0 } } ignore_live_leader: false dest_uuid: "3fd0d9eb461e43468f4aae55dbb06b77" is_pre_election: true
I20260713 09:11:48.177067  1972 raft_consensus.cc:359] T d933a40e71f34ff68c477530f0b47a6a P 3fd0d9eb461e43468f4aae55dbb06b77 [term 0 FOLLOWER]: Replica starting. Triggering 0 pending ops. Active config: opid_index: -1 OBSOLETE_local: false peers { permanent_uuid: "8c91c8bac7b74977a22d6c8170043dc9" member_type: VOTER last_known_addr { host: "127.0.160.193" port: 46519 } } peers { permanent_uuid: "3fd0d9eb461e43468f4aae55dbb06b77" member_type: VOTER last_known_addr { host: "127.0.160.194" port: 35539 } } peers { permanent_uuid: "e07fbadd5ab64f4a9b628327ee5ca0b2" member_type: VOTER last_known_addr { host: "127.0.160.195" port: 35643 } }
