I20260713 09:11:47.025331  1747 leader_election.cc:304] T ee224ff7c427448f86d2710be87a9817 P 8c91c8bac7b74977a22d6c8170043dc9 [CANDIDATE]: Term 1 pre-election: Election decided. Result: candidate lost. Election summary: received 3 responses out of 3 voters: 1 yes votes; 2 no votes. yes voters: 8c91c8bac7b74977a22d6c8170043dc9; no voters: 3fd0d9eb461e43468f4aae55dbb06b77, e07fbadd5ab64f4a9b628327ee5ca0b2
I20260713 09:11:47.030701  1978 raft_consensus.cc:2749] T ee224ff7c427448f86d2710be87a9817 P 8c91c8bac7b74977a22d6c8170043dc9 [term 0 FOLLOWER]: Leader pre-election lost for term 1. Reason: could not achieve majority
W20260713 09:11:47.033560  1747 leader_election.cc:343] T b36bd46e38a74a809c458523cd95dc99 P 8c91c8bac7b74977a22d6c8170043dc9 [CANDIDATE]: Term 1 election: Tablet error from VoteRequest() call to peer 3fd0d9eb461e43468f4aae55dbb06b77 (127.0.160.194:35539): Illegal state: must be running to vote when last-logged opid is not known
I20260713 09:11:47.039953  1857 tablet_service.cc:1917] Received RequestConsensusVote() RPC: tablet_id: "85eb4edb041942e486553d308728f590" candidate_uuid: "e07fbadd5ab64f4a9b628327ee5ca0b2" candidate_term: 1 candidate_status { last_received { term: 0 index: 0 } } ignore_live_leader: false dest_uuid: "3fd0d9eb461e43468f4aae55dbb06b77"
I20260713 09:11:47.040616  1857 raft_consensus.cc:3060] T 85eb4edb041942e486553d308728f590 P 3fd0d9eb461e43468f4aae55dbb06b77 [term 0 FOLLOWER]: Advancing to term 1
I20260713 09:11:47.041383  1974 tablet_bootstrap.cc:492] T 26fa9dd3ea9448a5b143d2786b2f2de6 P 8c91c8bac7b74977a22d6c8170043dc9: No bootstrap required, opened a new log
I20260713 09:11:47.041661  1972 tablet_bootstrap.cc:492] T ee224ff7c427448f86d2710be87a9817 P 3fd0d9eb461e43468f4aae55dbb06b77: No bootstrap required, opened a new log
I20260713 09:11:47.042378  1972 ts_tablet_manager.cc:1403] T ee224ff7c427448f86d2710be87a9817 P 3fd0d9eb461e43468f4aae55dbb06b77: Time spent bootstrapping tablet: real 0.107s	user 0.034s	sys 0.036s
I20260713 09:11:47.039740  1998 leader_election.cc:290] T 85eb4edb041942e486553d308728f590 P e07fbadd5ab64f4a9b628327ee5ca0b2 [CANDIDATE]: Term 1 election: Requested vote from peers 8c91c8bac7b74977a22d6c8170043dc9 (127.0.160.193:46519), 3fd0d9eb461e43468f4aae55dbb06b77 (127.0.160.194:35539)
I20260713 09:11:47.041935  1974 ts_tablet_manager.cc:1403] T 26fa9dd3ea9448a5b143d2786b2f2de6 P 8c91c8bac7b74977a22d6c8170043dc9: Time spent bootstrapping tablet: real 0.110s	user 0.038s	sys 0.047s
I20260713 09:11:47.046482  1972 raft_consensus.cc:359] T ee224ff7c427448f86d2710be87a9817 P 3fd0d9eb461e43468f4aae55dbb06b77 [term 0 FOLLOWER]: Replica starting. Triggering 0 pending ops. Active config: opid_index: -1 OBSOLETE_local: false peers { permanent_uuid: "8c91c8bac7b74977a22d6c8170043dc9" member_type: VOTER last_known_addr { host: "127.0.160.193" port: 46519 } } peers { permanent_uuid: "3fd0d9eb461e43468f4aae55dbb06b77" member_type: VOTER last_known_addr { host: "127.0.160.194" port: 35539 } } peers { permanent_uuid: "e07fbadd5ab64f4a9b628327ee5ca0b2" member_type: VOTER last_known_addr { host: "127.0.160.195" port: 35643 } }
I20260713 09:11:47.047305  1972 raft_consensus.cc:385] T ee224ff7c427448f86d2710be87a9817 P 3fd0d9eb461e43468f4aae55dbb06b77 [term 0 FOLLOWER]: Consensus starting up: Expiring failure detector timer to make a prompt election more likely
I20260713 09:11:47.047618  1972 raft_consensus.cc:740] T ee224ff7c427448f86d2710be87a9817 P 3fd0d9eb461e43468f4aae55dbb06b77 [term 0 FOLLOWER]: Becoming Follower/Learner. State: Replica: 3fd0d9eb461e43468f4aae55dbb06b77, State: Initialized, Role: FOLLOWER
I20260713 09:11:47.047660  1974 raft_consensus.cc:359] T 26fa9dd3ea9448a5b143d2786b2f2de6 P 8c91c8bac7b74977a22d6c8170043dc9 [term 0 FOLLOWER]: Replica starting. Triggering 0 pending ops. Active config: opid_index: -1 OBSOLETE_local: false peers { permanent_uuid: "8c91c8bac7b74977a22d6c8170043dc9" member_type: VOTER last_known_addr { host: "127.0.160.193" port: 46519 } } peers { permanent_uuid: "3fd0d9eb461e43468f4aae55dbb06b77" member_type: VOTER last_known_addr { host: "127.0.160.194" port: 35539 } } peers { permanent_uuid: "e07fbadd5ab64f4a9b628327ee5ca0b2" member_type: VOTER last_known_addr { host: "127.0.160.195" port: 35643 } }
I20260713 09:11:47.048560  1974 raft_consensus.cc:385] T 26fa9dd3ea9448a5b143d2786b2f2de6 P 8c91c8bac7b74977a22d6c8170043dc9 [term 0 FOLLOWER]: Consensus starting up: Expiring failure detector timer to make a prompt election more likely
I20260713 09:11:47.049137  1974 raft_consensus.cc:740] T 26fa9dd3ea9448a5b143d2786b2f2de6 P 8c91c8bac7b74977a22d6c8170043dc9 [term 0 FOLLOWER]: Becoming Follower/Learner. State: Replica: 8c91c8bac7b74977a22d6c8170043dc9, State: Initialized, Role: FOLLOWER
I20260713 09:11:47.048507  1972 consensus_queue.cc:260] T ee224ff7c427448f86d2710be87a9817 P 3fd0d9eb461e43468f4aae55dbb06b77 [NON_LEADER]: Queue going to NON_LEADER mode. State: All replicated index: 0, Majority replicated index: 0, Committed index: 0, Last appended: 0.0, Last appended by leader: 0, Current term: 0, Majority size: -1, State: 0, Mode: NON_LEADER, active raft config: opid_index: -1 OBSOLETE_local: false peers { permanent_uuid: "8c91c8bac7b74977a22d6c8170043dc9" member_type: VOTER last_known_addr { host: "127.0.160.193" port: 46519 } } peers { permanent_uuid: "3fd0d9eb461e43468f4aae55dbb06b77" member_type: VOTER last_known_addr { host: "127.0.160.194" port: 35539 } } peers { permanent_uuid: "e07fbadd5ab64f4a9b628327ee5ca0b2" member_type: VOTER last_known_addr { host: "127.0.160.195" port: 35643 } }
I20260713 09:11:47.050160  1974 consensus_queue.cc:260] T 26fa9dd3ea9448a5b143d2786b2f2de6 P 8c91c8bac7b74977a22d6c8170043dc9 [NON_LEADER]: Queue going to NON_LEADER mode. State: All replicated index: 0, Majority replicated index: 0, Committed index: 0, Last appended: 0.0, Last appended by leader: 0, Current term: 0, Majority size: -1, State: 0, Mode: NON_LEADER, active raft config: opid_index: -1 OBSOLETE_local: false peers { permanent_uuid: "8c91c8bac7b74977a22d6c8170043dc9" member_type: VOTER last_known_addr { host: "127.0.160.193" port: 46519 } } peers { permanent_uuid: "3fd0d9eb461e43468f4aae55dbb06b77" member_type: VOTER last_known_addr { host: "127.0.160.194" port: 35539 } } peers { permanent_uuid: "e07fbadd5ab64f4a9b628327ee5ca0b2" member_type: VOTER last_known_addr { host: "127.0.160.195" port: 35643 } }
I20260713 09:11:47.053942  1974 ts_tablet_manager.cc:1434] T 26fa9dd3ea9448a5b143d2786b2f2de6 P 8c91c8bac7b74977a22d6c8170043dc9: Time spent starting tablet: real 0.009s	user 0.004s	sys 0.003s
I20260713 09:11:47.055274  1974 tablet_bootstrap.cc:492] T a1c0c1a1314d488cb59b47b670404e19 P 8c91c8bac7b74977a22d6c8170043dc9: Bootstrap starting.
I20260713 09:11:47.055114  1680 catalog_manager.cc:5697] T dd6c6fe05ed64e4fbf8a51aaee76adb8 P e07fbadd5ab64f4a9b628327ee5ca0b2 reported cstate change: term changed from 0 to 1, leader changed from <none> to e07fbadd5ab64f4a9b628327ee5ca0b2 (127.0.160.195). New cstate: current_term: 1 leader_uuid: "e07fbadd5ab64f4a9b628327ee5ca0b2" committed_config { opid_index: -1 OBSOLETE_local: false peers { permanent_uuid: "e07fbadd5ab64f4a9b628327ee5ca0b2" member_type: VOTER last_known_addr { host: "127.0.160.195" port: 35643 } health_report { overall_health: HEALTHY } } peers { permanent_uuid: "8c91c8bac7b74977a22d6c8170043dc9" member_type: VOTER last_known_addr { host: "127.0.160.193" port: 46519 } health_report { overall_health: UNKNOWN } } peers { permanent_uuid: "3fd0d9eb461e43468f4aae55dbb06b77" member_type: VOTER last_known_addr { host: "127.0.160.194" port: 35539 } health_report { overall_health: UNKNOWN } } }
I20260713 09:11:47.056986  1972 ts_tablet_manager.cc:1434] T ee224ff7c427448f86d2710be87a9817 P 3fd0d9eb461e43468f4aae55dbb06b77: Time spent starting tablet: real 0.014s	user 0.006s	sys 0.001s
I20260713 09:11:47.058219  1972 tablet_bootstrap.cc:492] T c6d1117376cd4a3889a409a0bd14b261 P 3fd0d9eb461e43468f4aae55dbb06b77: Bootstrap starting.
I20260713 09:11:47.061147  1932 raft_consensus.cc:2468] T b36bd46e38a74a809c458523cd95dc99 P e07fbadd5ab64f4a9b628327ee5ca0b2 [term 1 FOLLOWER]: Leader election vote request: Granting yes vote for candidate 8c91c8bac7b74977a22d6c8170043dc9 in term 1.
I20260713 09:11:47.061942  1973 tablet_bootstrap.cc:492] T ee224ff7c427448f86d2710be87a9817 P e07fbadd5ab64f4a9b628327ee5ca0b2: No bootstrap required, opened a new log
I20260713 09:11:47.063418  1973 ts_tablet_manager.cc:1403] T ee224ff7c427448f86d2710be87a9817 P e07fbadd5ab64f4a9b628327ee5ca0b2: Time spent bootstrapping tablet: real 0.120s	user 0.038s	sys 0.052s
I20260713 09:11:47.063838  1974 tablet_bootstrap.cc:654] T a1c0c1a1314d488cb59b47b670404e19 P 8c91c8bac7b74977a22d6c8170043dc9: Neither blocks nor log segments found. Creating new log.
I20260713 09:11:47.063478  1747 leader_election.cc:304] T b36bd46e38a74a809c458523cd95dc99 P 8c91c8bac7b74977a22d6c8170043dc9 [CANDIDATE]: Term 1 election: Election decided. Result: candidate won. Election summary: received 3 responses out of 3 voters: 2 yes votes; 1 no votes. yes voters: 8c91c8bac7b74977a22d6c8170043dc9, e07fbadd5ab64f4a9b628327ee5ca0b2; no voters: 3fd0d9eb461e43468f4aae55dbb06b77
I20260713 09:11:47.065095  1978 raft_consensus.cc:2804] T b36bd46e38a74a809c458523cd95dc99 P 8c91c8bac7b74977a22d6c8170043dc9 [term 1 FOLLOWER]: Leader election won for term 1
I20260713 09:11:47.065671  1978 raft_consensus.cc:697] T b36bd46e38a74a809c458523cd95dc99 P 8c91c8bac7b74977a22d6c8170043dc9 [term 1 LEADER]: Becoming Leader. State: Replica: 8c91c8bac7b74977a22d6c8170043dc9, State: Running, Role: LEADER
I20260713 09:11:47.065786  1972 tablet_bootstrap.cc:654] T c6d1117376cd4a3889a409a0bd14b261 P 3fd0d9eb461e43468f4aae55dbb06b77: Neither blocks nor log segments found. Creating new log.
I20260713 09:11:47.066952  1978 consensus_queue.cc:237] T b36bd46e38a74a809c458523cd95dc99 P 8c91c8bac7b74977a22d6c8170043dc9 [LEADER]: Queue going to LEADER mode. State: All replicated index: 0, Majority replicated index: 0, Committed index: 0, Last appended: 0.0, Last appended by leader: 0, Current term: 1, Majority size: 2, State: 0, Mode: LEADER, active raft config: opid_index: -1 OBSOLETE_local: false peers { permanent_uuid: "8c91c8bac7b74977a22d6c8170043dc9" member_type: VOTER last_known_addr { host: "127.0.160.193" port: 46519 } } peers { permanent_uuid: "3fd0d9eb461e43468f4aae55dbb06b77" member_type: VOTER last_known_addr { host: "127.0.160.194" port: 35539 } } peers { permanent_uuid: "e07fbadd5ab64f4a9b628327ee5ca0b2" member_type: VOTER last_known_addr { host: "127.0.160.195" port: 35643 } }
I20260713 09:11:47.067384  1973 raft_consensus.cc:359] T ee224ff7c427448f86d2710be87a9817 P e07fbadd5ab64f4a9b628327ee5ca0b2 [term 0 FOLLOWER]: Replica starting. Triggering 0 pending ops. Active config: opid_index: -1 OBSOLETE_local: false peers { permanent_uuid: "8c91c8bac7b74977a22d6c8170043dc9" member_type: VOTER last_known_addr { host: "127.0.160.193" port: 46519 } } peers { permanent_uuid: "3fd0d9eb461e43468f4aae55dbb06b77" member_type: VOTER last_known_addr { host: "127.0.160.194" port: 35539 } } peers { permanent_uuid: "e07fbadd5ab64f4a9b628327ee5ca0b2" member_type: VOTER last_known_addr { host: "127.0.160.195" port: 35643 } }
I20260713 09:11:47.068419  1973 raft_consensus.cc:385] T ee224ff7c427448f86d2710be87a9817 P e07fbadd5ab64f4a9b628327ee5ca0b2 [term 0 FOLLOWER]: Consensus starting up: Expiring failure detector timer to make a prompt election more likely
I20260713 09:11:47.068806  1973 raft_consensus.cc:740] T ee224ff7c427448f86d2710be87a9817 P e07fbadd5ab64f4a9b628327ee5ca0b2 [term 0 FOLLOWER]: Becoming Follower/Learner. State: Replica: e07fbadd5ab64f4a9b628327ee5ca0b2, State: Initialized, Role: FOLLOWER
I20260713 09:11:47.070115  1973 consensus_queue.cc:260] T ee224ff7c427448f86d2710be87a9817 P e07fbadd5ab64f4a9b628327ee5ca0b2 [NON_LEADER]: Queue going to NON_LEADER mode. State: All replicated index: 0, Majority replicated index: 0, Committed index: 0, Last appended: 0.0, Last appended by leader: 0, Current term: 0, Majority size: -1, State: 0, Mode: NON_LEADER, active raft config: opid_index: -1 OBSOLETE_local: false peers { permanent_uuid: "8c91c8bac7b74977a22d6c8170043dc9" member_type: VOTER last_known_addr { host: "127.0.160.193" port: 46519 } } peers { permanent_uuid: "3fd0d9eb461e43468f4aae55dbb06b77" member_type: VOTER last_known_addr { host: "127.0.160.194" port: 35539 } } peers { permanent_uuid: "e07fbadd5ab64f4a9b628327ee5ca0b2" member_type: VOTER last_known_addr { host: "127.0.160.195" port: 35643 } }
I20260713 09:11:47.073442  1973 ts_tablet_manager.cc:1434] T ee224ff7c427448f86d2710be87a9817 P e07fbadd5ab64f4a9b628327ee5ca0b2: Time spent starting tablet: real 0.009s	user 0.007s	sys 0.000s
I20260713 09:11:47.074771  1973 tablet_bootstrap.cc:492] T 26fa9dd3ea9448a5b143d2786b2f2de6 P e07fbadd5ab64f4a9b628327ee5ca0b2: Bootstrap starting.
I20260713 09:11:47.075181  1972 tablet_bootstrap.cc:492] T c6d1117376cd4a3889a409a0bd14b261 P 3fd0d9eb461e43468f4aae55dbb06b77: No bootstrap required, opened a new log
I20260713 09:11:47.075717  1972 ts_tablet_manager.cc:1403] T c6d1117376cd4a3889a409a0bd14b261 P 3fd0d9eb461e43468f4aae55dbb06b77: Time spent bootstrapping tablet: real 0.018s	user 0.012s	sys 0.003s
I20260713 09:11:47.081054  1857 raft_consensus.cc:2468] T 85eb4edb041942e486553d308728f590 P 3fd0d9eb461e43468f4aae55dbb06b77 [term 1 FOLLOWER]: Leader election vote request: Granting yes vote for candidate e07fbadd5ab64f4a9b628327ee5ca0b2 in term 1.
I20260713 09:11:47.083484  1974 tablet_bootstrap.cc:492] T a1c0c1a1314d488cb59b47b670404e19 P 8c91c8bac7b74977a22d6c8170043dc9: No bootstrap required, opened a new log
I20260713 09:11:47.084044  1974 ts_tablet_manager.cc:1403] T a1c0c1a1314d488cb59b47b670404e19 P 8c91c8bac7b74977a22d6c8170043dc9: Time spent bootstrapping tablet: real 0.029s	user 0.025s	sys 0.000s
I20260713 09:11:47.087132  1974 raft_consensus.cc:359] T a1c0c1a1314d488cb59b47b670404e19 P 8c91c8bac7b74977a22d6c8170043dc9 [term 0 FOLLOWER]: Replica starting. Triggering 0 pending ops. Active config: opid_index: -1 OBSOLETE_local: false peers { permanent_uuid: "8c91c8bac7b74977a22d6c8170043dc9" member_type: VOTER last_known_addr { host: "127.0.160.193" port: 46519 } } peers { permanent_uuid: "3fd0d9eb461e43468f4aae55dbb06b77" member_type: VOTER last_known_addr { host: "127.0.160.194" port: 35539 } } peers { permanent_uuid: "e07fbadd5ab64f4a9b628327ee5ca0b2" member_type: VOTER last_known_addr { host: "127.0.160.195" port: 35643 } }
I20260713 09:11:47.087908  1974 raft_consensus.cc:385] T a1c0c1a1314d488cb59b47b670404e19 P 8c91c8bac7b74977a22d6c8170043dc9 [term 0 FOLLOWER]: Consensus starting up: Expiring failure detector timer to make a prompt election more likely
I20260713 09:11:47.088212  1974 raft_consensus.cc:740] T a1c0c1a1314d488cb59b47b670404e19 P 8c91c8bac7b74977a22d6c8170043dc9 [term 0 FOLLOWER]: Becoming Follower/Learner. State: Replica: 8c91c8bac7b74977a22d6c8170043dc9, State: Initialized, Role: FOLLOWER
I20260713 09:11:47.089545  1973 tablet_bootstrap.cc:654] T 26fa9dd3ea9448a5b143d2786b2f2de6 P e07fbadd5ab64f4a9b628327ee5ca0b2: Neither blocks nor log segments found. Creating new log.
I20260713 09:11:47.081110  1972 raft_consensus.cc:359] T c6d1117376cd4a3889a409a0bd14b261 P 3fd0d9eb461e43468f4aae55dbb06b77 [term 0 FOLLOWER]: Replica starting. Triggering 0 pending ops. Active config: opid_index: -1 OBSOLETE_local: false peers { permanent_uuid: "8c91c8bac7b74977a22d6c8170043dc9" member_type: VOTER last_known_addr { host: "127.0.160.193" port: 46519 } } peers { permanent_uuid: "3fd0d9eb461e43468f4aae55dbb06b77" member_type: VOTER last_known_addr { host: "127.0.160.194" port: 35539 } } peers { permanent_uuid: "e07fbadd5ab64f4a9b628327ee5ca0b2" member_type: VOTER last_known_addr { host: "127.0.160.195" port: 35643 } }
I20260713 09:11:47.090708  1972 raft_consensus.cc:385] T c6d1117376cd4a3889a409a0bd14b261 P 3fd0d9eb461e43468f4aae55dbb06b77 [term 0 FOLLOWER]: Consensus starting up: Expiring failure detector timer to make a prompt election more likely
I20260713 09:11:47.090572  1896 leader_election.cc:304] T 85eb4edb041942e486553d308728f590 P e07fbadd5ab64f4a9b628327ee5ca0b2 [CANDIDATE]: Term 1 election: Election decided. Result: candidate won. Election summary: received 3 responses out of 3 voters: 2 yes votes; 1 no votes. yes voters: 3fd0d9eb461e43468f4aae55dbb06b77, e07fbadd5ab64f4a9b628327ee5ca0b2; no voters: 8c91c8bac7b74977a22d6c8170043dc9
I20260713 09:11:47.092648  1998 raft_consensus.cc:2804] T 85eb4edb041942e486553d308728f590 P e07fbadd5ab64f4a9b628327ee5ca0b2 [term 1 FOLLOWER]: Leader election won for term 1
I20260713 09:11:47.093328  1998 raft_consensus.cc:697] T 85eb4edb041942e486553d308728f590 P e07fbadd5ab64f4a9b628327ee5ca0b2 [term 1 LEADER]: Becoming Leader. State: Replica: e07fbadd5ab64f4a9b628327ee5ca0b2, State: Running, Role: LEADER
I20260713 09:11:47.089089  1974 consensus_queue.cc:260] T a1c0c1a1314d488cb59b47b670404e19 P 8c91c8bac7b74977a22d6c8170043dc9 [NON_LEADER]: Queue going to NON_LEADER mode. State: All replicated index: 0, Majority replicated index: 0, Committed index: 0, Last appended: 0.0, Last appended by leader: 0, Current term: 0, Majority size: -1, State: 0, Mode: NON_LEADER, active raft config: opid_index: -1 OBSOLETE_local: false peers { permanent_uuid: "8c91c8bac7b74977a22d6c8170043dc9" member_type: VOTER last_known_addr { host: "127.0.160.193" port: 46519 } } peers { permanent_uuid: "3fd0d9eb461e43468f4aae55dbb06b77" member_type: VOTER last_known_addr { host: "127.0.160.194" port: 35539 } } peers { permanent_uuid: "e07fbadd5ab64f4a9b628327ee5ca0b2" member_type: VOTER last_known_addr { host: "127.0.160.195" port: 35643 } }
I20260713 09:11:47.091202  1972 raft_consensus.cc:740] T c6d1117376cd4a3889a409a0bd14b261 P 3fd0d9eb461e43468f4aae55dbb06b77 [term 0 FOLLOWER]: Becoming Follower/Learner. State: Replica: 3fd0d9eb461e43468f4aae55dbb06b77, State: Initialized, Role: FOLLOWER
I20260713 09:11:47.094281  1998 consensus_queue.cc:237] T 85eb4edb041942e486553d308728f590 P e07fbadd5ab64f4a9b628327ee5ca0b2 [LEADER]: Queue going to LEADER mode. State: All replicated index: 0, Majority replicated index: 0, Committed index: 0, Last appended: 0.0, Last appended by leader: 0, Current term: 1, Majority size: 2, State: 0, Mode: LEADER, active raft config: opid_index: -1 OBSOLETE_local: false peers { permanent_uuid: "8c91c8bac7b74977a22d6c8170043dc9" member_type: VOTER last_known_addr { host: "127.0.160.193" port: 46519 } } peers { permanent_uuid: "3fd0d9eb461e43468f4aae55dbb06b77" member_type: VOTER last_known_addr { host: "127.0.160.194" port: 35539 } } peers { permanent_uuid: "e07fbadd5ab64f4a9b628327ee5ca0b2" member_type: VOTER last_known_addr { host: "127.0.160.195" port: 35643 } }
I20260713 09:11:47.095898  1972 consensus_queue.cc:260] T c6d1117376cd4a3889a409a0bd14b261 P 3fd0d9eb461e43468f4aae55dbb06b77 [NON_LEADER]: Queue going to NON_LEADER mode. State: All replicated index: 0, Majority replicated index: 0, Committed index: 0, Last appended: 0.0, Last appended by leader: 0, Current term: 0, Majority size: -1, State: 0, Mode: NON_LEADER, active raft config: opid_index: -1 OBSOLETE_local: false peers { permanent_uuid: "8c91c8bac7b74977a22d6c8170043dc9" member_type: VOTER last_known_addr { host: "127.0.160.193" port: 46519 } } peers { permanent_uuid: "3fd0d9eb461e43468f4aae55dbb06b77" member_type: VOTER last_known_addr { host: "127.0.160.194" port: 35539 } } peers { permanent_uuid: "e07fbadd5ab64f4a9b628327ee5ca0b2" member_type: VOTER last_known_addr { host: "127.0.160.195" port: 35643 } }
I20260713 09:11:47.098058  1974 ts_tablet_manager.cc:1434] T a1c0c1a1314d488cb59b47b670404e19 P 8c91c8bac7b74977a22d6c8170043dc9: Time spent starting tablet: real 0.014s	user 0.009s	sys 0.000s
I20260713 09:11:47.099014  1972 ts_tablet_manager.cc:1434] T c6d1117376cd4a3889a409a0bd14b261 P 3fd0d9eb461e43468f4aae55dbb06b77: Time spent starting tablet: real 0.023s	user 0.010s	sys 0.000s
I20260713 09:11:47.100414  1972 tablet_bootstrap.cc:492] T b36bd46e38a74a809c458523cd95dc99 P 3fd0d9eb461e43468f4aae55dbb06b77: Bootstrap starting.
I20260713 09:11:47.106052  1680 catalog_manager.cc:5697] T b36bd46e38a74a809c458523cd95dc99 P 8c91c8bac7b74977a22d6c8170043dc9 reported cstate change: term changed from 0 to 1, leader changed from <none> to 8c91c8bac7b74977a22d6c8170043dc9 (127.0.160.193). New cstate: current_term: 1 leader_uuid: "8c91c8bac7b74977a22d6c8170043dc9" committed_config { opid_index: -1 OBSOLETE_local: false peers { permanent_uuid: "8c91c8bac7b74977a22d6c8170043dc9" member_type: VOTER last_known_addr { host: "127.0.160.193" port: 46519 } health_report { overall_health: HEALTHY } } peers { permanent_uuid: "3fd0d9eb461e43468f4aae55dbb06b77" member_type: VOTER last_known_addr { host: "127.0.160.194" port: 35539 } health_report { overall_health: UNKNOWN } } peers { permanent_uuid: "e07fbadd5ab64f4a9b628327ee5ca0b2" member_type: VOTER last_known_addr { host: "127.0.160.195" port: 35643 } health_report { overall_health: UNKNOWN } } }
I20260713 09:11:47.110868  1972 tablet_bootstrap.cc:654] T b36bd46e38a74a809c458523cd95dc99 P 3fd0d9eb461e43468f4aae55dbb06b77: Neither blocks nor log segments found. Creating new log.
I20260713 09:11:47.110913  1974 tablet_bootstrap.cc:492] T 85eb4edb041942e486553d308728f590 P 8c91c8bac7b74977a22d6c8170043dc9: Bootstrap starting.
I20260713 09:11:47.124446  1972 tablet_bootstrap.cc:492] T b36bd46e38a74a809c458523cd95dc99 P 3fd0d9eb461e43468f4aae55dbb06b77: No bootstrap required, opened a new log
I20260713 09:11:47.125087  1972 ts_tablet_manager.cc:1403] T b36bd46e38a74a809c458523cd95dc99 P 3fd0d9eb461e43468f4aae55dbb06b77: Time spent bootstrapping tablet: real 0.025s	user 0.009s	sys 0.006s
I20260713 09:11:47.127808  1974 tablet_bootstrap.cc:654] T 85eb4edb041942e486553d308728f590 P 8c91c8bac7b74977a22d6c8170043dc9: Neither blocks nor log segments found. Creating new log.
I20260713 09:11:47.129765  1972 raft_consensus.cc:359] T b36bd46e38a74a809c458523cd95dc99 P 3fd0d9eb461e43468f4aae55dbb06b77 [term 0 FOLLOWER]: Replica starting. Triggering 0 pending ops. Active config: opid_index: -1 OBSOLETE_local: false peers { permanent_uuid: "8c91c8bac7b74977a22d6c8170043dc9" member_type: VOTER last_known_addr { host: "127.0.160.193" port: 46519 } } peers { permanent_uuid: "3fd0d9eb461e43468f4aae55dbb06b77" member_type: VOTER last_known_addr { host: "127.0.160.194" port: 35539 } } peers { permanent_uuid: "e07fbadd5ab64f4a9b628327ee5ca0b2" member_type: VOTER last_known_addr { host: "127.0.160.195" port: 35643 } }
I20260713 09:11:47.130865  1972 raft_consensus.cc:385] T b36bd46e38a74a809c458523cd95dc99 P 3fd0d9eb461e43468f4aae55dbb06b77 [term 0 FOLLOWER]: Consensus starting up: Expiring failure detector timer to make a prompt election more likely
I20260713 09:11:47.129722  1680 catalog_manager.cc:5697] T 85eb4edb041942e486553d308728f590 P e07fbadd5ab64f4a9b628327ee5ca0b2 reported cstate change: term changed from 0 to 1, leader changed from <none> to e07fbadd5ab64f4a9b628327ee5ca0b2 (127.0.160.195). New cstate: current_term: 1 leader_uuid: "e07fbadd5ab64f4a9b628327ee5ca0b2" committed_config { opid_index: -1 OBSOLETE_local: false peers { permanent_uuid: "8c91c8bac7b74977a22d6c8170043dc9" member_type: VOTER last_known_addr { host: "127.0.160.193" port: 46519 } health_report { overall_health: UNKNOWN } } peers { permanent_uuid: "3fd0d9eb461e43468f4aae55dbb06b77" member_type: VOTER last_known_addr { host: "127.0.160.194" port: 35539 } health_report { overall_health: UNKNOWN } } peers { permanent_uuid: "e07fbadd5ab64f4a9b628327ee5ca0b2" member_type: VOTER last_known_addr { host: "127.0.160.195" port: 35643 } health_report { overall_health: HEALTHY } } }
I20260713 09:11:47.131192  1973 tablet_bootstrap.cc:492] T 26fa9dd3ea9448a5b143d2786b2f2de6 P e07fbadd5ab64f4a9b628327ee5ca0b2: No bootstrap required, opened a new log
I20260713 09:11:47.131188  1972 raft_consensus.cc:740] T b36bd46e38a74a809c458523cd95dc99 P 3fd0d9eb461e43468f4aae55dbb06b77 [term 0 FOLLOWER]: Becoming Follower/Learner. State: Replica: 3fd0d9eb461e43468f4aae55dbb06b77, State: Initialized, Role: FOLLOWER
I20260713 09:11:47.131870  1973 ts_tablet_manager.cc:1403] T 26fa9dd3ea9448a5b143d2786b2f2de6 P e07fbadd5ab64f4a9b628327ee5ca0b2: Time spent bootstrapping tablet: real 0.057s	user 0.018s	sys 0.013s
I20260713 09:11:47.132434  1972 consensus_queue.cc:260] T b36bd46e38a74a809c458523cd95dc99 P 3fd0d9eb461e43468f4aae55dbb06b77 [NON_LEADER]: Queue going to NON_LEADER mode. State: All replicated index: 0, Majority replicated index: 0, Committed index: 0, Last appended: 0.0, Last appended by leader: 0, Current term: 0, Majority size: -1, State: 0, Mode: NON_LEADER, active raft config: opid_index: -1 OBSOLETE_local: false peers { permanent_uuid: "8c91c8bac7b74977a22d6c8170043dc9" member_type: VOTER last_known_addr { host: "127.0.160.193" port: 46519 } } peers { permanent_uuid: "3fd0d9eb461e43468f4aae55dbb06b77" member_type: VOTER last_known_addr { host: "127.0.160.194" port: 35539 } } peers { permanent_uuid: "e07fbadd5ab64f4a9b628327ee5ca0b2" member_type: VOTER last_known_addr { host: "127.0.160.195" port: 35643 } }
I20260713 09:11:47.135028  1972 ts_tablet_manager.cc:1434] T b36bd46e38a74a809c458523cd95dc99 P 3fd0d9eb461e43468f4aae55dbb06b77: Time spent starting tablet: real 0.009s	user 0.003s	sys 0.009s
I20260713 09:11:47.135331  1973 raft_consensus.cc:359] T 26fa9dd3ea9448a5b143d2786b2f2de6 P e07fbadd5ab64f4a9b628327ee5ca0b2 [term 0 FOLLOWER]: Replica starting. Triggering 0 pending ops. Active config: opid_index: -1 OBSOLETE_local: false peers { permanent_uuid: "8c91c8bac7b74977a22d6c8170043dc9" member_type: VOTER last_known_addr { host: "127.0.160.193" port: 46519 } } peers { permanent_uuid: "3fd0d9eb461e43468f4aae55dbb06b77" member_type: VOTER last_known_addr { host: "127.0.160.194" port: 35539 } } peers { permanent_uuid: "e07fbadd5ab64f4a9b628327ee5ca0b2" member_type: VOTER last_known_addr { host: "127.0.160.195" port: 35643 } }
I20260713 09:11:47.136102  1973 raft_consensus.cc:385] T 26fa9dd3ea9448a5b143d2786b2f2de6 P e07fbadd5ab64f4a9b628327ee5ca0b2 [term 0 FOLLOWER]: Consensus starting up: Expiring failure detector timer to make a prompt election more likely
I20260713 09:11:47.136114  1972 tablet_bootstrap.cc:492] T a1c0c1a1314d488cb59b47b670404e19 P 3fd0d9eb461e43468f4aae55dbb06b77: Bootstrap starting.
I20260713 09:11:47.136574  1973 raft_consensus.cc:740] T 26fa9dd3ea9448a5b143d2786b2f2de6 P e07fbadd5ab64f4a9b628327ee5ca0b2 [term 0 FOLLOWER]: Becoming Follower/Learner. State: Replica: e07fbadd5ab64f4a9b628327ee5ca0b2, State: Initialized, Role: FOLLOWER
I20260713 09:11:47.137542  1973 consensus_queue.cc:260] T 26fa9dd3ea9448a5b143d2786b2f2de6 P e07fbadd5ab64f4a9b628327ee5ca0b2 [NON_LEADER]: Queue going to NON_LEADER mode. State: All replicated index: 0, Majority replicated index: 0, Committed index: 0, Last appended: 0.0, Last appended by leader: 0, Current term: 0, Majority size: -1, State: 0, Mode: NON_LEADER, active raft config: opid_index: -1 OBSOLETE_local: false peers { permanent_uuid: "8c91c8bac7b74977a22d6c8170043dc9" member_type: VOTER last_known_addr { host: "127.0.160.193" port: 46519 } } peers { permanent_uuid: "3fd0d9eb461e43468f4aae55dbb06b77" member_type: VOTER last_known_addr { host: "127.0.160.194" port: 35539 } } peers { permanent_uuid: "e07fbadd5ab64f4a9b628327ee5ca0b2" member_type: VOTER last_known_addr { host: "127.0.160.195" port: 35643 } }
I20260713 09:11:47.140304  1973 ts_tablet_manager.cc:1434] T 26fa9dd3ea9448a5b143d2786b2f2de6 P e07fbadd5ab64f4a9b628327ee5ca0b2: Time spent starting tablet: real 0.008s	user 0.007s	sys 0.000s
I20260713 09:11:47.141141  1974 tablet_bootstrap.cc:492] T 85eb4edb041942e486553d308728f590 P 8c91c8bac7b74977a22d6c8170043dc9: No bootstrap required, opened a new log
I20260713 09:11:47.141369  1973 tablet_bootstrap.cc:492] T a1c0c1a1314d488cb59b47b670404e19 P e07fbadd5ab64f4a9b628327ee5ca0b2: Bootstrap starting.
I20260713 09:11:47.141772  1974 ts_tablet_manager.cc:1403] T 85eb4edb041942e486553d308728f590 P 8c91c8bac7b74977a22d6c8170043dc9: Time spent bootstrapping tablet: real 0.031s	user 0.014s	sys 0.002s
I20260713 09:11:47.143551  1972 tablet_bootstrap.cc:654] T a1c0c1a1314d488cb59b47b670404e19 P 3fd0d9eb461e43468f4aae55dbb06b77: Neither blocks nor log segments found. Creating new log.
I20260713 09:11:47.144927  1974 raft_consensus.cc:359] T 85eb4edb041942e486553d308728f590 P 8c91c8bac7b74977a22d6c8170043dc9 [term 0 FOLLOWER]: Replica starting. Triggering 0 pending ops. Active config: opid_index: -1 OBSOLETE_local: false peers { permanent_uuid: "8c91c8bac7b74977a22d6c8170043dc9" member_type: VOTER last_known_addr { host: "127.0.160.193" port: 46519 } } peers { permanent_uuid: "3fd0d9eb461e43468f4aae55dbb06b77" member_type: VOTER last_known_addr { host: "127.0.160.194" port: 35539 } } peers { permanent_uuid: "e07fbadd5ab64f4a9b628327ee5ca0b2" member_type: VOTER last_known_addr { host: "127.0.160.195" port: 35643 } }
I20260713 09:11:47.145855  1974 raft_consensus.cc:385] T 85eb4edb041942e486553d308728f590 P 8c91c8bac7b74977a22d6c8170043dc9 [term 0 FOLLOWER]: Consensus starting up: Expiring failure detector timer to make a prompt election more likely
I20260713 09:11:47.146189  1974 raft_consensus.cc:740] T 85eb4edb041942e486553d308728f590 P 8c91c8bac7b74977a22d6c8170043dc9 [term 0 FOLLOWER]: Becoming Follower/Learner. State: Replica: 8c91c8bac7b74977a22d6c8170043dc9, State: Initialized, Role: FOLLOWER
I20260713 09:11:47.147184  1974 consensus_queue.cc:260] T 85eb4edb041942e486553d308728f590 P 8c91c8bac7b74977a22d6c8170043dc9 [NON_LEADER]: Queue going to NON_LEADER mode. State: All replicated index: 0, Majority replicated index: 0, Committed index: 0, Last appended: 0.0, Last appended by leader: 0, Current term: 0, Majority size: -1, State: 0, Mode: NON_LEADER, active raft config: opid_index: -1 OBSOLETE_local: false peers { permanent_uuid: "8c91c8bac7b74977a22d6c8170043dc9" member_type: VOTER last_known_addr { host: "127.0.160.193" port: 46519 } } peers { permanent_uuid: "3fd0d9eb461e43468f4aae55dbb06b77" member_type: VOTER last_known_addr { host: "127.0.160.194" port: 35539 } } peers { permanent_uuid: "e07fbadd5ab64f4a9b628327ee5ca0b2" member_type: VOTER last_known_addr { host: "127.0.160.195" port: 35643 } }
I20260713 09:11:47.148955  1973 tablet_bootstrap.cc:654] T a1c0c1a1314d488cb59b47b670404e19 P e07fbadd5ab64f4a9b628327ee5ca0b2: Neither blocks nor log segments found. Creating new log.
I20260713 09:11:47.153550  1974 ts_tablet_manager.cc:1434] T 85eb4edb041942e486553d308728f590 P 8c91c8bac7b74977a22d6c8170043dc9: Time spent starting tablet: real 0.011s	user 0.002s	sys 0.003s
I20260713 09:11:47.155084  1974 tablet_bootstrap.cc:492] T c0f3cb3941c44d908de7b50be1f50956 P 8c91c8bac7b74977a22d6c8170043dc9: Bootstrap starting.
I20260713 09:11:47.163821  1974 tablet_bootstrap.cc:654] T c0f3cb3941c44d908de7b50be1f50956 P 8c91c8bac7b74977a22d6c8170043dc9: Neither blocks nor log segments found. Creating new log.
I20260713 09:11:47.173844  1974 tablet_bootstrap.cc:492] T c0f3cb3941c44d908de7b50be1f50956 P 8c91c8bac7b74977a22d6c8170043dc9: No bootstrap required, opened a new log
I20260713 09:11:47.174330  1972 tablet_bootstrap.cc:492] T a1c0c1a1314d488cb59b47b670404e19 P 3fd0d9eb461e43468f4aae55dbb06b77: No bootstrap required, opened a new log
I20260713 09:11:47.174510  1974 ts_tablet_manager.cc:1403] T c0f3cb3941c44d908de7b50be1f50956 P 8c91c8bac7b74977a22d6c8170043dc9: Time spent bootstrapping tablet: real 0.020s	user 0.019s	sys 0.000s
I20260713 09:11:47.174819  1973 tablet_bootstrap.cc:492] T a1c0c1a1314d488cb59b47b670404e19 P e07fbadd5ab64f4a9b628327ee5ca0b2: No bootstrap required, opened a new log
I20260713 09:11:47.174922  1972 ts_tablet_manager.cc:1403] T a1c0c1a1314d488cb59b47b670404e19 P 3fd0d9eb461e43468f4aae55dbb06b77: Time spent bootstrapping tablet: real 0.039s	user 0.015s	sys 0.022s
I20260713 09:11:47.175392  1973 ts_tablet_manager.cc:1403] T a1c0c1a1314d488cb59b47b670404e19 P e07fbadd5ab64f4a9b628327ee5ca0b2: Time spent bootstrapping tablet: real 0.034s	user 0.021s	sys 0.004s
I20260713 09:11:47.177659  1974 raft_consensus.cc:359] T c0f3cb3941c44d908de7b50be1f50956 P 8c91c8bac7b74977a22d6c8170043dc9 [term 0 FOLLOWER]: Replica starting. Triggering 0 pending ops. Active config: opid_index: -1 OBSOLETE_local: false peers { permanent_uuid: "8c91c8bac7b74977a22d6c8170043dc9" member_type: VOTER last_known_addr { host: "127.0.160.193" port: 46519 } } peers { permanent_uuid: "3fd0d9eb461e43468f4aae55dbb06b77" member_type: VOTER last_known_addr { host: "127.0.160.194" port: 35539 } } peers { permanent_uuid: "e07fbadd5ab64f4a9b628327ee5ca0b2" member_type: VOTER last_known_addr { host: "127.0.160.195" port: 35643 } }
I20260713 09:11:47.178501  1974 raft_consensus.cc:385] T c0f3cb3941c44d908de7b50be1f50956 P 8c91c8bac7b74977a22d6c8170043dc9 [term 0 FOLLOWER]: Consensus starting up: Expiring failure detector timer to make a prompt election more likely
I20260713 09:11:47.178138  1972 raft_consensus.cc:359] T a1c0c1a1314d488cb59b47b670404e19 P 3fd0d9eb461e43468f4aae55dbb06b77 [term 0 FOLLOWER]: Replica starting. Triggering 0 pending ops. Active config: opid_index: -1 OBSOLETE_local: false peers { permanent_uuid: "8c91c8bac7b74977a22d6c8170043dc9" member_type: VOTER last_known_addr { host: "127.0.160.193" port: 46519 } } peers { permanent_uuid: "3fd0d9eb461e43468f4aae55dbb06b77" member_type: VOTER last_known_addr { host: "127.0.160.194" port: 35539 } } peers { permanent_uuid: "e07fbadd5ab64f4a9b628327ee5ca0b2" member_type: VOTER last_known_addr { host: "127.0.160.195" port: 35643 } }
I20260713 09:11:47.178391  1973 raft_consensus.cc:359] T a1c0c1a1314d488cb59b47b670404e19 P e07fbadd5ab64f4a9b628327ee5ca0b2 [term 0 FOLLOWER]: Replica starting. Triggering 0 pending ops. Active config: opid_index: -1 OBSOLETE_local: false peers { permanent_uuid: "8c91c8bac7b74977a22d6c8170043dc9" member_type: VOTER last_known_addr { host: "127.0.160.193" port: 46519 } } peers { permanent_uuid: "3fd0d9eb461e43468f4aae55dbb06b77" member_type: VOTER last_known_addr { host: "127.0.160.194" port: 35539 } } peers { permanent_uuid: "e07fbadd5ab64f4a9b628327ee5ca0b2" member_type: VOTER last_known_addr { host: "127.0.160.195" port: 35643 } }
I20260713 09:11:47.178884  1974 raft_consensus.cc:740] T c0f3cb3941c44d908de7b50be1f50956 P 8c91c8bac7b74977a22d6c8170043dc9 [term 0 FOLLOWER]: Becoming Follower/Learner. State: Replica: 8c91c8bac7b74977a22d6c8170043dc9, State: Initialized, Role: FOLLOWER
I20260713 09:11:47.179090  1972 raft_consensus.cc:385] T a1c0c1a1314d488cb59b47b670404e19 P 3fd0d9eb461e43468f4aae55dbb06b77 [term 0 FOLLOWER]: Consensus starting up: Expiring failure detector timer to make a prompt election more likely
I20260713 09:11:47.179293  1973 raft_consensus.cc:385] T a1c0c1a1314d488cb59b47b670404e19 P e07fbadd5ab64f4a9b628327ee5ca0b2 [term 0 FOLLOWER]: Consensus starting up: Expiring failure detector timer to make a prompt election more likely
I20260713 09:11:47.179545  1972 raft_consensus.cc:740] T a1c0c1a1314d488cb59b47b670404e19 P 3fd0d9eb461e43468f4aae55dbb06b77 [term 0 FOLLOWER]: Becoming Follower/Learner. State: Replica: 3fd0d9eb461e43468f4aae55dbb06b77, State: Initialized, Role: FOLLOWER
I20260713 09:11:47.179646  1973 raft_consensus.cc:740] T a1c0c1a1314d488cb59b47b670404e19 P e07fbadd5ab64f4a9b628327ee5ca0b2 [term 0 FOLLOWER]: Becoming Follower/Learner. State: Replica: e07fbadd5ab64f4a9b628327ee5ca0b2, State: Initialized, Role: FOLLOWER
I20260713 09:11:47.179797  1974 consensus_queue.cc:260] T c0f3cb3941c44d908de7b50be1f50956 P 8c91c8bac7b74977a22d6c8170043dc9 [NON_LEADER]: Queue going to NON_LEADER mode. State: All replicated index: 0, Majority replicated index: 0, Committed index: 0, Last appended: 0.0, Last appended by leader: 0, Current term: 0, Majority size: -1, State: 0, Mode: NON_LEADER, active raft config: opid_index: -1 OBSOLETE_local: false peers { permanent_uuid: "8c91c8bac7b74977a22d6c8170043dc9" member_type: VOTER last_known_addr { host: "127.0.160.193" port: 46519 } } peers { permanent_uuid: "3fd0d9eb461e43468f4aae55dbb06b77" member_type: VOTER last_known_addr { host: "127.0.160.194" port: 35539 } } peers { permanent_uuid: "e07fbadd5ab64f4a9b628327ee5ca0b2" member_type: VOTER last_known_addr { host: "127.0.160.195" port: 35643 } }
I20260713 09:11:47.180480  1972 consensus_queue.cc:260] T a1c0c1a1314d488cb59b47b670404e19 P 3fd0d9eb461e43468f4aae55dbb06b77 [NON_LEADER]: Queue going to NON_LEADER mode. State: All replicated index: 0, Majority replicated index: 0, Committed index: 0, Last appended: 0.0, Last appended by leader: 0, Current term: 0, Majority size: -1, State: 0, Mode: NON_LEADER, active raft config: opid_index: -1 OBSOLETE_local: false peers { permanent_uuid: "8c91c8bac7b74977a22d6c8170043dc9" member_type: VOTER last_known_addr { host: "127.0.160.193" port: 46519 } } peers { permanent_uuid: "3fd0d9eb461e43468f4aae55dbb06b77" member_type: VOTER last_known_addr { host: "127.0.160.194" port: 35539 } } peers { permanent_uuid: "e07fbadd5ab64f4a9b628327ee5ca0b2" member_type: VOTER last_known_addr { host: "127.0.160.195" port: 35643 } }
I20260713 09:11:47.180851  1973 consensus_queue.cc:260] T a1c0c1a1314d488cb59b47b670404e19 P e07fbadd5ab64f4a9b628327ee5ca0b2 [NON_LEADER]: Queue going to NON_LEADER mode. State: All replicated index: 0, Majority replicated index: 0, Committed index: 0, Last appended: 0.0, Last appended by leader: 0, Current term: 0, Majority size: -1, State: 0, Mode: NON_LEADER, active raft config: opid_index: -1 OBSOLETE_local: false peers { permanent_uuid: "8c91c8bac7b74977a22d6c8170043dc9" member_type: VOTER last_known_addr { host: "127.0.160.193" port: 46519 } } peers { permanent_uuid: "3fd0d9eb461e43468f4aae55dbb06b77" member_type: VOTER last_known_addr { host: "127.0.160.194" port: 35539 } } peers { permanent_uuid: "e07fbadd5ab64f4a9b628327ee5ca0b2" member_type: VOTER last_known_addr { host: "127.0.160.195" port: 35643 } }
I20260713 09:11:47.181219  1979 raft_consensus.cc:493] T a1c0c1a1314d488cb59b47b670404e19 P 3fd0d9eb461e43468f4aae55dbb06b77 [term 0 FOLLOWER]: Starting pre-election (no leader contacted us within the election timeout)
I20260713 09:11:47.181864  1979 raft_consensus.cc:515] T a1c0c1a1314d488cb59b47b670404e19 P 3fd0d9eb461e43468f4aae55dbb06b77 [term 0 FOLLOWER]: Starting pre-election with config: opid_index: -1 OBSOLETE_local: false peers { permanent_uuid: "8c91c8bac7b74977a22d6c8170043dc9" member_type: VOTER last_known_addr { host: "127.0.160.193" port: 46519 } } peers { permanent_uuid: "3fd0d9eb461e43468f4aae55dbb06b77" member_type: VOTER last_known_addr { host: "127.0.160.194" port: 35539 } } peers { permanent_uuid: "e07fbadd5ab64f4a9b628327ee5ca0b2" member_type: VOTER last_known_addr { host: "127.0.160.195" port: 35643 } }
I20260713 09:11:47.182978  1973 ts_tablet_manager.cc:1434] T a1c0c1a1314d488cb59b47b670404e19 P e07fbadd5ab64f4a9b628327ee5ca0b2: Time spent starting tablet: real 0.007s	user 0.008s	sys 0.000s
I20260713 09:11:47.183956  1973 tablet_bootstrap.cc:492] T c0f3cb3941c44d908de7b50be1f50956 P e07fbadd5ab64f4a9b628327ee5ca0b2: Bootstrap starting.
I20260713 09:11:47.187619  1932 tablet_service.cc:1917] Received RequestConsensusVote() RPC: tablet_id: "a1c0c1a1314d488cb59b47b670404e19" candidate_uuid: "3fd0d9eb461e43468f4aae55dbb06b77" candidate_term: 1 candidate_status { last_received { term: 0 index: 0 } } ignore_live_leader: false dest_uuid: "e07fbadd5ab64f4a9b628327ee5ca0b2" is_pre_election: true
I20260713 09:11:47.188501  1978 raft_consensus.cc:493] T c6d1117376cd4a3889a409a0bd14b261 P 8c91c8bac7b74977a22d6c8170043dc9 [term 0 FOLLOWER]: Starting pre-election (no leader contacted us within the election timeout)
I20260713 09:11:47.188717  1932 raft_consensus.cc:2468] T a1c0c1a1314d488cb59b47b670404e19 P e07fbadd5ab64f4a9b628327ee5ca0b2 [term 0 FOLLOWER]: Leader pre-election vote request: Granting yes vote for candidate 3fd0d9eb461e43468f4aae55dbb06b77 in term 0.
I20260713 09:11:47.189038  1978 raft_consensus.cc:515] T c6d1117376cd4a3889a409a0bd14b261 P 8c91c8bac7b74977a22d6c8170043dc9 [term 0 FOLLOWER]: Starting pre-election with config: opid_index: -1 OBSOLETE_local: false peers { permanent_uuid: "8c91c8bac7b74977a22d6c8170043dc9" member_type: VOTER last_known_addr { host: "127.0.160.193" port: 46519 } } peers { permanent_uuid: "3fd0d9eb461e43468f4aae55dbb06b77" member_type: VOTER last_known_addr { host: "127.0.160.194" port: 35539 } } peers { permanent_uuid: "e07fbadd5ab64f4a9b628327ee5ca0b2" member_type: VOTER last_known_addr { host: "127.0.160.195" port: 35643 } }
I20260713 09:11:47.187841  1783 tablet_service.cc:1917] Received RequestConsensusVote() RPC: tablet_id: "a1c0c1a1314d488cb59b47b670404e19" candidate_uuid: "3fd0d9eb461e43468f4aae55dbb06b77" candidate_term: 1 candidate_status { last_received { term: 0 index: 0 } } ignore_live_leader: false dest_uuid: "8c91c8bac7b74977a22d6c8170043dc9" is_pre_election: true
I20260713 09:11:47.190136  1973 tablet_bootstrap.cc:654] T c0f3cb3941c44d908de7b50be1f50956 P e07fbadd5ab64f4a9b628327ee5ca0b2: Neither blocks nor log segments found. Creating new log.
I20260713 09:11:47.190320  1783 raft_consensus.cc:2468] T a1c0c1a1314d488cb59b47b670404e19 P 8c91c8bac7b74977a22d6c8170043dc9 [term 0 FOLLOWER]: Leader pre-election vote request: Granting yes vote for candidate 3fd0d9eb461e43468f4aae55dbb06b77 in term 0.
I20260713 09:11:47.192206  1823 leader_election.cc:304] T a1c0c1a1314d488cb59b47b670404e19 P 3fd0d9eb461e43468f4aae55dbb06b77 [CANDIDATE]: Term 1 pre-election: Election decided. Result: candidate won. Election summary: received 2 responses out of 3 voters: 2 yes votes; 0 no votes. yes voters: 3fd0d9eb461e43468f4aae55dbb06b77, 8c91c8bac7b74977a22d6c8170043dc9; no voters: 
I20260713 09:11:47.192405  1857 tablet_service.cc:1917] Received RequestConsensusVote() RPC: tablet_id: "c6d1117376cd4a3889a409a0bd14b261" candidate_uuid: "8c91c8bac7b74977a22d6c8170043dc9" candidate_term: 1 candidate_status { last_received { term: 0 index: 0 } } ignore_live_leader: false dest_uuid: "3fd0d9eb461e43468f4aae55dbb06b77" is_pre_election: true
I20260713 09:11:47.193845  1857 raft_consensus.cc:2468] T c6d1117376cd4a3889a409a0bd14b261 P 3fd0d9eb461e43468f4aae55dbb06b77 [term 0 FOLLOWER]: Leader pre-election vote request: Granting yes vote for candidate 8c91c8bac7b74977a22d6c8170043dc9 in term 0.
I20260713 09:11:47.195631  1747 leader_election.cc:304] T c6d1117376cd4a3889a409a0bd14b261 P 8c91c8bac7b74977a22d6c8170043dc9 [CANDIDATE]: Term 1 pre-election: Election decided. Result: candidate won. Election summary: received 2 responses out of 3 voters: 2 yes votes; 0 no votes. yes voters: 3fd0d9eb461e43468f4aae55dbb06b77, 8c91c8bac7b74977a22d6c8170043dc9; no voters: 
I20260713 09:11:47.196907  2000 raft_consensus.cc:2804] T c6d1117376cd4a3889a409a0bd14b261 P 8c91c8bac7b74977a22d6c8170043dc9 [term 0 FOLLOWER]: Leader pre-election won for term 1
I20260713 09:11:47.197399  2000 raft_consensus.cc:493] T c6d1117376cd4a3889a409a0bd14b261 P 8c91c8bac7b74977a22d6c8170043dc9 [term 0 FOLLOWER]: Starting leader election (no leader contacted us within the election timeout)
I20260713 09:11:47.197824  2000 raft_consensus.cc:3060] T c6d1117376cd4a3889a409a0bd14b261 P 8c91c8bac7b74977a22d6c8170043dc9 [term 0 FOLLOWER]: Advancing to term 1
I20260713 09:11:47.202546  1979 leader_election.cc:290] T a1c0c1a1314d488cb59b47b670404e19 P 3fd0d9eb461e43468f4aae55dbb06b77 [CANDIDATE]: Term 1 pre-election: Requested pre-vote from peers 8c91c8bac7b74977a22d6c8170043dc9 (127.0.160.193:46519), e07fbadd5ab64f4a9b628327ee5ca0b2 (127.0.160.195:35643)
I20260713 09:11:47.203375  1978 leader_election.cc:290] T c6d1117376cd4a3889a409a0bd14b261 P 8c91c8bac7b74977a22d6c8170043dc9 [CANDIDATE]: Term 1 pre-election: Requested pre-vote from peers 3fd0d9eb461e43468f4aae55dbb06b77 (127.0.160.194:35539), e07fbadd5ab64f4a9b628327ee5ca0b2 (127.0.160.195:35643)
I20260713 09:11:47.212584  1974 ts_tablet_manager.cc:1434] T c0f3cb3941c44d908de7b50be1f50956 P 8c91c8bac7b74977a22d6c8170043dc9: Time spent starting tablet: real 0.038s	user 0.006s	sys 0.000s
I20260713 09:11:47.214331  1974 tablet_bootstrap.cc:492] T a7072ab7746145f68cbb07a1c8a1c105 P 8c91c8bac7b74977a22d6c8170043dc9: Bootstrap starting.
I20260713 09:11:47.216626  1932 tablet_service.cc:1917] Received RequestConsensusVote() RPC: tablet_id: "c6d1117376cd4a3889a409a0bd14b261" candidate_uuid: "8c91c8bac7b74977a22d6c8170043dc9" candidate_term: 1 candidate_status { last_received { term: 0 index: 0 } } ignore_live_leader: false dest_uuid: "e07fbadd5ab64f4a9b628327ee5ca0b2" is_pre_election: true
I20260713 09:11:47.217702  1932 raft_consensus.cc:2468] T c6d1117376cd4a3889a409a0bd14b261 P e07fbadd5ab64f4a9b628327ee5ca0b2 [term 0 FOLLOWER]: Leader pre-election vote request: Granting yes vote for candidate 8c91c8bac7b74977a22d6c8170043dc9 in term 0.
I20260713 09:11:47.223512  1978 raft_consensus.cc:493] T c0f3cb3941c44d908de7b50be1f50956 P 8c91c8bac7b74977a22d6c8170043dc9 [term 0 FOLLOWER]: Starting pre-election (no leader contacted us within the election timeout)
I20260713 09:11:47.224283  1978 raft_consensus.cc:515] T c0f3cb3941c44d908de7b50be1f50956 P 8c91c8bac7b74977a22d6c8170043dc9 [term 0 FOLLOWER]: Starting pre-election with config: opid_index: -1 OBSOLETE_local: false peers { permanent_uuid: "8c91c8bac7b74977a22d6c8170043dc9" member_type: VOTER last_known_addr { host: "127.0.160.193" port: 46519 } } peers { permanent_uuid: "3fd0d9eb461e43468f4aae55dbb06b77" member_type: VOTER last_known_addr { host: "127.0.160.194" port: 35539 } } peers { permanent_uuid: "e07fbadd5ab64f4a9b628327ee5ca0b2" member_type: VOTER last_known_addr { host: "127.0.160.195" port: 35643 } }
I20260713 09:11:47.221909  1979 raft_consensus.cc:2804] T a1c0c1a1314d488cb59b47b670404e19 P 3fd0d9eb461e43468f4aae55dbb06b77 [term 0 FOLLOWER]: Leader pre-election won for term 1
I20260713 09:11:47.226078  1979 raft_consensus.cc:493] T a1c0c1a1314d488cb59b47b670404e19 P 3fd0d9eb461e43468f4aae55dbb06b77 [term 0 FOLLOWER]: Starting leader election (no leader contacted us within the election timeout)
I20260713 09:11:47.228502  1857 tablet_service.cc:1917] Received RequestConsensusVote() RPC: tablet_id: "c0f3cb3941c44d908de7b50be1f50956" candidate_uuid: "8c91c8bac7b74977a22d6c8170043dc9" candidate_term: 1 candidate_status { last_received { term: 0 index: 0 } } ignore_live_leader: false dest_uuid: "3fd0d9eb461e43468f4aae55dbb06b77" is_pre_election: true
I20260713 09:11:47.235954  1978 leader_election.cc:290] T c0f3cb3941c44d908de7b50be1f50956 P 8c91c8bac7b74977a22d6c8170043dc9 [CANDIDATE]: Term 1 pre-election: Requested pre-vote from peers 3fd0d9eb461e43468f4aae55dbb06b77 (127.0.160.194:35539), e07fbadd5ab64f4a9b628327ee5ca0b2 (127.0.160.195:35643)
I20260713 09:11:47.238286  1932 tablet_service.cc:1917] Received RequestConsensusVote() RPC: tablet_id: "c0f3cb3941c44d908de7b50be1f50956" candidate_uuid: "8c91c8bac7b74977a22d6c8170043dc9" candidate_term: 1 candidate_status { last_received { term: 0 index: 0 } } ignore_live_leader: false dest_uuid: "e07fbadd5ab64f4a9b628327ee5ca0b2" is_pre_election: true
W20260713 09:11:47.241282  1747 leader_election.cc:343] T c0f3cb3941c44d908de7b50be1f50956 P 8c91c8bac7b74977a22d6c8170043dc9 [CANDIDATE]: Term 1 pre-election: Tablet error from VoteRequest() call to peer 3fd0d9eb461e43468f4aae55dbb06b77 (127.0.160.194:35539): Illegal state: must be running to vote when last-logged opid is not known
I20260713 09:11:47.242271  1979 raft_consensus.cc:3060] T a1c0c1a1314d488cb59b47b670404e19 P 3fd0d9eb461e43468f4aae55dbb06b77 [term 0 FOLLOWER]: Advancing to term 1
I20260713 09:11:47.242790  1978 raft_consensus.cc:493] T 85eb4edb041942e486553d308728f590 P 8c91c8bac7b74977a22d6c8170043dc9 [term 0 FOLLOWER]: Starting pre-election (no leader contacted us within the election timeout)
I20260713 09:11:47.246181  1978 raft_consensus.cc:515] T 85eb4edb041942e486553d308728f590 P 8c91c8bac7b74977a22d6c8170043dc9 [term 0 FOLLOWER]: Starting pre-election with config: opid_index: -1 OBSOLETE_local: false peers { permanent_uuid: "8c91c8bac7b74977a22d6c8170043dc9" member_type: VOTER last_known_addr { host: "127.0.160.193" port: 46519 } } peers { permanent_uuid: "3fd0d9eb461e43468f4aae55dbb06b77" member_type: VOTER last_known_addr { host: "127.0.160.194" port: 35539 } } peers { permanent_uuid: "e07fbadd5ab64f4a9b628327ee5ca0b2" member_type: VOTER last_known_addr { host: "127.0.160.195" port: 35643 } }
I20260713 09:11:47.248895  1978 leader_election.cc:290] T 85eb4edb041942e486553d308728f590 P 8c91c8bac7b74977a22d6c8170043dc9 [CANDIDATE]: Term 1 pre-election: Requested pre-vote from peers 3fd0d9eb461e43468f4aae55dbb06b77 (127.0.160.194:35539), e07fbadd5ab64f4a9b628327ee5ca0b2 (127.0.160.195:35643)
W20260713 09:11:47.242444  1747 leader_election.cc:343] T c0f3cb3941c44d908de7b50be1f50956 P 8c91c8bac7b74977a22d6c8170043dc9 [CANDIDATE]: Term 1 pre-election: Tablet error from VoteRequest() call to peer e07fbadd5ab64f4a9b628327ee5ca0b2 (127.0.160.195:35643): Illegal state: must be running to vote when last-logged opid is not known
I20260713 09:11:47.250907  1747 leader_election.cc:304] T c0f3cb3941c44d908de7b50be1f50956 P 8c91c8bac7b74977a22d6c8170043dc9 [CANDIDATE]: Term 1 pre-election: Election decided. Result: candidate lost. Election summary: received 3 responses out of 3 voters: 1 yes votes; 2 no votes. yes voters: 8c91c8bac7b74977a22d6c8170043dc9; no voters: 3fd0d9eb461e43468f4aae55dbb06b77, e07fbadd5ab64f4a9b628327ee5ca0b2
