I20260713 09:11:20.978948 27432 catalog_manager.cc:5697] T de2d430053954962809e92e7cb5648f5 P 93614205387a4f56bb850609511c8739 reported cstate change: term changed from 0 to 1, leader changed from <none> to 93614205387a4f56bb850609511c8739 (127.26.194.131). New cstate: current_term: 1 leader_uuid: "93614205387a4f56bb850609511c8739" committed_config { opid_index: -1 OBSOLETE_local: false peers { permanent_uuid: "4a7638fea1654beeacfdbd0b69829bd5" member_type: VOTER last_known_addr { host: "127.26.194.129" port: 36845 } health_report { overall_health: UNKNOWN } } peers { permanent_uuid: "b8cfb667409147cdb49f72b96a25ad97" member_type: VOTER last_known_addr { host: "127.26.194.130" port: 33615 } health_report { overall_health: UNKNOWN } } peers { permanent_uuid: "93614205387a4f56bb850609511c8739" member_type: VOTER last_known_addr { host: "127.26.194.131" port: 42365 } health_report { overall_health: HEALTHY } } }
I20260713 09:11:20.981812 27731 tablet_bootstrap.cc:492] T 410c49fc6283482e87c7fcc23971ffaf P 93614205387a4f56bb850609511c8739: No bootstrap required, opened a new log
I20260713 09:11:20.982261 27731 ts_tablet_manager.cc:1403] T 410c49fc6283482e87c7fcc23971ffaf P 93614205387a4f56bb850609511c8739: Time spent bootstrapping tablet: real 0.032s	user 0.013s	sys 0.005s
I20260713 09:11:20.984896 27730 ts_tablet_manager.cc:1434] T 410c49fc6283482e87c7fcc23971ffaf P 4a7638fea1654beeacfdbd0b69829bd5: Time spent starting tablet: real 0.035s	user 0.007s	sys 0.000s
I20260713 09:11:20.985332 27731 raft_consensus.cc:359] T 410c49fc6283482e87c7fcc23971ffaf P 93614205387a4f56bb850609511c8739 [term 0 FOLLOWER]: Replica starting. Triggering 0 pending ops. Active config: opid_index: -1 OBSOLETE_local: false peers { permanent_uuid: "4a7638fea1654beeacfdbd0b69829bd5" member_type: VOTER last_known_addr { host: "127.26.194.129" port: 36845 } } peers { permanent_uuid: "b8cfb667409147cdb49f72b96a25ad97" member_type: VOTER last_known_addr { host: "127.26.194.130" port: 33615 } } peers { permanent_uuid: "93614205387a4f56bb850609511c8739" member_type: VOTER last_known_addr { host: "127.26.194.131" port: 42365 } }
I20260713 09:11:20.985997 27731 raft_consensus.cc:385] T 410c49fc6283482e87c7fcc23971ffaf P 93614205387a4f56bb850609511c8739 [term 0 FOLLOWER]: Consensus starting up: Expiring failure detector timer to make a prompt election more likely
I20260713 09:11:20.986251 27731 raft_consensus.cc:740] T 410c49fc6283482e87c7fcc23971ffaf P 93614205387a4f56bb850609511c8739 [term 0 FOLLOWER]: Becoming Follower/Learner. State: Replica: 93614205387a4f56bb850609511c8739, State: Initialized, Role: FOLLOWER
I20260713 09:11:20.984920 27577 leader_election.cc:304] T 73fae357b92c459ab09eeb17ab7fffe7 P b8cfb667409147cdb49f72b96a25ad97 [CANDIDATE]: Term 1 pre-election: Election decided. Result: candidate won. Election summary: received 3 responses out of 3 voters: 2 yes votes; 1 no votes. yes voters: 93614205387a4f56bb850609511c8739, b8cfb667409147cdb49f72b96a25ad97; no voters: 4a7638fea1654beeacfdbd0b69829bd5
I20260713 09:11:20.987068 27731 consensus_queue.cc:260] T 410c49fc6283482e87c7fcc23971ffaf P 93614205387a4f56bb850609511c8739 [NON_LEADER]: Queue going to NON_LEADER mode. State: All replicated index: 0, Majority replicated index: 0, Committed index: 0, Last appended: 0.0, Last appended by leader: 0, Current term: 0, Majority size: -1, State: 0, Mode: NON_LEADER, active raft config: opid_index: -1 OBSOLETE_local: false peers { permanent_uuid: "4a7638fea1654beeacfdbd0b69829bd5" member_type: VOTER last_known_addr { host: "127.26.194.129" port: 36845 } } peers { permanent_uuid: "b8cfb667409147cdb49f72b96a25ad97" member_type: VOTER last_known_addr { host: "127.26.194.130" port: 33615 } } peers { permanent_uuid: "93614205387a4f56bb850609511c8739" member_type: VOTER last_known_addr { host: "127.26.194.131" port: 42365 } }
I20260713 09:11:20.988168 27730 tablet_bootstrap.cc:492] T 73fae357b92c459ab09eeb17ab7fffe7 P 4a7638fea1654beeacfdbd0b69829bd5: Bootstrap starting.
I20260713 09:11:20.989125 27731 ts_tablet_manager.cc:1434] T 410c49fc6283482e87c7fcc23971ffaf P 93614205387a4f56bb850609511c8739: Time spent starting tablet: real 0.007s	user 0.007s	sys 0.000s
I20260713 09:11:20.988245 27736 raft_consensus.cc:2804] T 73fae357b92c459ab09eeb17ab7fffe7 P b8cfb667409147cdb49f72b96a25ad97 [term 0 FOLLOWER]: Leader pre-election won for term 1
I20260713 09:11:20.989670 27736 raft_consensus.cc:493] T 73fae357b92c459ab09eeb17ab7fffe7 P b8cfb667409147cdb49f72b96a25ad97 [term 0 FOLLOWER]: Starting leader election (no leader contacted us within the election timeout)
I20260713 09:11:20.990042 27731 tablet_bootstrap.cc:492] T 25c6601bf67249928b1cd84aff435658 P 93614205387a4f56bb850609511c8739: Bootstrap starting.
I20260713 09:11:20.990007 27736 raft_consensus.cc:3060] T 73fae357b92c459ab09eeb17ab7fffe7 P b8cfb667409147cdb49f72b96a25ad97 [term 0 FOLLOWER]: Advancing to term 1
I20260713 09:11:20.991813 27735 raft_consensus.cc:493] T 778d9f8aa35943448eb1608f2e118423 P 4a7638fea1654beeacfdbd0b69829bd5 [term 0 FOLLOWER]: Starting pre-election (no leader contacted us within the election timeout)
I20260713 09:11:20.992241 27735 raft_consensus.cc:515] T 778d9f8aa35943448eb1608f2e118423 P 4a7638fea1654beeacfdbd0b69829bd5 [term 0 FOLLOWER]: Starting pre-election with config: opid_index: -1 OBSOLETE_local: false peers { permanent_uuid: "4a7638fea1654beeacfdbd0b69829bd5" member_type: VOTER last_known_addr { host: "127.26.194.129" port: 36845 } } peers { permanent_uuid: "b8cfb667409147cdb49f72b96a25ad97" member_type: VOTER last_known_addr { host: "127.26.194.130" port: 33615 } } peers { permanent_uuid: "93614205387a4f56bb850609511c8739" member_type: VOTER last_known_addr { host: "127.26.194.131" port: 42365 } }
I20260713 09:11:20.994375 27735 leader_election.cc:290] T 778d9f8aa35943448eb1608f2e118423 P 4a7638fea1654beeacfdbd0b69829bd5 [CANDIDATE]: Term 1 pre-election: Requested pre-vote from peers b8cfb667409147cdb49f72b96a25ad97 (127.26.194.130:33615), 93614205387a4f56bb850609511c8739 (127.26.194.131:42365)
I20260713 09:11:20.995110 27611 tablet_service.cc:1917] Received RequestConsensusVote() RPC: tablet_id: "778d9f8aa35943448eb1608f2e118423" candidate_uuid: "4a7638fea1654beeacfdbd0b69829bd5" candidate_term: 1 candidate_status { last_received { term: 0 index: 0 } } ignore_live_leader: false dest_uuid: "b8cfb667409147cdb49f72b96a25ad97" is_pre_election: true
I20260713 09:11:20.995488 27729 tablet_bootstrap.cc:654] T 778d9f8aa35943448eb1608f2e118423 P b8cfb667409147cdb49f72b96a25ad97: Neither blocks nor log segments found. Creating new log.
W20260713 09:11:20.996955 27502 leader_election.cc:343] T 778d9f8aa35943448eb1608f2e118423 P 4a7638fea1654beeacfdbd0b69829bd5 [CANDIDATE]: Term 1 pre-election: Tablet error from VoteRequest() call to peer b8cfb667409147cdb49f72b96a25ad97 (127.26.194.130:33615): Illegal state: must be running to vote when last-logged opid is not known
I20260713 09:11:20.997395 27685 tablet_service.cc:1917] Received RequestConsensusVote() RPC: tablet_id: "778d9f8aa35943448eb1608f2e118423" candidate_uuid: "4a7638fea1654beeacfdbd0b69829bd5" candidate_term: 1 candidate_status { last_received { term: 0 index: 0 } } ignore_live_leader: false dest_uuid: "93614205387a4f56bb850609511c8739" is_pre_election: true
I20260713 09:11:20.998008 27685 raft_consensus.cc:2468] T 778d9f8aa35943448eb1608f2e118423 P 93614205387a4f56bb850609511c8739 [term 0 FOLLOWER]: Leader pre-election vote request: Granting yes vote for candidate 4a7638fea1654beeacfdbd0b69829bd5 in term 0.
I20260713 09:11:20.999045 27502 leader_election.cc:304] T 778d9f8aa35943448eb1608f2e118423 P 4a7638fea1654beeacfdbd0b69829bd5 [CANDIDATE]: Term 1 pre-election: Election decided. Result: candidate won. Election summary: received 3 responses out of 3 voters: 2 yes votes; 1 no votes. yes voters: 4a7638fea1654beeacfdbd0b69829bd5, 93614205387a4f56bb850609511c8739; no voters: b8cfb667409147cdb49f72b96a25ad97
I20260713 09:11:20.999595 27730 tablet_bootstrap.cc:654] T 73fae357b92c459ab09eeb17ab7fffe7 P 4a7638fea1654beeacfdbd0b69829bd5: Neither blocks nor log segments found. Creating new log.
I20260713 09:11:21.000741 27731 tablet_bootstrap.cc:654] T 25c6601bf67249928b1cd84aff435658 P 93614205387a4f56bb850609511c8739: Neither blocks nor log segments found. Creating new log.
I20260713 09:11:21.006717 27729 tablet_bootstrap.cc:492] T 778d9f8aa35943448eb1608f2e118423 P b8cfb667409147cdb49f72b96a25ad97: No bootstrap required, opened a new log
I20260713 09:11:21.007170 27729 ts_tablet_manager.cc:1403] T 778d9f8aa35943448eb1608f2e118423 P b8cfb667409147cdb49f72b96a25ad97: Time spent bootstrapping tablet: real 0.029s	user 0.011s	sys 0.000s
I20260713 09:11:21.009925 27729 raft_consensus.cc:359] T 778d9f8aa35943448eb1608f2e118423 P b8cfb667409147cdb49f72b96a25ad97 [term 0 FOLLOWER]: Replica starting. Triggering 0 pending ops. Active config: opid_index: -1 OBSOLETE_local: false peers { permanent_uuid: "4a7638fea1654beeacfdbd0b69829bd5" member_type: VOTER last_known_addr { host: "127.26.194.129" port: 36845 } } peers { permanent_uuid: "b8cfb667409147cdb49f72b96a25ad97" member_type: VOTER last_known_addr { host: "127.26.194.130" port: 33615 } } peers { permanent_uuid: "93614205387a4f56bb850609511c8739" member_type: VOTER last_known_addr { host: "127.26.194.131" port: 42365 } }
I20260713 09:11:21.010607 27729 raft_consensus.cc:385] T 778d9f8aa35943448eb1608f2e118423 P b8cfb667409147cdb49f72b96a25ad97 [term 0 FOLLOWER]: Consensus starting up: Expiring failure detector timer to make a prompt election more likely
I20260713 09:11:21.010880 27729 raft_consensus.cc:740] T 778d9f8aa35943448eb1608f2e118423 P b8cfb667409147cdb49f72b96a25ad97 [term 0 FOLLOWER]: Becoming Follower/Learner. State: Replica: b8cfb667409147cdb49f72b96a25ad97, State: Initialized, Role: FOLLOWER
I20260713 09:11:21.011936 27735 raft_consensus.cc:2804] T 778d9f8aa35943448eb1608f2e118423 P 4a7638fea1654beeacfdbd0b69829bd5 [term 0 FOLLOWER]: Leader pre-election won for term 1
I20260713 09:11:21.012499 27735 raft_consensus.cc:493] T 778d9f8aa35943448eb1608f2e118423 P 4a7638fea1654beeacfdbd0b69829bd5 [term 0 FOLLOWER]: Starting leader election (no leader contacted us within the election timeout)
I20260713 09:11:21.012981 27735 raft_consensus.cc:3060] T 778d9f8aa35943448eb1608f2e118423 P 4a7638fea1654beeacfdbd0b69829bd5 [term 0 FOLLOWER]: Advancing to term 1
I20260713 09:11:21.013968 27729 consensus_queue.cc:260] T 778d9f8aa35943448eb1608f2e118423 P b8cfb667409147cdb49f72b96a25ad97 [NON_LEADER]: Queue going to NON_LEADER mode. State: All replicated index: 0, Majority replicated index: 0, Committed index: 0, Last appended: 0.0, Last appended by leader: 0, Current term: 0, Majority size: -1, State: 0, Mode: NON_LEADER, active raft config: opid_index: -1 OBSOLETE_local: false peers { permanent_uuid: "4a7638fea1654beeacfdbd0b69829bd5" member_type: VOTER last_known_addr { host: "127.26.194.129" port: 36845 } } peers { permanent_uuid: "b8cfb667409147cdb49f72b96a25ad97" member_type: VOTER last_known_addr { host: "127.26.194.130" port: 33615 } } peers { permanent_uuid: "93614205387a4f56bb850609511c8739" member_type: VOTER last_known_addr { host: "127.26.194.131" port: 42365 } }
I20260713 09:11:21.018131 27729 ts_tablet_manager.cc:1434] T 778d9f8aa35943448eb1608f2e118423 P b8cfb667409147cdb49f72b96a25ad97: Time spent starting tablet: real 0.011s	user 0.002s	sys 0.005s
I20260713 09:11:21.019186 27729 tablet_bootstrap.cc:492] T 410c49fc6283482e87c7fcc23971ffaf P b8cfb667409147cdb49f72b96a25ad97: Bootstrap starting.
I20260713 09:11:21.032544 27754 raft_consensus.cc:493] T cf0bbda71b7b46bd900a240c8c22d195 P 93614205387a4f56bb850609511c8739 [term 0 FOLLOWER]: Starting pre-election (no leader contacted us within the election timeout)
I20260713 09:11:21.032932 27729 tablet_bootstrap.cc:654] T 410c49fc6283482e87c7fcc23971ffaf P b8cfb667409147cdb49f72b96a25ad97: Neither blocks nor log segments found. Creating new log.
I20260713 09:11:21.033069 27754 raft_consensus.cc:515] T cf0bbda71b7b46bd900a240c8c22d195 P 93614205387a4f56bb850609511c8739 [term 0 FOLLOWER]: Starting pre-election with config: opid_index: -1 OBSOLETE_local: false peers { permanent_uuid: "4a7638fea1654beeacfdbd0b69829bd5" member_type: VOTER last_known_addr { host: "127.26.194.129" port: 36845 } } peers { permanent_uuid: "b8cfb667409147cdb49f72b96a25ad97" member_type: VOTER last_known_addr { host: "127.26.194.130" port: 33615 } } peers { permanent_uuid: "93614205387a4f56bb850609511c8739" member_type: VOTER last_known_addr { host: "127.26.194.131" port: 42365 } }
I20260713 09:11:21.035167 27754 leader_election.cc:290] T cf0bbda71b7b46bd900a240c8c22d195 P 93614205387a4f56bb850609511c8739 [CANDIDATE]: Term 1 pre-election: Requested pre-vote from peers 4a7638fea1654beeacfdbd0b69829bd5 (127.26.194.129:36845), b8cfb667409147cdb49f72b96a25ad97 (127.26.194.130:33615)
I20260713 09:11:21.036652 27537 tablet_service.cc:1917] Received RequestConsensusVote() RPC: tablet_id: "cf0bbda71b7b46bd900a240c8c22d195" candidate_uuid: "93614205387a4f56bb850609511c8739" candidate_term: 1 candidate_status { last_received { term: 0 index: 0 } } ignore_live_leader: false dest_uuid: "4a7638fea1654beeacfdbd0b69829bd5" is_pre_election: true
I20260713 09:11:21.039561 27611 tablet_service.cc:1917] Received RequestConsensusVote() RPC: tablet_id: "cf0bbda71b7b46bd900a240c8c22d195" candidate_uuid: "93614205387a4f56bb850609511c8739" candidate_term: 1 candidate_status { last_received { term: 0 index: 0 } } ignore_live_leader: false dest_uuid: "b8cfb667409147cdb49f72b96a25ad97" is_pre_election: true
I20260713 09:11:21.040355 27611 raft_consensus.cc:2393] T cf0bbda71b7b46bd900a240c8c22d195 P b8cfb667409147cdb49f72b96a25ad97 [term 1 FOLLOWER]: Leader pre-election vote request: Denying vote to candidate 93614205387a4f56bb850609511c8739 in current term 1: Already voted for candidate 4a7638fea1654beeacfdbd0b69829bd5 in this term.
I20260713 09:11:21.040268 27736 raft_consensus.cc:515] T 73fae357b92c459ab09eeb17ab7fffe7 P b8cfb667409147cdb49f72b96a25ad97 [term 1 FOLLOWER]: Starting leader election with config: opid_index: -1 OBSOLETE_local: false peers { permanent_uuid: "4a7638fea1654beeacfdbd0b69829bd5" member_type: VOTER last_known_addr { host: "127.26.194.129" port: 36845 } } peers { permanent_uuid: "b8cfb667409147cdb49f72b96a25ad97" member_type: VOTER last_known_addr { host: "127.26.194.130" port: 33615 } } peers { permanent_uuid: "93614205387a4f56bb850609511c8739" member_type: VOTER last_known_addr { host: "127.26.194.131" port: 42365 } }
I20260713 09:11:21.041610 27651 leader_election.cc:304] T cf0bbda71b7b46bd900a240c8c22d195 P 93614205387a4f56bb850609511c8739 [CANDIDATE]: Term 1 pre-election: Election decided. Result: candidate lost. Election summary: received 3 responses out of 3 voters: 1 yes votes; 2 no votes. yes voters: 93614205387a4f56bb850609511c8739; no voters: 4a7638fea1654beeacfdbd0b69829bd5, b8cfb667409147cdb49f72b96a25ad97
I20260713 09:11:21.043279 27537 tablet_service.cc:1917] Received RequestConsensusVote() RPC: tablet_id: "73fae357b92c459ab09eeb17ab7fffe7" candidate_uuid: "b8cfb667409147cdb49f72b96a25ad97" candidate_term: 1 candidate_status { last_received { term: 0 index: 0 } } ignore_live_leader: false dest_uuid: "4a7638fea1654beeacfdbd0b69829bd5"
W20260713 09:11:21.045084 27575 leader_election.cc:343] T 73fae357b92c459ab09eeb17ab7fffe7 P b8cfb667409147cdb49f72b96a25ad97 [CANDIDATE]: Term 1 election: Tablet error from VoteRequest() call to peer 4a7638fea1654beeacfdbd0b69829bd5 (127.26.194.129:36845): Illegal state: must be running to vote when last-logged opid is not known
I20260713 09:11:21.045956 27737 raft_consensus.cc:3060] T cf0bbda71b7b46bd900a240c8c22d195 P 93614205387a4f56bb850609511c8739 [term 0 FOLLOWER]: Advancing to term 1
I20260713 09:11:21.052513 27729 tablet_bootstrap.cc:492] T 410c49fc6283482e87c7fcc23971ffaf P b8cfb667409147cdb49f72b96a25ad97: No bootstrap required, opened a new log
I20260713 09:11:21.053164 27729 ts_tablet_manager.cc:1403] T 410c49fc6283482e87c7fcc23971ffaf P b8cfb667409147cdb49f72b96a25ad97: Time spent bootstrapping tablet: real 0.034s	user 0.010s	sys 0.005s
I20260713 09:11:21.055372 27685 tablet_service.cc:1917] Received RequestConsensusVote() RPC: tablet_id: "73fae357b92c459ab09eeb17ab7fffe7" candidate_uuid: "b8cfb667409147cdb49f72b96a25ad97" candidate_term: 1 candidate_status { last_received { term: 0 index: 0 } } ignore_live_leader: false dest_uuid: "93614205387a4f56bb850609511c8739"
I20260713 09:11:21.056156 27685 raft_consensus.cc:3060] T 73fae357b92c459ab09eeb17ab7fffe7 P 93614205387a4f56bb850609511c8739 [term 0 FOLLOWER]: Advancing to term 1
I20260713 09:11:21.056308 27729 raft_consensus.cc:359] T 410c49fc6283482e87c7fcc23971ffaf P b8cfb667409147cdb49f72b96a25ad97 [term 0 FOLLOWER]: Replica starting. Triggering 0 pending ops. Active config: opid_index: -1 OBSOLETE_local: false peers { permanent_uuid: "4a7638fea1654beeacfdbd0b69829bd5" member_type: VOTER last_known_addr { host: "127.26.194.129" port: 36845 } } peers { permanent_uuid: "b8cfb667409147cdb49f72b96a25ad97" member_type: VOTER last_known_addr { host: "127.26.194.130" port: 33615 } } peers { permanent_uuid: "93614205387a4f56bb850609511c8739" member_type: VOTER last_known_addr { host: "127.26.194.131" port: 42365 } }
I20260713 09:11:21.057108 27729 raft_consensus.cc:385] T 410c49fc6283482e87c7fcc23971ffaf P b8cfb667409147cdb49f72b96a25ad97 [term 0 FOLLOWER]: Consensus starting up: Expiring failure detector timer to make a prompt election more likely
I20260713 09:11:21.057405 27729 raft_consensus.cc:740] T 410c49fc6283482e87c7fcc23971ffaf P b8cfb667409147cdb49f72b96a25ad97 [term 0 FOLLOWER]: Becoming Follower/Learner. State: Replica: b8cfb667409147cdb49f72b96a25ad97, State: Initialized, Role: FOLLOWER
I20260713 09:11:21.058665 27729 consensus_queue.cc:260] T 410c49fc6283482e87c7fcc23971ffaf P b8cfb667409147cdb49f72b96a25ad97 [NON_LEADER]: Queue going to NON_LEADER mode. State: All replicated index: 0, Majority replicated index: 0, Committed index: 0, Last appended: 0.0, Last appended by leader: 0, Current term: 0, Majority size: -1, State: 0, Mode: NON_LEADER, active raft config: opid_index: -1 OBSOLETE_local: false peers { permanent_uuid: "4a7638fea1654beeacfdbd0b69829bd5" member_type: VOTER last_known_addr { host: "127.26.194.129" port: 36845 } } peers { permanent_uuid: "b8cfb667409147cdb49f72b96a25ad97" member_type: VOTER last_known_addr { host: "127.26.194.130" port: 33615 } } peers { permanent_uuid: "93614205387a4f56bb850609511c8739" member_type: VOTER last_known_addr { host: "127.26.194.131" port: 42365 } }
I20260713 09:11:21.066118 27736 leader_election.cc:290] T 73fae357b92c459ab09eeb17ab7fffe7 P b8cfb667409147cdb49f72b96a25ad97 [CANDIDATE]: Term 1 election: Requested vote from peers 4a7638fea1654beeacfdbd0b69829bd5 (127.26.194.129:36845), 93614205387a4f56bb850609511c8739 (127.26.194.131:42365)
I20260713 09:11:21.052558 27735 raft_consensus.cc:515] T 778d9f8aa35943448eb1608f2e118423 P 4a7638fea1654beeacfdbd0b69829bd5 [term 1 FOLLOWER]: Starting leader election with config: opid_index: -1 OBSOLETE_local: false peers { permanent_uuid: "4a7638fea1654beeacfdbd0b69829bd5" member_type: VOTER last_known_addr { host: "127.26.194.129" port: 36845 } } peers { permanent_uuid: "b8cfb667409147cdb49f72b96a25ad97" member_type: VOTER last_known_addr { host: "127.26.194.130" port: 33615 } } peers { permanent_uuid: "93614205387a4f56bb850609511c8739" member_type: VOTER last_known_addr { host: "127.26.194.131" port: 42365 } }
I20260713 09:11:21.071090 27729 ts_tablet_manager.cc:1434] T 410c49fc6283482e87c7fcc23971ffaf P b8cfb667409147cdb49f72b96a25ad97: Time spent starting tablet: real 0.018s	user 0.003s	sys 0.004s
I20260713 09:11:21.076349 27729 tablet_bootstrap.cc:492] T 7835a7267d514e53bd4b34e8cb1322b8 P b8cfb667409147cdb49f72b96a25ad97: Bootstrap starting.
I20260713 09:11:21.077032 27735 leader_election.cc:290] T 778d9f8aa35943448eb1608f2e118423 P 4a7638fea1654beeacfdbd0b69829bd5 [CANDIDATE]: Term 1 election: Requested vote from peers b8cfb667409147cdb49f72b96a25ad97 (127.26.194.130:33615), 93614205387a4f56bb850609511c8739 (127.26.194.131:42365)
I20260713 09:11:21.065441 27685 raft_consensus.cc:2468] T 73fae357b92c459ab09eeb17ab7fffe7 P 93614205387a4f56bb850609511c8739 [term 1 FOLLOWER]: Leader election vote request: Granting yes vote for candidate b8cfb667409147cdb49f72b96a25ad97 in term 1.
I20260713 09:11:21.082899 27577 leader_election.cc:304] T 73fae357b92c459ab09eeb17ab7fffe7 P b8cfb667409147cdb49f72b96a25ad97 [CANDIDATE]: Term 1 election: Election decided. Result: candidate won. Election summary: received 3 responses out of 3 voters: 2 yes votes; 1 no votes. yes voters: 93614205387a4f56bb850609511c8739, b8cfb667409147cdb49f72b96a25ad97; no voters: 4a7638fea1654beeacfdbd0b69829bd5
I20260713 09:11:21.083411 27730 tablet_bootstrap.cc:492] T 73fae357b92c459ab09eeb17ab7fffe7 P 4a7638fea1654beeacfdbd0b69829bd5: No bootstrap required, opened a new log
I20260713 09:11:21.080377 27611 tablet_service.cc:1917] Received RequestConsensusVote() RPC: tablet_id: "778d9f8aa35943448eb1608f2e118423" candidate_uuid: "4a7638fea1654beeacfdbd0b69829bd5" candidate_term: 1 candidate_status { last_received { term: 0 index: 0 } } ignore_live_leader: false dest_uuid: "b8cfb667409147cdb49f72b96a25ad97"
I20260713 09:11:21.083961 27730 ts_tablet_manager.cc:1403] T 73fae357b92c459ab09eeb17ab7fffe7 P 4a7638fea1654beeacfdbd0b69829bd5: Time spent bootstrapping tablet: real 0.096s	user 0.011s	sys 0.035s
I20260713 09:11:21.084185 27611 raft_consensus.cc:3060] T 778d9f8aa35943448eb1608f2e118423 P b8cfb667409147cdb49f72b96a25ad97 [term 0 FOLLOWER]: Advancing to term 1
I20260713 09:11:21.086920 27730 raft_consensus.cc:359] T 73fae357b92c459ab09eeb17ab7fffe7 P 4a7638fea1654beeacfdbd0b69829bd5 [term 0 FOLLOWER]: Replica starting. Triggering 0 pending ops. Active config: opid_index: -1 OBSOLETE_local: false peers { permanent_uuid: "4a7638fea1654beeacfdbd0b69829bd5" member_type: VOTER last_known_addr { host: "127.26.194.129" port: 36845 } } peers { permanent_uuid: "b8cfb667409147cdb49f72b96a25ad97" member_type: VOTER last_known_addr { host: "127.26.194.130" port: 33615 } } peers { permanent_uuid: "93614205387a4f56bb850609511c8739" member_type: VOTER last_known_addr { host: "127.26.194.131" port: 42365 } }
I20260713 09:11:21.081116 27686 tablet_service.cc:1917] Received RequestConsensusVote() RPC: tablet_id: "778d9f8aa35943448eb1608f2e118423" candidate_uuid: "4a7638fea1654beeacfdbd0b69829bd5" candidate_term: 1 candidate_status { last_received { term: 0 index: 0 } } ignore_live_leader: false dest_uuid: "93614205387a4f56bb850609511c8739"
I20260713 09:11:21.087709 27730 raft_consensus.cc:385] T 73fae357b92c459ab09eeb17ab7fffe7 P 4a7638fea1654beeacfdbd0b69829bd5 [term 0 FOLLOWER]: Consensus starting up: Expiring failure detector timer to make a prompt election more likely
I20260713 09:11:21.088042 27686 raft_consensus.cc:3060] T 778d9f8aa35943448eb1608f2e118423 P 93614205387a4f56bb850609511c8739 [term 0 FOLLOWER]: Advancing to term 1
I20260713 09:11:21.088234 27736 raft_consensus.cc:2804] T 73fae357b92c459ab09eeb17ab7fffe7 P b8cfb667409147cdb49f72b96a25ad97 [term 1 FOLLOWER]: Leader election won for term 1
I20260713 09:11:21.088858 27736 raft_consensus.cc:697] T 73fae357b92c459ab09eeb17ab7fffe7 P b8cfb667409147cdb49f72b96a25ad97 [term 1 LEADER]: Becoming Leader. State: Replica: b8cfb667409147cdb49f72b96a25ad97, State: Running, Role: LEADER
I20260713 09:11:21.090018 27611 raft_consensus.cc:2468] T 778d9f8aa35943448eb1608f2e118423 P b8cfb667409147cdb49f72b96a25ad97 [term 1 FOLLOWER]: Leader election vote request: Granting yes vote for candidate 4a7638fea1654beeacfdbd0b69829bd5 in term 1.
I20260713 09:11:21.089814 27736 consensus_queue.cc:237] T 73fae357b92c459ab09eeb17ab7fffe7 P b8cfb667409147cdb49f72b96a25ad97 [LEADER]: Queue going to LEADER mode. State: All replicated index: 0, Majority replicated index: 0, Committed index: 0, Last appended: 0.0, Last appended by leader: 0, Current term: 1, Majority size: 2, State: 0, Mode: LEADER, active raft config: opid_index: -1 OBSOLETE_local: false peers { permanent_uuid: "4a7638fea1654beeacfdbd0b69829bd5" member_type: VOTER last_known_addr { host: "127.26.194.129" port: 36845 } } peers { permanent_uuid: "b8cfb667409147cdb49f72b96a25ad97" member_type: VOTER last_known_addr { host: "127.26.194.130" port: 33615 } } peers { permanent_uuid: "93614205387a4f56bb850609511c8739" member_type: VOTER last_known_addr { host: "127.26.194.131" port: 42365 } }
I20260713 09:11:21.091270 27502 leader_election.cc:304] T 778d9f8aa35943448eb1608f2e118423 P 4a7638fea1654beeacfdbd0b69829bd5 [CANDIDATE]: Term 1 election: Election decided. Result: candidate won. Election summary: received 2 responses out of 3 voters: 2 yes votes; 0 no votes. yes voters: 4a7638fea1654beeacfdbd0b69829bd5, b8cfb667409147cdb49f72b96a25ad97; no voters: 
I20260713 09:11:21.092123 27763 raft_consensus.cc:2804] T 778d9f8aa35943448eb1608f2e118423 P 4a7638fea1654beeacfdbd0b69829bd5 [term 1 FOLLOWER]: Leader election won for term 1
I20260713 09:11:21.092604 27763 raft_consensus.cc:697] T 778d9f8aa35943448eb1608f2e118423 P 4a7638fea1654beeacfdbd0b69829bd5 [term 1 LEADER]: Becoming Leader. State: Replica: 4a7638fea1654beeacfdbd0b69829bd5, State: Running, Role: LEADER
I20260713 09:11:21.093379 27763 consensus_queue.cc:237] T 778d9f8aa35943448eb1608f2e118423 P 4a7638fea1654beeacfdbd0b69829bd5 [LEADER]: Queue going to LEADER mode. State: All replicated index: 0, Majority replicated index: 0, Committed index: 0, Last appended: 0.0, Last appended by leader: 0, Current term: 1, Majority size: 2, State: 0, Mode: LEADER, active raft config: opid_index: -1 OBSOLETE_local: false peers { permanent_uuid: "4a7638fea1654beeacfdbd0b69829bd5" member_type: VOTER last_known_addr { host: "127.26.194.129" port: 36845 } } peers { permanent_uuid: "b8cfb667409147cdb49f72b96a25ad97" member_type: VOTER last_known_addr { host: "127.26.194.130" port: 33615 } } peers { permanent_uuid: "93614205387a4f56bb850609511c8739" member_type: VOTER last_known_addr { host: "127.26.194.131" port: 42365 } }
I20260713 09:11:21.095046 27731 tablet_bootstrap.cc:492] T 25c6601bf67249928b1cd84aff435658 P 93614205387a4f56bb850609511c8739: No bootstrap required, opened a new log
I20260713 09:11:21.095497 27731 ts_tablet_manager.cc:1403] T 25c6601bf67249928b1cd84aff435658 P 93614205387a4f56bb850609511c8739: Time spent bootstrapping tablet: real 0.106s	user 0.024s	sys 0.044s
I20260713 09:11:21.088038 27730 raft_consensus.cc:740] T 73fae357b92c459ab09eeb17ab7fffe7 P 4a7638fea1654beeacfdbd0b69829bd5 [term 0 FOLLOWER]: Becoming Follower/Learner. State: Replica: 4a7638fea1654beeacfdbd0b69829bd5, State: Initialized, Role: FOLLOWER
I20260713 09:11:21.097206 27730 consensus_queue.cc:260] T 73fae357b92c459ab09eeb17ab7fffe7 P 4a7638fea1654beeacfdbd0b69829bd5 [NON_LEADER]: Queue going to NON_LEADER mode. State: All replicated index: 0, Majority replicated index: 0, Committed index: 0, Last appended: 0.0, Last appended by leader: 0, Current term: 0, Majority size: -1, State: 0, Mode: NON_LEADER, active raft config: opid_index: -1 OBSOLETE_local: false peers { permanent_uuid: "4a7638fea1654beeacfdbd0b69829bd5" member_type: VOTER last_known_addr { host: "127.26.194.129" port: 36845 } } peers { permanent_uuid: "b8cfb667409147cdb49f72b96a25ad97" member_type: VOTER last_known_addr { host: "127.26.194.130" port: 33615 } } peers { permanent_uuid: "93614205387a4f56bb850609511c8739" member_type: VOTER last_known_addr { host: "127.26.194.131" port: 42365 } }
I20260713 09:11:21.081116 27737 raft_consensus.cc:2749] T cf0bbda71b7b46bd900a240c8c22d195 P 93614205387a4f56bb850609511c8739 [term 1 FOLLOWER]: Leader pre-election lost for term 1. Reason: could not achieve majority
I20260713 09:11:21.095935 27686 raft_consensus.cc:2468] T 778d9f8aa35943448eb1608f2e118423 P 93614205387a4f56bb850609511c8739 [term 1 FOLLOWER]: Leader election vote request: Granting yes vote for candidate 4a7638fea1654beeacfdbd0b69829bd5 in term 1.
I20260713 09:11:21.100018 27731 raft_consensus.cc:359] T 25c6601bf67249928b1cd84aff435658 P 93614205387a4f56bb850609511c8739 [term 0 FOLLOWER]: Replica starting. Triggering 0 pending ops. Active config: opid_index: -1 OBSOLETE_local: false peers { permanent_uuid: "4a7638fea1654beeacfdbd0b69829bd5" member_type: VOTER last_known_addr { host: "127.26.194.129" port: 36845 } } peers { permanent_uuid: "b8cfb667409147cdb49f72b96a25ad97" member_type: VOTER last_known_addr { host: "127.26.194.130" port: 33615 } } peers { permanent_uuid: "93614205387a4f56bb850609511c8739" member_type: VOTER last_known_addr { host: "127.26.194.131" port: 42365 } }
I20260713 09:11:21.101867 27731 raft_consensus.cc:385] T 25c6601bf67249928b1cd84aff435658 P 93614205387a4f56bb850609511c8739 [term 0 FOLLOWER]: Consensus starting up: Expiring failure detector timer to make a prompt election more likely
I20260713 09:11:21.102913 27731 raft_consensus.cc:740] T 25c6601bf67249928b1cd84aff435658 P 93614205387a4f56bb850609511c8739 [term 0 FOLLOWER]: Becoming Follower/Learner. State: Replica: 93614205387a4f56bb850609511c8739, State: Initialized, Role: FOLLOWER
I20260713 09:11:21.103992 27730 ts_tablet_manager.cc:1434] T 73fae357b92c459ab09eeb17ab7fffe7 P 4a7638fea1654beeacfdbd0b69829bd5: Time spent starting tablet: real 0.020s	user 0.007s	sys 0.001s
I20260713 09:11:21.100728 27729 tablet_bootstrap.cc:654] T 7835a7267d514e53bd4b34e8cb1322b8 P b8cfb667409147cdb49f72b96a25ad97: Neither blocks nor log segments found. Creating new log.
I20260713 09:11:21.104509 27731 consensus_queue.cc:260] T 25c6601bf67249928b1cd84aff435658 P 93614205387a4f56bb850609511c8739 [NON_LEADER]: Queue going to NON_LEADER mode. State: All replicated index: 0, Majority replicated index: 0, Committed index: 0, Last appended: 0.0, Last appended by leader: 0, Current term: 0, Majority size: -1, State: 0, Mode: NON_LEADER, active raft config: opid_index: -1 OBSOLETE_local: false peers { permanent_uuid: "4a7638fea1654beeacfdbd0b69829bd5" member_type: VOTER last_known_addr { host: "127.26.194.129" port: 36845 } } peers { permanent_uuid: "b8cfb667409147cdb49f72b96a25ad97" member_type: VOTER last_known_addr { host: "127.26.194.130" port: 33615 } } peers { permanent_uuid: "93614205387a4f56bb850609511c8739" member_type: VOTER last_known_addr { host: "127.26.194.131" port: 42365 } }
I20260713 09:11:21.107857 27730 tablet_bootstrap.cc:492] T fd367fa5d0744772b06a7c130c57d89e P 4a7638fea1654beeacfdbd0b69829bd5: Bootstrap starting.
I20260713 09:11:21.109490 27731 ts_tablet_manager.cc:1434] T 25c6601bf67249928b1cd84aff435658 P 93614205387a4f56bb850609511c8739: Time spent starting tablet: real 0.013s	user 0.007s	sys 0.000s
I20260713 09:11:21.111402 27432 catalog_manager.cc:5697] T 778d9f8aa35943448eb1608f2e118423 P 4a7638fea1654beeacfdbd0b69829bd5 reported cstate change: term changed from 0 to 1, leader changed from <none> to 4a7638fea1654beeacfdbd0b69829bd5 (127.26.194.129). New cstate: current_term: 1 leader_uuid: "4a7638fea1654beeacfdbd0b69829bd5" committed_config { opid_index: -1 OBSOLETE_local: false peers { permanent_uuid: "4a7638fea1654beeacfdbd0b69829bd5" member_type: VOTER last_known_addr { host: "127.26.194.129" port: 36845 } health_report { overall_health: HEALTHY } } peers { permanent_uuid: "b8cfb667409147cdb49f72b96a25ad97" member_type: VOTER last_known_addr { host: "127.26.194.130" port: 33615 } health_report { overall_health: UNKNOWN } } peers { permanent_uuid: "93614205387a4f56bb850609511c8739" member_type: VOTER last_known_addr { host: "127.26.194.131" port: 42365 } health_report { overall_health: UNKNOWN } } }
I20260713 09:11:21.120254 27737 raft_consensus.cc:493] T 410c49fc6283482e87c7fcc23971ffaf P 93614205387a4f56bb850609511c8739 [term 0 FOLLOWER]: Starting pre-election (no leader contacted us within the election timeout)
I20260713 09:11:21.121004 27737 raft_consensus.cc:515] T 410c49fc6283482e87c7fcc23971ffaf P 93614205387a4f56bb850609511c8739 [term 0 FOLLOWER]: Starting pre-election with config: opid_index: -1 OBSOLETE_local: false peers { permanent_uuid: "4a7638fea1654beeacfdbd0b69829bd5" member_type: VOTER last_known_addr { host: "127.26.194.129" port: 36845 } } peers { permanent_uuid: "b8cfb667409147cdb49f72b96a25ad97" member_type: VOTER last_known_addr { host: "127.26.194.130" port: 33615 } } peers { permanent_uuid: "93614205387a4f56bb850609511c8739" member_type: VOTER last_known_addr { host: "127.26.194.131" port: 42365 } }
I20260713 09:11:21.124456 27737 leader_election.cc:290] T 410c49fc6283482e87c7fcc23971ffaf P 93614205387a4f56bb850609511c8739 [CANDIDATE]: Term 1 pre-election: Requested pre-vote from peers 4a7638fea1654beeacfdbd0b69829bd5 (127.26.194.129:36845), b8cfb667409147cdb49f72b96a25ad97 (127.26.194.130:33615)
I20260713 09:11:21.124370 27537 tablet_service.cc:1917] Received RequestConsensusVote() RPC: tablet_id: "410c49fc6283482e87c7fcc23971ffaf" candidate_uuid: "93614205387a4f56bb850609511c8739" candidate_term: 1 candidate_status { last_received { term: 0 index: 0 } } ignore_live_leader: false dest_uuid: "4a7638fea1654beeacfdbd0b69829bd5" is_pre_election: true
I20260713 09:11:21.125274 27537 raft_consensus.cc:2468] T 410c49fc6283482e87c7fcc23971ffaf P 4a7638fea1654beeacfdbd0b69829bd5 [term 0 FOLLOWER]: Leader pre-election vote request: Granting yes vote for candidate 93614205387a4f56bb850609511c8739 in term 0.
I20260713 09:11:21.125308 27611 tablet_service.cc:1917] Received RequestConsensusVote() RPC: tablet_id: "410c49fc6283482e87c7fcc23971ffaf" candidate_uuid: "93614205387a4f56bb850609511c8739" candidate_term: 1 candidate_status { last_received { term: 0 index: 0 } } ignore_live_leader: false dest_uuid: "b8cfb667409147cdb49f72b96a25ad97" is_pre_election: true
I20260713 09:11:21.126420 27611 raft_consensus.cc:2468] T 410c49fc6283482e87c7fcc23971ffaf P b8cfb667409147cdb49f72b96a25ad97 [term 0 FOLLOWER]: Leader pre-election vote request: Granting yes vote for candidate 93614205387a4f56bb850609511c8739 in term 0.
W20260713 09:11:21.126925 27482 auto_rebalancer.cc:288] Could not retrieve cluster info: Service unavailable: Tablet not running
I20260713 09:11:21.130359 27730 tablet_bootstrap.cc:654] T fd367fa5d0744772b06a7c130c57d89e P 4a7638fea1654beeacfdbd0b69829bd5: Neither blocks nor log segments found. Creating new log.
I20260713 09:11:21.133235 27651 leader_election.cc:304] T 410c49fc6283482e87c7fcc23971ffaf P 93614205387a4f56bb850609511c8739 [CANDIDATE]: Term 1 pre-election: Election decided. Result: candidate won. Election summary: received 2 responses out of 3 voters: 2 yes votes; 0 no votes. yes voters: 93614205387a4f56bb850609511c8739, b8cfb667409147cdb49f72b96a25ad97; no voters: 
I20260713 09:11:21.134598 27737 raft_consensus.cc:2804] T 410c49fc6283482e87c7fcc23971ffaf P 93614205387a4f56bb850609511c8739 [term 0 FOLLOWER]: Leader pre-election won for term 1
I20260713 09:11:21.134979 27737 raft_consensus.cc:493] T 410c49fc6283482e87c7fcc23971ffaf P 93614205387a4f56bb850609511c8739 [term 0 FOLLOWER]: Starting leader election (no leader contacted us within the election timeout)
I20260713 09:11:21.135299 27737 raft_consensus.cc:3060] T 410c49fc6283482e87c7fcc23971ffaf P 93614205387a4f56bb850609511c8739 [term 0 FOLLOWER]: Advancing to term 1
I20260713 09:11:21.140810 27729 tablet_bootstrap.cc:492] T 7835a7267d514e53bd4b34e8cb1322b8 P b8cfb667409147cdb49f72b96a25ad97: No bootstrap required, opened a new log
I20260713 09:11:21.141340 27729 ts_tablet_manager.cc:1403] T 7835a7267d514e53bd4b34e8cb1322b8 P b8cfb667409147cdb49f72b96a25ad97: Time spent bootstrapping tablet: real 0.065s	user 0.015s	sys 0.009s
I20260713 09:11:21.144058 27729 raft_consensus.cc:359] T 7835a7267d514e53bd4b34e8cb1322b8 P b8cfb667409147cdb49f72b96a25ad97 [term 0 FOLLOWER]: Replica starting. Triggering 0 pending ops. Active config: opid_index: -1 OBSOLETE_local: false peers { permanent_uuid: "4a7638fea1654beeacfdbd0b69829bd5" member_type: VOTER last_known_addr { host: "127.26.194.129" port: 36845 } } peers { permanent_uuid: "b8cfb667409147cdb49f72b96a25ad97" member_type: VOTER last_known_addr { host: "127.26.194.130" port: 33615 } } peers { permanent_uuid: "93614205387a4f56bb850609511c8739" member_type: VOTER last_known_addr { host: "127.26.194.131" port: 42365 } }
I20260713 09:11:21.144843 27729 raft_consensus.cc:385] T 7835a7267d514e53bd4b34e8cb1322b8 P b8cfb667409147cdb49f72b96a25ad97 [term 0 FOLLOWER]: Consensus starting up: Expiring failure detector timer to make a prompt election more likely
I20260713 09:11:21.145140 27729 raft_consensus.cc:740] T 7835a7267d514e53bd4b34e8cb1322b8 P b8cfb667409147cdb49f72b96a25ad97 [term 0 FOLLOWER]: Becoming Follower/Learner. State: Replica: b8cfb667409147cdb49f72b96a25ad97, State: Initialized, Role: FOLLOWER
I20260713 09:11:21.144433 27433 catalog_manager.cc:5697] T 73fae357b92c459ab09eeb17ab7fffe7 P b8cfb667409147cdb49f72b96a25ad97 reported cstate change: term changed from 0 to 1, leader changed from <none> to b8cfb667409147cdb49f72b96a25ad97 (127.26.194.130). New cstate: current_term: 1 leader_uuid: "b8cfb667409147cdb49f72b96a25ad97" committed_config { opid_index: -1 OBSOLETE_local: false peers { permanent_uuid: "4a7638fea1654beeacfdbd0b69829bd5" member_type: VOTER last_known_addr { host: "127.26.194.129" port: 36845 } health_report { overall_health: UNKNOWN } } peers { permanent_uuid: "b8cfb667409147cdb49f72b96a25ad97" member_type: VOTER last_known_addr { host: "127.26.194.130" port: 33615 } health_report { overall_health: HEALTHY } } peers { permanent_uuid: "93614205387a4f56bb850609511c8739" member_type: VOTER last_known_addr { host: "127.26.194.131" port: 42365 } health_report { overall_health: UNKNOWN } } }
I20260713 09:11:21.145906 27729 consensus_queue.cc:260] T 7835a7267d514e53bd4b34e8cb1322b8 P b8cfb667409147cdb49f72b96a25ad97 [NON_LEADER]: Queue going to NON_LEADER mode. State: All replicated index: 0, Majority replicated index: 0, Committed index: 0, Last appended: 0.0, Last appended by leader: 0, Current term: 0, Majority size: -1, State: 0, Mode: NON_LEADER, active raft config: opid_index: -1 OBSOLETE_local: false peers { permanent_uuid: "4a7638fea1654beeacfdbd0b69829bd5" member_type: VOTER last_known_addr { host: "127.26.194.129" port: 36845 } } peers { permanent_uuid: "b8cfb667409147cdb49f72b96a25ad97" member_type: VOTER last_known_addr { host: "127.26.194.130" port: 33615 } } peers { permanent_uuid: "93614205387a4f56bb850609511c8739" member_type: VOTER last_known_addr { host: "127.26.194.131" port: 42365 } }
I20260713 09:11:21.148245 27730 tablet_bootstrap.cc:492] T fd367fa5d0744772b06a7c130c57d89e P 4a7638fea1654beeacfdbd0b69829bd5: No bootstrap required, opened a new log
I20260713 09:11:21.148670 27730 ts_tablet_manager.cc:1403] T fd367fa5d0744772b06a7c130c57d89e P 4a7638fea1654beeacfdbd0b69829bd5: Time spent bootstrapping tablet: real 0.044s	user 0.010s	sys 0.008s
I20260713 09:11:21.148972 27729 ts_tablet_manager.cc:1434] T 7835a7267d514e53bd4b34e8cb1322b8 P b8cfb667409147cdb49f72b96a25ad97: Time spent starting tablet: real 0.007s	user 0.007s	sys 0.000s
I20260713 09:11:21.150012 27729 tablet_bootstrap.cc:492] T fd367fa5d0744772b06a7c130c57d89e P b8cfb667409147cdb49f72b96a25ad97: Bootstrap starting.
I20260713 09:11:21.151167 27730 raft_consensus.cc:359] T fd367fa5d0744772b06a7c130c57d89e P 4a7638fea1654beeacfdbd0b69829bd5 [term 0 FOLLOWER]: Replica starting. Triggering 0 pending ops. Active config: opid_index: -1 OBSOLETE_local: false peers { permanent_uuid: "4a7638fea1654beeacfdbd0b69829bd5" member_type: VOTER last_known_addr { host: "127.26.194.129" port: 36845 } } peers { permanent_uuid: "b8cfb667409147cdb49f72b96a25ad97" member_type: VOTER last_known_addr { host: "127.26.194.130" port: 33615 } } peers { permanent_uuid: "93614205387a4f56bb850609511c8739" member_type: VOTER last_known_addr { host: "127.26.194.131" port: 42365 } }
I20260713 09:11:21.151839 27730 raft_consensus.cc:385] T fd367fa5d0744772b06a7c130c57d89e P 4a7638fea1654beeacfdbd0b69829bd5 [term 0 FOLLOWER]: Consensus starting up: Expiring failure detector timer to make a prompt election more likely
I20260713 09:11:21.152086 27730 raft_consensus.cc:740] T fd367fa5d0744772b06a7c130c57d89e P 4a7638fea1654beeacfdbd0b69829bd5 [term 0 FOLLOWER]: Becoming Follower/Learner. State: Replica: 4a7638fea1654beeacfdbd0b69829bd5, State: Initialized, Role: FOLLOWER
I20260713 09:11:21.152716 27730 consensus_queue.cc:260] T fd367fa5d0744772b06a7c130c57d89e P 4a7638fea1654beeacfdbd0b69829bd5 [NON_LEADER]: Queue going to NON_LEADER mode. State: All replicated index: 0, Majority replicated index: 0, Committed index: 0, Last appended: 0.0, Last appended by leader: 0, Current term: 0, Majority size: -1, State: 0, Mode: NON_LEADER, active raft config: opid_index: -1 OBSOLETE_local: false peers { permanent_uuid: "4a7638fea1654beeacfdbd0b69829bd5" member_type: VOTER last_known_addr { host: "127.26.194.129" port: 36845 } } peers { permanent_uuid: "b8cfb667409147cdb49f72b96a25ad97" member_type: VOTER last_known_addr { host: "127.26.194.130" port: 33615 } } peers { permanent_uuid: "93614205387a4f56bb850609511c8739" member_type: VOTER last_known_addr { host: "127.26.194.131" port: 42365 } }
I20260713 09:11:21.153075 27737 raft_consensus.cc:515] T 410c49fc6283482e87c7fcc23971ffaf P 93614205387a4f56bb850609511c8739 [term 1 FOLLOWER]: Starting leader election with config: opid_index: -1 OBSOLETE_local: false peers { permanent_uuid: "4a7638fea1654beeacfdbd0b69829bd5" member_type: VOTER last_known_addr { host: "127.26.194.129" port: 36845 } } peers { permanent_uuid: "b8cfb667409147cdb49f72b96a25ad97" member_type: VOTER last_known_addr { host: "127.26.194.130" port: 33615 } } peers { permanent_uuid: "93614205387a4f56bb850609511c8739" member_type: VOTER last_known_addr { host: "127.26.194.131" port: 42365 } }
I20260713 09:11:21.154786 27730 ts_tablet_manager.cc:1434] T fd367fa5d0744772b06a7c130c57d89e P 4a7638fea1654beeacfdbd0b69829bd5: Time spent starting tablet: real 0.006s	user 0.003s	sys 0.001s
I20260713 09:11:21.155702 27730 tablet_bootstrap.cc:492] T b5b591bf7a7d48638335aaeb7da05b20 P 4a7638fea1654beeacfdbd0b69829bd5: Bootstrap starting.
I20260713 09:11:21.156179 27537 tablet_service.cc:1917] Received RequestConsensusVote() RPC: tablet_id: "410c49fc6283482e87c7fcc23971ffaf" candidate_uuid: "93614205387a4f56bb850609511c8739" candidate_term: 1 candidate_status { last_received { term: 0 index: 0 } } ignore_live_leader: false dest_uuid: "4a7638fea1654beeacfdbd0b69829bd5"
I20260713 09:11:21.156558 27729 tablet_bootstrap.cc:654] T fd367fa5d0744772b06a7c130c57d89e P b8cfb667409147cdb49f72b96a25ad97: Neither blocks nor log segments found. Creating new log.
I20260713 09:11:21.156706 27537 raft_consensus.cc:3060] T 410c49fc6283482e87c7fcc23971ffaf P 4a7638fea1654beeacfdbd0b69829bd5 [term 0 FOLLOWER]: Advancing to term 1
I20260713 09:11:21.161382 27730 tablet_bootstrap.cc:654] T b5b591bf7a7d48638335aaeb7da05b20 P 4a7638fea1654beeacfdbd0b69829bd5: Neither blocks nor log segments found. Creating new log.
I20260713 09:11:21.163872 27537 raft_consensus.cc:2468] T 410c49fc6283482e87c7fcc23971ffaf P 4a7638fea1654beeacfdbd0b69829bd5 [term 1 FOLLOWER]: Leader election vote request: Granting yes vote for candidate 93614205387a4f56bb850609511c8739 in term 1.
I20260713 09:11:21.165855 27649 leader_election.cc:304] T 410c49fc6283482e87c7fcc23971ffaf P 93614205387a4f56bb850609511c8739 [CANDIDATE]: Term 1 election: Election decided. Result: candidate won. Election summary: received 2 responses out of 3 voters: 2 yes votes; 0 no votes. yes voters: 4a7638fea1654beeacfdbd0b69829bd5, 93614205387a4f56bb850609511c8739; no voters: 
I20260713 09:11:21.166913 27754 raft_consensus.cc:2804] T 410c49fc6283482e87c7fcc23971ffaf P 93614205387a4f56bb850609511c8739 [term 1 FOLLOWER]: Leader election won for term 1
I20260713 09:11:21.167393 27754 raft_consensus.cc:697] T 410c49fc6283482e87c7fcc23971ffaf P 93614205387a4f56bb850609511c8739 [term 1 LEADER]: Becoming Leader. State: Replica: 93614205387a4f56bb850609511c8739, State: Running, Role: LEADER
I20260713 09:11:21.167912 27729 tablet_bootstrap.cc:492] T fd367fa5d0744772b06a7c130c57d89e P b8cfb667409147cdb49f72b96a25ad97: No bootstrap required, opened a new log
I20260713 09:11:21.168412 27729 ts_tablet_manager.cc:1403] T fd367fa5d0744772b06a7c130c57d89e P b8cfb667409147cdb49f72b96a25ad97: Time spent bootstrapping tablet: real 0.019s	user 0.009s	sys 0.008s
I20260713 09:11:21.168238 27754 consensus_queue.cc:237] T 410c49fc6283482e87c7fcc23971ffaf P 93614205387a4f56bb850609511c8739 [LEADER]: Queue going to LEADER mode. State: All replicated index: 0, Majority replicated index: 0, Committed index: 0, Last appended: 0.0, Last appended by leader: 0, Current term: 1, Majority size: 2, State: 0, Mode: LEADER, active raft config: opid_index: -1 OBSOLETE_local: false peers { permanent_uuid: "4a7638fea1654beeacfdbd0b69829bd5" member_type: VOTER last_known_addr { host: "127.26.194.129" port: 36845 } } peers { permanent_uuid: "b8cfb667409147cdb49f72b96a25ad97" member_type: VOTER last_known_addr { host: "127.26.194.130" port: 33615 } } peers { permanent_uuid: "93614205387a4f56bb850609511c8739" member_type: VOTER last_known_addr { host: "127.26.194.131" port: 42365 } }
I20260713 09:11:21.171795 27729 raft_consensus.cc:359] T fd367fa5d0744772b06a7c130c57d89e P b8cfb667409147cdb49f72b96a25ad97 [term 0 FOLLOWER]: Replica starting. Triggering 0 pending ops. Active config: opid_index: -1 OBSOLETE_local: false peers { permanent_uuid: "4a7638fea1654beeacfdbd0b69829bd5" member_type: VOTER last_known_addr { host: "127.26.194.129" port: 36845 } } peers { permanent_uuid: "b8cfb667409147cdb49f72b96a25ad97" member_type: VOTER last_known_addr { host: "127.26.194.130" port: 33615 } } peers { permanent_uuid: "93614205387a4f56bb850609511c8739" member_type: VOTER last_known_addr { host: "127.26.194.131" port: 42365 } }
I20260713 09:11:21.172554 27729 raft_consensus.cc:385] T fd367fa5d0744772b06a7c130c57d89e P b8cfb667409147cdb49f72b96a25ad97 [term 0 FOLLOWER]: Consensus starting up: Expiring failure detector timer to make a prompt election more likely
I20260713 09:11:21.172857 27729 raft_consensus.cc:740] T fd367fa5d0744772b06a7c130c57d89e P b8cfb667409147cdb49f72b96a25ad97 [term 0 FOLLOWER]: Becoming Follower/Learner. State: Replica: b8cfb667409147cdb49f72b96a25ad97, State: Initialized, Role: FOLLOWER
I20260713 09:11:21.173813 27729 consensus_queue.cc:260] T fd367fa5d0744772b06a7c130c57d89e P b8cfb667409147cdb49f72b96a25ad97 [NON_LEADER]: Queue going to NON_LEADER mode. State: All replicated index: 0, Majority replicated index: 0, Committed index: 0, Last appended: 0.0, Last appended by leader: 0, Current term: 0, Majority size: -1, State: 0, Mode: NON_LEADER, active raft config: opid_index: -1 OBSOLETE_local: false peers { permanent_uuid: "4a7638fea1654beeacfdbd0b69829bd5" member_type: VOTER last_known_addr { host: "127.26.194.129" port: 36845 } } peers { permanent_uuid: "b8cfb667409147cdb49f72b96a25ad97" member_type: VOTER last_known_addr { host: "127.26.194.130" port: 33615 } } peers { permanent_uuid: "93614205387a4f56bb850609511c8739" member_type: VOTER last_known_addr { host: "127.26.194.131" port: 42365 } }
I20260713 09:11:21.177834 27736 raft_consensus.cc:493] T fd367fa5d0744772b06a7c130c57d89e P b8cfb667409147cdb49f72b96a25ad97 [term 0 FOLLOWER]: Starting pre-election (no leader contacted us within the election timeout)
I20260713 09:11:21.178346 27736 raft_consensus.cc:515] T fd367fa5d0744772b06a7c130c57d89e P b8cfb667409147cdb49f72b96a25ad97 [term 0 FOLLOWER]: Starting pre-election with config: opid_index: -1 OBSOLETE_local: false peers { permanent_uuid: "4a7638fea1654beeacfdbd0b69829bd5" member_type: VOTER last_known_addr { host: "127.26.194.129" port: 36845 } } peers { permanent_uuid: "b8cfb667409147cdb49f72b96a25ad97" member_type: VOTER last_known_addr { host: "127.26.194.130" port: 33615 } } peers { permanent_uuid: "93614205387a4f56bb850609511c8739" member_type: VOTER last_known_addr { host: "127.26.194.131" port: 42365 } }
I20260713 09:11:21.180253 27737 leader_election.cc:290] T 410c49fc6283482e87c7fcc23971ffaf P 93614205387a4f56bb850609511c8739 [CANDIDATE]: Term 1 election: Requested vote from peers 4a7638fea1654beeacfdbd0b69829bd5 (127.26.194.129:36845), b8cfb667409147cdb49f72b96a25ad97 (127.26.194.130:33615)
I20260713 09:11:21.180667 27736 leader_election.cc:290] T fd367fa5d0744772b06a7c130c57d89e P b8cfb667409147cdb49f72b96a25ad97 [CANDIDATE]: Term 1 pre-election: Requested pre-vote from peers 4a7638fea1654beeacfdbd0b69829bd5 (127.26.194.129:36845), 93614205387a4f56bb850609511c8739 (127.26.194.131:42365)
I20260713 09:11:21.182137 27611 tablet_service.cc:1917] Received RequestConsensusVote() RPC: tablet_id: "410c49fc6283482e87c7fcc23971ffaf" candidate_uuid: "93614205387a4f56bb850609511c8739" candidate_term: 1 candidate_status { last_received { term: 0 index: 0 } } ignore_live_leader: false dest_uuid: "b8cfb667409147cdb49f72b96a25ad97"
I20260713 09:11:21.182782 27611 raft_consensus.cc:3060] T 410c49fc6283482e87c7fcc23971ffaf P b8cfb667409147cdb49f72b96a25ad97 [term 0 FOLLOWER]: Advancing to term 1
I20260713 09:11:21.182876 27729 ts_tablet_manager.cc:1434] T fd367fa5d0744772b06a7c130c57d89e P b8cfb667409147cdb49f72b96a25ad97: Time spent starting tablet: real 0.014s	user 0.007s	sys 0.000s
I20260713 09:11:21.183719 27730 tablet_bootstrap.cc:492] T b5b591bf7a7d48638335aaeb7da05b20 P 4a7638fea1654beeacfdbd0b69829bd5: No bootstrap required, opened a new log
I20260713 09:11:21.184195 27730 ts_tablet_manager.cc:1403] T b5b591bf7a7d48638335aaeb7da05b20 P 4a7638fea1654beeacfdbd0b69829bd5: Time spent bootstrapping tablet: real 0.029s	user 0.013s	sys 0.001s
