I20260713 09:11:20.145219 27700 raft_consensus.cc:2804] T 13c2cc050b91438b882d2119dbac4630 P e2ca687e4cdb49a7a9250e1bf8c91707 [term 0 FOLLOWER]: Leader pre-election won for term 1
I20260713 09:11:20.145666 27700 raft_consensus.cc:493] T 13c2cc050b91438b882d2119dbac4630 P e2ca687e4cdb49a7a9250e1bf8c91707 [term 0 FOLLOWER]: Starting leader election (no leader contacted us within the election timeout)
I20260713 09:11:20.142022 27683 raft_consensus.cc:740] T 40b63c1f98284443861ccd2b6d8b6a21 P 9c36ef6eb89748c49135fc926a4e1c3f [term 0 FOLLOWER]: Becoming Follower/Learner. State: Replica: 9c36ef6eb89748c49135fc926a4e1c3f, State: Initialized, Role: FOLLOWER
I20260713 09:11:20.146044 27700 raft_consensus.cc:3060] T 13c2cc050b91438b882d2119dbac4630 P e2ca687e4cdb49a7a9250e1bf8c91707 [term 0 FOLLOWER]: Advancing to term 1
I20260713 09:11:20.144639 27684 tablet_bootstrap.cc:654] T fc8b717c72df4b888d6e8c913c39fce0 P fa99c7ebc9d44db78eb6587d2e4d7001: Neither blocks nor log segments found. Creating new log.
I20260713 09:11:20.142052 27692 raft_consensus.cc:2804] T 13c2cc050b91438b882d2119dbac4630 P fa99c7ebc9d44db78eb6587d2e4d7001 [term 0 FOLLOWER]: Leader pre-election won for term 1
I20260713 09:11:20.148960 27692 raft_consensus.cc:493] T 13c2cc050b91438b882d2119dbac4630 P fa99c7ebc9d44db78eb6587d2e4d7001 [term 0 FOLLOWER]: Starting leader election (no leader contacted us within the election timeout)
I20260713 09:11:20.163364 27490 tablet_service.cc:1917] Received RequestConsensusVote() RPC: tablet_id: "0a4cdf1f16a44494856b7d86277bd0a5" candidate_uuid: "9c36ef6eb89748c49135fc926a4e1c3f" candidate_term: 1 candidate_status { last_received { term: 0 index: 0 } } ignore_live_leader: false dest_uuid: "e2ca687e4cdb49a7a9250e1bf8c91707"
I20260713 09:11:20.152438 27683 consensus_queue.cc:260] T 40b63c1f98284443861ccd2b6d8b6a21 P 9c36ef6eb89748c49135fc926a4e1c3f [NON_LEADER]: Queue going to NON_LEADER mode. State: All replicated index: 0, Majority replicated index: 0, Committed index: 0, Last appended: 0.0, Last appended by leader: 0, Current term: 0, Majority size: -1, State: 0, Mode: NON_LEADER, active raft config: opid_index: -1 OBSOLETE_local: false peers { permanent_uuid: "e2ca687e4cdb49a7a9250e1bf8c91707" member_type: VOTER last_known_addr { host: "127.26.182.193" port: 41395 } } peers { permanent_uuid: "9c36ef6eb89748c49135fc926a4e1c3f" member_type: VOTER last_known_addr { host: "127.26.182.194" port: 38583 } } peers { permanent_uuid: "fa99c7ebc9d44db78eb6587d2e4d7001" member_type: VOTER last_known_addr { host: "127.26.182.195" port: 37097 } }
I20260713 09:11:20.151928 27638 tablet_service.cc:1917] Received RequestConsensusVote() RPC: tablet_id: "0a4cdf1f16a44494856b7d86277bd0a5" candidate_uuid: "9c36ef6eb89748c49135fc926a4e1c3f" candidate_term: 1 candidate_status { last_received { term: 0 index: 0 } } ignore_live_leader: false dest_uuid: "fa99c7ebc9d44db78eb6587d2e4d7001"
I20260713 09:11:20.171749 27490 raft_consensus.cc:3060] T 0a4cdf1f16a44494856b7d86277bd0a5 P e2ca687e4cdb49a7a9250e1bf8c91707 [term 0 FOLLOWER]: Advancing to term 1
I20260713 09:11:20.173777 27638 raft_consensus.cc:3060] T 0a4cdf1f16a44494856b7d86277bd0a5 P fa99c7ebc9d44db78eb6587d2e4d7001 [term 0 FOLLOWER]: Advancing to term 1
W20260713 09:11:20.171984 27602 outbound_call.cc:321] RPC callback for RPC call kudu.consensus.ConsensusService.RequestConsensusVote -> {remote=127.26.182.193:41395, user_credentials={real_user=slave}} blocked reactor thread for 47312.8us
I20260713 09:11:20.158763 27682 ts_tablet_manager.cc:1434] T 0a4cdf1f16a44494856b7d86277bd0a5 P e2ca687e4cdb49a7a9250e1bf8c91707: Time spent starting tablet: real 0.194s	user 0.034s	sys 0.058s
I20260713 09:11:20.172966 27564 raft_consensus.cc:2468] T 40b63c1f98284443861ccd2b6d8b6a21 P 9c36ef6eb89748c49135fc926a4e1c3f [term 0 FOLLOWER]: Leader pre-election vote request: Granting yes vote for candidate e2ca687e4cdb49a7a9250e1bf8c91707 in term 0.
I20260713 09:11:20.150422 27692 raft_consensus.cc:3060] T 13c2cc050b91438b882d2119dbac4630 P fa99c7ebc9d44db78eb6587d2e4d7001 [term 0 FOLLOWER]: Advancing to term 1
I20260713 09:11:20.150178 27689 leader_election.cc:290] T 0a4cdf1f16a44494856b7d86277bd0a5 P 9c36ef6eb89748c49135fc926a4e1c3f [CANDIDATE]: Term 1 election: Requested vote from peers e2ca687e4cdb49a7a9250e1bf8c91707 (127.26.182.193:41395), fa99c7ebc9d44db78eb6587d2e4d7001 (127.26.182.195:37097)
I20260713 09:11:20.150528 27565 tablet_service.cc:1917] Received RequestConsensusVote() RPC: tablet_id: "a2ff5dc534f94253aa8dbd8085a99389" candidate_uuid: "fa99c7ebc9d44db78eb6587d2e4d7001" candidate_term: 1 candidate_status { last_received { term: 0 index: 0 } } ignore_live_leader: false dest_uuid: "9c36ef6eb89748c49135fc926a4e1c3f" is_pre_election: true
I20260713 09:11:20.176615 27602 leader_election.cc:304] T 0a4cdf1f16a44494856b7d86277bd0a5 P fa99c7ebc9d44db78eb6587d2e4d7001 [CANDIDATE]: Term 1 pre-election: Election decided. Result: candidate won. Election summary: received 3 responses out of 3 voters: 2 yes votes; 1 no votes. yes voters: e2ca687e4cdb49a7a9250e1bf8c91707, fa99c7ebc9d44db78eb6587d2e4d7001; no voters: 9c36ef6eb89748c49135fc926a4e1c3f
I20260713 09:11:20.176851 27456 leader_election.cc:304] T 40b63c1f98284443861ccd2b6d8b6a21 P e2ca687e4cdb49a7a9250e1bf8c91707 [CANDIDATE]: Term 1 pre-election: Election decided. Result: candidate won. Election summary: received 3 responses out of 3 voters: 2 yes votes; 1 no votes. yes voters: 9c36ef6eb89748c49135fc926a4e1c3f, e2ca687e4cdb49a7a9250e1bf8c91707; no voters: fa99c7ebc9d44db78eb6587d2e4d7001
I20260713 09:11:20.176162 27682 tablet_bootstrap.cc:492] T 3237622249d14b898df51c2adf7b797b P e2ca687e4cdb49a7a9250e1bf8c91707: Bootstrap starting.
I20260713 09:11:20.178138 27688 raft_consensus.cc:2804] T 40b63c1f98284443861ccd2b6d8b6a21 P e2ca687e4cdb49a7a9250e1bf8c91707 [term 0 FOLLOWER]: Leader pre-election won for term 1
I20260713 09:11:20.178506 27688 raft_consensus.cc:493] T 40b63c1f98284443861ccd2b6d8b6a21 P e2ca687e4cdb49a7a9250e1bf8c91707 [term 0 FOLLOWER]: Starting leader election (no leader contacted us within the election timeout)
I20260713 09:11:20.178858 27688 raft_consensus.cc:3060] T 40b63c1f98284443861ccd2b6d8b6a21 P e2ca687e4cdb49a7a9250e1bf8c91707 [term 0 FOLLOWER]: Advancing to term 1
I20260713 09:11:20.182251 27565 raft_consensus.cc:2468] T a2ff5dc534f94253aa8dbd8085a99389 P 9c36ef6eb89748c49135fc926a4e1c3f [term 0 FOLLOWER]: Leader pre-election vote request: Granting yes vote for candidate fa99c7ebc9d44db78eb6587d2e4d7001 in term 0.
I20260713 09:11:20.184357 27700 raft_consensus.cc:515] T 13c2cc050b91438b882d2119dbac4630 P e2ca687e4cdb49a7a9250e1bf8c91707 [term 1 FOLLOWER]: Starting leader election with config: opid_index: -1 OBSOLETE_local: false peers { permanent_uuid: "e2ca687e4cdb49a7a9250e1bf8c91707" member_type: VOTER last_known_addr { host: "127.26.182.193" port: 41395 } } peers { permanent_uuid: "9c36ef6eb89748c49135fc926a4e1c3f" member_type: VOTER last_known_addr { host: "127.26.182.194" port: 38583 } } peers { permanent_uuid: "fa99c7ebc9d44db78eb6587d2e4d7001" member_type: VOTER last_known_addr { host: "127.26.182.195" port: 37097 } }
I20260713 09:11:20.188313 27605 leader_election.cc:304] T a2ff5dc534f94253aa8dbd8085a99389 P fa99c7ebc9d44db78eb6587d2e4d7001 [CANDIDATE]: Term 1 pre-election: Election decided. Result: candidate won. Election summary: received 2 responses out of 3 voters: 2 yes votes; 0 no votes. yes voters: 9c36ef6eb89748c49135fc926a4e1c3f, fa99c7ebc9d44db78eb6587d2e4d7001; no voters: 
I20260713 09:11:20.189962 27489 tablet_service.cc:1917] Received RequestConsensusVote() RPC: tablet_id: "a2ff5dc534f94253aa8dbd8085a99389" candidate_uuid: "fa99c7ebc9d44db78eb6587d2e4d7001" candidate_term: 1 candidate_status { last_received { term: 0 index: 0 } } ignore_live_leader: false dest_uuid: "e2ca687e4cdb49a7a9250e1bf8c91707" is_pre_election: true
W20260713 09:11:20.187939 27455 leader_election.cc:343] T fc8b717c72df4b888d6e8c913c39fce0 P e2ca687e4cdb49a7a9250e1bf8c91707 [CANDIDATE]: Term 1 pre-election: Tablet error from VoteRequest() call to peer fa99c7ebc9d44db78eb6587d2e4d7001 (127.26.182.195:37097): Illegal state: must be running to vote when last-logged opid is not known
I20260713 09:11:20.191730 27455 leader_election.cc:304] T fc8b717c72df4b888d6e8c913c39fce0 P e2ca687e4cdb49a7a9250e1bf8c91707 [CANDIDATE]: Term 1 pre-election: Election decided. Result: candidate lost. Election summary: received 3 responses out of 3 voters: 1 yes votes; 2 no votes. yes voters: e2ca687e4cdb49a7a9250e1bf8c91707; no voters: 9c36ef6eb89748c49135fc926a4e1c3f, fa99c7ebc9d44db78eb6587d2e4d7001
I20260713 09:11:20.196771 27700 leader_election.cc:290] T 13c2cc050b91438b882d2119dbac4630 P e2ca687e4cdb49a7a9250e1bf8c91707 [CANDIDATE]: Term 1 election: Requested vote from peers 9c36ef6eb89748c49135fc926a4e1c3f (127.26.182.194:38583), fa99c7ebc9d44db78eb6587d2e4d7001 (127.26.182.195:37097)
I20260713 09:11:20.196555 27688 raft_consensus.cc:515] T 40b63c1f98284443861ccd2b6d8b6a21 P e2ca687e4cdb49a7a9250e1bf8c91707 [term 1 FOLLOWER]: Starting leader election with config: opid_index: -1 OBSOLETE_local: false peers { permanent_uuid: "e2ca687e4cdb49a7a9250e1bf8c91707" member_type: VOTER last_known_addr { host: "127.26.182.193" port: 41395 } } peers { permanent_uuid: "9c36ef6eb89748c49135fc926a4e1c3f" member_type: VOTER last_known_addr { host: "127.26.182.194" port: 38583 } } peers { permanent_uuid: "fa99c7ebc9d44db78eb6587d2e4d7001" member_type: VOTER last_known_addr { host: "127.26.182.195" port: 37097 } }
W20260713 09:11:20.198624 27602 leader_election.cc:343] T a2ff5dc534f94253aa8dbd8085a99389 P fa99c7ebc9d44db78eb6587d2e4d7001 [CANDIDATE]: Term 1 pre-election: Tablet error from VoteRequest() call to peer e2ca687e4cdb49a7a9250e1bf8c91707 (127.26.182.193:41395): Illegal state: must be running to vote when last-logged opid is not known
I20260713 09:11:20.199630 27700 raft_consensus.cc:2749] T fc8b717c72df4b888d6e8c913c39fce0 P e2ca687e4cdb49a7a9250e1bf8c91707 [term 0 FOLLOWER]: Leader pre-election lost for term 1. Reason: could not achieve majority
I20260713 09:11:20.199499 27565 tablet_service.cc:1917] Received RequestConsensusVote() RPC: tablet_id: "13c2cc050b91438b882d2119dbac4630" candidate_uuid: "e2ca687e4cdb49a7a9250e1bf8c91707" candidate_term: 1 candidate_status { last_received { term: 0 index: 0 } } ignore_live_leader: false dest_uuid: "9c36ef6eb89748c49135fc926a4e1c3f"
I20260713 09:11:20.204169 27564 tablet_service.cc:1917] Received RequestConsensusVote() RPC: tablet_id: "40b63c1f98284443861ccd2b6d8b6a21" candidate_uuid: "e2ca687e4cdb49a7a9250e1bf8c91707" candidate_term: 1 candidate_status { last_received { term: 0 index: 0 } } ignore_live_leader: false dest_uuid: "9c36ef6eb89748c49135fc926a4e1c3f"
I20260713 09:11:20.215764 27688 leader_election.cc:290] T 40b63c1f98284443861ccd2b6d8b6a21 P e2ca687e4cdb49a7a9250e1bf8c91707 [CANDIDATE]: Term 1 election: Requested vote from peers 9c36ef6eb89748c49135fc926a4e1c3f (127.26.182.194:38583), fa99c7ebc9d44db78eb6587d2e4d7001 (127.26.182.195:37097)
I20260713 09:11:20.215947 27565 raft_consensus.cc:3060] T 13c2cc050b91438b882d2119dbac4630 P 9c36ef6eb89748c49135fc926a4e1c3f [term 0 FOLLOWER]: Advancing to term 1
I20260713 09:11:20.215755 27564 raft_consensus.cc:3060] T 40b63c1f98284443861ccd2b6d8b6a21 P 9c36ef6eb89748c49135fc926a4e1c3f [term 0 FOLLOWER]: Advancing to term 1
I20260713 09:11:20.204425 27490 raft_consensus.cc:2468] T 0a4cdf1f16a44494856b7d86277bd0a5 P e2ca687e4cdb49a7a9250e1bf8c91707 [term 1 FOLLOWER]: Leader election vote request: Granting yes vote for candidate 9c36ef6eb89748c49135fc926a4e1c3f in term 1.
I20260713 09:11:20.231269 27682 tablet_bootstrap.cc:654] T 3237622249d14b898df51c2adf7b797b P e2ca687e4cdb49a7a9250e1bf8c91707: Neither blocks nor log segments found. Creating new log.
W20260713 09:11:20.231432 27605 outbound_call.cc:321] RPC callback for RPC call kudu.consensus.ConsensusService.RequestConsensusVote -> {remote=127.26.182.194:38583, user_credentials={real_user=slave}} blocked reactor thread for 43793.1us
I20260713 09:11:20.233575 27711 raft_consensus.cc:2804] T a2ff5dc534f94253aa8dbd8085a99389 P fa99c7ebc9d44db78eb6587d2e4d7001 [term 0 FOLLOWER]: Leader pre-election won for term 1
I20260713 09:11:20.234241 27711 raft_consensus.cc:493] T a2ff5dc534f94253aa8dbd8085a99389 P fa99c7ebc9d44db78eb6587d2e4d7001 [term 0 FOLLOWER]: Starting leader election (no leader contacted us within the election timeout)
I20260713 09:11:20.234771 27711 raft_consensus.cc:3060] T a2ff5dc534f94253aa8dbd8085a99389 P fa99c7ebc9d44db78eb6587d2e4d7001 [term 0 FOLLOWER]: Advancing to term 1
I20260713 09:11:20.238526 27683 ts_tablet_manager.cc:1434] T 40b63c1f98284443861ccd2b6d8b6a21 P 9c36ef6eb89748c49135fc926a4e1c3f: Time spent starting tablet: real 0.125s	user 0.012s	sys 0.014s
I20260713 09:11:20.242544 27528 leader_election.cc:304] T 0a4cdf1f16a44494856b7d86277bd0a5 P 9c36ef6eb89748c49135fc926a4e1c3f [CANDIDATE]: Term 1 election: Election decided. Result: candidate won. Election summary: received 2 responses out of 3 voters: 2 yes votes; 0 no votes. yes voters: 9c36ef6eb89748c49135fc926a4e1c3f, e2ca687e4cdb49a7a9250e1bf8c91707; no voters: 
I20260713 09:11:20.249758 27683 tablet_bootstrap.cc:492] T 3237622249d14b898df51c2adf7b797b P 9c36ef6eb89748c49135fc926a4e1c3f: Bootstrap starting.
I20260713 09:11:20.257102 27711 raft_consensus.cc:515] T a2ff5dc534f94253aa8dbd8085a99389 P fa99c7ebc9d44db78eb6587d2e4d7001 [term 1 FOLLOWER]: Starting leader election with config: opid_index: -1 OBSOLETE_local: false peers { permanent_uuid: "e2ca687e4cdb49a7a9250e1bf8c91707" member_type: VOTER last_known_addr { host: "127.26.182.193" port: 41395 } } peers { permanent_uuid: "9c36ef6eb89748c49135fc926a4e1c3f" member_type: VOTER last_known_addr { host: "127.26.182.194" port: 38583 } } peers { permanent_uuid: "fa99c7ebc9d44db78eb6587d2e4d7001" member_type: VOTER last_known_addr { host: "127.26.182.195" port: 37097 } }
W20260713 09:11:20.265239 27455 outbound_call.cc:321] RPC callback for RPC call kudu.consensus.ConsensusService.RequestConsensusVote -> {remote=127.26.182.195:37097, user_credentials={real_user=slave}} blocked reactor thread for 77327.5us
I20260713 09:11:20.259182 27689 raft_consensus.cc:2804] T 0a4cdf1f16a44494856b7d86277bd0a5 P 9c36ef6eb89748c49135fc926a4e1c3f [term 1 FOLLOWER]: Leader election won for term 1
I20260713 09:11:20.267004 27689 raft_consensus.cc:697] T 0a4cdf1f16a44494856b7d86277bd0a5 P 9c36ef6eb89748c49135fc926a4e1c3f [term 1 LEADER]: Becoming Leader. State: Replica: 9c36ef6eb89748c49135fc926a4e1c3f, State: Running, Role: LEADER
I20260713 09:11:20.268288 27684 tablet_bootstrap.cc:492] T fc8b717c72df4b888d6e8c913c39fce0 P fa99c7ebc9d44db78eb6587d2e4d7001: No bootstrap required, opened a new log
I20260713 09:11:20.267944 27689 consensus_queue.cc:237] T 0a4cdf1f16a44494856b7d86277bd0a5 P 9c36ef6eb89748c49135fc926a4e1c3f [LEADER]: Queue going to LEADER mode. State: All replicated index: 0, Majority replicated index: 0, Committed index: 0, Last appended: 0.0, Last appended by leader: 0, Current term: 1, Majority size: 2, State: 0, Mode: LEADER, active raft config: opid_index: -1 OBSOLETE_local: false peers { permanent_uuid: "e2ca687e4cdb49a7a9250e1bf8c91707" member_type: VOTER last_known_addr { host: "127.26.182.193" port: 41395 } } peers { permanent_uuid: "9c36ef6eb89748c49135fc926a4e1c3f" member_type: VOTER last_known_addr { host: "127.26.182.194" port: 38583 } } peers { permanent_uuid: "fa99c7ebc9d44db78eb6587d2e4d7001" member_type: VOTER last_known_addr { host: "127.26.182.195" port: 37097 } }
I20260713 09:11:20.268388 27564 raft_consensus.cc:2468] T 40b63c1f98284443861ccd2b6d8b6a21 P 9c36ef6eb89748c49135fc926a4e1c3f [term 1 FOLLOWER]: Leader election vote request: Granting yes vote for candidate e2ca687e4cdb49a7a9250e1bf8c91707 in term 1.
I20260713 09:11:20.268415 27639 tablet_service.cc:1917] Received RequestConsensusVote() RPC: tablet_id: "13c2cc050b91438b882d2119dbac4630" candidate_uuid: "e2ca687e4cdb49a7a9250e1bf8c91707" candidate_term: 1 candidate_status { last_received { term: 0 index: 0 } } ignore_live_leader: false dest_uuid: "fa99c7ebc9d44db78eb6587d2e4d7001"
I20260713 09:11:20.268787 27684 ts_tablet_manager.cc:1403] T fc8b717c72df4b888d6e8c913c39fce0 P fa99c7ebc9d44db78eb6587d2e4d7001: Time spent bootstrapping tablet: real 0.147s	user 0.010s	sys 0.016s
I20260713 09:11:20.270426 27456 leader_election.cc:304] T 40b63c1f98284443861ccd2b6d8b6a21 P e2ca687e4cdb49a7a9250e1bf8c91707 [CANDIDATE]: Term 1 election: Election decided. Result: candidate won. Election summary: received 2 responses out of 3 voters: 2 yes votes; 0 no votes. yes voters: 9c36ef6eb89748c49135fc926a4e1c3f, e2ca687e4cdb49a7a9250e1bf8c91707; no voters: 
I20260713 09:11:20.272456 27712 raft_consensus.cc:2804] T 40b63c1f98284443861ccd2b6d8b6a21 P e2ca687e4cdb49a7a9250e1bf8c91707 [term 1 FOLLOWER]: Leader election won for term 1
I20260713 09:11:20.273557 27712 raft_consensus.cc:697] T 40b63c1f98284443861ccd2b6d8b6a21 P e2ca687e4cdb49a7a9250e1bf8c91707 [term 1 LEADER]: Becoming Leader. State: Replica: e2ca687e4cdb49a7a9250e1bf8c91707, State: Running, Role: LEADER
I20260713 09:11:20.260426 27638 raft_consensus.cc:2468] T 0a4cdf1f16a44494856b7d86277bd0a5 P fa99c7ebc9d44db78eb6587d2e4d7001 [term 1 FOLLOWER]: Leader election vote request: Granting yes vote for candidate 9c36ef6eb89748c49135fc926a4e1c3f in term 1.
I20260713 09:11:20.278187 27710 raft_consensus.cc:2764] T 0a4cdf1f16a44494856b7d86277bd0a5 P fa99c7ebc9d44db78eb6587d2e4d7001 [term 1 FOLLOWER]: Leader pre-election decision vote started in defunct term 0: won
I20260713 09:11:20.274423 27712 consensus_queue.cc:237] T 40b63c1f98284443861ccd2b6d8b6a21 P e2ca687e4cdb49a7a9250e1bf8c91707 [LEADER]: Queue going to LEADER mode. State: All replicated index: 0, Majority replicated index: 0, Committed index: 0, Last appended: 0.0, Last appended by leader: 0, Current term: 1, Majority size: 2, State: 0, Mode: LEADER, active raft config: opid_index: -1 OBSOLETE_local: false peers { permanent_uuid: "e2ca687e4cdb49a7a9250e1bf8c91707" member_type: VOTER last_known_addr { host: "127.26.182.193" port: 41395 } } peers { permanent_uuid: "9c36ef6eb89748c49135fc926a4e1c3f" member_type: VOTER last_known_addr { host: "127.26.182.194" port: 38583 } } peers { permanent_uuid: "fa99c7ebc9d44db78eb6587d2e4d7001" member_type: VOTER last_known_addr { host: "127.26.182.195" port: 37097 } }
I20260713 09:11:20.279973 27637 tablet_service.cc:1917] Received RequestConsensusVote() RPC: tablet_id: "40b63c1f98284443861ccd2b6d8b6a21" candidate_uuid: "e2ca687e4cdb49a7a9250e1bf8c91707" candidate_term: 1 candidate_status { last_received { term: 0 index: 0 } } ignore_live_leader: false dest_uuid: "fa99c7ebc9d44db78eb6587d2e4d7001"
I20260713 09:11:20.283193 27565 raft_consensus.cc:2468] T 13c2cc050b91438b882d2119dbac4630 P 9c36ef6eb89748c49135fc926a4e1c3f [term 1 FOLLOWER]: Leader election vote request: Granting yes vote for candidate e2ca687e4cdb49a7a9250e1bf8c91707 in term 1.
I20260713 09:11:20.284507 27456 leader_election.cc:304] T 13c2cc050b91438b882d2119dbac4630 P e2ca687e4cdb49a7a9250e1bf8c91707 [CANDIDATE]: Term 1 election: Election decided. Result: candidate won. Election summary: received 2 responses out of 3 voters: 2 yes votes; 0 no votes. yes voters: 9c36ef6eb89748c49135fc926a4e1c3f, e2ca687e4cdb49a7a9250e1bf8c91707; no voters: 
I20260713 09:11:20.285317 27700 raft_consensus.cc:2804] T 13c2cc050b91438b882d2119dbac4630 P e2ca687e4cdb49a7a9250e1bf8c91707 [term 1 FOLLOWER]: Leader election won for term 1
I20260713 09:11:20.286407 27700 raft_consensus.cc:697] T 13c2cc050b91438b882d2119dbac4630 P e2ca687e4cdb49a7a9250e1bf8c91707 [term 1 LEADER]: Becoming Leader. State: Replica: e2ca687e4cdb49a7a9250e1bf8c91707, State: Running, Role: LEADER
I20260713 09:11:20.287374 27711 leader_election.cc:290] T a2ff5dc534f94253aa8dbd8085a99389 P fa99c7ebc9d44db78eb6587d2e4d7001 [CANDIDATE]: Term 1 election: Requested vote from peers e2ca687e4cdb49a7a9250e1bf8c91707 (127.26.182.193:41395), 9c36ef6eb89748c49135fc926a4e1c3f (127.26.182.194:38583)
I20260713 09:11:20.287518 27700 consensus_queue.cc:237] T 13c2cc050b91438b882d2119dbac4630 P e2ca687e4cdb49a7a9250e1bf8c91707 [LEADER]: Queue going to LEADER mode. State: All replicated index: 0, Majority replicated index: 0, Committed index: 0, Last appended: 0.0, Last appended by leader: 0, Current term: 1, Majority size: 2, State: 0, Mode: LEADER, active raft config: opid_index: -1 OBSOLETE_local: false peers { permanent_uuid: "e2ca687e4cdb49a7a9250e1bf8c91707" member_type: VOTER last_known_addr { host: "127.26.182.193" port: 41395 } } peers { permanent_uuid: "9c36ef6eb89748c49135fc926a4e1c3f" member_type: VOTER last_known_addr { host: "127.26.182.194" port: 38583 } } peers { permanent_uuid: "fa99c7ebc9d44db78eb6587d2e4d7001" member_type: VOTER last_known_addr { host: "127.26.182.195" port: 37097 } }
I20260713 09:11:20.290167 27490 tablet_service.cc:1917] Received RequestConsensusVote() RPC: tablet_id: "a2ff5dc534f94253aa8dbd8085a99389" candidate_uuid: "fa99c7ebc9d44db78eb6587d2e4d7001" candidate_term: 1 candidate_status { last_received { term: 0 index: 0 } } ignore_live_leader: false dest_uuid: "e2ca687e4cdb49a7a9250e1bf8c91707"
W20260713 09:11:20.292006 27602 leader_election.cc:343] T a2ff5dc534f94253aa8dbd8085a99389 P fa99c7ebc9d44db78eb6587d2e4d7001 [CANDIDATE]: Term 1 election: Tablet error from VoteRequest() call to peer e2ca687e4cdb49a7a9250e1bf8c91707 (127.26.182.193:41395): Illegal state: must be running to vote when last-logged opid is not known
I20260713 09:11:20.285215 27714 raft_consensus.cc:493] T a3be1a37bc63420aa60ff16d552f51bb P fa99c7ebc9d44db78eb6587d2e4d7001 [term 0 FOLLOWER]: Starting pre-election (no leader contacted us within the election timeout)
W20260713 09:11:20.295626 27455 leader_election.cc:343] T 40b63c1f98284443861ccd2b6d8b6a21 P e2ca687e4cdb49a7a9250e1bf8c91707 [CANDIDATE]: Term 1 election: Tablet error from VoteRequest() call to peer fa99c7ebc9d44db78eb6587d2e4d7001 (127.26.182.195:37097): Illegal state: must be running to vote when last-logged opid is not known
I20260713 09:11:20.295818 27565 tablet_service.cc:1917] Received RequestConsensusVote() RPC: tablet_id: "a2ff5dc534f94253aa8dbd8085a99389" candidate_uuid: "fa99c7ebc9d44db78eb6587d2e4d7001" candidate_term: 1 candidate_status { last_received { term: 0 index: 0 } } ignore_live_leader: false dest_uuid: "9c36ef6eb89748c49135fc926a4e1c3f"
I20260713 09:11:20.296496 27565 raft_consensus.cc:3060] T a2ff5dc534f94253aa8dbd8085a99389 P 9c36ef6eb89748c49135fc926a4e1c3f [term 0 FOLLOWER]: Advancing to term 1
I20260713 09:11:20.298501 27684 raft_consensus.cc:359] T fc8b717c72df4b888d6e8c913c39fce0 P fa99c7ebc9d44db78eb6587d2e4d7001 [term 0 FOLLOWER]: Replica starting. Triggering 0 pending ops. Active config: opid_index: -1 OBSOLETE_local: false peers { permanent_uuid: "e2ca687e4cdb49a7a9250e1bf8c91707" member_type: VOTER last_known_addr { host: "127.26.182.193" port: 41395 } } peers { permanent_uuid: "9c36ef6eb89748c49135fc926a4e1c3f" member_type: VOTER last_known_addr { host: "127.26.182.194" port: 38583 } } peers { permanent_uuid: "fa99c7ebc9d44db78eb6587d2e4d7001" member_type: VOTER last_known_addr { host: "127.26.182.195" port: 37097 } }
I20260713 09:11:20.299228 27684 raft_consensus.cc:385] T fc8b717c72df4b888d6e8c913c39fce0 P fa99c7ebc9d44db78eb6587d2e4d7001 [term 0 FOLLOWER]: Consensus starting up: Expiring failure detector timer to make a prompt election more likely
I20260713 09:11:20.299554 27684 raft_consensus.cc:740] T fc8b717c72df4b888d6e8c913c39fce0 P fa99c7ebc9d44db78eb6587d2e4d7001 [term 0 FOLLOWER]: Becoming Follower/Learner. State: Replica: fa99c7ebc9d44db78eb6587d2e4d7001, State: Initialized, Role: FOLLOWER
I20260713 09:11:20.299431 27714 raft_consensus.cc:515] T a3be1a37bc63420aa60ff16d552f51bb P fa99c7ebc9d44db78eb6587d2e4d7001 [term 0 FOLLOWER]: Starting pre-election with config: opid_index: -1 OBSOLETE_local: false peers { permanent_uuid: "e2ca687e4cdb49a7a9250e1bf8c91707" member_type: VOTER last_known_addr { host: "127.26.182.193" port: 41395 } } peers { permanent_uuid: "9c36ef6eb89748c49135fc926a4e1c3f" member_type: VOTER last_known_addr { host: "127.26.182.194" port: 38583 } } peers { permanent_uuid: "fa99c7ebc9d44db78eb6587d2e4d7001" member_type: VOTER last_known_addr { host: "127.26.182.195" port: 37097 } }
I20260713 09:11:20.306394 27692 raft_consensus.cc:515] T 13c2cc050b91438b882d2119dbac4630 P fa99c7ebc9d44db78eb6587d2e4d7001 [term 1 FOLLOWER]: Starting leader election with config: opid_index: -1 OBSOLETE_local: false peers { permanent_uuid: "e2ca687e4cdb49a7a9250e1bf8c91707" member_type: VOTER last_known_addr { host: "127.26.182.193" port: 41395 } } peers { permanent_uuid: "9c36ef6eb89748c49135fc926a4e1c3f" member_type: VOTER last_known_addr { host: "127.26.182.194" port: 38583 } } peers { permanent_uuid: "fa99c7ebc9d44db78eb6587d2e4d7001" member_type: VOTER last_known_addr { host: "127.26.182.195" port: 37097 } }
I20260713 09:11:20.310160 27639 raft_consensus.cc:2393] T 13c2cc050b91438b882d2119dbac4630 P fa99c7ebc9d44db78eb6587d2e4d7001 [term 1 FOLLOWER]: Leader election vote request: Denying vote to candidate e2ca687e4cdb49a7a9250e1bf8c91707 in current term 1: Already voted for candidate fa99c7ebc9d44db78eb6587d2e4d7001 in this term.
I20260713 09:11:20.312738 27490 tablet_service.cc:1917] Received RequestConsensusVote() RPC: tablet_id: "a3be1a37bc63420aa60ff16d552f51bb" candidate_uuid: "fa99c7ebc9d44db78eb6587d2e4d7001" candidate_term: 1 candidate_status { last_received { term: 0 index: 0 } } ignore_live_leader: false dest_uuid: "e2ca687e4cdb49a7a9250e1bf8c91707" is_pre_election: true
I20260713 09:11:20.313994 27489 tablet_service.cc:1917] Received RequestConsensusVote() RPC: tablet_id: "13c2cc050b91438b882d2119dbac4630" candidate_uuid: "fa99c7ebc9d44db78eb6587d2e4d7001" candidate_term: 1 candidate_status { last_received { term: 0 index: 0 } } ignore_live_leader: false dest_uuid: "e2ca687e4cdb49a7a9250e1bf8c91707"
I20260713 09:11:20.317339 27683 tablet_bootstrap.cc:654] T 3237622249d14b898df51c2adf7b797b P 9c36ef6eb89748c49135fc926a4e1c3f: Neither blocks nor log segments found. Creating new log.
W20260713 09:11:20.317585 27602 leader_election.cc:343] T a3be1a37bc63420aa60ff16d552f51bb P fa99c7ebc9d44db78eb6587d2e4d7001 [CANDIDATE]: Term 1 pre-election: Tablet error from VoteRequest() call to peer e2ca687e4cdb49a7a9250e1bf8c91707 (127.26.182.193:41395): Illegal state: must be running to vote when last-logged opid is not known
I20260713 09:11:20.316407 27692 leader_election.cc:290] T 13c2cc050b91438b882d2119dbac4630 P fa99c7ebc9d44db78eb6587d2e4d7001 [CANDIDATE]: Term 1 election: Requested vote from peers e2ca687e4cdb49a7a9250e1bf8c91707 (127.26.182.193:41395), 9c36ef6eb89748c49135fc926a4e1c3f (127.26.182.194:38583)
I20260713 09:11:20.319865 27564 tablet_service.cc:1917] Received RequestConsensusVote() RPC: tablet_id: "13c2cc050b91438b882d2119dbac4630" candidate_uuid: "fa99c7ebc9d44db78eb6587d2e4d7001" candidate_term: 1 candidate_status { last_received { term: 0 index: 0 } } ignore_live_leader: false dest_uuid: "9c36ef6eb89748c49135fc926a4e1c3f"
I20260713 09:11:20.303603 27684 consensus_queue.cc:260] T fc8b717c72df4b888d6e8c913c39fce0 P fa99c7ebc9d44db78eb6587d2e4d7001 [NON_LEADER]: Queue going to NON_LEADER mode. State: All replicated index: 0, Majority replicated index: 0, Committed index: 0, Last appended: 0.0, Last appended by leader: 0, Current term: 0, Majority size: -1, State: 0, Mode: NON_LEADER, active raft config: opid_index: -1 OBSOLETE_local: false peers { permanent_uuid: "e2ca687e4cdb49a7a9250e1bf8c91707" member_type: VOTER last_known_addr { host: "127.26.182.193" port: 41395 } } peers { permanent_uuid: "9c36ef6eb89748c49135fc926a4e1c3f" member_type: VOTER last_known_addr { host: "127.26.182.194" port: 38583 } } peers { permanent_uuid: "fa99c7ebc9d44db78eb6587d2e4d7001" member_type: VOTER last_known_addr { host: "127.26.182.195" port: 37097 } }
I20260713 09:11:20.320664 27564 raft_consensus.cc:2393] T 13c2cc050b91438b882d2119dbac4630 P 9c36ef6eb89748c49135fc926a4e1c3f [term 1 FOLLOWER]: Leader election vote request: Denying vote to candidate fa99c7ebc9d44db78eb6587d2e4d7001 in current term 1: Already voted for candidate e2ca687e4cdb49a7a9250e1bf8c91707 in this term.
I20260713 09:11:20.318184 27682 tablet_bootstrap.cc:492] T 3237622249d14b898df51c2adf7b797b P e2ca687e4cdb49a7a9250e1bf8c91707: No bootstrap required, opened a new log
I20260713 09:11:20.326601 27682 ts_tablet_manager.cc:1403] T 3237622249d14b898df51c2adf7b797b P e2ca687e4cdb49a7a9250e1bf8c91707: Time spent bootstrapping tablet: real 0.151s	user 0.027s	sys 0.028s
I20260713 09:11:20.323737 27565 raft_consensus.cc:2468] T a2ff5dc534f94253aa8dbd8085a99389 P 9c36ef6eb89748c49135fc926a4e1c3f [term 1 FOLLOWER]: Leader election vote request: Granting yes vote for candidate fa99c7ebc9d44db78eb6587d2e4d7001 in term 1.
I20260713 09:11:20.331036 27682 raft_consensus.cc:359] T 3237622249d14b898df51c2adf7b797b P e2ca687e4cdb49a7a9250e1bf8c91707 [term 0 FOLLOWER]: Replica starting. Triggering 0 pending ops. Active config: opid_index: -1 OBSOLETE_local: false peers { permanent_uuid: "e2ca687e4cdb49a7a9250e1bf8c91707" member_type: VOTER last_known_addr { host: "127.26.182.193" port: 41395 } } peers { permanent_uuid: "9c36ef6eb89748c49135fc926a4e1c3f" member_type: VOTER last_known_addr { host: "127.26.182.194" port: 38583 } } peers { permanent_uuid: "fa99c7ebc9d44db78eb6587d2e4d7001" member_type: VOTER last_known_addr { host: "127.26.182.195" port: 37097 } }
I20260713 09:11:20.325702 27384 catalog_manager.cc:5697] T 0a4cdf1f16a44494856b7d86277bd0a5 P 9c36ef6eb89748c49135fc926a4e1c3f reported cstate change: term changed from 0 to 1, leader changed from <none> to 9c36ef6eb89748c49135fc926a4e1c3f (127.26.182.194). New cstate: current_term: 1 leader_uuid: "9c36ef6eb89748c49135fc926a4e1c3f" committed_config { opid_index: -1 OBSOLETE_local: false peers { permanent_uuid: "e2ca687e4cdb49a7a9250e1bf8c91707" member_type: VOTER last_known_addr { host: "127.26.182.193" port: 41395 } health_report { overall_health: UNKNOWN } } peers { permanent_uuid: "9c36ef6eb89748c49135fc926a4e1c3f" member_type: VOTER last_known_addr { host: "127.26.182.194" port: 38583 } health_report { overall_health: HEALTHY } } peers { permanent_uuid: "fa99c7ebc9d44db78eb6587d2e4d7001" member_type: VOTER last_known_addr { host: "127.26.182.195" port: 37097 } health_report { overall_health: UNKNOWN } } }
I20260713 09:11:20.333564 27564 tablet_service.cc:1917] Received RequestConsensusVote() RPC: tablet_id: "a3be1a37bc63420aa60ff16d552f51bb" candidate_uuid: "fa99c7ebc9d44db78eb6587d2e4d7001" candidate_term: 1 candidate_status { last_received { term: 0 index: 0 } } ignore_live_leader: false dest_uuid: "9c36ef6eb89748c49135fc926a4e1c3f" is_pre_election: true
I20260713 09:11:20.325913 27714 leader_election.cc:290] T a3be1a37bc63420aa60ff16d552f51bb P fa99c7ebc9d44db78eb6587d2e4d7001 [CANDIDATE]: Term 1 pre-election: Requested pre-vote from peers e2ca687e4cdb49a7a9250e1bf8c91707 (127.26.182.193:41395), 9c36ef6eb89748c49135fc926a4e1c3f (127.26.182.194:38583)
I20260713 09:11:20.333583 27386 catalog_manager.cc:5697] T 40b63c1f98284443861ccd2b6d8b6a21 P e2ca687e4cdb49a7a9250e1bf8c91707 reported cstate change: term changed from 0 to 1, leader changed from <none> to e2ca687e4cdb49a7a9250e1bf8c91707 (127.26.182.193). New cstate: current_term: 1 leader_uuid: "e2ca687e4cdb49a7a9250e1bf8c91707" committed_config { opid_index: -1 OBSOLETE_local: false peers { permanent_uuid: "e2ca687e4cdb49a7a9250e1bf8c91707" member_type: VOTER last_known_addr { host: "127.26.182.193" port: 41395 } health_report { overall_health: HEALTHY } } peers { permanent_uuid: "9c36ef6eb89748c49135fc926a4e1c3f" member_type: VOTER last_known_addr { host: "127.26.182.194" port: 38583 } health_report { overall_health: UNKNOWN } } peers { permanent_uuid: "fa99c7ebc9d44db78eb6587d2e4d7001" member_type: VOTER last_known_addr { host: "127.26.182.195" port: 37097 } health_report { overall_health: UNKNOWN } } }
I20260713 09:11:20.334267 27682 raft_consensus.cc:385] T 3237622249d14b898df51c2adf7b797b P e2ca687e4cdb49a7a9250e1bf8c91707 [term 0 FOLLOWER]: Consensus starting up: Expiring failure detector timer to make a prompt election more likely
I20260713 09:11:20.337390 27682 raft_consensus.cc:740] T 3237622249d14b898df51c2adf7b797b P e2ca687e4cdb49a7a9250e1bf8c91707 [term 0 FOLLOWER]: Becoming Follower/Learner. State: Replica: e2ca687e4cdb49a7a9250e1bf8c91707, State: Initialized, Role: FOLLOWER
I20260713 09:11:20.336392 27605 leader_election.cc:304] T a2ff5dc534f94253aa8dbd8085a99389 P fa99c7ebc9d44db78eb6587d2e4d7001 [CANDIDATE]: Term 1 election: Election decided. Result: candidate won. Election summary: received 3 responses out of 3 voters: 2 yes votes; 1 no votes. yes voters: 9c36ef6eb89748c49135fc926a4e1c3f, fa99c7ebc9d44db78eb6587d2e4d7001; no voters: e2ca687e4cdb49a7a9250e1bf8c91707
I20260713 09:11:20.336819 27684 ts_tablet_manager.cc:1434] T fc8b717c72df4b888d6e8c913c39fce0 P fa99c7ebc9d44db78eb6587d2e4d7001: Time spent starting tablet: real 0.068s	user 0.010s	sys 0.003s
I20260713 09:11:20.338595 27682 consensus_queue.cc:260] T 3237622249d14b898df51c2adf7b797b P e2ca687e4cdb49a7a9250e1bf8c91707 [NON_LEADER]: Queue going to NON_LEADER mode. State: All replicated index: 0, Majority replicated index: 0, Committed index: 0, Last appended: 0.0, Last appended by leader: 0, Current term: 0, Majority size: -1, State: 0, Mode: NON_LEADER, active raft config: opid_index: -1 OBSOLETE_local: false peers { permanent_uuid: "e2ca687e4cdb49a7a9250e1bf8c91707" member_type: VOTER last_known_addr { host: "127.26.182.193" port: 41395 } } peers { permanent_uuid: "9c36ef6eb89748c49135fc926a4e1c3f" member_type: VOTER last_known_addr { host: "127.26.182.194" port: 38583 } } peers { permanent_uuid: "fa99c7ebc9d44db78eb6587d2e4d7001" member_type: VOTER last_known_addr { host: "127.26.182.195" port: 37097 } }
I20260713 09:11:20.338956 27605 leader_election.cc:304] T 13c2cc050b91438b882d2119dbac4630 P fa99c7ebc9d44db78eb6587d2e4d7001 [CANDIDATE]: Term 1 election: Election decided. Result: candidate lost. Election summary: received 3 responses out of 3 voters: 1 yes votes; 2 no votes. yes voters: fa99c7ebc9d44db78eb6587d2e4d7001; no voters: 9c36ef6eb89748c49135fc926a4e1c3f, e2ca687e4cdb49a7a9250e1bf8c91707
I20260713 09:11:20.339330 27684 tablet_bootstrap.cc:492] T 3237622249d14b898df51c2adf7b797b P fa99c7ebc9d44db78eb6587d2e4d7001: Bootstrap starting.
I20260713 09:11:20.339749 27714 raft_consensus.cc:2804] T a2ff5dc534f94253aa8dbd8085a99389 P fa99c7ebc9d44db78eb6587d2e4d7001 [term 1 FOLLOWER]: Leader election won for term 1
I20260713 09:11:20.341377 27682 ts_tablet_manager.cc:1434] T 3237622249d14b898df51c2adf7b797b P e2ca687e4cdb49a7a9250e1bf8c91707: Time spent starting tablet: real 0.014s	user 0.008s	sys 0.000s
I20260713 09:11:20.341988 27692 raft_consensus.cc:2749] T 13c2cc050b91438b882d2119dbac4630 P fa99c7ebc9d44db78eb6587d2e4d7001 [term 1 FOLLOWER]: Leader election lost for term 1. Reason: could not achieve majority
I20260713 09:11:20.342171 27683 tablet_bootstrap.cc:492] T 3237622249d14b898df51c2adf7b797b P 9c36ef6eb89748c49135fc926a4e1c3f: No bootstrap required, opened a new log
I20260713 09:11:20.343019 27714 raft_consensus.cc:697] T a2ff5dc534f94253aa8dbd8085a99389 P fa99c7ebc9d44db78eb6587d2e4d7001 [term 1 LEADER]: Becoming Leader. State: Replica: fa99c7ebc9d44db78eb6587d2e4d7001, State: Running, Role: LEADER
I20260713 09:11:20.343533 27682 tablet_bootstrap.cc:492] T f554594dc0f64d78b76441dd88120156 P e2ca687e4cdb49a7a9250e1bf8c91707: Bootstrap starting.
I20260713 09:11:20.343942 27714 consensus_queue.cc:237] T a2ff5dc534f94253aa8dbd8085a99389 P fa99c7ebc9d44db78eb6587d2e4d7001 [LEADER]: Queue going to LEADER mode. State: All replicated index: 0, Majority replicated index: 0, Committed index: 0, Last appended: 0.0, Last appended by leader: 0, Current term: 1, Majority size: 2, State: 0, Mode: LEADER, active raft config: opid_index: -1 OBSOLETE_local: false peers { permanent_uuid: "e2ca687e4cdb49a7a9250e1bf8c91707" member_type: VOTER last_known_addr { host: "127.26.182.193" port: 41395 } } peers { permanent_uuid: "9c36ef6eb89748c49135fc926a4e1c3f" member_type: VOTER last_known_addr { host: "127.26.182.194" port: 38583 } } peers { permanent_uuid: "fa99c7ebc9d44db78eb6587d2e4d7001" member_type: VOTER last_known_addr { host: "127.26.182.195" port: 37097 } }
W20260713 09:11:20.346406 27605 leader_election.cc:343] T a3be1a37bc63420aa60ff16d552f51bb P fa99c7ebc9d44db78eb6587d2e4d7001 [CANDIDATE]: Term 1 pre-election: Tablet error from VoteRequest() call to peer 9c36ef6eb89748c49135fc926a4e1c3f (127.26.182.194:38583): Illegal state: must be running to vote when last-logged opid is not known
I20260713 09:11:20.347899 27683 ts_tablet_manager.cc:1403] T 3237622249d14b898df51c2adf7b797b P 9c36ef6eb89748c49135fc926a4e1c3f: Time spent bootstrapping tablet: real 0.101s	user 0.011s	sys 0.011s
I20260713 09:11:20.348198 27605 leader_election.cc:304] T a3be1a37bc63420aa60ff16d552f51bb P fa99c7ebc9d44db78eb6587d2e4d7001 [CANDIDATE]: Term 1 pre-election: Election decided. Result: candidate lost. Election summary: received 3 responses out of 3 voters: 1 yes votes; 2 no votes. yes voters: fa99c7ebc9d44db78eb6587d2e4d7001; no voters: 9c36ef6eb89748c49135fc926a4e1c3f, e2ca687e4cdb49a7a9250e1bf8c91707
I20260713 09:11:20.352528 27683 raft_consensus.cc:359] T 3237622249d14b898df51c2adf7b797b P 9c36ef6eb89748c49135fc926a4e1c3f [term 0 FOLLOWER]: Replica starting. Triggering 0 pending ops. Active config: opid_index: -1 OBSOLETE_local: false peers { permanent_uuid: "e2ca687e4cdb49a7a9250e1bf8c91707" member_type: VOTER last_known_addr { host: "127.26.182.193" port: 41395 } } peers { permanent_uuid: "9c36ef6eb89748c49135fc926a4e1c3f" member_type: VOTER last_known_addr { host: "127.26.182.194" port: 38583 } } peers { permanent_uuid: "fa99c7ebc9d44db78eb6587d2e4d7001" member_type: VOTER last_known_addr { host: "127.26.182.195" port: 37097 } }
I20260713 09:11:20.353982 27714 raft_consensus.cc:2749] T a3be1a37bc63420aa60ff16d552f51bb P fa99c7ebc9d44db78eb6587d2e4d7001 [term 0 FOLLOWER]: Leader pre-election lost for term 1. Reason: could not achieve majority
I20260713 09:11:20.354382 27683 raft_consensus.cc:385] T 3237622249d14b898df51c2adf7b797b P 9c36ef6eb89748c49135fc926a4e1c3f [term 0 FOLLOWER]: Consensus starting up: Expiring failure detector timer to make a prompt election more likely
I20260713 09:11:20.355086 27683 raft_consensus.cc:740] T 3237622249d14b898df51c2adf7b797b P 9c36ef6eb89748c49135fc926a4e1c3f [term 0 FOLLOWER]: Becoming Follower/Learner. State: Replica: 9c36ef6eb89748c49135fc926a4e1c3f, State: Initialized, Role: FOLLOWER
I20260713 09:11:20.355931 27683 consensus_queue.cc:260] T 3237622249d14b898df51c2adf7b797b P 9c36ef6eb89748c49135fc926a4e1c3f [NON_LEADER]: Queue going to NON_LEADER mode. State: All replicated index: 0, Majority replicated index: 0, Committed index: 0, Last appended: 0.0, Last appended by leader: 0, Current term: 0, Majority size: -1, State: 0, Mode: NON_LEADER, active raft config: opid_index: -1 OBSOLETE_local: false peers { permanent_uuid: "e2ca687e4cdb49a7a9250e1bf8c91707" member_type: VOTER last_known_addr { host: "127.26.182.193" port: 41395 } } peers { permanent_uuid: "9c36ef6eb89748c49135fc926a4e1c3f" member_type: VOTER last_known_addr { host: "127.26.182.194" port: 38583 } } peers { permanent_uuid: "fa99c7ebc9d44db78eb6587d2e4d7001" member_type: VOTER last_known_addr { host: "127.26.182.195" port: 37097 } }
I20260713 09:11:20.357818 27684 tablet_bootstrap.cc:654] T 3237622249d14b898df51c2adf7b797b P fa99c7ebc9d44db78eb6587d2e4d7001: Neither blocks nor log segments found. Creating new log.
I20260713 09:11:20.360589 27683 ts_tablet_manager.cc:1434] T 3237622249d14b898df51c2adf7b797b P 9c36ef6eb89748c49135fc926a4e1c3f: Time spent starting tablet: real 0.012s	user 0.007s	sys 0.001s
I20260713 09:11:20.363283 27683 tablet_bootstrap.cc:492] T a3be1a37bc63420aa60ff16d552f51bb P 9c36ef6eb89748c49135fc926a4e1c3f: Bootstrap starting.
I20260713 09:11:20.375203 27682 tablet_bootstrap.cc:654] T f554594dc0f64d78b76441dd88120156 P e2ca687e4cdb49a7a9250e1bf8c91707: Neither blocks nor log segments found. Creating new log.
I20260713 09:11:20.378211 27689 raft_consensus.cc:493] T 3237622249d14b898df51c2adf7b797b P 9c36ef6eb89748c49135fc926a4e1c3f [term 0 FOLLOWER]: Starting pre-election (no leader contacted us within the election timeout)
I20260713 09:11:20.378705 27689 raft_consensus.cc:515] T 3237622249d14b898df51c2adf7b797b P 9c36ef6eb89748c49135fc926a4e1c3f [term 0 FOLLOWER]: Starting pre-election with config: opid_index: -1 OBSOLETE_local: false peers { permanent_uuid: "e2ca687e4cdb49a7a9250e1bf8c91707" member_type: VOTER last_known_addr { host: "127.26.182.193" port: 41395 } } peers { permanent_uuid: "9c36ef6eb89748c49135fc926a4e1c3f" member_type: VOTER last_known_addr { host: "127.26.182.194" port: 38583 } } peers { permanent_uuid: "fa99c7ebc9d44db78eb6587d2e4d7001" member_type: VOTER last_known_addr { host: "127.26.182.195" port: 37097 } }
I20260713 09:11:20.378849 27387 catalog_manager.cc:5697] T a2ff5dc534f94253aa8dbd8085a99389 P fa99c7ebc9d44db78eb6587d2e4d7001 reported cstate change: term changed from 0 to 1, leader changed from <none> to fa99c7ebc9d44db78eb6587d2e4d7001 (127.26.182.195). New cstate: current_term: 1 leader_uuid: "fa99c7ebc9d44db78eb6587d2e4d7001" committed_config { opid_index: -1 OBSOLETE_local: false peers { permanent_uuid: "e2ca687e4cdb49a7a9250e1bf8c91707" member_type: VOTER last_known_addr { host: "127.26.182.193" port: 41395 } health_report { overall_health: UNKNOWN } } peers { permanent_uuid: "9c36ef6eb89748c49135fc926a4e1c3f" member_type: VOTER last_known_addr { host: "127.26.182.194" port: 38583 } health_report { overall_health: UNKNOWN } } peers { permanent_uuid: "fa99c7ebc9d44db78eb6587d2e4d7001" member_type: VOTER last_known_addr { host: "127.26.182.195" port: 37097 } health_report { overall_health: HEALTHY } } }
I20260713 09:11:20.380947 27689 leader_election.cc:290] T 3237622249d14b898df51c2adf7b797b P 9c36ef6eb89748c49135fc926a4e1c3f [CANDIDATE]: Term 1 pre-election: Requested pre-vote from peers e2ca687e4cdb49a7a9250e1bf8c91707 (127.26.182.193:41395), fa99c7ebc9d44db78eb6587d2e4d7001 (127.26.182.195:37097)
I20260713 09:11:20.381805 27489 tablet_service.cc:1917] Received RequestConsensusVote() RPC: tablet_id: "3237622249d14b898df51c2adf7b797b" candidate_uuid: "9c36ef6eb89748c49135fc926a4e1c3f" candidate_term: 1 candidate_status { last_received { term: 0 index: 0 } } ignore_live_leader: false dest_uuid: "e2ca687e4cdb49a7a9250e1bf8c91707" is_pre_election: true
I20260713 09:11:20.382436 27489 raft_consensus.cc:2468] T 3237622249d14b898df51c2adf7b797b P e2ca687e4cdb49a7a9250e1bf8c91707 [term 0 FOLLOWER]: Leader pre-election vote request: Granting yes vote for candidate 9c36ef6eb89748c49135fc926a4e1c3f in term 0.
I20260713 09:11:20.384231 27528 leader_election.cc:304] T 3237622249d14b898df51c2adf7b797b P 9c36ef6eb89748c49135fc926a4e1c3f [CANDIDATE]: Term 1 pre-election: Election decided. Result: candidate won. Election summary: received 2 responses out of 3 voters: 2 yes votes; 0 no votes. yes voters: 9c36ef6eb89748c49135fc926a4e1c3f, e2ca687e4cdb49a7a9250e1bf8c91707; no voters: 
I20260713 09:11:20.385028 27689 raft_consensus.cc:2804] T 3237622249d14b898df51c2adf7b797b P 9c36ef6eb89748c49135fc926a4e1c3f [term 0 FOLLOWER]: Leader pre-election won for term 1
I20260713 09:11:20.385572 27689 raft_consensus.cc:493] T 3237622249d14b898df51c2adf7b797b P 9c36ef6eb89748c49135fc926a4e1c3f [term 0 FOLLOWER]: Starting leader election (no leader contacted us within the election timeout)
I20260713 09:11:20.385784 27639 tablet_service.cc:1917] Received RequestConsensusVote() RPC: tablet_id: "3237622249d14b898df51c2adf7b797b" candidate_uuid: "9c36ef6eb89748c49135fc926a4e1c3f" candidate_term: 1 candidate_status { last_received { term: 0 index: 0 } } ignore_live_leader: false dest_uuid: "fa99c7ebc9d44db78eb6587d2e4d7001" is_pre_election: true
I20260713 09:11:20.386099 27689 raft_consensus.cc:3060] T 3237622249d14b898df51c2adf7b797b P 9c36ef6eb89748c49135fc926a4e1c3f [term 0 FOLLOWER]: Advancing to term 1
W20260713 09:11:20.387509 27530 leader_election.cc:343] T 3237622249d14b898df51c2adf7b797b P 9c36ef6eb89748c49135fc926a4e1c3f [CANDIDATE]: Term 1 pre-election: Tablet error from VoteRequest() call to peer fa99c7ebc9d44db78eb6587d2e4d7001 (127.26.182.195:37097): Illegal state: must be running to vote when last-logged opid is not known
I20260713 09:11:20.390467 27709 raft_consensus.cc:493] T f554594dc0f64d78b76441dd88120156 P 9c36ef6eb89748c49135fc926a4e1c3f [term 0 FOLLOWER]: Starting pre-election (no leader contacted us within the election timeout)
I20260713 09:11:20.390969 27709 raft_consensus.cc:515] T f554594dc0f64d78b76441dd88120156 P 9c36ef6eb89748c49135fc926a4e1c3f [term 0 FOLLOWER]: Starting pre-election with config: opid_index: -1 OBSOLETE_local: false peers { permanent_uuid: "e2ca687e4cdb49a7a9250e1bf8c91707" member_type: VOTER last_known_addr { host: "127.26.182.193" port: 41395 } } peers { permanent_uuid: "9c36ef6eb89748c49135fc926a4e1c3f" member_type: VOTER last_known_addr { host: "127.26.182.194" port: 38583 } } peers { permanent_uuid: "fa99c7ebc9d44db78eb6587d2e4d7001" member_type: VOTER last_known_addr { host: "127.26.182.195" port: 37097 } }
I20260713 09:11:20.392095 27682 tablet_bootstrap.cc:492] T f554594dc0f64d78b76441dd88120156 P e2ca687e4cdb49a7a9250e1bf8c91707: No bootstrap required, opened a new log
I20260713 09:11:20.392589 27682 ts_tablet_manager.cc:1403] T f554594dc0f64d78b76441dd88120156 P e2ca687e4cdb49a7a9250e1bf8c91707: Time spent bootstrapping tablet: real 0.050s	user 0.012s	sys 0.006s
I20260713 09:11:20.393105 27683 tablet_bootstrap.cc:654] T a3be1a37bc63420aa60ff16d552f51bb P 9c36ef6eb89748c49135fc926a4e1c3f: Neither blocks nor log segments found. Creating new log.
I20260713 09:11:20.393370 27709 leader_election.cc:290] T f554594dc0f64d78b76441dd88120156 P 9c36ef6eb89748c49135fc926a4e1c3f [CANDIDATE]: Term 1 pre-election: Requested pre-vote from peers e2ca687e4cdb49a7a9250e1bf8c91707 (127.26.182.193:41395), fa99c7ebc9d44db78eb6587d2e4d7001 (127.26.182.195:37097)
I20260713 09:11:20.394891 27489 tablet_service.cc:1917] Received RequestConsensusVote() RPC: tablet_id: "f554594dc0f64d78b76441dd88120156" candidate_uuid: "9c36ef6eb89748c49135fc926a4e1c3f" candidate_term: 1 candidate_status { last_received { term: 0 index: 0 } } ignore_live_leader: false dest_uuid: "e2ca687e4cdb49a7a9250e1bf8c91707" is_pre_election: true
I20260713 09:11:20.395820 27682 raft_consensus.cc:359] T f554594dc0f64d78b76441dd88120156 P e2ca687e4cdb49a7a9250e1bf8c91707 [term 0 FOLLOWER]: Replica starting. Triggering 0 pending ops. Active config: opid_index: -1 OBSOLETE_local: false peers { permanent_uuid: "e2ca687e4cdb49a7a9250e1bf8c91707" member_type: VOTER last_known_addr { host: "127.26.182.193" port: 41395 } } peers { permanent_uuid: "9c36ef6eb89748c49135fc926a4e1c3f" member_type: VOTER last_known_addr { host: "127.26.182.194" port: 38583 } } peers { permanent_uuid: "fa99c7ebc9d44db78eb6587d2e4d7001" member_type: VOTER last_known_addr { host: "127.26.182.195" port: 37097 } }
I20260713 09:11:20.398155 27682 raft_consensus.cc:385] T f554594dc0f64d78b76441dd88120156 P e2ca687e4cdb49a7a9250e1bf8c91707 [term 0 FOLLOWER]: Consensus starting up: Expiring failure detector timer to make a prompt election more likely
I20260713 09:11:20.398627 27682 raft_consensus.cc:740] T f554594dc0f64d78b76441dd88120156 P e2ca687e4cdb49a7a9250e1bf8c91707 [term 0 FOLLOWER]: Becoming Follower/Learner. State: Replica: e2ca687e4cdb49a7a9250e1bf8c91707, State: Initialized, Role: FOLLOWER
I20260713 09:11:20.399081 27684 tablet_bootstrap.cc:492] T 3237622249d14b898df51c2adf7b797b P fa99c7ebc9d44db78eb6587d2e4d7001: No bootstrap required, opened a new log
I20260713 09:11:20.396184 27689 raft_consensus.cc:515] T 3237622249d14b898df51c2adf7b797b P 9c36ef6eb89748c49135fc926a4e1c3f [term 1 FOLLOWER]: Starting leader election with config: opid_index: -1 OBSOLETE_local: false peers { permanent_uuid: "e2ca687e4cdb49a7a9250e1bf8c91707" member_type: VOTER last_known_addr { host: "127.26.182.193" port: 41395 } } peers { permanent_uuid: "9c36ef6eb89748c49135fc926a4e1c3f" member_type: VOTER last_known_addr { host: "127.26.182.194" port: 38583 } } peers { permanent_uuid: "fa99c7ebc9d44db78eb6587d2e4d7001" member_type: VOTER last_known_addr { host: "127.26.182.195" port: 37097 } }
I20260713 09:11:20.396384 27639 tablet_service.cc:1917] Received RequestConsensusVote() RPC: tablet_id: "f554594dc0f64d78b76441dd88120156" candidate_uuid: "9c36ef6eb89748c49135fc926a4e1c3f" candidate_term: 1 candidate_status { last_received { term: 0 index: 0 } } ignore_live_leader: false dest_uuid: "fa99c7ebc9d44db78eb6587d2e4d7001" is_pre_election: true
W20260713 09:11:20.400847 27530 leader_election.cc:343] T f554594dc0f64d78b76441dd88120156 P 9c36ef6eb89748c49135fc926a4e1c3f [CANDIDATE]: Term 1 pre-election: Tablet error from VoteRequest() call to peer fa99c7ebc9d44db78eb6587d2e4d7001 (127.26.182.195:37097): Illegal state: must be running to vote when last-logged opid is not known
I20260713 09:11:20.401563 27689 leader_election.cc:290] T 3237622249d14b898df51c2adf7b797b P 9c36ef6eb89748c49135fc926a4e1c3f [CANDIDATE]: Term 1 election: Requested vote from peers e2ca687e4cdb49a7a9250e1bf8c91707 (127.26.182.193:41395), fa99c7ebc9d44db78eb6587d2e4d7001 (127.26.182.195:37097)
