I20260713 09:11:16.296425 27518 consensus_queue.cc:260] T dd32719e335e466f9785bc1776dd4ac8 P ee3eea66824545f78f377776ca8c0099 [NON_LEADER]: Queue going to NON_LEADER mode. State: All replicated index: 0, Majority replicated index: 0, Committed index: 0, Last appended: 0.0, Last appended by leader: 0, Current term: 0, Majority size: -1, State: 0, Mode: NON_LEADER, active raft config: opid_index: -1 OBSOLETE_local: false peers { permanent_uuid: "ee3eea66824545f78f377776ca8c0099" member_type: VOTER last_known_addr { host: "127.26.141.193" port: 46659 } } peers { permanent_uuid: "91a51cf3a4e24a4e84424afce25f075e" member_type: VOTER last_known_addr { host: "127.26.141.194" port: 33155 } } peers { permanent_uuid: "8c4e305d92164760abc6614f9ade468b" member_type: VOTER last_known_addr { host: "127.26.141.195" port: 40149 } }
I20260713 09:11:16.299822 27517 ts_tablet_manager.cc:1434] T 54f1654874c24ac999c65e4461d04993 P 8c4e305d92164760abc6614f9ade468b: Time spent starting tablet: real 0.017s	user 0.005s	sys 0.008s
I20260713 09:11:16.301558 27500 heartbeater.cc:499] Master 127.26.141.254:35163 was elected leader, sending a full tablet report...
I20260713 09:11:16.302400 27519 ts_tablet_manager.cc:1434] T aebb096045c64aad888690065f548dbb P 91a51cf3a4e24a4e84424afce25f075e: Time spent starting tablet: real 0.015s	user 0.011s	sys 0.004s
I20260713 09:11:16.304838 27517 tablet_bootstrap.cc:492] T dd32719e335e466f9785bc1776dd4ac8 P 8c4e305d92164760abc6614f9ade468b: Bootstrap starting.
W20260713 09:11:16.307832 27427 tablet.cc:2406] T aebb096045c64aad888690065f548dbb P 91a51cf3a4e24a4e84424afce25f075e: Can't schedule compaction. Clean time has not been advanced past its initial value.
I20260713 09:11:16.312240 27426 heartbeater.cc:499] Master 127.26.141.254:35163 was elected leader, sending a full tablet report...
I20260713 09:11:16.312867 27519 tablet_bootstrap.cc:492] T 2256e91afa204ce9a35bf56541924f49 P 91a51cf3a4e24a4e84424afce25f075e: Bootstrap starting.
I20260713 09:11:16.322660 27517 tablet_bootstrap.cc:654] T dd32719e335e466f9785bc1776dd4ac8 P 8c4e305d92164760abc6614f9ade468b: Neither blocks nor log segments found. Creating new log.
I20260713 09:11:16.330331 27351 heartbeater.cc:499] Master 127.26.141.254:35163 was elected leader, sending a full tablet report...
I20260713 09:11:16.330871 27518 ts_tablet_manager.cc:1434] T dd32719e335e466f9785bc1776dd4ac8 P ee3eea66824545f78f377776ca8c0099: Time spent starting tablet: real 0.041s	user 0.017s	sys 0.022s
I20260713 09:11:16.331370 27519 tablet_bootstrap.cc:654] T 2256e91afa204ce9a35bf56541924f49 P 91a51cf3a4e24a4e84424afce25f075e: Neither blocks nor log segments found. Creating new log.
I20260713 09:11:16.331845 27518 tablet_bootstrap.cc:492] T aebb096045c64aad888690065f548dbb P ee3eea66824545f78f377776ca8c0099: Bootstrap starting.
I20260713 09:11:16.338529 27518 tablet_bootstrap.cc:654] T aebb096045c64aad888690065f548dbb P ee3eea66824545f78f377776ca8c0099: Neither blocks nor log segments found. Creating new log.
I20260713 09:11:16.351209 27518 tablet_bootstrap.cc:492] T aebb096045c64aad888690065f548dbb P ee3eea66824545f78f377776ca8c0099: No bootstrap required, opened a new log
I20260713 09:11:16.351863 27518 ts_tablet_manager.cc:1403] T aebb096045c64aad888690065f548dbb P ee3eea66824545f78f377776ca8c0099: Time spent bootstrapping tablet: real 0.020s	user 0.012s	sys 0.004s
I20260713 09:11:16.355376 27518 raft_consensus.cc:359] T aebb096045c64aad888690065f548dbb P ee3eea66824545f78f377776ca8c0099 [term 0 FOLLOWER]: Replica starting. Triggering 0 pending ops. Active config: opid_index: -1 OBSOLETE_local: false peers { permanent_uuid: "ee3eea66824545f78f377776ca8c0099" member_type: VOTER last_known_addr { host: "127.26.141.193" port: 46659 } } peers { permanent_uuid: "91a51cf3a4e24a4e84424afce25f075e" member_type: VOTER last_known_addr { host: "127.26.141.194" port: 33155 } } peers { permanent_uuid: "8c4e305d92164760abc6614f9ade468b" member_type: VOTER last_known_addr { host: "127.26.141.195" port: 40149 } }
I20260713 09:11:16.356271 27518 raft_consensus.cc:385] T aebb096045c64aad888690065f548dbb P ee3eea66824545f78f377776ca8c0099 [term 0 FOLLOWER]: Consensus starting up: Expiring failure detector timer to make a prompt election more likely
I20260713 09:11:16.356627 27518 raft_consensus.cc:740] T aebb096045c64aad888690065f548dbb P ee3eea66824545f78f377776ca8c0099 [term 0 FOLLOWER]: Becoming Follower/Learner. State: Replica: ee3eea66824545f78f377776ca8c0099, State: Initialized, Role: FOLLOWER
I20260713 09:11:16.357427 27518 consensus_queue.cc:260] T aebb096045c64aad888690065f548dbb P ee3eea66824545f78f377776ca8c0099 [NON_LEADER]: Queue going to NON_LEADER mode. State: All replicated index: 0, Majority replicated index: 0, Committed index: 0, Last appended: 0.0, Last appended by leader: 0, Current term: 0, Majority size: -1, State: 0, Mode: NON_LEADER, active raft config: opid_index: -1 OBSOLETE_local: false peers { permanent_uuid: "ee3eea66824545f78f377776ca8c0099" member_type: VOTER last_known_addr { host: "127.26.141.193" port: 46659 } } peers { permanent_uuid: "91a51cf3a4e24a4e84424afce25f075e" member_type: VOTER last_known_addr { host: "127.26.141.194" port: 33155 } } peers { permanent_uuid: "8c4e305d92164760abc6614f9ade468b" member_type: VOTER last_known_addr { host: "127.26.141.195" port: 40149 } }
I20260713 09:11:16.360450 27518 ts_tablet_manager.cc:1434] T aebb096045c64aad888690065f548dbb P ee3eea66824545f78f377776ca8c0099: Time spent starting tablet: real 0.008s	user 0.007s	sys 0.000s
I20260713 09:11:16.361733 27518 tablet_bootstrap.cc:492] T 65b178e88490427b9b93f9d302978493 P ee3eea66824545f78f377776ca8c0099: Bootstrap starting.
I20260713 09:11:16.369889 27518 tablet_bootstrap.cc:654] T 65b178e88490427b9b93f9d302978493 P ee3eea66824545f78f377776ca8c0099: Neither blocks nor log segments found. Creating new log.
I20260713 09:11:16.376956 27519 tablet_bootstrap.cc:492] T 2256e91afa204ce9a35bf56541924f49 P 91a51cf3a4e24a4e84424afce25f075e: No bootstrap required, opened a new log
I20260713 09:11:16.377568 27519 ts_tablet_manager.cc:1403] T 2256e91afa204ce9a35bf56541924f49 P 91a51cf3a4e24a4e84424afce25f075e: Time spent bootstrapping tablet: real 0.065s	user 0.017s	sys 0.015s
I20260713 09:11:16.380890 27519 raft_consensus.cc:359] T 2256e91afa204ce9a35bf56541924f49 P 91a51cf3a4e24a4e84424afce25f075e [term 0 FOLLOWER]: Replica starting. Triggering 0 pending ops. Active config: opid_index: -1 OBSOLETE_local: false peers { permanent_uuid: "ee3eea66824545f78f377776ca8c0099" member_type: VOTER last_known_addr { host: "127.26.141.193" port: 46659 } } peers { permanent_uuid: "91a51cf3a4e24a4e84424afce25f075e" member_type: VOTER last_known_addr { host: "127.26.141.194" port: 33155 } } peers { permanent_uuid: "8c4e305d92164760abc6614f9ade468b" member_type: VOTER last_known_addr { host: "127.26.141.195" port: 40149 } }
I20260713 09:11:16.381880 27518 tablet_bootstrap.cc:492] T 65b178e88490427b9b93f9d302978493 P ee3eea66824545f78f377776ca8c0099: No bootstrap required, opened a new log
I20260713 09:11:16.381841 27523 raft_consensus.cc:493] T 54f1654874c24ac999c65e4461d04993 P 8c4e305d92164760abc6614f9ade468b [term 0 FOLLOWER]: Starting pre-election (no leader contacted us within the election timeout)
I20260713 09:11:16.382427 27518 ts_tablet_manager.cc:1403] T 65b178e88490427b9b93f9d302978493 P ee3eea66824545f78f377776ca8c0099: Time spent bootstrapping tablet: real 0.021s	user 0.010s	sys 0.008s
I20260713 09:11:16.382418 27519 raft_consensus.cc:385] T 2256e91afa204ce9a35bf56541924f49 P 91a51cf3a4e24a4e84424afce25f075e [term 0 FOLLOWER]: Consensus starting up: Expiring failure detector timer to make a prompt election more likely
I20260713 09:11:16.382370 27523 raft_consensus.cc:515] T 54f1654874c24ac999c65e4461d04993 P 8c4e305d92164760abc6614f9ade468b [term 0 FOLLOWER]: Starting pre-election with config: opid_index: -1 OBSOLETE_local: false peers { permanent_uuid: "8c4e305d92164760abc6614f9ade468b" member_type: VOTER last_known_addr { host: "127.26.141.195" port: 40149 } } peers { permanent_uuid: "91a51cf3a4e24a4e84424afce25f075e" member_type: VOTER last_known_addr { host: "127.26.141.194" port: 33155 } } peers { permanent_uuid: "ee3eea66824545f78f377776ca8c0099" member_type: VOTER last_known_addr { host: "127.26.141.193" port: 46659 } }
I20260713 09:11:16.383040 27519 raft_consensus.cc:740] T 2256e91afa204ce9a35bf56541924f49 P 91a51cf3a4e24a4e84424afce25f075e [term 0 FOLLOWER]: Becoming Follower/Learner. State: Replica: 91a51cf3a4e24a4e84424afce25f075e, State: Initialized, Role: FOLLOWER
I20260713 09:11:16.383944 27519 consensus_queue.cc:260] T 2256e91afa204ce9a35bf56541924f49 P 91a51cf3a4e24a4e84424afce25f075e [NON_LEADER]: Queue going to NON_LEADER mode. State: All replicated index: 0, Majority replicated index: 0, Committed index: 0, Last appended: 0.0, Last appended by leader: 0, Current term: 0, Majority size: -1, State: 0, Mode: NON_LEADER, active raft config: opid_index: -1 OBSOLETE_local: false peers { permanent_uuid: "ee3eea66824545f78f377776ca8c0099" member_type: VOTER last_known_addr { host: "127.26.141.193" port: 46659 } } peers { permanent_uuid: "91a51cf3a4e24a4e84424afce25f075e" member_type: VOTER last_known_addr { host: "127.26.141.194" port: 33155 } } peers { permanent_uuid: "8c4e305d92164760abc6614f9ade468b" member_type: VOTER last_known_addr { host: "127.26.141.195" port: 40149 } }
I20260713 09:11:16.385883 27523 leader_election.cc:290] T 54f1654874c24ac999c65e4461d04993 P 8c4e305d92164760abc6614f9ade468b [CANDIDATE]: Term 1 pre-election: Requested pre-vote from peers 91a51cf3a4e24a4e84424afce25f075e (127.26.141.194:33155), ee3eea66824545f78f377776ca8c0099 (127.26.141.193:46659)
I20260713 09:11:16.382383 27517 tablet_bootstrap.cc:492] T dd32719e335e466f9785bc1776dd4ac8 P 8c4e305d92164760abc6614f9ade468b: No bootstrap required, opened a new log
I20260713 09:11:16.386170 27518 raft_consensus.cc:359] T 65b178e88490427b9b93f9d302978493 P ee3eea66824545f78f377776ca8c0099 [term 0 FOLLOWER]: Replica starting. Triggering 0 pending ops. Active config: opid_index: -1 OBSOLETE_local: false peers { permanent_uuid: "ee3eea66824545f78f377776ca8c0099" member_type: VOTER last_known_addr { host: "127.26.141.193" port: 46659 } } peers { permanent_uuid: "91a51cf3a4e24a4e84424afce25f075e" member_type: VOTER last_known_addr { host: "127.26.141.194" port: 33155 } } peers { permanent_uuid: "8c4e305d92164760abc6614f9ade468b" member_type: VOTER last_known_addr { host: "127.26.141.195" port: 40149 } }
I20260713 09:11:16.386742 27517 ts_tablet_manager.cc:1403] T dd32719e335e466f9785bc1776dd4ac8 P 8c4e305d92164760abc6614f9ade468b: Time spent bootstrapping tablet: real 0.082s	user 0.011s	sys 0.024s
I20260713 09:11:16.386843 27518 raft_consensus.cc:385] T 65b178e88490427b9b93f9d302978493 P ee3eea66824545f78f377776ca8c0099 [term 0 FOLLOWER]: Consensus starting up: Expiring failure detector timer to make a prompt election more likely
I20260713 09:11:16.387167 27518 raft_consensus.cc:740] T 65b178e88490427b9b93f9d302978493 P ee3eea66824545f78f377776ca8c0099 [term 0 FOLLOWER]: Becoming Follower/Learner. State: Replica: ee3eea66824545f78f377776ca8c0099, State: Initialized, Role: FOLLOWER
I20260713 09:11:16.387918 27518 consensus_queue.cc:260] T 65b178e88490427b9b93f9d302978493 P ee3eea66824545f78f377776ca8c0099 [NON_LEADER]: Queue going to NON_LEADER mode. State: All replicated index: 0, Majority replicated index: 0, Committed index: 0, Last appended: 0.0, Last appended by leader: 0, Current term: 0, Majority size: -1, State: 0, Mode: NON_LEADER, active raft config: opid_index: -1 OBSOLETE_local: false peers { permanent_uuid: "ee3eea66824545f78f377776ca8c0099" member_type: VOTER last_known_addr { host: "127.26.141.193" port: 46659 } } peers { permanent_uuid: "91a51cf3a4e24a4e84424afce25f075e" member_type: VOTER last_known_addr { host: "127.26.141.194" port: 33155 } } peers { permanent_uuid: "8c4e305d92164760abc6614f9ade468b" member_type: VOTER last_known_addr { host: "127.26.141.195" port: 40149 } }
I20260713 09:11:16.389670 27517 raft_consensus.cc:359] T dd32719e335e466f9785bc1776dd4ac8 P 8c4e305d92164760abc6614f9ade468b [term 0 FOLLOWER]: Replica starting. Triggering 0 pending ops. Active config: opid_index: -1 OBSOLETE_local: false peers { permanent_uuid: "ee3eea66824545f78f377776ca8c0099" member_type: VOTER last_known_addr { host: "127.26.141.193" port: 46659 } } peers { permanent_uuid: "91a51cf3a4e24a4e84424afce25f075e" member_type: VOTER last_known_addr { host: "127.26.141.194" port: 33155 } } peers { permanent_uuid: "8c4e305d92164760abc6614f9ade468b" member_type: VOTER last_known_addr { host: "127.26.141.195" port: 40149 } }
I20260713 09:11:16.390244 27518 ts_tablet_manager.cc:1434] T 65b178e88490427b9b93f9d302978493 P ee3eea66824545f78f377776ca8c0099: Time spent starting tablet: real 0.007s	user 0.006s	sys 0.000s
I20260713 09:11:16.390404 27517 raft_consensus.cc:385] T dd32719e335e466f9785bc1776dd4ac8 P 8c4e305d92164760abc6614f9ade468b [term 0 FOLLOWER]: Consensus starting up: Expiring failure detector timer to make a prompt election more likely
I20260713 09:11:16.390693 27517 raft_consensus.cc:740] T dd32719e335e466f9785bc1776dd4ac8 P 8c4e305d92164760abc6614f9ade468b [term 0 FOLLOWER]: Becoming Follower/Learner. State: Replica: 8c4e305d92164760abc6614f9ade468b, State: Initialized, Role: FOLLOWER
I20260713 09:11:16.391168 27518 tablet_bootstrap.cc:492] T 2475c3d15776491bbc286702e9e2286f P ee3eea66824545f78f377776ca8c0099: Bootstrap starting.
I20260713 09:11:16.391392 27517 consensus_queue.cc:260] T dd32719e335e466f9785bc1776dd4ac8 P 8c4e305d92164760abc6614f9ade468b [NON_LEADER]: Queue going to NON_LEADER mode. State: All replicated index: 0, Majority replicated index: 0, Committed index: 0, Last appended: 0.0, Last appended by leader: 0, Current term: 0, Majority size: -1, State: 0, Mode: NON_LEADER, active raft config: opid_index: -1 OBSOLETE_local: false peers { permanent_uuid: "ee3eea66824545f78f377776ca8c0099" member_type: VOTER last_known_addr { host: "127.26.141.193" port: 46659 } } peers { permanent_uuid: "91a51cf3a4e24a4e84424afce25f075e" member_type: VOTER last_known_addr { host: "127.26.141.194" port: 33155 } } peers { permanent_uuid: "8c4e305d92164760abc6614f9ade468b" member_type: VOTER last_known_addr { host: "127.26.141.195" port: 40149 } }
I20260713 09:11:16.398276 27518 tablet_bootstrap.cc:654] T 2475c3d15776491bbc286702e9e2286f P ee3eea66824545f78f377776ca8c0099: Neither blocks nor log segments found. Creating new log.
I20260713 09:11:16.399415 27517 ts_tablet_manager.cc:1434] T dd32719e335e466f9785bc1776dd4ac8 P 8c4e305d92164760abc6614f9ade468b: Time spent starting tablet: real 0.012s	user 0.002s	sys 0.004s
I20260713 09:11:16.408090 27517 tablet_bootstrap.cc:492] T 2256e91afa204ce9a35bf56541924f49 P 8c4e305d92164760abc6614f9ade468b: Bootstrap starting.
I20260713 09:11:16.414098 27519 ts_tablet_manager.cc:1434] T 2256e91afa204ce9a35bf56541924f49 P 91a51cf3a4e24a4e84424afce25f075e: Time spent starting tablet: real 0.036s	user 0.006s	sys 0.003s
I20260713 09:11:16.415062 27519 tablet_bootstrap.cc:492] T fb334239656345219af7ccda01e9cd67 P 91a51cf3a4e24a4e84424afce25f075e: Bootstrap starting.
I20260713 09:11:16.422758 27517 tablet_bootstrap.cc:654] T 2256e91afa204ce9a35bf56541924f49 P 8c4e305d92164760abc6614f9ade468b: Neither blocks nor log segments found. Creating new log.
I20260713 09:11:16.429745 27519 tablet_bootstrap.cc:654] T fb334239656345219af7ccda01e9cd67 P 91a51cf3a4e24a4e84424afce25f075e: Neither blocks nor log segments found. Creating new log.
I20260713 09:11:16.430835 27518 tablet_bootstrap.cc:492] T 2475c3d15776491bbc286702e9e2286f P ee3eea66824545f78f377776ca8c0099: No bootstrap required, opened a new log
I20260713 09:11:16.431357 27518 ts_tablet_manager.cc:1403] T 2475c3d15776491bbc286702e9e2286f P ee3eea66824545f78f377776ca8c0099: Time spent bootstrapping tablet: real 0.040s	user 0.018s	sys 0.016s
I20260713 09:11:16.434253 27518 raft_consensus.cc:359] T 2475c3d15776491bbc286702e9e2286f P ee3eea66824545f78f377776ca8c0099 [term 0 FOLLOWER]: Replica starting. Triggering 0 pending ops. Active config: opid_index: -1 OBSOLETE_local: false peers { permanent_uuid: "ee3eea66824545f78f377776ca8c0099" member_type: VOTER last_known_addr { host: "127.26.141.193" port: 46659 } } peers { permanent_uuid: "91a51cf3a4e24a4e84424afce25f075e" member_type: VOTER last_known_addr { host: "127.26.141.194" port: 33155 } } peers { permanent_uuid: "8c4e305d92164760abc6614f9ade468b" member_type: VOTER last_known_addr { host: "127.26.141.195" port: 40149 } }
I20260713 09:11:16.434967 27518 raft_consensus.cc:385] T 2475c3d15776491bbc286702e9e2286f P ee3eea66824545f78f377776ca8c0099 [term 0 FOLLOWER]: Consensus starting up: Expiring failure detector timer to make a prompt election more likely
I20260713 09:11:16.435261 27518 raft_consensus.cc:740] T 2475c3d15776491bbc286702e9e2286f P ee3eea66824545f78f377776ca8c0099 [term 0 FOLLOWER]: Becoming Follower/Learner. State: Replica: ee3eea66824545f78f377776ca8c0099, State: Initialized, Role: FOLLOWER
I20260713 09:11:16.435995 27518 consensus_queue.cc:260] T 2475c3d15776491bbc286702e9e2286f P ee3eea66824545f78f377776ca8c0099 [NON_LEADER]: Queue going to NON_LEADER mode. State: All replicated index: 0, Majority replicated index: 0, Committed index: 0, Last appended: 0.0, Last appended by leader: 0, Current term: 0, Majority size: -1, State: 0, Mode: NON_LEADER, active raft config: opid_index: -1 OBSOLETE_local: false peers { permanent_uuid: "ee3eea66824545f78f377776ca8c0099" member_type: VOTER last_known_addr { host: "127.26.141.193" port: 46659 } } peers { permanent_uuid: "91a51cf3a4e24a4e84424afce25f075e" member_type: VOTER last_known_addr { host: "127.26.141.194" port: 33155 } } peers { permanent_uuid: "8c4e305d92164760abc6614f9ade468b" member_type: VOTER last_known_addr { host: "127.26.141.195" port: 40149 } }
I20260713 09:11:16.438467 27518 ts_tablet_manager.cc:1434] T 2475c3d15776491bbc286702e9e2286f P ee3eea66824545f78f377776ca8c0099: Time spent starting tablet: real 0.007s	user 0.008s	sys 0.000s
I20260713 09:11:16.439380 27518 tablet_bootstrap.cc:492] T 4f3c6c2ce6de4d5f89c1c805b217a7ee P ee3eea66824545f78f377776ca8c0099: Bootstrap starting.
I20260713 09:11:16.442734 27401 tablet_service.cc:1917] Received RequestConsensusVote() RPC: tablet_id: "54f1654874c24ac999c65e4461d04993" candidate_uuid: "8c4e305d92164760abc6614f9ade468b" candidate_term: 1 candidate_status { last_received { term: 0 index: 0 } } ignore_live_leader: false dest_uuid: "91a51cf3a4e24a4e84424afce25f075e" is_pre_election: true
W20260713 09:11:16.444788 27439 leader_election.cc:343] T 54f1654874c24ac999c65e4461d04993 P 8c4e305d92164760abc6614f9ade468b [CANDIDATE]: Term 1 pre-election: Tablet error from VoteRequest() call to peer 91a51cf3a4e24a4e84424afce25f075e (127.26.141.194:33155): Illegal state: must be running to vote when last-logged opid is not known
I20260713 09:11:16.447250 27517 tablet_bootstrap.cc:492] T 2256e91afa204ce9a35bf56541924f49 P 8c4e305d92164760abc6614f9ade468b: No bootstrap required, opened a new log
I20260713 09:11:16.447710 27517 ts_tablet_manager.cc:1403] T 2256e91afa204ce9a35bf56541924f49 P 8c4e305d92164760abc6614f9ade468b: Time spent bootstrapping tablet: real 0.040s	user 0.018s	sys 0.000s
I20260713 09:11:16.449543 27519 tablet_bootstrap.cc:492] T fb334239656345219af7ccda01e9cd67 P 91a51cf3a4e24a4e84424afce25f075e: No bootstrap required, opened a new log
I20260713 09:11:16.450006 27519 ts_tablet_manager.cc:1403] T fb334239656345219af7ccda01e9cd67 P 91a51cf3a4e24a4e84424afce25f075e: Time spent bootstrapping tablet: real 0.035s	user 0.011s	sys 0.000s
I20260713 09:11:16.450560 27326 tablet_service.cc:1917] Received RequestConsensusVote() RPC: tablet_id: "54f1654874c24ac999c65e4461d04993" candidate_uuid: "8c4e305d92164760abc6614f9ade468b" candidate_term: 1 candidate_status { last_received { term: 0 index: 0 } } ignore_live_leader: false dest_uuid: "ee3eea66824545f78f377776ca8c0099" is_pre_election: true
I20260713 09:11:16.451632 27517 raft_consensus.cc:359] T 2256e91afa204ce9a35bf56541924f49 P 8c4e305d92164760abc6614f9ade468b [term 0 FOLLOWER]: Replica starting. Triggering 0 pending ops. Active config: opid_index: -1 OBSOLETE_local: false peers { permanent_uuid: "ee3eea66824545f78f377776ca8c0099" member_type: VOTER last_known_addr { host: "127.26.141.193" port: 46659 } } peers { permanent_uuid: "91a51cf3a4e24a4e84424afce25f075e" member_type: VOTER last_known_addr { host: "127.26.141.194" port: 33155 } } peers { permanent_uuid: "8c4e305d92164760abc6614f9ade468b" member_type: VOTER last_known_addr { host: "127.26.141.195" port: 40149 } }
I20260713 09:11:16.452358 27517 raft_consensus.cc:385] T 2256e91afa204ce9a35bf56541924f49 P 8c4e305d92164760abc6614f9ade468b [term 0 FOLLOWER]: Consensus starting up: Expiring failure detector timer to make a prompt election more likely
I20260713 09:11:16.452440 27518 tablet_bootstrap.cc:654] T 4f3c6c2ce6de4d5f89c1c805b217a7ee P ee3eea66824545f78f377776ca8c0099: Neither blocks nor log segments found. Creating new log.
W20260713 09:11:16.452397 27440 leader_election.cc:343] T 54f1654874c24ac999c65e4461d04993 P 8c4e305d92164760abc6614f9ade468b [CANDIDATE]: Term 1 pre-election: Tablet error from VoteRequest() call to peer ee3eea66824545f78f377776ca8c0099 (127.26.141.193:46659): Illegal state: must be running to vote when last-logged opid is not known
I20260713 09:11:16.452822 27517 raft_consensus.cc:740] T 2256e91afa204ce9a35bf56541924f49 P 8c4e305d92164760abc6614f9ade468b [term 0 FOLLOWER]: Becoming Follower/Learner. State: Replica: 8c4e305d92164760abc6614f9ade468b, State: Initialized, Role: FOLLOWER
I20260713 09:11:16.452821 27519 raft_consensus.cc:359] T fb334239656345219af7ccda01e9cd67 P 91a51cf3a4e24a4e84424afce25f075e [term 0 FOLLOWER]: Replica starting. Triggering 0 pending ops. Active config: opid_index: -1 OBSOLETE_local: false peers { permanent_uuid: "ee3eea66824545f78f377776ca8c0099" member_type: VOTER last_known_addr { host: "127.26.141.193" port: 46659 } } peers { permanent_uuid: "91a51cf3a4e24a4e84424afce25f075e" member_type: VOTER last_known_addr { host: "127.26.141.194" port: 33155 } } peers { permanent_uuid: "8c4e305d92164760abc6614f9ade468b" member_type: VOTER last_known_addr { host: "127.26.141.195" port: 40149 } }
I20260713 09:11:16.453002 27440 leader_election.cc:304] T 54f1654874c24ac999c65e4461d04993 P 8c4e305d92164760abc6614f9ade468b [CANDIDATE]: Term 1 pre-election: Election decided. Result: candidate lost. Election summary: received 3 responses out of 3 voters: 1 yes votes; 2 no votes. yes voters: 8c4e305d92164760abc6614f9ade468b; no voters: 91a51cf3a4e24a4e84424afce25f075e, ee3eea66824545f78f377776ca8c0099
I20260713 09:11:16.453610 27519 raft_consensus.cc:385] T fb334239656345219af7ccda01e9cd67 P 91a51cf3a4e24a4e84424afce25f075e [term 0 FOLLOWER]: Consensus starting up: Expiring failure detector timer to make a prompt election more likely
I20260713 09:11:16.453936 27519 raft_consensus.cc:740] T fb334239656345219af7ccda01e9cd67 P 91a51cf3a4e24a4e84424afce25f075e [term 0 FOLLOWER]: Becoming Follower/Learner. State: Replica: 91a51cf3a4e24a4e84424afce25f075e, State: Initialized, Role: FOLLOWER
I20260713 09:11:16.453960 27517 consensus_queue.cc:260] T 2256e91afa204ce9a35bf56541924f49 P 8c4e305d92164760abc6614f9ade468b [NON_LEADER]: Queue going to NON_LEADER mode. State: All replicated index: 0, Majority replicated index: 0, Committed index: 0, Last appended: 0.0, Last appended by leader: 0, Current term: 0, Majority size: -1, State: 0, Mode: NON_LEADER, active raft config: opid_index: -1 OBSOLETE_local: false peers { permanent_uuid: "ee3eea66824545f78f377776ca8c0099" member_type: VOTER last_known_addr { host: "127.26.141.193" port: 46659 } } peers { permanent_uuid: "91a51cf3a4e24a4e84424afce25f075e" member_type: VOTER last_known_addr { host: "127.26.141.194" port: 33155 } } peers { permanent_uuid: "8c4e305d92164760abc6614f9ade468b" member_type: VOTER last_known_addr { host: "127.26.141.195" port: 40149 } }
I20260713 09:11:16.454419 27523 raft_consensus.cc:2749] T 54f1654874c24ac999c65e4461d04993 P 8c4e305d92164760abc6614f9ade468b [term 0 FOLLOWER]: Leader pre-election lost for term 1. Reason: could not achieve majority
I20260713 09:11:16.454763 27519 consensus_queue.cc:260] T fb334239656345219af7ccda01e9cd67 P 91a51cf3a4e24a4e84424afce25f075e [NON_LEADER]: Queue going to NON_LEADER mode. State: All replicated index: 0, Majority replicated index: 0, Committed index: 0, Last appended: 0.0, Last appended by leader: 0, Current term: 0, Majority size: -1, State: 0, Mode: NON_LEADER, active raft config: opid_index: -1 OBSOLETE_local: false peers { permanent_uuid: "ee3eea66824545f78f377776ca8c0099" member_type: VOTER last_known_addr { host: "127.26.141.193" port: 46659 } } peers { permanent_uuid: "91a51cf3a4e24a4e84424afce25f075e" member_type: VOTER last_known_addr { host: "127.26.141.194" port: 33155 } } peers { permanent_uuid: "8c4e305d92164760abc6614f9ade468b" member_type: VOTER last_known_addr { host: "127.26.141.195" port: 40149 } }
I20260713 09:11:16.457027 27519 ts_tablet_manager.cc:1434] T fb334239656345219af7ccda01e9cd67 P 91a51cf3a4e24a4e84424afce25f075e: Time spent starting tablet: real 0.007s	user 0.008s	sys 0.000s
I20260713 09:11:16.458022 27519 tablet_bootstrap.cc:492] T 54f1654874c24ac999c65e4461d04993 P 91a51cf3a4e24a4e84424afce25f075e: Bootstrap starting.
I20260713 09:11:16.464162 27519 tablet_bootstrap.cc:654] T 54f1654874c24ac999c65e4461d04993 P 91a51cf3a4e24a4e84424afce25f075e: Neither blocks nor log segments found. Creating new log.
I20260713 09:11:16.471792 27517 ts_tablet_manager.cc:1434] T 2256e91afa204ce9a35bf56541924f49 P 8c4e305d92164760abc6614f9ade468b: Time spent starting tablet: real 0.024s	user 0.006s	sys 0.001s
I20260713 09:11:16.481649 27517 tablet_bootstrap.cc:492] T aebb096045c64aad888690065f548dbb P 8c4e305d92164760abc6614f9ade468b: Bootstrap starting.
I20260713 09:11:16.486943 27525 raft_consensus.cc:493] T aebb096045c64aad888690065f548dbb P ee3eea66824545f78f377776ca8c0099 [term 0 FOLLOWER]: Starting pre-election (no leader contacted us within the election timeout)
I20260713 09:11:16.487454 27525 raft_consensus.cc:515] T aebb096045c64aad888690065f548dbb P ee3eea66824545f78f377776ca8c0099 [term 0 FOLLOWER]: Starting pre-election with config: opid_index: -1 OBSOLETE_local: false peers { permanent_uuid: "ee3eea66824545f78f377776ca8c0099" member_type: VOTER last_known_addr { host: "127.26.141.193" port: 46659 } } peers { permanent_uuid: "91a51cf3a4e24a4e84424afce25f075e" member_type: VOTER last_known_addr { host: "127.26.141.194" port: 33155 } } peers { permanent_uuid: "8c4e305d92164760abc6614f9ade468b" member_type: VOTER last_known_addr { host: "127.26.141.195" port: 40149 } }
I20260713 09:11:16.490006 27525 leader_election.cc:290] T aebb096045c64aad888690065f548dbb P ee3eea66824545f78f377776ca8c0099 [CANDIDATE]: Term 1 pre-election: Requested pre-vote from peers 91a51cf3a4e24a4e84424afce25f075e (127.26.141.194:33155), 8c4e305d92164760abc6614f9ade468b (127.26.141.195:40149)
I20260713 09:11:16.493531 27525 raft_consensus.cc:493] T 2475c3d15776491bbc286702e9e2286f P ee3eea66824545f78f377776ca8c0099 [term 0 FOLLOWER]: Starting pre-election (no leader contacted us within the election timeout)
I20260713 09:11:16.494148 27525 raft_consensus.cc:515] T 2475c3d15776491bbc286702e9e2286f P ee3eea66824545f78f377776ca8c0099 [term 0 FOLLOWER]: Starting pre-election with config: opid_index: -1 OBSOLETE_local: false peers { permanent_uuid: "ee3eea66824545f78f377776ca8c0099" member_type: VOTER last_known_addr { host: "127.26.141.193" port: 46659 } } peers { permanent_uuid: "91a51cf3a4e24a4e84424afce25f075e" member_type: VOTER last_known_addr { host: "127.26.141.194" port: 33155 } } peers { permanent_uuid: "8c4e305d92164760abc6614f9ade468b" member_type: VOTER last_known_addr { host: "127.26.141.195" port: 40149 } }
I20260713 09:11:16.496135 27525 leader_election.cc:290] T 2475c3d15776491bbc286702e9e2286f P ee3eea66824545f78f377776ca8c0099 [CANDIDATE]: Term 1 pre-election: Requested pre-vote from peers 91a51cf3a4e24a4e84424afce25f075e (127.26.141.194:33155), 8c4e305d92164760abc6614f9ade468b (127.26.141.195:40149)
I20260713 09:11:16.501473 27518 tablet_bootstrap.cc:492] T 4f3c6c2ce6de4d5f89c1c805b217a7ee P ee3eea66824545f78f377776ca8c0099: No bootstrap required, opened a new log
I20260713 09:11:16.502065 27518 ts_tablet_manager.cc:1403] T 4f3c6c2ce6de4d5f89c1c805b217a7ee P ee3eea66824545f78f377776ca8c0099: Time spent bootstrapping tablet: real 0.063s	user 0.031s	sys 0.009s
I20260713 09:11:16.502898 27519 tablet_bootstrap.cc:492] T 54f1654874c24ac999c65e4461d04993 P 91a51cf3a4e24a4e84424afce25f075e: No bootstrap required, opened a new log
I20260713 09:11:16.503350 27519 ts_tablet_manager.cc:1403] T 54f1654874c24ac999c65e4461d04993 P 91a51cf3a4e24a4e84424afce25f075e: Time spent bootstrapping tablet: real 0.046s	user 0.025s	sys 0.018s
I20260713 09:11:16.503484 27517 tablet_bootstrap.cc:654] T aebb096045c64aad888690065f548dbb P 8c4e305d92164760abc6614f9ade468b: Neither blocks nor log segments found. Creating new log.
I20260713 09:11:16.505025 27518 raft_consensus.cc:359] T 4f3c6c2ce6de4d5f89c1c805b217a7ee P ee3eea66824545f78f377776ca8c0099 [term 0 FOLLOWER]: Replica starting. Triggering 0 pending ops. Active config: opid_index: -1 OBSOLETE_local: false peers { permanent_uuid: "ee3eea66824545f78f377776ca8c0099" member_type: VOTER last_known_addr { host: "127.26.141.193" port: 46659 } } peers { permanent_uuid: "91a51cf3a4e24a4e84424afce25f075e" member_type: VOTER last_known_addr { host: "127.26.141.194" port: 33155 } } peers { permanent_uuid: "8c4e305d92164760abc6614f9ade468b" member_type: VOTER last_known_addr { host: "127.26.141.195" port: 40149 } }
I20260713 09:11:16.505803 27518 raft_consensus.cc:385] T 4f3c6c2ce6de4d5f89c1c805b217a7ee P ee3eea66824545f78f377776ca8c0099 [term 0 FOLLOWER]: Consensus starting up: Expiring failure detector timer to make a prompt election more likely
I20260713 09:11:16.506105 27518 raft_consensus.cc:740] T 4f3c6c2ce6de4d5f89c1c805b217a7ee P ee3eea66824545f78f377776ca8c0099 [term 0 FOLLOWER]: Becoming Follower/Learner. State: Replica: ee3eea66824545f78f377776ca8c0099, State: Initialized, Role: FOLLOWER
I20260713 09:11:16.506408 27519 raft_consensus.cc:359] T 54f1654874c24ac999c65e4461d04993 P 91a51cf3a4e24a4e84424afce25f075e [term 0 FOLLOWER]: Replica starting. Triggering 0 pending ops. Active config: opid_index: -1 OBSOLETE_local: false peers { permanent_uuid: "8c4e305d92164760abc6614f9ade468b" member_type: VOTER last_known_addr { host: "127.26.141.195" port: 40149 } } peers { permanent_uuid: "91a51cf3a4e24a4e84424afce25f075e" member_type: VOTER last_known_addr { host: "127.26.141.194" port: 33155 } } peers { permanent_uuid: "ee3eea66824545f78f377776ca8c0099" member_type: VOTER last_known_addr { host: "127.26.141.193" port: 46659 } }
I20260713 09:11:16.506855 27518 consensus_queue.cc:260] T 4f3c6c2ce6de4d5f89c1c805b217a7ee P ee3eea66824545f78f377776ca8c0099 [NON_LEADER]: Queue going to NON_LEADER mode. State: All replicated index: 0, Majority replicated index: 0, Committed index: 0, Last appended: 0.0, Last appended by leader: 0, Current term: 0, Majority size: -1, State: 0, Mode: NON_LEADER, active raft config: opid_index: -1 OBSOLETE_local: false peers { permanent_uuid: "ee3eea66824545f78f377776ca8c0099" member_type: VOTER last_known_addr { host: "127.26.141.193" port: 46659 } } peers { permanent_uuid: "91a51cf3a4e24a4e84424afce25f075e" member_type: VOTER last_known_addr { host: "127.26.141.194" port: 33155 } } peers { permanent_uuid: "8c4e305d92164760abc6614f9ade468b" member_type: VOTER last_known_addr { host: "127.26.141.195" port: 40149 } }
I20260713 09:11:16.507259 27519 raft_consensus.cc:385] T 54f1654874c24ac999c65e4461d04993 P 91a51cf3a4e24a4e84424afce25f075e [term 0 FOLLOWER]: Consensus starting up: Expiring failure detector timer to make a prompt election more likely
I20260713 09:11:16.507732 27519 raft_consensus.cc:740] T 54f1654874c24ac999c65e4461d04993 P 91a51cf3a4e24a4e84424afce25f075e [term 0 FOLLOWER]: Becoming Follower/Learner. State: Replica: 91a51cf3a4e24a4e84424afce25f075e, State: Initialized, Role: FOLLOWER
I20260713 09:11:16.508626 27519 consensus_queue.cc:260] T 54f1654874c24ac999c65e4461d04993 P 91a51cf3a4e24a4e84424afce25f075e [NON_LEADER]: Queue going to NON_LEADER mode. State: All replicated index: 0, Majority replicated index: 0, Committed index: 0, Last appended: 0.0, Last appended by leader: 0, Current term: 0, Majority size: -1, State: 0, Mode: NON_LEADER, active raft config: opid_index: -1 OBSOLETE_local: false peers { permanent_uuid: "8c4e305d92164760abc6614f9ade468b" member_type: VOTER last_known_addr { host: "127.26.141.195" port: 40149 } } peers { permanent_uuid: "91a51cf3a4e24a4e84424afce25f075e" member_type: VOTER last_known_addr { host: "127.26.141.194" port: 33155 } } peers { permanent_uuid: "ee3eea66824545f78f377776ca8c0099" member_type: VOTER last_known_addr { host: "127.26.141.193" port: 46659 } }
I20260713 09:11:16.509402 27518 ts_tablet_manager.cc:1434] T 4f3c6c2ce6de4d5f89c1c805b217a7ee P ee3eea66824545f78f377776ca8c0099: Time spent starting tablet: real 0.007s	user 0.008s	sys 0.000s
I20260713 09:11:16.510345 27518 tablet_bootstrap.cc:492] T 4e201f6e4da64a1da78a2da1549424ea P ee3eea66824545f78f377776ca8c0099: Bootstrap starting.
I20260713 09:11:16.511037 27519 ts_tablet_manager.cc:1434] T 54f1654874c24ac999c65e4461d04993 P 91a51cf3a4e24a4e84424afce25f075e: Time spent starting tablet: real 0.007s	user 0.008s	sys 0.000s
I20260713 09:11:16.512022 27519 tablet_bootstrap.cc:492] T 65b178e88490427b9b93f9d302978493 P 91a51cf3a4e24a4e84424afce25f075e: Bootstrap starting.
I20260713 09:11:16.516234 27523 raft_consensus.cc:493] T dd32719e335e466f9785bc1776dd4ac8 P 8c4e305d92164760abc6614f9ade468b [term 0 FOLLOWER]: Starting pre-election (no leader contacted us within the election timeout)
I20260713 09:11:16.516840 27523 raft_consensus.cc:515] T dd32719e335e466f9785bc1776dd4ac8 P 8c4e305d92164760abc6614f9ade468b [term 0 FOLLOWER]: Starting pre-election with config: opid_index: -1 OBSOLETE_local: false peers { permanent_uuid: "ee3eea66824545f78f377776ca8c0099" member_type: VOTER last_known_addr { host: "127.26.141.193" port: 46659 } } peers { permanent_uuid: "91a51cf3a4e24a4e84424afce25f075e" member_type: VOTER last_known_addr { host: "127.26.141.194" port: 33155 } } peers { permanent_uuid: "8c4e305d92164760abc6614f9ade468b" member_type: VOTER last_known_addr { host: "127.26.141.195" port: 40149 } }
I20260713 09:11:16.518231 27518 tablet_bootstrap.cc:654] T 4e201f6e4da64a1da78a2da1549424ea P ee3eea66824545f78f377776ca8c0099: Neither blocks nor log segments found. Creating new log.
I20260713 09:11:16.518396 27519 tablet_bootstrap.cc:654] T 65b178e88490427b9b93f9d302978493 P 91a51cf3a4e24a4e84424afce25f075e: Neither blocks nor log segments found. Creating new log.
I20260713 09:11:16.518862 27523 leader_election.cc:290] T dd32719e335e466f9785bc1776dd4ac8 P 8c4e305d92164760abc6614f9ade468b [CANDIDATE]: Term 1 pre-election: Requested pre-vote from peers ee3eea66824545f78f377776ca8c0099 (127.26.141.193:46659), 91a51cf3a4e24a4e84424afce25f075e (127.26.141.194:33155)
I20260713 09:11:16.519784 27326 tablet_service.cc:1917] Received RequestConsensusVote() RPC: tablet_id: "dd32719e335e466f9785bc1776dd4ac8" candidate_uuid: "8c4e305d92164760abc6614f9ade468b" candidate_term: 1 candidate_status { last_received { term: 0 index: 0 } } ignore_live_leader: false dest_uuid: "ee3eea66824545f78f377776ca8c0099" is_pre_election: true
I20260713 09:11:16.520507 27326 raft_consensus.cc:2468] T dd32719e335e466f9785bc1776dd4ac8 P ee3eea66824545f78f377776ca8c0099 [term 0 FOLLOWER]: Leader pre-election vote request: Granting yes vote for candidate 8c4e305d92164760abc6614f9ade468b in term 0.
I20260713 09:11:16.520505 27401 tablet_service.cc:1917] Received RequestConsensusVote() RPC: tablet_id: "dd32719e335e466f9785bc1776dd4ac8" candidate_uuid: "8c4e305d92164760abc6614f9ade468b" candidate_term: 1 candidate_status { last_received { term: 0 index: 0 } } ignore_live_leader: false dest_uuid: "91a51cf3a4e24a4e84424afce25f075e" is_pre_election: true
W20260713 09:11:16.523453 27439 leader_election.cc:343] T dd32719e335e466f9785bc1776dd4ac8 P 8c4e305d92164760abc6614f9ade468b [CANDIDATE]: Term 1 pre-election: Tablet error from VoteRequest() call to peer 91a51cf3a4e24a4e84424afce25f075e (127.26.141.194:33155): Illegal state: must be running to vote when last-logged opid is not known
I20260713 09:11:16.524358 27440 leader_election.cc:304] T dd32719e335e466f9785bc1776dd4ac8 P 8c4e305d92164760abc6614f9ade468b [CANDIDATE]: Term 1 pre-election: Election decided. Result: candidate won. Election summary: received 3 responses out of 3 voters: 2 yes votes; 1 no votes. yes voters: 8c4e305d92164760abc6614f9ade468b, ee3eea66824545f78f377776ca8c0099; no voters: 91a51cf3a4e24a4e84424afce25f075e
I20260713 09:11:16.525764 27523 raft_consensus.cc:2804] T dd32719e335e466f9785bc1776dd4ac8 P 8c4e305d92164760abc6614f9ade468b [term 0 FOLLOWER]: Leader pre-election won for term 1
I20260713 09:11:16.526203 27523 raft_consensus.cc:493] T dd32719e335e466f9785bc1776dd4ac8 P 8c4e305d92164760abc6614f9ade468b [term 0 FOLLOWER]: Starting leader election (no leader contacted us within the election timeout)
I20260713 09:11:16.526623 27523 raft_consensus.cc:3060] T dd32719e335e466f9785bc1776dd4ac8 P 8c4e305d92164760abc6614f9ade468b [term 0 FOLLOWER]: Advancing to term 1
I20260713 09:11:16.530033 27518 tablet_bootstrap.cc:492] T 4e201f6e4da64a1da78a2da1549424ea P ee3eea66824545f78f377776ca8c0099: No bootstrap required, opened a new log
I20260713 09:11:16.530465 27518 ts_tablet_manager.cc:1403] T 4e201f6e4da64a1da78a2da1549424ea P ee3eea66824545f78f377776ca8c0099: Time spent bootstrapping tablet: real 0.020s	user 0.012s	sys 0.004s
I20260713 09:11:16.530580 27519 tablet_bootstrap.cc:492] T 65b178e88490427b9b93f9d302978493 P 91a51cf3a4e24a4e84424afce25f075e: No bootstrap required, opened a new log
I20260713 09:11:16.531016 27519 ts_tablet_manager.cc:1403] T 65b178e88490427b9b93f9d302978493 P 91a51cf3a4e24a4e84424afce25f075e: Time spent bootstrapping tablet: real 0.019s	user 0.008s	sys 0.008s
I20260713 09:11:16.533339 27518 raft_consensus.cc:359] T 4e201f6e4da64a1da78a2da1549424ea P ee3eea66824545f78f377776ca8c0099 [term 0 FOLLOWER]: Replica starting. Triggering 0 pending ops. Active config: opid_index: -1 OBSOLETE_local: false peers { permanent_uuid: "ee3eea66824545f78f377776ca8c0099" member_type: VOTER last_known_addr { host: "127.26.141.193" port: 46659 } } peers { permanent_uuid: "91a51cf3a4e24a4e84424afce25f075e" member_type: VOTER last_known_addr { host: "127.26.141.194" port: 33155 } } peers { permanent_uuid: "8c4e305d92164760abc6614f9ade468b" member_type: VOTER last_known_addr { host: "127.26.141.195" port: 40149 } }
I20260713 09:11:16.534063 27518 raft_consensus.cc:385] T 4e201f6e4da64a1da78a2da1549424ea P ee3eea66824545f78f377776ca8c0099 [term 0 FOLLOWER]: Consensus starting up: Expiring failure detector timer to make a prompt election more likely
I20260713 09:11:16.534355 27518 raft_consensus.cc:740] T 4e201f6e4da64a1da78a2da1549424ea P ee3eea66824545f78f377776ca8c0099 [term 0 FOLLOWER]: Becoming Follower/Learner. State: Replica: ee3eea66824545f78f377776ca8c0099, State: Initialized, Role: FOLLOWER
I20260713 09:11:16.533632 27523 raft_consensus.cc:515] T dd32719e335e466f9785bc1776dd4ac8 P 8c4e305d92164760abc6614f9ade468b [term 1 FOLLOWER]: Starting leader election with config: opid_index: -1 OBSOLETE_local: false peers { permanent_uuid: "ee3eea66824545f78f377776ca8c0099" member_type: VOTER last_known_addr { host: "127.26.141.193" port: 46659 } } peers { permanent_uuid: "91a51cf3a4e24a4e84424afce25f075e" member_type: VOTER last_known_addr { host: "127.26.141.194" port: 33155 } } peers { permanent_uuid: "8c4e305d92164760abc6614f9ade468b" member_type: VOTER last_known_addr { host: "127.26.141.195" port: 40149 } }
I20260713 09:11:16.536724 27519 raft_consensus.cc:359] T 65b178e88490427b9b93f9d302978493 P 91a51cf3a4e24a4e84424afce25f075e [term 0 FOLLOWER]: Replica starting. Triggering 0 pending ops. Active config: opid_index: -1 OBSOLETE_local: false peers { permanent_uuid: "ee3eea66824545f78f377776ca8c0099" member_type: VOTER last_known_addr { host: "127.26.141.193" port: 46659 } } peers { permanent_uuid: "91a51cf3a4e24a4e84424afce25f075e" member_type: VOTER last_known_addr { host: "127.26.141.194" port: 33155 } } peers { permanent_uuid: "8c4e305d92164760abc6614f9ade468b" member_type: VOTER last_known_addr { host: "127.26.141.195" port: 40149 } }
I20260713 09:11:16.535024 27518 consensus_queue.cc:260] T 4e201f6e4da64a1da78a2da1549424ea P ee3eea66824545f78f377776ca8c0099 [NON_LEADER]: Queue going to NON_LEADER mode. State: All replicated index: 0, Majority replicated index: 0, Committed index: 0, Last appended: 0.0, Last appended by leader: 0, Current term: 0, Majority size: -1, State: 0, Mode: NON_LEADER, active raft config: opid_index: -1 OBSOLETE_local: false peers { permanent_uuid: "ee3eea66824545f78f377776ca8c0099" member_type: VOTER last_known_addr { host: "127.26.141.193" port: 46659 } } peers { permanent_uuid: "91a51cf3a4e24a4e84424afce25f075e" member_type: VOTER last_known_addr { host: "127.26.141.194" port: 33155 } } peers { permanent_uuid: "8c4e305d92164760abc6614f9ade468b" member_type: VOTER last_known_addr { host: "127.26.141.195" port: 40149 } }
I20260713 09:11:16.537456 27519 raft_consensus.cc:385] T 65b178e88490427b9b93f9d302978493 P 91a51cf3a4e24a4e84424afce25f075e [term 0 FOLLOWER]: Consensus starting up: Expiring failure detector timer to make a prompt election more likely
I20260713 09:11:16.537809 27519 raft_consensus.cc:740] T 65b178e88490427b9b93f9d302978493 P 91a51cf3a4e24a4e84424afce25f075e [term 0 FOLLOWER]: Becoming Follower/Learner. State: Replica: 91a51cf3a4e24a4e84424afce25f075e, State: Initialized, Role: FOLLOWER
I20260713 09:11:16.538558 27401 tablet_service.cc:1917] Received RequestConsensusVote() RPC: tablet_id: "dd32719e335e466f9785bc1776dd4ac8" candidate_uuid: "8c4e305d92164760abc6614f9ade468b" candidate_term: 1 candidate_status { last_received { term: 0 index: 0 } } ignore_live_leader: false dest_uuid: "91a51cf3a4e24a4e84424afce25f075e"
I20260713 09:11:16.538522 27519 consensus_queue.cc:260] T 65b178e88490427b9b93f9d302978493 P 91a51cf3a4e24a4e84424afce25f075e [NON_LEADER]: Queue going to NON_LEADER mode. State: All replicated index: 0, Majority replicated index: 0, Committed index: 0, Last appended: 0.0, Last appended by leader: 0, Current term: 0, Majority size: -1, State: 0, Mode: NON_LEADER, active raft config: opid_index: -1 OBSOLETE_local: false peers { permanent_uuid: "ee3eea66824545f78f377776ca8c0099" member_type: VOTER last_known_addr { host: "127.26.141.193" port: 46659 } } peers { permanent_uuid: "91a51cf3a4e24a4e84424afce25f075e" member_type: VOTER last_known_addr { host: "127.26.141.194" port: 33155 } } peers { permanent_uuid: "8c4e305d92164760abc6614f9ade468b" member_type: VOTER last_known_addr { host: "127.26.141.195" port: 40149 } }
I20260713 09:11:16.537425 27523 leader_election.cc:290] T dd32719e335e466f9785bc1776dd4ac8 P 8c4e305d92164760abc6614f9ade468b [CANDIDATE]: Term 1 election: Requested vote from peers ee3eea66824545f78f377776ca8c0099 (127.26.141.193:46659), 91a51cf3a4e24a4e84424afce25f075e (127.26.141.194:33155)
I20260713 09:11:16.539372 27518 ts_tablet_manager.cc:1434] T 4e201f6e4da64a1da78a2da1549424ea P ee3eea66824545f78f377776ca8c0099: Time spent starting tablet: real 0.009s	user 0.008s	sys 0.000s
W20260713 09:11:16.540057 27439 leader_election.cc:343] T dd32719e335e466f9785bc1776dd4ac8 P 8c4e305d92164760abc6614f9ade468b [CANDIDATE]: Term 1 election: Tablet error from VoteRequest() call to peer 91a51cf3a4e24a4e84424afce25f075e (127.26.141.194:33155): Illegal state: must be running to vote when last-logged opid is not known
I20260713 09:11:16.540729 27518 tablet_bootstrap.cc:492] T 2256e91afa204ce9a35bf56541924f49 P ee3eea66824545f78f377776ca8c0099: Bootstrap starting.
I20260713 09:11:16.541016 27519 ts_tablet_manager.cc:1434] T 65b178e88490427b9b93f9d302978493 P 91a51cf3a4e24a4e84424afce25f075e: Time spent starting tablet: real 0.010s	user 0.007s	sys 0.001s
I20260713 09:11:16.540891 27326 tablet_service.cc:1917] Received RequestConsensusVote() RPC: tablet_id: "dd32719e335e466f9785bc1776dd4ac8" candidate_uuid: "8c4e305d92164760abc6614f9ade468b" candidate_term: 1 candidate_status { last_received { term: 0 index: 0 } } ignore_live_leader: false dest_uuid: "ee3eea66824545f78f377776ca8c0099"
I20260713 09:11:16.541466 27326 raft_consensus.cc:3060] T dd32719e335e466f9785bc1776dd4ac8 P ee3eea66824545f78f377776ca8c0099 [term 0 FOLLOWER]: Advancing to term 1
I20260713 09:11:16.542052 27519 tablet_bootstrap.cc:492] T dd32719e335e466f9785bc1776dd4ac8 P 91a51cf3a4e24a4e84424afce25f075e: Bootstrap starting.
I20260713 09:11:16.547515 27518 tablet_bootstrap.cc:654] T 2256e91afa204ce9a35bf56541924f49 P ee3eea66824545f78f377776ca8c0099: Neither blocks nor log segments found. Creating new log.
I20260713 09:11:16.548985 27519 tablet_bootstrap.cc:654] T dd32719e335e466f9785bc1776dd4ac8 P 91a51cf3a4e24a4e84424afce25f075e: Neither blocks nor log segments found. Creating new log.
I20260713 09:11:16.563078 27518 tablet_bootstrap.cc:492] T 2256e91afa204ce9a35bf56541924f49 P ee3eea66824545f78f377776ca8c0099: No bootstrap required, opened a new log
I20260713 09:11:16.563530 27518 ts_tablet_manager.cc:1403] T 2256e91afa204ce9a35bf56541924f49 P ee3eea66824545f78f377776ca8c0099: Time spent bootstrapping tablet: real 0.023s	user 0.013s	sys 0.007s
I20260713 09:11:16.565505 27326 raft_consensus.cc:2468] T dd32719e335e466f9785bc1776dd4ac8 P ee3eea66824545f78f377776ca8c0099 [term 1 FOLLOWER]: Leader election vote request: Granting yes vote for candidate 8c4e305d92164760abc6614f9ade468b in term 1.
I20260713 09:11:16.566094 27518 raft_consensus.cc:359] T 2256e91afa204ce9a35bf56541924f49 P ee3eea66824545f78f377776ca8c0099 [term 0 FOLLOWER]: Replica starting. Triggering 0 pending ops. Active config: opid_index: -1 OBSOLETE_local: false peers { permanent_uuid: "ee3eea66824545f78f377776ca8c0099" member_type: VOTER last_known_addr { host: "127.26.141.193" port: 46659 } } peers { permanent_uuid: "91a51cf3a4e24a4e84424afce25f075e" member_type: VOTER last_known_addr { host: "127.26.141.194" port: 33155 } } peers { permanent_uuid: "8c4e305d92164760abc6614f9ade468b" member_type: VOTER last_known_addr { host: "127.26.141.195" port: 40149 } }
I20260713 09:11:16.566758 27518 raft_consensus.cc:385] T 2256e91afa204ce9a35bf56541924f49 P ee3eea66824545f78f377776ca8c0099 [term 0 FOLLOWER]: Consensus starting up: Expiring failure detector timer to make a prompt election more likely
I20260713 09:11:16.567041 27518 raft_consensus.cc:740] T 2256e91afa204ce9a35bf56541924f49 P ee3eea66824545f78f377776ca8c0099 [term 0 FOLLOWER]: Becoming Follower/Learner. State: Replica: ee3eea66824545f78f377776ca8c0099, State: Initialized, Role: FOLLOWER
I20260713 09:11:16.567857 27440 leader_election.cc:304] T dd32719e335e466f9785bc1776dd4ac8 P 8c4e305d92164760abc6614f9ade468b [CANDIDATE]: Term 1 election: Election decided. Result: candidate won. Election summary: received 3 responses out of 3 voters: 2 yes votes; 1 no votes. yes voters: 8c4e305d92164760abc6614f9ade468b, ee3eea66824545f78f377776ca8c0099; no voters: 91a51cf3a4e24a4e84424afce25f075e
I20260713 09:11:16.567672 27518 consensus_queue.cc:260] T 2256e91afa204ce9a35bf56541924f49 P ee3eea66824545f78f377776ca8c0099 [NON_LEADER]: Queue going to NON_LEADER mode. State: All replicated index: 0, Majority replicated index: 0, Committed index: 0, Last appended: 0.0, Last appended by leader: 0, Current term: 0, Majority size: -1, State: 0, Mode: NON_LEADER, active raft config: opid_index: -1 OBSOLETE_local: false peers { permanent_uuid: "ee3eea66824545f78f377776ca8c0099" member_type: VOTER last_known_addr { host: "127.26.141.193" port: 46659 } } peers { permanent_uuid: "91a51cf3a4e24a4e84424afce25f075e" member_type: VOTER last_known_addr { host: "127.26.141.194" port: 33155 } } peers { permanent_uuid: "8c4e305d92164760abc6614f9ade468b" member_type: VOTER last_known_addr { host: "127.26.141.195" port: 40149 } }
I20260713 09:11:16.568638 27523 raft_consensus.cc:2804] T dd32719e335e466f9785bc1776dd4ac8 P 8c4e305d92164760abc6614f9ade468b [term 1 FOLLOWER]: Leader election won for term 1
I20260713 09:11:16.572855 27519 tablet_bootstrap.cc:492] T dd32719e335e466f9785bc1776dd4ac8 P 91a51cf3a4e24a4e84424afce25f075e: No bootstrap required, opened a new log
I20260713 09:11:16.573308 27519 ts_tablet_manager.cc:1403] T dd32719e335e466f9785bc1776dd4ac8 P 91a51cf3a4e24a4e84424afce25f075e: Time spent bootstrapping tablet: real 0.031s	user 0.011s	sys 0.013s
I20260713 09:11:16.576292 27519 raft_consensus.cc:359] T dd32719e335e466f9785bc1776dd4ac8 P 91a51cf3a4e24a4e84424afce25f075e [term 0 FOLLOWER]: Replica starting. Triggering 0 pending ops. Active config: opid_index: -1 OBSOLETE_local: false peers { permanent_uuid: "ee3eea66824545f78f377776ca8c0099" member_type: VOTER last_known_addr { host: "127.26.141.193" port: 46659 } } peers { permanent_uuid: "91a51cf3a4e24a4e84424afce25f075e" member_type: VOTER last_known_addr { host: "127.26.141.194" port: 33155 } } peers { permanent_uuid: "8c4e305d92164760abc6614f9ade468b" member_type: VOTER last_known_addr { host: "127.26.141.195" port: 40149 } }
I20260713 09:11:16.576989 27519 raft_consensus.cc:385] T dd32719e335e466f9785bc1776dd4ac8 P 91a51cf3a4e24a4e84424afce25f075e [term 0 FOLLOWER]: Consensus starting up: Expiring failure detector timer to make a prompt election more likely
