I20260713 09:11:30.194226 28015 raft_consensus.cc:993] T 26892baaa8fd455f86ef7e0b9db928db P 4a7231aa5958459da081cb0655403a03: : Instructing follower 62181c7d65a64e2b8adf711bdfb7ee38 to start an election
I20260713 09:11:30.194620 28051 raft_consensus.cc:1081] T 26892baaa8fd455f86ef7e0b9db928db P 4a7231aa5958459da081cb0655403a03 [term 2 LEADER]: Signalling peer 62181c7d65a64e2b8adf711bdfb7ee38 to start an election
I20260713 09:11:30.194249 28053 raft_consensus.cc:1081] T 4065137140dc4337aeb3276d455b5fe5 P 4a7231aa5958459da081cb0655403a03 [term 1 LEADER]: Signalling peer 62181c7d65a64e2b8adf711bdfb7ee38 to start an election
I20260713 09:11:30.194777 28026 consensus_queue.cc:1048] T 71decfc827b64841ab0032b204875fbd P 805c93a2aab94fe185f8a4ecc702e89e [LEADER]: Connected to new peer: Peer: permanent_uuid: "4a7231aa5958459da081cb0655403a03" member_type: VOTER last_known_addr { host: "127.26.141.194" port: 34767 }, Status: LMP_MISMATCH, Last received: 0.0, Next index: 1, Last known committed idx: 0, Time since last communication: 0.000s
I20260713 09:11:30.196502 27817 tablet_service.cc:2044] Received Run Leader Election RPC: tablet_id: "26892baaa8fd455f86ef7e0b9db928db"
dest_uuid: "62181c7d65a64e2b8adf711bdfb7ee38"
 from {username='slave'} at 127.0.0.1:37280
I20260713 09:11:30.197093 27817 raft_consensus.cc:493] T 26892baaa8fd455f86ef7e0b9db928db P 62181c7d65a64e2b8adf711bdfb7ee38 [term 2 FOLLOWER]: Starting forced leader election (received explicit request)
I20260713 09:11:30.197230 27819 tablet_service.cc:2044] Received Run Leader Election RPC: tablet_id: "4065137140dc4337aeb3276d455b5fe5"
dest_uuid: "62181c7d65a64e2b8adf711bdfb7ee38"
 from {username='slave'} at 127.0.0.1:37280
I20260713 09:11:30.197510 27817 raft_consensus.cc:3060] T 26892baaa8fd455f86ef7e0b9db928db P 62181c7d65a64e2b8adf711bdfb7ee38 [term 2 FOLLOWER]: Advancing to term 3
I20260713 09:11:30.197918 27819 raft_consensus.cc:493] T 4065137140dc4337aeb3276d455b5fe5 P 62181c7d65a64e2b8adf711bdfb7ee38 [term 1 FOLLOWER]: Starting forced leader election (received explicit request)
I20260713 09:11:30.197206 27716 catalog_manager.cc:5697] T f9f2e958ddd74de7992367cde8e8a0bf P 62181c7d65a64e2b8adf711bdfb7ee38 reported cstate change: term changed from 1 to 2, leader changed from 4a7231aa5958459da081cb0655403a03 (127.26.141.194) to 62181c7d65a64e2b8adf711bdfb7ee38 (127.26.141.193). New cstate: current_term: 2 leader_uuid: "62181c7d65a64e2b8adf711bdfb7ee38" committed_config { opid_index: -1 OBSOLETE_local: false peers { permanent_uuid: "62181c7d65a64e2b8adf711bdfb7ee38" member_type: VOTER last_known_addr { host: "127.26.141.193" port: 40933 } health_report { overall_health: HEALTHY } } peers { permanent_uuid: "4a7231aa5958459da081cb0655403a03" member_type: VOTER last_known_addr { host: "127.26.141.194" port: 34767 } health_report { overall_health: UNKNOWN } } peers { permanent_uuid: "805c93a2aab94fe185f8a4ecc702e89e" member_type: VOTER last_known_addr { host: "127.26.141.195" port: 34585 } health_report { overall_health: UNKNOWN } } }
I20260713 09:11:30.198323 27819 raft_consensus.cc:3060] T 4065137140dc4337aeb3276d455b5fe5 P 62181c7d65a64e2b8adf711bdfb7ee38 [term 1 FOLLOWER]: Advancing to term 2
I20260713 09:11:30.204748 27817 raft_consensus.cc:515] T 26892baaa8fd455f86ef7e0b9db928db P 62181c7d65a64e2b8adf711bdfb7ee38 [term 3 FOLLOWER]: Starting forced leader election with config: opid_index: -1 OBSOLETE_local: false peers { permanent_uuid: "62181c7d65a64e2b8adf711bdfb7ee38" member_type: VOTER last_known_addr { host: "127.26.141.193" port: 40933 } } peers { permanent_uuid: "4a7231aa5958459da081cb0655403a03" member_type: VOTER last_known_addr { host: "127.26.141.194" port: 34767 } } peers { permanent_uuid: "805c93a2aab94fe185f8a4ecc702e89e" member_type: VOTER last_known_addr { host: "127.26.141.195" port: 34585 } }
I20260713 09:11:30.204993 27819 raft_consensus.cc:515] T 4065137140dc4337aeb3276d455b5fe5 P 62181c7d65a64e2b8adf711bdfb7ee38 [term 2 FOLLOWER]: Starting forced leader election with config: opid_index: -1 OBSOLETE_local: false peers { permanent_uuid: "62181c7d65a64e2b8adf711bdfb7ee38" member_type: VOTER last_known_addr { host: "127.26.141.193" port: 40933 } } peers { permanent_uuid: "4a7231aa5958459da081cb0655403a03" member_type: VOTER last_known_addr { host: "127.26.141.194" port: 34767 } } peers { permanent_uuid: "805c93a2aab94fe185f8a4ecc702e89e" member_type: VOTER last_known_addr { host: "127.26.141.195" port: 34585 } }
I20260713 09:11:30.207082 27819 leader_election.cc:290] T 4065137140dc4337aeb3276d455b5fe5 P 62181c7d65a64e2b8adf711bdfb7ee38 [CANDIDATE]: Term 2 election: Requested vote from peers 4a7231aa5958459da081cb0655403a03 (127.26.141.194:34767), 805c93a2aab94fe185f8a4ecc702e89e (127.26.141.195:34585)
I20260713 09:11:30.207417 27893 tablet_service.cc:1917] Received RequestConsensusVote() RPC: tablet_id: "26892baaa8fd455f86ef7e0b9db928db" candidate_uuid: "62181c7d65a64e2b8adf711bdfb7ee38" candidate_term: 3 candidate_status { last_received { term: 2 index: 2 } } ignore_live_leader: true dest_uuid: "4a7231aa5958459da081cb0655403a03"
I20260713 09:11:30.208019 27893 raft_consensus.cc:3055] T 26892baaa8fd455f86ef7e0b9db928db P 4a7231aa5958459da081cb0655403a03 [term 2 LEADER]: Stepping down as leader of term 2
I20260713 09:11:30.208339 27893 raft_consensus.cc:740] T 26892baaa8fd455f86ef7e0b9db928db P 4a7231aa5958459da081cb0655403a03 [term 2 LEADER]: Becoming Follower/Learner. State: Replica: 4a7231aa5958459da081cb0655403a03, State: Running, Role: LEADER
I20260713 09:11:30.208609 27817 leader_election.cc:290] T 26892baaa8fd455f86ef7e0b9db928db P 62181c7d65a64e2b8adf711bdfb7ee38 [CANDIDATE]: Term 3 election: Requested vote from peers 4a7231aa5958459da081cb0655403a03 (127.26.141.194:34767), 805c93a2aab94fe185f8a4ecc702e89e (127.26.141.195:34585)
I20260713 09:11:30.209121 27893 consensus_queue.cc:260] T 26892baaa8fd455f86ef7e0b9db928db P 4a7231aa5958459da081cb0655403a03 [NON_LEADER]: Queue going to NON_LEADER mode. State: All replicated index: 0, Majority replicated index: 2, Committed index: 2, Last appended: 2.2, Last appended by leader: 2, Current term: 2, Majority size: -1, State: 0, Mode: NON_LEADER, active raft config: opid_index: -1 OBSOLETE_local: false peers { permanent_uuid: "62181c7d65a64e2b8adf711bdfb7ee38" member_type: VOTER last_known_addr { host: "127.26.141.193" port: 40933 } } peers { permanent_uuid: "4a7231aa5958459da081cb0655403a03" member_type: VOTER last_known_addr { host: "127.26.141.194" port: 34767 } } peers { permanent_uuid: "805c93a2aab94fe185f8a4ecc702e89e" member_type: VOTER last_known_addr { host: "127.26.141.195" port: 34585 } }
I20260713 09:11:30.209635 27966 tablet_service.cc:1917] Received RequestConsensusVote() RPC: tablet_id: "26892baaa8fd455f86ef7e0b9db928db" candidate_uuid: "62181c7d65a64e2b8adf711bdfb7ee38" candidate_term: 3 candidate_status { last_received { term: 2 index: 2 } } ignore_live_leader: true dest_uuid: "805c93a2aab94fe185f8a4ecc702e89e"
I20260713 09:11:30.210202 27966 raft_consensus.cc:3060] T 26892baaa8fd455f86ef7e0b9db928db P 805c93a2aab94fe185f8a4ecc702e89e [term 2 FOLLOWER]: Advancing to term 3
I20260713 09:11:30.210243 27893 raft_consensus.cc:3060] T 26892baaa8fd455f86ef7e0b9db928db P 4a7231aa5958459da081cb0655403a03 [term 2 FOLLOWER]: Advancing to term 3
I20260713 09:11:30.212510 27967 tablet_service.cc:1917] Received RequestConsensusVote() RPC: tablet_id: "4065137140dc4337aeb3276d455b5fe5" candidate_uuid: "62181c7d65a64e2b8adf711bdfb7ee38" candidate_term: 2 candidate_status { last_received { term: 1 index: 1 } } ignore_live_leader: true dest_uuid: "805c93a2aab94fe185f8a4ecc702e89e"
I20260713 09:11:30.213037 27967 raft_consensus.cc:3060] T 4065137140dc4337aeb3276d455b5fe5 P 805c93a2aab94fe185f8a4ecc702e89e [term 1 FOLLOWER]: Advancing to term 2
I20260713 09:11:30.215485 27966 raft_consensus.cc:2468] T 26892baaa8fd455f86ef7e0b9db928db P 805c93a2aab94fe185f8a4ecc702e89e [term 3 FOLLOWER]: Leader election vote request: Granting yes vote for candidate 62181c7d65a64e2b8adf711bdfb7ee38 in term 3.
I20260713 09:11:30.216440 27785 leader_election.cc:304] T 26892baaa8fd455f86ef7e0b9db928db P 62181c7d65a64e2b8adf711bdfb7ee38 [CANDIDATE]: Term 3 election: Election decided. Result: candidate won. Election summary: received 2 responses out of 3 voters: 2 yes votes; 0 no votes. yes voters: 62181c7d65a64e2b8adf711bdfb7ee38, 805c93a2aab94fe185f8a4ecc702e89e; no voters: 
I20260713 09:11:30.217164 28050 raft_consensus.cc:2804] T 26892baaa8fd455f86ef7e0b9db928db P 62181c7d65a64e2b8adf711bdfb7ee38 [term 3 FOLLOWER]: Leader election won for term 3
I20260713 09:11:30.217605 28050 raft_consensus.cc:697] T 26892baaa8fd455f86ef7e0b9db928db P 62181c7d65a64e2b8adf711bdfb7ee38 [term 3 LEADER]: Becoming Leader. State: Replica: 62181c7d65a64e2b8adf711bdfb7ee38, State: Running, Role: LEADER
I20260713 09:11:30.218290 28050 consensus_queue.cc:237] T 26892baaa8fd455f86ef7e0b9db928db P 62181c7d65a64e2b8adf711bdfb7ee38 [LEADER]: Queue going to LEADER mode. State: All replicated index: 0, Majority replicated index: 2, Committed index: 2, Last appended: 2.2, Last appended by leader: 2, Current term: 3, Majority size: 2, State: 0, Mode: LEADER, active raft config: opid_index: -1 OBSOLETE_local: false peers { permanent_uuid: "62181c7d65a64e2b8adf711bdfb7ee38" member_type: VOTER last_known_addr { host: "127.26.141.193" port: 40933 } } peers { permanent_uuid: "4a7231aa5958459da081cb0655403a03" member_type: VOTER last_known_addr { host: "127.26.141.194" port: 34767 } } peers { permanent_uuid: "805c93a2aab94fe185f8a4ecc702e89e" member_type: VOTER last_known_addr { host: "127.26.141.195" port: 34585 } }
I20260713 09:11:30.219655 27967 raft_consensus.cc:2468] T 4065137140dc4337aeb3276d455b5fe5 P 805c93a2aab94fe185f8a4ecc702e89e [term 2 FOLLOWER]: Leader election vote request: Granting yes vote for candidate 62181c7d65a64e2b8adf711bdfb7ee38 in term 2.
I20260713 09:11:30.220969 27785 leader_election.cc:304] T 4065137140dc4337aeb3276d455b5fe5 P 62181c7d65a64e2b8adf711bdfb7ee38 [CANDIDATE]: Term 2 election: Election decided. Result: candidate won. Election summary: received 2 responses out of 3 voters: 2 yes votes; 0 no votes. yes voters: 62181c7d65a64e2b8adf711bdfb7ee38, 805c93a2aab94fe185f8a4ecc702e89e; no voters: 
I20260713 09:11:30.221208 27893 raft_consensus.cc:2468] T 26892baaa8fd455f86ef7e0b9db928db P 4a7231aa5958459da081cb0655403a03 [term 3 FOLLOWER]: Leader election vote request: Granting yes vote for candidate 62181c7d65a64e2b8adf711bdfb7ee38 in term 3.
I20260713 09:11:30.221738 28050 raft_consensus.cc:2804] T 4065137140dc4337aeb3276d455b5fe5 P 62181c7d65a64e2b8adf711bdfb7ee38 [term 2 FOLLOWER]: Leader election won for term 2
I20260713 09:11:30.222429 28050 raft_consensus.cc:697] T 4065137140dc4337aeb3276d455b5fe5 P 62181c7d65a64e2b8adf711bdfb7ee38 [term 2 LEADER]: Becoming Leader. State: Replica: 62181c7d65a64e2b8adf711bdfb7ee38, State: Running, Role: LEADER
I20260713 09:11:30.223446 28053 consensus_queue.cc:1048] T f8f3249a55e1448698e8c930ae418004 P 4a7231aa5958459da081cb0655403a03 [LEADER]: Connected to new peer: Peer: permanent_uuid: "805c93a2aab94fe185f8a4ecc702e89e" member_type: VOTER last_known_addr { host: "127.26.141.195" port: 34585 }, Status: LMP_MISMATCH, Last received: 0.0, Next index: 1, Last known committed idx: 0, Time since last communication: 0.000s
I20260713 09:11:30.223389 28050 consensus_queue.cc:237] T 4065137140dc4337aeb3276d455b5fe5 P 62181c7d65a64e2b8adf711bdfb7ee38 [LEADER]: Queue going to LEADER mode. State: All replicated index: 0, Majority replicated index: 1, Committed index: 1, Last appended: 1.1, Last appended by leader: 1, Current term: 2, Majority size: 2, State: 0, Mode: LEADER, active raft config: opid_index: -1 OBSOLETE_local: false peers { permanent_uuid: "62181c7d65a64e2b8adf711bdfb7ee38" member_type: VOTER last_known_addr { host: "127.26.141.193" port: 40933 } } peers { permanent_uuid: "4a7231aa5958459da081cb0655403a03" member_type: VOTER last_known_addr { host: "127.26.141.194" port: 34767 } } peers { permanent_uuid: "805c93a2aab94fe185f8a4ecc702e89e" member_type: VOTER last_known_addr { host: "127.26.141.195" port: 34585 } }
I20260713 09:11:30.225385 27893 tablet_service.cc:1917] Received RequestConsensusVote() RPC: tablet_id: "4065137140dc4337aeb3276d455b5fe5" candidate_uuid: "62181c7d65a64e2b8adf711bdfb7ee38" candidate_term: 2 candidate_status { last_received { term: 1 index: 1 } } ignore_live_leader: true dest_uuid: "4a7231aa5958459da081cb0655403a03"
I20260713 09:11:30.225920 27893 raft_consensus.cc:3055] T 4065137140dc4337aeb3276d455b5fe5 P 4a7231aa5958459da081cb0655403a03 [term 1 LEADER]: Stepping down as leader of term 1
I20260713 09:11:30.226234 27893 raft_consensus.cc:740] T 4065137140dc4337aeb3276d455b5fe5 P 4a7231aa5958459da081cb0655403a03 [term 1 LEADER]: Becoming Follower/Learner. State: Replica: 4a7231aa5958459da081cb0655403a03, State: Running, Role: LEADER
I20260713 09:11:30.227069 27893 consensus_queue.cc:260] T 4065137140dc4337aeb3276d455b5fe5 P 4a7231aa5958459da081cb0655403a03 [NON_LEADER]: Queue going to NON_LEADER mode. State: All replicated index: 0, Majority replicated index: 1, Committed index: 1, Last appended: 1.1, Last appended by leader: 1, Current term: 1, Majority size: -1, State: 0, Mode: NON_LEADER, active raft config: opid_index: -1 OBSOLETE_local: false peers { permanent_uuid: "62181c7d65a64e2b8adf711bdfb7ee38" member_type: VOTER last_known_addr { host: "127.26.141.193" port: 40933 } } peers { permanent_uuid: "4a7231aa5958459da081cb0655403a03" member_type: VOTER last_known_addr { host: "127.26.141.194" port: 34767 } } peers { permanent_uuid: "805c93a2aab94fe185f8a4ecc702e89e" member_type: VOTER last_known_addr { host: "127.26.141.195" port: 34585 } }
I20260713 09:11:30.229183 27893 raft_consensus.cc:3060] T 4065137140dc4337aeb3276d455b5fe5 P 4a7231aa5958459da081cb0655403a03 [term 1 FOLLOWER]: Advancing to term 2
I20260713 09:11:30.230636 28026 consensus_queue.cc:1048] T 8460f8885321402eb5e5fae58f130c06 P 805c93a2aab94fe185f8a4ecc702e89e [LEADER]: Connected to new peer: Peer: permanent_uuid: "62181c7d65a64e2b8adf711bdfb7ee38" member_type: VOTER last_known_addr { host: "127.26.141.193" port: 40933 }, Status: LMP_MISMATCH, Last received: 0.0, Next index: 1, Last known committed idx: 0, Time since last communication: 0.000s
I20260713 09:11:30.233816 27716 catalog_manager.cc:5697] T 26892baaa8fd455f86ef7e0b9db928db P 62181c7d65a64e2b8adf711bdfb7ee38 reported cstate change: term changed from 2 to 3, leader changed from 4a7231aa5958459da081cb0655403a03 (127.26.141.194) to 62181c7d65a64e2b8adf711bdfb7ee38 (127.26.141.193). New cstate: current_term: 3 leader_uuid: "62181c7d65a64e2b8adf711bdfb7ee38" committed_config { opid_index: -1 OBSOLETE_local: false peers { permanent_uuid: "62181c7d65a64e2b8adf711bdfb7ee38" member_type: VOTER last_known_addr { host: "127.26.141.193" port: 40933 } health_report { overall_health: HEALTHY } } peers { permanent_uuid: "4a7231aa5958459da081cb0655403a03" member_type: VOTER last_known_addr { host: "127.26.141.194" port: 34767 } health_report { overall_health: UNKNOWN } } peers { permanent_uuid: "805c93a2aab94fe185f8a4ecc702e89e" member_type: VOTER last_known_addr { host: "127.26.141.195" port: 34585 } health_report { overall_health: UNKNOWN } } }
I20260713 09:11:30.235930 27716 catalog_manager.cc:5697] T 4065137140dc4337aeb3276d455b5fe5 P 62181c7d65a64e2b8adf711bdfb7ee38 reported cstate change: term changed from 1 to 2, leader changed from 4a7231aa5958459da081cb0655403a03 (127.26.141.194) to 62181c7d65a64e2b8adf711bdfb7ee38 (127.26.141.193). New cstate: current_term: 2 leader_uuid: "62181c7d65a64e2b8adf711bdfb7ee38" committed_config { opid_index: -1 OBSOLETE_local: false peers { permanent_uuid: "62181c7d65a64e2b8adf711bdfb7ee38" member_type: VOTER last_known_addr { host: "127.26.141.193" port: 40933 } health_report { overall_health: HEALTHY } } peers { permanent_uuid: "4a7231aa5958459da081cb0655403a03" member_type: VOTER last_known_addr { host: "127.26.141.194" port: 34767 } health_report { overall_health: UNKNOWN } } peers { permanent_uuid: "805c93a2aab94fe185f8a4ecc702e89e" member_type: VOTER last_known_addr { host: "127.26.141.195" port: 34585 } health_report { overall_health: UNKNOWN } } }
I20260713 09:11:30.241268 27893 raft_consensus.cc:2468] T 4065137140dc4337aeb3276d455b5fe5 P 4a7231aa5958459da081cb0655403a03 [term 2 FOLLOWER]: Leader election vote request: Granting yes vote for candidate 62181c7d65a64e2b8adf711bdfb7ee38 in term 2.
I20260713 09:11:30.250705 28067 raft_consensus.cc:993] T 8460f8885321402eb5e5fae58f130c06 P 805c93a2aab94fe185f8a4ecc702e89e: : Instructing follower 62181c7d65a64e2b8adf711bdfb7ee38 to start an election
I20260713 09:11:30.251113 28067 raft_consensus.cc:1081] T 8460f8885321402eb5e5fae58f130c06 P 805c93a2aab94fe185f8a4ecc702e89e [term 1 LEADER]: Signalling peer 62181c7d65a64e2b8adf711bdfb7ee38 to start an election
I20260713 09:11:30.252388 28015 consensus_queue.cc:1048] T f8f3249a55e1448698e8c930ae418004 P 4a7231aa5958459da081cb0655403a03 [LEADER]: Connected to new peer: Peer: permanent_uuid: "62181c7d65a64e2b8adf711bdfb7ee38" member_type: VOTER last_known_addr { host: "127.26.141.193" port: 40933 }, Status: LMP_MISMATCH, Last received: 0.0, Next index: 1, Last known committed idx: 0, Time since last communication: 0.000s
I20260713 09:11:30.256500 27817 tablet_service.cc:2044] Received Run Leader Election RPC: tablet_id: "8460f8885321402eb5e5fae58f130c06"
dest_uuid: "62181c7d65a64e2b8adf711bdfb7ee38"
 from {username='slave'} at 127.0.0.1:37270
I20260713 09:11:30.257025 27817 raft_consensus.cc:493] T 8460f8885321402eb5e5fae58f130c06 P 62181c7d65a64e2b8adf711bdfb7ee38 [term 1 FOLLOWER]: Starting forced leader election (received explicit request)
I20260713 09:11:30.257395 27817 raft_consensus.cc:3060] T 8460f8885321402eb5e5fae58f130c06 P 62181c7d65a64e2b8adf711bdfb7ee38 [term 1 FOLLOWER]: Advancing to term 2
I20260713 09:11:30.257709 28067 consensus_queue.cc:1048] T 8460f8885321402eb5e5fae58f130c06 P 805c93a2aab94fe185f8a4ecc702e89e [LEADER]: Connected to new peer: Peer: permanent_uuid: "4a7231aa5958459da081cb0655403a03" member_type: VOTER last_known_addr { host: "127.26.141.194" port: 34767 }, Status: LMP_MISMATCH, Last received: 0.0, Next index: 1, Last known committed idx: 0, Time since last communication: 0.000s
I20260713 09:11:30.267203 27817 raft_consensus.cc:515] T 8460f8885321402eb5e5fae58f130c06 P 62181c7d65a64e2b8adf711bdfb7ee38 [term 2 FOLLOWER]: Starting forced leader election with config: opid_index: -1 OBSOLETE_local: false peers { permanent_uuid: "62181c7d65a64e2b8adf711bdfb7ee38" member_type: VOTER last_known_addr { host: "127.26.141.193" port: 40933 } } peers { permanent_uuid: "4a7231aa5958459da081cb0655403a03" member_type: VOTER last_known_addr { host: "127.26.141.194" port: 34767 } } peers { permanent_uuid: "805c93a2aab94fe185f8a4ecc702e89e" member_type: VOTER last_known_addr { host: "127.26.141.195" port: 34585 } }
I20260713 09:11:30.270340 27893 tablet_service.cc:1917] Received RequestConsensusVote() RPC: tablet_id: "8460f8885321402eb5e5fae58f130c06" candidate_uuid: "62181c7d65a64e2b8adf711bdfb7ee38" candidate_term: 2 candidate_status { last_received { term: 1 index: 1 } } ignore_live_leader: true dest_uuid: "4a7231aa5958459da081cb0655403a03"
I20260713 09:11:30.270898 27893 raft_consensus.cc:3060] T 8460f8885321402eb5e5fae58f130c06 P 4a7231aa5958459da081cb0655403a03 [term 1 FOLLOWER]: Advancing to term 2
I20260713 09:11:30.272812 27817 leader_election.cc:290] T 8460f8885321402eb5e5fae58f130c06 P 62181c7d65a64e2b8adf711bdfb7ee38 [CANDIDATE]: Term 2 election: Requested vote from peers 4a7231aa5958459da081cb0655403a03 (127.26.141.194:34767), 805c93a2aab94fe185f8a4ecc702e89e (127.26.141.195:34585)
I20260713 09:11:30.273972 27967 tablet_service.cc:1917] Received RequestConsensusVote() RPC: tablet_id: "8460f8885321402eb5e5fae58f130c06" candidate_uuid: "62181c7d65a64e2b8adf711bdfb7ee38" candidate_term: 2 candidate_status { last_received { term: 1 index: 1 } } ignore_live_leader: true dest_uuid: "805c93a2aab94fe185f8a4ecc702e89e"
I20260713 09:11:30.274542 27967 raft_consensus.cc:3055] T 8460f8885321402eb5e5fae58f130c06 P 805c93a2aab94fe185f8a4ecc702e89e [term 1 LEADER]: Stepping down as leader of term 1
I20260713 09:11:30.274827 27967 raft_consensus.cc:740] T 8460f8885321402eb5e5fae58f130c06 P 805c93a2aab94fe185f8a4ecc702e89e [term 1 LEADER]: Becoming Follower/Learner. State: Replica: 805c93a2aab94fe185f8a4ecc702e89e, State: Running, Role: LEADER
I20260713 09:11:30.275585 27967 consensus_queue.cc:260] T 8460f8885321402eb5e5fae58f130c06 P 805c93a2aab94fe185f8a4ecc702e89e [NON_LEADER]: Queue going to NON_LEADER mode. State: All replicated index: 0, Majority replicated index: 1, Committed index: 1, Last appended: 1.1, Last appended by leader: 1, Current term: 1, Majority size: -1, State: 0, Mode: NON_LEADER, active raft config: opid_index: -1 OBSOLETE_local: false peers { permanent_uuid: "62181c7d65a64e2b8adf711bdfb7ee38" member_type: VOTER last_known_addr { host: "127.26.141.193" port: 40933 } } peers { permanent_uuid: "4a7231aa5958459da081cb0655403a03" member_type: VOTER last_known_addr { host: "127.26.141.194" port: 34767 } } peers { permanent_uuid: "805c93a2aab94fe185f8a4ecc702e89e" member_type: VOTER last_known_addr { host: "127.26.141.195" port: 34585 } }
I20260713 09:11:30.276845 27967 raft_consensus.cc:3060] T 8460f8885321402eb5e5fae58f130c06 P 805c93a2aab94fe185f8a4ecc702e89e [term 1 FOLLOWER]: Advancing to term 2
I20260713 09:11:30.277300 27893 raft_consensus.cc:2468] T 8460f8885321402eb5e5fae58f130c06 P 4a7231aa5958459da081cb0655403a03 [term 2 FOLLOWER]: Leader election vote request: Granting yes vote for candidate 62181c7d65a64e2b8adf711bdfb7ee38 in term 2.
I20260713 09:11:30.278553 27785 leader_election.cc:304] T 8460f8885321402eb5e5fae58f130c06 P 62181c7d65a64e2b8adf711bdfb7ee38 [CANDIDATE]: Term 2 election: Election decided. Result: candidate won. Election summary: received 2 responses out of 3 voters: 2 yes votes; 0 no votes. yes voters: 4a7231aa5958459da081cb0655403a03, 62181c7d65a64e2b8adf711bdfb7ee38; no voters: 
I20260713 09:11:30.279352 28056 raft_consensus.cc:2804] T 8460f8885321402eb5e5fae58f130c06 P 62181c7d65a64e2b8adf711bdfb7ee38 [term 2 FOLLOWER]: Leader election won for term 2
I20260713 09:11:30.279850 28056 raft_consensus.cc:697] T 8460f8885321402eb5e5fae58f130c06 P 62181c7d65a64e2b8adf711bdfb7ee38 [term 2 LEADER]: Becoming Leader. State: Replica: 62181c7d65a64e2b8adf711bdfb7ee38, State: Running, Role: LEADER
I20260713 09:11:30.280658 28056 consensus_queue.cc:237] T 8460f8885321402eb5e5fae58f130c06 P 62181c7d65a64e2b8adf711bdfb7ee38 [LEADER]: Queue going to LEADER mode. State: All replicated index: 0, Majority replicated index: 1, Committed index: 1, Last appended: 1.1, Last appended by leader: 1, Current term: 2, Majority size: 2, State: 0, Mode: LEADER, active raft config: opid_index: -1 OBSOLETE_local: false peers { permanent_uuid: "62181c7d65a64e2b8adf711bdfb7ee38" member_type: VOTER last_known_addr { host: "127.26.141.193" port: 40933 } } peers { permanent_uuid: "4a7231aa5958459da081cb0655403a03" member_type: VOTER last_known_addr { host: "127.26.141.194" port: 34767 } } peers { permanent_uuid: "805c93a2aab94fe185f8a4ecc702e89e" member_type: VOTER last_known_addr { host: "127.26.141.195" port: 34585 } }
I20260713 09:11:30.282915 27967 raft_consensus.cc:2468] T 8460f8885321402eb5e5fae58f130c06 P 805c93a2aab94fe185f8a4ecc702e89e [term 2 FOLLOWER]: Leader election vote request: Granting yes vote for candidate 62181c7d65a64e2b8adf711bdfb7ee38 in term 2.
I20260713 09:11:30.287472 27716 catalog_manager.cc:5697] T 8460f8885321402eb5e5fae58f130c06 P 62181c7d65a64e2b8adf711bdfb7ee38 reported cstate change: term changed from 1 to 2, leader changed from 805c93a2aab94fe185f8a4ecc702e89e (127.26.141.195) to 62181c7d65a64e2b8adf711bdfb7ee38 (127.26.141.193). New cstate: current_term: 2 leader_uuid: "62181c7d65a64e2b8adf711bdfb7ee38" committed_config { opid_index: -1 OBSOLETE_local: false peers { permanent_uuid: "62181c7d65a64e2b8adf711bdfb7ee38" member_type: VOTER last_known_addr { host: "127.26.141.193" port: 40933 } health_report { overall_health: HEALTHY } } peers { permanent_uuid: "4a7231aa5958459da081cb0655403a03" member_type: VOTER last_known_addr { host: "127.26.141.194" port: 34767 } health_report { overall_health: UNKNOWN } } peers { permanent_uuid: "805c93a2aab94fe185f8a4ecc702e89e" member_type: VOTER last_known_addr { host: "127.26.141.195" port: 34585 } health_report { overall_health: UNKNOWN } } }
I20260713 09:11:30.361423 28014 raft_consensus.cc:993] T cee6ea5c8a39476a9e61c18acb685c8e P 62181c7d65a64e2b8adf711bdfb7ee38: : Instructing follower 4a7231aa5958459da081cb0655403a03 to start an election
I20260713 09:11:30.361883 28056 raft_consensus.cc:1081] T cee6ea5c8a39476a9e61c18acb685c8e P 62181c7d65a64e2b8adf711bdfb7ee38 [term 1 LEADER]: Signalling peer 4a7231aa5958459da081cb0655403a03 to start an election
I20260713 09:11:30.363221 27893 tablet_service.cc:2044] Received Run Leader Election RPC: tablet_id: "cee6ea5c8a39476a9e61c18acb685c8e"
dest_uuid: "4a7231aa5958459da081cb0655403a03"
 from {username='slave'} at 127.0.0.1:41094
I20260713 09:11:30.363677 27893 raft_consensus.cc:493] T cee6ea5c8a39476a9e61c18acb685c8e P 4a7231aa5958459da081cb0655403a03 [term 1 FOLLOWER]: Starting forced leader election (received explicit request)
I20260713 09:11:30.363963 27893 raft_consensus.cc:3060] T cee6ea5c8a39476a9e61c18acb685c8e P 4a7231aa5958459da081cb0655403a03 [term 1 FOLLOWER]: Advancing to term 2
I20260713 09:11:30.368570 27893 raft_consensus.cc:515] T cee6ea5c8a39476a9e61c18acb685c8e P 4a7231aa5958459da081cb0655403a03 [term 2 FOLLOWER]: Starting forced leader election with config: opid_index: -1 OBSOLETE_local: false peers { permanent_uuid: "62181c7d65a64e2b8adf711bdfb7ee38" member_type: VOTER last_known_addr { host: "127.26.141.193" port: 40933 } } peers { permanent_uuid: "4a7231aa5958459da081cb0655403a03" member_type: VOTER last_known_addr { host: "127.26.141.194" port: 34767 } } peers { permanent_uuid: "805c93a2aab94fe185f8a4ecc702e89e" member_type: VOTER last_known_addr { host: "127.26.141.195" port: 34585 } }
I20260713 09:11:30.370167 27893 leader_election.cc:290] T cee6ea5c8a39476a9e61c18acb685c8e P 4a7231aa5958459da081cb0655403a03 [CANDIDATE]: Term 2 election: Requested vote from peers 62181c7d65a64e2b8adf711bdfb7ee38 (127.26.141.193:40933), 805c93a2aab94fe185f8a4ecc702e89e (127.26.141.195:34585)
I20260713 09:11:30.370981 27817 tablet_service.cc:1917] Received RequestConsensusVote() RPC: tablet_id: "cee6ea5c8a39476a9e61c18acb685c8e" candidate_uuid: "4a7231aa5958459da081cb0655403a03" candidate_term: 2 candidate_status { last_received { term: 1 index: 1 } } ignore_live_leader: true dest_uuid: "62181c7d65a64e2b8adf711bdfb7ee38"
I20260713 09:11:30.371138 27967 tablet_service.cc:1917] Received RequestConsensusVote() RPC: tablet_id: "cee6ea5c8a39476a9e61c18acb685c8e" candidate_uuid: "4a7231aa5958459da081cb0655403a03" candidate_term: 2 candidate_status { last_received { term: 1 index: 1 } } ignore_live_leader: true dest_uuid: "805c93a2aab94fe185f8a4ecc702e89e"
I20260713 09:11:30.371488 27817 raft_consensus.cc:3055] T cee6ea5c8a39476a9e61c18acb685c8e P 62181c7d65a64e2b8adf711bdfb7ee38 [term 1 LEADER]: Stepping down as leader of term 1
I20260713 09:11:30.371668 27967 raft_consensus.cc:3060] T cee6ea5c8a39476a9e61c18acb685c8e P 805c93a2aab94fe185f8a4ecc702e89e [term 1 FOLLOWER]: Advancing to term 2
I20260713 09:11:30.371824 27817 raft_consensus.cc:740] T cee6ea5c8a39476a9e61c18acb685c8e P 62181c7d65a64e2b8adf711bdfb7ee38 [term 1 LEADER]: Becoming Follower/Learner. State: Replica: 62181c7d65a64e2b8adf711bdfb7ee38, State: Running, Role: LEADER
I20260713 09:11:30.372527 27817 consensus_queue.cc:260] T cee6ea5c8a39476a9e61c18acb685c8e P 62181c7d65a64e2b8adf711bdfb7ee38 [NON_LEADER]: Queue going to NON_LEADER mode. State: All replicated index: 0, Majority replicated index: 1, Committed index: 1, Last appended: 1.1, Last appended by leader: 1, Current term: 1, Majority size: -1, State: 0, Mode: NON_LEADER, active raft config: opid_index: -1 OBSOLETE_local: false peers { permanent_uuid: "62181c7d65a64e2b8adf711bdfb7ee38" member_type: VOTER last_known_addr { host: "127.26.141.193" port: 40933 } } peers { permanent_uuid: "4a7231aa5958459da081cb0655403a03" member_type: VOTER last_known_addr { host: "127.26.141.194" port: 34767 } } peers { permanent_uuid: "805c93a2aab94fe185f8a4ecc702e89e" member_type: VOTER last_known_addr { host: "127.26.141.195" port: 34585 } }
I20260713 09:11:30.373371 27817 raft_consensus.cc:3060] T cee6ea5c8a39476a9e61c18acb685c8e P 62181c7d65a64e2b8adf711bdfb7ee38 [term 1 FOLLOWER]: Advancing to term 2
I20260713 09:11:30.376166 27967 raft_consensus.cc:2468] T cee6ea5c8a39476a9e61c18acb685c8e P 805c93a2aab94fe185f8a4ecc702e89e [term 2 FOLLOWER]: Leader election vote request: Granting yes vote for candidate 4a7231aa5958459da081cb0655403a03 in term 2.
I20260713 09:11:30.377084 27860 leader_election.cc:304] T cee6ea5c8a39476a9e61c18acb685c8e P 4a7231aa5958459da081cb0655403a03 [CANDIDATE]: Term 2 election: Election decided. Result: candidate won. Election summary: received 2 responses out of 3 voters: 2 yes votes; 0 no votes. yes voters: 4a7231aa5958459da081cb0655403a03, 805c93a2aab94fe185f8a4ecc702e89e; no voters: 
I20260713 09:11:30.377821 28015 raft_consensus.cc:2804] T cee6ea5c8a39476a9e61c18acb685c8e P 4a7231aa5958459da081cb0655403a03 [term 2 FOLLOWER]: Leader election won for term 2
I20260713 09:11:30.378053 27817 raft_consensus.cc:2468] T cee6ea5c8a39476a9e61c18acb685c8e P 62181c7d65a64e2b8adf711bdfb7ee38 [term 2 FOLLOWER]: Leader election vote request: Granting yes vote for candidate 4a7231aa5958459da081cb0655403a03 in term 2.
I20260713 09:11:30.378196 28015 raft_consensus.cc:697] T cee6ea5c8a39476a9e61c18acb685c8e P 4a7231aa5958459da081cb0655403a03 [term 2 LEADER]: Becoming Leader. State: Replica: 4a7231aa5958459da081cb0655403a03, State: Running, Role: LEADER
I20260713 09:11:30.378981 28015 consensus_queue.cc:237] T cee6ea5c8a39476a9e61c18acb685c8e P 4a7231aa5958459da081cb0655403a03 [LEADER]: Queue going to LEADER mode. State: All replicated index: 0, Majority replicated index: 1, Committed index: 1, Last appended: 1.1, Last appended by leader: 1, Current term: 2, Majority size: 2, State: 0, Mode: LEADER, active raft config: opid_index: -1 OBSOLETE_local: false peers { permanent_uuid: "62181c7d65a64e2b8adf711bdfb7ee38" member_type: VOTER last_known_addr { host: "127.26.141.193" port: 40933 } } peers { permanent_uuid: "4a7231aa5958459da081cb0655403a03" member_type: VOTER last_known_addr { host: "127.26.141.194" port: 34767 } } peers { permanent_uuid: "805c93a2aab94fe185f8a4ecc702e89e" member_type: VOTER last_known_addr { host: "127.26.141.195" port: 34585 } }
I20260713 09:11:30.384703 27716 catalog_manager.cc:5697] T cee6ea5c8a39476a9e61c18acb685c8e P 4a7231aa5958459da081cb0655403a03 reported cstate change: term changed from 1 to 2, leader changed from 62181c7d65a64e2b8adf711bdfb7ee38 (127.26.141.193) to 4a7231aa5958459da081cb0655403a03 (127.26.141.194). New cstate: current_term: 2 leader_uuid: "4a7231aa5958459da081cb0655403a03" committed_config { opid_index: -1 OBSOLETE_local: false peers { permanent_uuid: "62181c7d65a64e2b8adf711bdfb7ee38" member_type: VOTER last_known_addr { host: "127.26.141.193" port: 40933 } health_report { overall_health: UNKNOWN } } peers { permanent_uuid: "4a7231aa5958459da081cb0655403a03" member_type: VOTER last_known_addr { host: "127.26.141.194" port: 34767 } health_report { overall_health: HEALTHY } } peers { permanent_uuid: "805c93a2aab94fe185f8a4ecc702e89e" member_type: VOTER last_known_addr { host: "127.26.141.195" port: 34585 } health_report { overall_health: UNKNOWN } } }
I20260713 09:11:30.394910 27893 raft_consensus.cc:1275] T 7c66561bf777431c82f66897ca51255b P 4a7231aa5958459da081cb0655403a03 [term 2 FOLLOWER]: Refusing update from remote peer 62181c7d65a64e2b8adf711bdfb7ee38: Log matching property violated. Preceding OpId in replica: term: 1 index: 1. Preceding OpId from leader: term: 2 index: 2. (index mismatch)
I20260713 09:11:30.396013 28056 consensus_queue.cc:1048] T 7c66561bf777431c82f66897ca51255b P 62181c7d65a64e2b8adf711bdfb7ee38 [LEADER]: Connected to new peer: Peer: permanent_uuid: "4a7231aa5958459da081cb0655403a03" member_type: VOTER last_known_addr { host: "127.26.141.194" port: 34767 }, Status: LMP_MISMATCH, Last received: 0.0, Next index: 2, Last known committed idx: 1, Time since last communication: 0.000s
I20260713 09:11:30.402550 27967 raft_consensus.cc:1275] T 7c66561bf777431c82f66897ca51255b P 805c93a2aab94fe185f8a4ecc702e89e [term 2 FOLLOWER]: Refusing update from remote peer 62181c7d65a64e2b8adf711bdfb7ee38: Log matching property violated. Preceding OpId in replica: term: 1 index: 1. Preceding OpId from leader: term: 2 index: 2. (index mismatch)
I20260713 09:11:30.403985 28056 consensus_queue.cc:1048] T 7c66561bf777431c82f66897ca51255b P 62181c7d65a64e2b8adf711bdfb7ee38 [LEADER]: Connected to new peer: Peer: permanent_uuid: "805c93a2aab94fe185f8a4ecc702e89e" member_type: VOTER last_known_addr { host: "127.26.141.195" port: 34585 }, Status: LMP_MISMATCH, Last received: 0.0, Next index: 2, Last known committed idx: 1, Time since last communication: 0.000s
I20260713 09:11:30.520752 27967 raft_consensus.cc:1275] T b21bd479f26c4e89b3d2eb5101a7ee02 P 805c93a2aab94fe185f8a4ecc702e89e [term 2 FOLLOWER]: Refusing update from remote peer 4a7231aa5958459da081cb0655403a03: Log matching property violated. Preceding OpId in replica: term: 1 index: 1. Preceding OpId from leader: term: 2 index: 2. (index mismatch)
I20260713 09:11:30.521943 28015 consensus_queue.cc:1048] T b21bd479f26c4e89b3d2eb5101a7ee02 P 4a7231aa5958459da081cb0655403a03 [LEADER]: Connected to new peer: Peer: permanent_uuid: "805c93a2aab94fe185f8a4ecc702e89e" member_type: VOTER last_known_addr { host: "127.26.141.195" port: 34585 }, Status: LMP_MISMATCH, Last received: 0.0, Next index: 2, Last known committed idx: 1, Time since last communication: 0.000s
I20260713 09:11:30.529165 27817 raft_consensus.cc:1275] T b21bd479f26c4e89b3d2eb5101a7ee02 P 62181c7d65a64e2b8adf711bdfb7ee38 [term 2 FOLLOWER]: Refusing update from remote peer 4a7231aa5958459da081cb0655403a03: Log matching property violated. Preceding OpId in replica: term: 1 index: 1. Preceding OpId from leader: term: 2 index: 2. (index mismatch)
I20260713 09:11:30.531189 28051 consensus_queue.cc:1048] T b21bd479f26c4e89b3d2eb5101a7ee02 P 4a7231aa5958459da081cb0655403a03 [LEADER]: Connected to new peer: Peer: permanent_uuid: "62181c7d65a64e2b8adf711bdfb7ee38" member_type: VOTER last_known_addr { host: "127.26.141.193" port: 40933 }, Status: LMP_MISMATCH, Last received: 0.0, Next index: 2, Last known committed idx: 1, Time since last communication: 0.000s
I20260713 09:11:30.567798 27967 raft_consensus.cc:3060] T 710e61d06d614a1f9cbca0f907ad61b3 P 805c93a2aab94fe185f8a4ecc702e89e [term 1 FOLLOWER]: Advancing to term 2
I20260713 09:11:30.572431 27967 raft_consensus.cc:1275] T 710e61d06d614a1f9cbca0f907ad61b3 P 805c93a2aab94fe185f8a4ecc702e89e [term 2 FOLLOWER]: Refusing update from remote peer 4a7231aa5958459da081cb0655403a03: Log matching property violated. Preceding OpId in replica: term: 1 index: 1. Preceding OpId from leader: term: 2 index: 2. (index mismatch)
I20260713 09:11:30.573601 28051 consensus_queue.cc:1048] T 710e61d06d614a1f9cbca0f907ad61b3 P 4a7231aa5958459da081cb0655403a03 [LEADER]: Connected to new peer: Peer: permanent_uuid: "805c93a2aab94fe185f8a4ecc702e89e" member_type: VOTER last_known_addr { host: "127.26.141.195" port: 34585 }, Status: LMP_MISMATCH, Last received: 0.0, Next index: 2, Last known committed idx: 1, Time since last communication: 0.000s
I20260713 09:11:30.581915 27817 raft_consensus.cc:1275] T 710e61d06d614a1f9cbca0f907ad61b3 P 62181c7d65a64e2b8adf711bdfb7ee38 [term 2 FOLLOWER]: Refusing update from remote peer 4a7231aa5958459da081cb0655403a03: Log matching property violated. Preceding OpId in replica: term: 1 index: 1. Preceding OpId from leader: term: 2 index: 2. (index mismatch)
I20260713 09:11:30.583390 28053 consensus_queue.cc:1048] T 710e61d06d614a1f9cbca0f907ad61b3 P 4a7231aa5958459da081cb0655403a03 [LEADER]: Connected to new peer: Peer: permanent_uuid: "62181c7d65a64e2b8adf711bdfb7ee38" member_type: VOTER last_known_addr { host: "127.26.141.193" port: 40933 }, Status: LMP_MISMATCH, Last received: 0.0, Next index: 2, Last known committed idx: 1, Time since last communication: 0.000s
I20260713 09:11:30.694655 27893 raft_consensus.cc:1275] T f9f2e958ddd74de7992367cde8e8a0bf P 4a7231aa5958459da081cb0655403a03 [term 2 FOLLOWER]: Refusing update from remote peer 62181c7d65a64e2b8adf711bdfb7ee38: Log matching property violated. Preceding OpId in replica: term: 1 index: 1. Preceding OpId from leader: term: 2 index: 2. (index mismatch)
I20260713 09:11:30.695859 28056 consensus_queue.cc:1048] T f9f2e958ddd74de7992367cde8e8a0bf P 62181c7d65a64e2b8adf711bdfb7ee38 [LEADER]: Connected to new peer: Peer: permanent_uuid: "4a7231aa5958459da081cb0655403a03" member_type: VOTER last_known_addr { host: "127.26.141.194" port: 34767 }, Status: LMP_MISMATCH, Last received: 0.0, Next index: 2, Last known committed idx: 1, Time since last communication: 0.000s
I20260713 09:11:30.702844 27967 raft_consensus.cc:1275] T f9f2e958ddd74de7992367cde8e8a0bf P 805c93a2aab94fe185f8a4ecc702e89e [term 2 FOLLOWER]: Refusing update from remote peer 62181c7d65a64e2b8adf711bdfb7ee38: Log matching property violated. Preceding OpId in replica: term: 1 index: 1. Preceding OpId from leader: term: 2 index: 2. (index mismatch)
I20260713 09:11:30.704351 28014 consensus_queue.cc:1048] T f9f2e958ddd74de7992367cde8e8a0bf P 62181c7d65a64e2b8adf711bdfb7ee38 [LEADER]: Connected to new peer: Peer: permanent_uuid: "805c93a2aab94fe185f8a4ecc702e89e" member_type: VOTER last_known_addr { host: "127.26.141.195" port: 34585 }, Status: LMP_MISMATCH, Last received: 0.0, Next index: 2, Last known committed idx: 1, Time since last communication: 0.000s
I20260713 09:11:30.736455 27893 raft_consensus.cc:1275] T 26892baaa8fd455f86ef7e0b9db928db P 4a7231aa5958459da081cb0655403a03 [term 3 FOLLOWER]: Refusing update from remote peer 62181c7d65a64e2b8adf711bdfb7ee38: Log matching property violated. Preceding OpId in replica: term: 2 index: 2. Preceding OpId from leader: term: 3 index: 3. (index mismatch)
I20260713 09:11:30.737581 28014 consensus_queue.cc:1048] T 26892baaa8fd455f86ef7e0b9db928db P 62181c7d65a64e2b8adf711bdfb7ee38 [LEADER]: Connected to new peer: Peer: permanent_uuid: "4a7231aa5958459da081cb0655403a03" member_type: VOTER last_known_addr { host: "127.26.141.194" port: 34767 }, Status: LMP_MISMATCH, Last received: 0.0, Next index: 3, Last known committed idx: 2, Time since last communication: 0.000s
I20260713 09:11:30.745836 27967 raft_consensus.cc:1275] T 26892baaa8fd455f86ef7e0b9db928db P 805c93a2aab94fe185f8a4ecc702e89e [term 3 FOLLOWER]: Refusing update from remote peer 62181c7d65a64e2b8adf711bdfb7ee38: Log matching property violated. Preceding OpId in replica: term: 2 index: 2. Preceding OpId from leader: term: 3 index: 3. (index mismatch)
I20260713 09:11:30.747596 27893 raft_consensus.cc:1275] T 4065137140dc4337aeb3276d455b5fe5 P 4a7231aa5958459da081cb0655403a03 [term 2 FOLLOWER]: Refusing update from remote peer 62181c7d65a64e2b8adf711bdfb7ee38: Log matching property violated. Preceding OpId in replica: term: 1 index: 1. Preceding OpId from leader: term: 2 index: 2. (index mismatch)
I20260713 09:11:30.747465 28014 consensus_queue.cc:1048] T 26892baaa8fd455f86ef7e0b9db928db P 62181c7d65a64e2b8adf711bdfb7ee38 [LEADER]: Connected to new peer: Peer: permanent_uuid: "805c93a2aab94fe185f8a4ecc702e89e" member_type: VOTER last_known_addr { host: "127.26.141.195" port: 34585 }, Status: LMP_MISMATCH, Last received: 0.0, Next index: 3, Last known committed idx: 2, Time since last communication: 0.000s
I20260713 09:11:30.749033 28014 consensus_queue.cc:1048] T 4065137140dc4337aeb3276d455b5fe5 P 62181c7d65a64e2b8adf711bdfb7ee38 [LEADER]: Connected to new peer: Peer: permanent_uuid: "4a7231aa5958459da081cb0655403a03" member_type: VOTER last_known_addr { host: "127.26.141.194" port: 34767 }, Status: LMP_MISMATCH, Last received: 0.0, Next index: 2, Last known committed idx: 1, Time since last communication: 0.000s
I20260713 09:11:30.758519 27967 raft_consensus.cc:1275] T 4065137140dc4337aeb3276d455b5fe5 P 805c93a2aab94fe185f8a4ecc702e89e [term 2 FOLLOWER]: Refusing update from remote peer 62181c7d65a64e2b8adf711bdfb7ee38: Log matching property violated. Preceding OpId in replica: term: 1 index: 1. Preceding OpId from leader: term: 2 index: 2. (index mismatch)
I20260713 09:11:30.760174 28014 consensus_queue.cc:1048] T 4065137140dc4337aeb3276d455b5fe5 P 62181c7d65a64e2b8adf711bdfb7ee38 [LEADER]: Connected to new peer: Peer: permanent_uuid: "805c93a2aab94fe185f8a4ecc702e89e" member_type: VOTER last_known_addr { host: "127.26.141.195" port: 34585 }, Status: LMP_MISMATCH, Last received: 0.0, Next index: 2, Last known committed idx: 1, Time since last communication: 0.000s
I20260713 09:11:30.799539 27967 raft_consensus.cc:1275] T 8460f8885321402eb5e5fae58f130c06 P 805c93a2aab94fe185f8a4ecc702e89e [term 2 FOLLOWER]: Refusing update from remote peer 62181c7d65a64e2b8adf711bdfb7ee38: Log matching property violated. Preceding OpId in replica: term: 1 index: 1. Preceding OpId from leader: term: 2 index: 2. (index mismatch)
I20260713 09:11:30.800686 28014 consensus_queue.cc:1048] T 8460f8885321402eb5e5fae58f130c06 P 62181c7d65a64e2b8adf711bdfb7ee38 [LEADER]: Connected to new peer: Peer: permanent_uuid: "805c93a2aab94fe185f8a4ecc702e89e" member_type: VOTER last_known_addr { host: "127.26.141.195" port: 34585 }, Status: LMP_MISMATCH, Last received: 0.0, Next index: 2, Last known committed idx: 1, Time since last communication: 0.000s
I20260713 09:11:30.808761 27893 raft_consensus.cc:1275] T 8460f8885321402eb5e5fae58f130c06 P 4a7231aa5958459da081cb0655403a03 [term 2 FOLLOWER]: Refusing update from remote peer 62181c7d65a64e2b8adf711bdfb7ee38: Log matching property violated. Preceding OpId in replica: term: 1 index: 1. Preceding OpId from leader: term: 2 index: 2. (index mismatch)
I20260713 09:11:30.810375 28014 consensus_queue.cc:1048] T 8460f8885321402eb5e5fae58f130c06 P 62181c7d65a64e2b8adf711bdfb7ee38 [LEADER]: Connected to new peer: Peer: permanent_uuid: "4a7231aa5958459da081cb0655403a03" member_type: VOTER last_known_addr { host: "127.26.141.194" port: 34767 }, Status: LMP_MISMATCH, Last received: 0.0, Next index: 2, Last known committed idx: 1, Time since last communication: 0.000s
I20260713 09:11:30.878341 27967 raft_consensus.cc:1275] T cee6ea5c8a39476a9e61c18acb685c8e P 805c93a2aab94fe185f8a4ecc702e89e [term 2 FOLLOWER]: Refusing update from remote peer 4a7231aa5958459da081cb0655403a03: Log matching property violated. Preceding OpId in replica: term: 1 index: 1. Preceding OpId from leader: term: 2 index: 2. (index mismatch)
I20260713 09:11:30.879544 28053 consensus_queue.cc:1048] T cee6ea5c8a39476a9e61c18acb685c8e P 4a7231aa5958459da081cb0655403a03 [LEADER]: Connected to new peer: Peer: permanent_uuid: "805c93a2aab94fe185f8a4ecc702e89e" member_type: VOTER last_known_addr { host: "127.26.141.195" port: 34585 }, Status: LMP_MISMATCH, Last received: 0.0, Next index: 2, Last known committed idx: 1, Time since last communication: 0.000s
I20260713 09:11:30.887208 27817 raft_consensus.cc:1275] T cee6ea5c8a39476a9e61c18acb685c8e P 62181c7d65a64e2b8adf711bdfb7ee38 [term 2 FOLLOWER]: Refusing update from remote peer 4a7231aa5958459da081cb0655403a03: Log matching property violated. Preceding OpId in replica: term: 1 index: 1. Preceding OpId from leader: term: 2 index: 2. (index mismatch)
I20260713 09:11:30.889251 28051 consensus_queue.cc:1048] T cee6ea5c8a39476a9e61c18acb685c8e P 4a7231aa5958459da081cb0655403a03 [LEADER]: Connected to new peer: Peer: permanent_uuid: "62181c7d65a64e2b8adf711bdfb7ee38" member_type: VOTER last_known_addr { host: "127.26.141.193" port: 40933 }, Status: LMP_MISMATCH, Last received: 0.0, Next index: 2, Last known committed idx: 1, Time since last communication: 0.000s
I20260713 09:11:33.080341 27191 auto_leader_rebalancer-test.cc:352] The leader distribution is 
I20260713 09:11:33.081085 27191 auto_leader_rebalancer.cc:141] leader rebalance for table test-workload
I20260713 09:11:33.099048 27817 tablet_service.cc:2072] Received LeaderStepDown RPC: tablet_id: "4065137140dc4337aeb3276d455b5fe5"
dest_uuid: "62181c7d65a64e2b8adf711bdfb7ee38"
mode: GRACEFUL
new_leader_uuid: "805c93a2aab94fe185f8a4ecc702e89e"
 from {username='slave'} at 127.0.0.1:37302
I20260713 09:11:33.099538 27817 raft_consensus.cc:606] T 4065137140dc4337aeb3276d455b5fe5 P 62181c7d65a64e2b8adf711bdfb7ee38 [term 2 LEADER]: Received request to transfer leadership to TS 805c93a2aab94fe185f8a4ecc702e89e
I20260713 09:11:33.101719 27817 tablet_service.cc:2072] Received LeaderStepDown RPC: tablet_id: "7c66561bf777431c82f66897ca51255b"
dest_uuid: "62181c7d65a64e2b8adf711bdfb7ee38"
mode: GRACEFUL
new_leader_uuid: "805c93a2aab94fe185f8a4ecc702e89e"
 from {username='slave'} at 127.0.0.1:37302
I20260713 09:11:33.102236 27817 raft_consensus.cc:606] T 7c66561bf777431c82f66897ca51255b P 62181c7d65a64e2b8adf711bdfb7ee38 [term 2 LEADER]: Received request to transfer leadership to TS 805c93a2aab94fe185f8a4ecc702e89e
I20260713 09:11:33.103492 27191 auto_leader_rebalancer.cc:479] table: test-workload, leader rebalance finish, leader transfer count: 2
I20260713 09:11:33.104148 27191 auto_leader_rebalancer.cc:554] All tables' leader rebalancing finished this round
I20260713 09:11:33.486558 28097 raft_consensus.cc:993] T 4065137140dc4337aeb3276d455b5fe5 P 62181c7d65a64e2b8adf711bdfb7ee38: : Instructing follower 805c93a2aab94fe185f8a4ecc702e89e to start an election
I20260713 09:11:33.486965 28100 raft_consensus.cc:1081] T 4065137140dc4337aeb3276d455b5fe5 P 62181c7d65a64e2b8adf711bdfb7ee38 [term 2 LEADER]: Signalling peer 805c93a2aab94fe185f8a4ecc702e89e to start an election
I20260713 09:11:33.488579 27967 tablet_service.cc:2044] Received Run Leader Election RPC: tablet_id: "4065137140dc4337aeb3276d455b5fe5"
dest_uuid: "805c93a2aab94fe185f8a4ecc702e89e"
 from {username='slave'} at 127.0.0.1:58006
I20260713 09:11:33.489073 27967 raft_consensus.cc:493] T 4065137140dc4337aeb3276d455b5fe5 P 805c93a2aab94fe185f8a4ecc702e89e [term 2 FOLLOWER]: Starting forced leader election (received explicit request)
I20260713 09:11:33.489377 27967 raft_consensus.cc:3060] T 4065137140dc4337aeb3276d455b5fe5 P 805c93a2aab94fe185f8a4ecc702e89e [term 2 FOLLOWER]: Advancing to term 3
I20260713 09:11:33.493317 27967 raft_consensus.cc:515] T 4065137140dc4337aeb3276d455b5fe5 P 805c93a2aab94fe185f8a4ecc702e89e [term 3 FOLLOWER]: Starting forced leader election with config: opid_index: -1 OBSOLETE_local: false peers { permanent_uuid: "62181c7d65a64e2b8adf711bdfb7ee38" member_type: VOTER last_known_addr { host: "127.26.141.193" port: 40933 } } peers { permanent_uuid: "4a7231aa5958459da081cb0655403a03" member_type: VOTER last_known_addr { host: "127.26.141.194" port: 34767 } } peers { permanent_uuid: "805c93a2aab94fe185f8a4ecc702e89e" member_type: VOTER last_known_addr { host: "127.26.141.195" port: 34585 } }
I20260713 09:11:33.494592 27967 leader_election.cc:290] T 4065137140dc4337aeb3276d455b5fe5 P 805c93a2aab94fe185f8a4ecc702e89e [CANDIDATE]: Term 3 election: Requested vote from peers 62181c7d65a64e2b8adf711bdfb7ee38 (127.26.141.193:40933), 4a7231aa5958459da081cb0655403a03 (127.26.141.194:34767)
I20260713 09:11:33.495509 27817 tablet_service.cc:1917] Received RequestConsensusVote() RPC: tablet_id: "4065137140dc4337aeb3276d455b5fe5" candidate_uuid: "805c93a2aab94fe185f8a4ecc702e89e" candidate_term: 3 candidate_status { last_received { term: 2 index: 2 } } ignore_live_leader: true dest_uuid: "62181c7d65a64e2b8adf711bdfb7ee38"
I20260713 09:11:33.495633 27893 tablet_service.cc:1917] Received RequestConsensusVote() RPC: tablet_id: "4065137140dc4337aeb3276d455b5fe5" candidate_uuid: "805c93a2aab94fe185f8a4ecc702e89e" candidate_term: 3 candidate_status { last_received { term: 2 index: 2 } } ignore_live_leader: true dest_uuid: "4a7231aa5958459da081cb0655403a03"
I20260713 09:11:33.496083 27817 raft_consensus.cc:3055] T 4065137140dc4337aeb3276d455b5fe5 P 62181c7d65a64e2b8adf711bdfb7ee38 [term 2 LEADER]: Stepping down as leader of term 2
I20260713 09:11:33.496249 27893 raft_consensus.cc:3060] T 4065137140dc4337aeb3276d455b5fe5 P 4a7231aa5958459da081cb0655403a03 [term 2 FOLLOWER]: Advancing to term 3
I20260713 09:11:33.496411 27817 raft_consensus.cc:740] T 4065137140dc4337aeb3276d455b5fe5 P 62181c7d65a64e2b8adf711bdfb7ee38 [term 2 LEADER]: Becoming Follower/Learner. State: Replica: 62181c7d65a64e2b8adf711bdfb7ee38, State: Running, Role: LEADER
I20260713 09:11:33.497181 27817 consensus_queue.cc:260] T 4065137140dc4337aeb3276d455b5fe5 P 62181c7d65a64e2b8adf711bdfb7ee38 [NON_LEADER]: Queue going to NON_LEADER mode. State: All replicated index: 0, Majority replicated index: 2, Committed index: 2, Last appended: 2.2, Last appended by leader: 2, Current term: 2, Majority size: -1, State: 0, Mode: NON_LEADER, active raft config: opid_index: -1 OBSOLETE_local: false peers { permanent_uuid: "62181c7d65a64e2b8adf711bdfb7ee38" member_type: VOTER last_known_addr { host: "127.26.141.193" port: 40933 } } peers { permanent_uuid: "4a7231aa5958459da081cb0655403a03" member_type: VOTER last_known_addr { host: "127.26.141.194" port: 34767 } } peers { permanent_uuid: "805c93a2aab94fe185f8a4ecc702e89e" member_type: VOTER last_known_addr { host: "127.26.141.195" port: 34585 } }
I20260713 09:11:33.498044 27817 raft_consensus.cc:3060] T 4065137140dc4337aeb3276d455b5fe5 P 62181c7d65a64e2b8adf711bdfb7ee38 [term 2 FOLLOWER]: Advancing to term 3
