I20260713 09:11:34.170321 28652 raft_consensus.cc:515] T ca1ecde15f2b415cabd588e5c4d41c30 P 3acef8d7b9334b66b047d554773035c7 [term 1 FOLLOWER]: Starting leader election with config: opid_index: -1 OBSOLETE_local: false peers { permanent_uuid: "86fa8c25466142ea915e398173599047" member_type: VOTER last_known_addr { host: "127.26.163.1" port: 35965 } } peers { permanent_uuid: "395758dc9cef460a8819107804fdc34d" member_type: VOTER last_known_addr { host: "127.26.163.2" port: 32875 } } peers { permanent_uuid: "3acef8d7b9334b66b047d554773035c7" member_type: VOTER last_known_addr { host: "127.26.163.3" port: 36525 } }
I20260713 09:11:34.171595 28588 tablet_bootstrap.cc:654] T ce2c95a40b4e4cdfa959bf617ab83051 P 86fa8c25466142ea915e398173599047: Neither blocks nor log segments found. Creating new log.
I20260713 09:11:34.176139 28585 raft_consensus.cc:359] T 3a8499c81da549fcba3ed4abfb516a40 P 395758dc9cef460a8819107804fdc34d [term 0 FOLLOWER]: Replica starting. Triggering 0 pending ops. Active config: opid_index: -1 OBSOLETE_local: false peers { permanent_uuid: "86fa8c25466142ea915e398173599047" member_type: VOTER last_known_addr { host: "127.26.163.1" port: 35965 } } peers { permanent_uuid: "395758dc9cef460a8819107804fdc34d" member_type: VOTER last_known_addr { host: "127.26.163.2" port: 32875 } } peers { permanent_uuid: "3acef8d7b9334b66b047d554773035c7" member_type: VOTER last_known_addr { host: "127.26.163.3" port: 36525 } }
I20260713 09:11:34.176901 28585 raft_consensus.cc:385] T 3a8499c81da549fcba3ed4abfb516a40 P 395758dc9cef460a8819107804fdc34d [term 0 FOLLOWER]: Consensus starting up: Expiring failure detector timer to make a prompt election more likely
I20260713 09:11:34.177167 28585 raft_consensus.cc:740] T 3a8499c81da549fcba3ed4abfb516a40 P 395758dc9cef460a8819107804fdc34d [term 0 FOLLOWER]: Becoming Follower/Learner. State: Replica: 395758dc9cef460a8819107804fdc34d, State: Initialized, Role: FOLLOWER
I20260713 09:11:34.177809 28585 consensus_queue.cc:260] T 3a8499c81da549fcba3ed4abfb516a40 P 395758dc9cef460a8819107804fdc34d [NON_LEADER]: Queue going to NON_LEADER mode. State: All replicated index: 0, Majority replicated index: 0, Committed index: 0, Last appended: 0.0, Last appended by leader: 0, Current term: 0, Majority size: -1, State: 0, Mode: NON_LEADER, active raft config: opid_index: -1 OBSOLETE_local: false peers { permanent_uuid: "86fa8c25466142ea915e398173599047" member_type: VOTER last_known_addr { host: "127.26.163.1" port: 35965 } } peers { permanent_uuid: "395758dc9cef460a8819107804fdc34d" member_type: VOTER last_known_addr { host: "127.26.163.2" port: 32875 } } peers { permanent_uuid: "3acef8d7b9334b66b047d554773035c7" member_type: VOTER last_known_addr { host: "127.26.163.3" port: 36525 } }
I20260713 09:11:34.179764 28585 ts_tablet_manager.cc:1434] T 3a8499c81da549fcba3ed4abfb516a40 P 395758dc9cef460a8819107804fdc34d: Time spent starting tablet: real 0.015s	user 0.004s	sys 0.000s
I20260713 09:11:34.179889 28589 consensus_queue.cc:1048] T 910fc7cc67a148ad9e47d83208f3c150 P 395758dc9cef460a8819107804fdc34d [LEADER]: Connected to new peer: Peer: permanent_uuid: "3acef8d7b9334b66b047d554773035c7" member_type: VOTER last_known_addr { host: "127.26.163.3" port: 36525 }, Status: LMP_MISMATCH, Last received: 0.0, Next index: 1, Last known committed idx: 0, Time since last communication: 0.000s
I20260713 09:11:34.180670 28585 tablet_bootstrap.cc:492] T 978ce77f08154bd3b21d009b823894a6 P 395758dc9cef460a8819107804fdc34d: Bootstrap starting.
I20260713 09:11:34.182412 28395 tablet_service.cc:1917] Received RequestConsensusVote() RPC: tablet_id: "ca1ecde15f2b415cabd588e5c4d41c30" candidate_uuid: "3acef8d7b9334b66b047d554773035c7" candidate_term: 1 candidate_status { last_received { term: 0 index: 0 } } ignore_live_leader: false dest_uuid: "86fa8c25466142ea915e398173599047"
W20260713 09:11:34.184504 28508 leader_election.cc:343] T ca1ecde15f2b415cabd588e5c4d41c30 P 3acef8d7b9334b66b047d554773035c7 [CANDIDATE]: Term 1 election: Tablet error from VoteRequest() call to peer 86fa8c25466142ea915e398173599047 (127.26.163.1:35965): Illegal state: must be running to vote when last-logged opid is not known
I20260713 09:11:34.186861 28585 tablet_bootstrap.cc:654] T 978ce77f08154bd3b21d009b823894a6 P 395758dc9cef460a8819107804fdc34d: Neither blocks nor log segments found. Creating new log.
I20260713 09:11:34.187201 28586 tablet_bootstrap.cc:492] T b89ef5202d2546f0a73d7eb6cdeabf22 P 3acef8d7b9334b66b047d554773035c7: No bootstrap required, opened a new log
I20260713 09:11:34.187685 28586 ts_tablet_manager.cc:1403] T b89ef5202d2546f0a73d7eb6cdeabf22 P 3acef8d7b9334b66b047d554773035c7: Time spent bootstrapping tablet: real 0.040s	user 0.005s	sys 0.008s
I20260713 09:11:34.187631 28470 tablet_service.cc:1917] Received RequestConsensusVote() RPC: tablet_id: "ca1ecde15f2b415cabd588e5c4d41c30" candidate_uuid: "3acef8d7b9334b66b047d554773035c7" candidate_term: 1 candidate_status { last_received { term: 0 index: 0 } } ignore_live_leader: false dest_uuid: "395758dc9cef460a8819107804fdc34d"
I20260713 09:11:34.187994 28395 raft_consensus.cc:3060] T 1c8a55db50bf40cfaa65eb055ce6401a P 86fa8c25466142ea915e398173599047 [term 0 FOLLOWER]: Advancing to term 1
I20260713 09:11:34.188380 28470 raft_consensus.cc:3060] T ca1ecde15f2b415cabd588e5c4d41c30 P 395758dc9cef460a8819107804fdc34d [term 0 FOLLOWER]: Advancing to term 1
I20260713 09:11:34.190316 28588 tablet_bootstrap.cc:492] T ce2c95a40b4e4cdfa959bf617ab83051 P 86fa8c25466142ea915e398173599047: No bootstrap required, opened a new log
I20260713 09:11:34.190783 28588 ts_tablet_manager.cc:1403] T ce2c95a40b4e4cdfa959bf617ab83051 P 86fa8c25466142ea915e398173599047: Time spent bootstrapping tablet: real 0.028s	user 0.006s	sys 0.003s
I20260713 09:11:34.193819 28588 raft_consensus.cc:359] T ce2c95a40b4e4cdfa959bf617ab83051 P 86fa8c25466142ea915e398173599047 [term 0 FOLLOWER]: Replica starting. Triggering 0 pending ops. Active config: opid_index: -1 OBSOLETE_local: false peers { permanent_uuid: "86fa8c25466142ea915e398173599047" member_type: VOTER last_known_addr { host: "127.26.163.1" port: 35965 } } peers { permanent_uuid: "395758dc9cef460a8819107804fdc34d" member_type: VOTER last_known_addr { host: "127.26.163.2" port: 32875 } } peers { permanent_uuid: "3acef8d7b9334b66b047d554773035c7" member_type: VOTER last_known_addr { host: "127.26.163.3" port: 36525 } }
I20260713 09:11:34.194514 28588 raft_consensus.cc:385] T ce2c95a40b4e4cdfa959bf617ab83051 P 86fa8c25466142ea915e398173599047 [term 0 FOLLOWER]: Consensus starting up: Expiring failure detector timer to make a prompt election more likely
I20260713 09:11:34.194813 28588 raft_consensus.cc:740] T ce2c95a40b4e4cdfa959bf617ab83051 P 86fa8c25466142ea915e398173599047 [term 0 FOLLOWER]: Becoming Follower/Learner. State: Replica: 86fa8c25466142ea915e398173599047, State: Initialized, Role: FOLLOWER
I20260713 09:11:34.195515 28588 consensus_queue.cc:260] T ce2c95a40b4e4cdfa959bf617ab83051 P 86fa8c25466142ea915e398173599047 [NON_LEADER]: Queue going to NON_LEADER mode. State: All replicated index: 0, Majority replicated index: 0, Committed index: 0, Last appended: 0.0, Last appended by leader: 0, Current term: 0, Majority size: -1, State: 0, Mode: NON_LEADER, active raft config: opid_index: -1 OBSOLETE_local: false peers { permanent_uuid: "86fa8c25466142ea915e398173599047" member_type: VOTER last_known_addr { host: "127.26.163.1" port: 35965 } } peers { permanent_uuid: "395758dc9cef460a8819107804fdc34d" member_type: VOTER last_known_addr { host: "127.26.163.2" port: 32875 } } peers { permanent_uuid: "3acef8d7b9334b66b047d554773035c7" member_type: VOTER last_known_addr { host: "127.26.163.3" port: 36525 } }
I20260713 09:11:34.196031 28652 leader_election.cc:290] T ca1ecde15f2b415cabd588e5c4d41c30 P 3acef8d7b9334b66b047d554773035c7 [CANDIDATE]: Term 1 election: Requested vote from peers 86fa8c25466142ea915e398173599047 (127.26.163.1:35965), 395758dc9cef460a8819107804fdc34d (127.26.163.2:32875)
I20260713 09:11:34.197798 28588 ts_tablet_manager.cc:1434] T ce2c95a40b4e4cdfa959bf617ab83051 P 86fa8c25466142ea915e398173599047: Time spent starting tablet: real 0.007s	user 0.007s	sys 0.000s
I20260713 09:11:34.198740 28588 tablet_bootstrap.cc:492] T 3b5c3f8083d44f1197079e8fdb1e9414 P 86fa8c25466142ea915e398173599047: Bootstrap starting.
I20260713 09:11:34.200002 28291 catalog_manager.cc:5697] T ef4e26bf73be4564904024f44e6d7d80 P 86fa8c25466142ea915e398173599047 reported cstate change: term changed from 0 to 1, leader changed from <none> to 86fa8c25466142ea915e398173599047 (127.26.163.1). New cstate: current_term: 1 leader_uuid: "86fa8c25466142ea915e398173599047" committed_config { opid_index: -1 OBSOLETE_local: false peers { permanent_uuid: "86fa8c25466142ea915e398173599047" member_type: VOTER last_known_addr { host: "127.26.163.1" port: 35965 } health_report { overall_health: HEALTHY } } peers { permanent_uuid: "395758dc9cef460a8819107804fdc34d" member_type: VOTER last_known_addr { host: "127.26.163.2" port: 32875 } health_report { overall_health: UNKNOWN } } peers { permanent_uuid: "3acef8d7b9334b66b047d554773035c7" member_type: VOTER last_known_addr { host: "127.26.163.3" port: 36525 } health_report { overall_health: UNKNOWN } } }
I20260713 09:11:34.204515 28586 raft_consensus.cc:359] T b89ef5202d2546f0a73d7eb6cdeabf22 P 3acef8d7b9334b66b047d554773035c7 [term 0 FOLLOWER]: Replica starting. Triggering 0 pending ops. Active config: opid_index: -1 OBSOLETE_local: false peers { permanent_uuid: "86fa8c25466142ea915e398173599047" member_type: VOTER last_known_addr { host: "127.26.163.1" port: 35965 } } peers { permanent_uuid: "395758dc9cef460a8819107804fdc34d" member_type: VOTER last_known_addr { host: "127.26.163.2" port: 32875 } } peers { permanent_uuid: "3acef8d7b9334b66b047d554773035c7" member_type: VOTER last_known_addr { host: "127.26.163.3" port: 36525 } }
I20260713 09:11:34.205291 28586 raft_consensus.cc:385] T b89ef5202d2546f0a73d7eb6cdeabf22 P 3acef8d7b9334b66b047d554773035c7 [term 0 FOLLOWER]: Consensus starting up: Expiring failure detector timer to make a prompt election more likely
I20260713 09:11:34.205585 28586 raft_consensus.cc:740] T b89ef5202d2546f0a73d7eb6cdeabf22 P 3acef8d7b9334b66b047d554773035c7 [term 0 FOLLOWER]: Becoming Follower/Learner. State: Replica: 3acef8d7b9334b66b047d554773035c7, State: Initialized, Role: FOLLOWER
I20260713 09:11:34.205879 28606 raft_consensus.cc:493] T 80465197aa9d40789c01982df850da71 P 395758dc9cef460a8819107804fdc34d [term 0 FOLLOWER]: Starting pre-election (no leader contacted us within the election timeout)
I20260713 09:11:34.206393 28586 consensus_queue.cc:260] T b89ef5202d2546f0a73d7eb6cdeabf22 P 3acef8d7b9334b66b047d554773035c7 [NON_LEADER]: Queue going to NON_LEADER mode. State: All replicated index: 0, Majority replicated index: 0, Committed index: 0, Last appended: 0.0, Last appended by leader: 0, Current term: 0, Majority size: -1, State: 0, Mode: NON_LEADER, active raft config: opid_index: -1 OBSOLETE_local: false peers { permanent_uuid: "86fa8c25466142ea915e398173599047" member_type: VOTER last_known_addr { host: "127.26.163.1" port: 35965 } } peers { permanent_uuid: "395758dc9cef460a8819107804fdc34d" member_type: VOTER last_known_addr { host: "127.26.163.2" port: 32875 } } peers { permanent_uuid: "3acef8d7b9334b66b047d554773035c7" member_type: VOTER last_known_addr { host: "127.26.163.3" port: 36525 } }
I20260713 09:11:34.206665 28606 raft_consensus.cc:515] T 80465197aa9d40789c01982df850da71 P 395758dc9cef460a8819107804fdc34d [term 0 FOLLOWER]: Starting pre-election with config: opid_index: -1 OBSOLETE_local: false peers { permanent_uuid: "86fa8c25466142ea915e398173599047" member_type: VOTER last_known_addr { host: "127.26.163.1" port: 35965 } } peers { permanent_uuid: "395758dc9cef460a8819107804fdc34d" member_type: VOTER last_known_addr { host: "127.26.163.2" port: 32875 } } peers { permanent_uuid: "3acef8d7b9334b66b047d554773035c7" member_type: VOTER last_known_addr { host: "127.26.163.3" port: 36525 } }
I20260713 09:11:34.211309 28544 tablet_service.cc:1917] Received RequestConsensusVote() RPC: tablet_id: "80465197aa9d40789c01982df850da71" candidate_uuid: "395758dc9cef460a8819107804fdc34d" candidate_term: 1 candidate_status { last_received { term: 0 index: 0 } } ignore_live_leader: false dest_uuid: "3acef8d7b9334b66b047d554773035c7" is_pre_election: true
I20260713 09:11:34.211490 28396 tablet_service.cc:1917] Received RequestConsensusVote() RPC: tablet_id: "80465197aa9d40789c01982df850da71" candidate_uuid: "395758dc9cef460a8819107804fdc34d" candidate_term: 1 candidate_status { last_received { term: 0 index: 0 } } ignore_live_leader: false dest_uuid: "86fa8c25466142ea915e398173599047" is_pre_election: true
I20260713 09:11:34.213364 28434 leader_election.cc:304] T 80465197aa9d40789c01982df850da71 P 395758dc9cef460a8819107804fdc34d [CANDIDATE]: Term 1 pre-election: Election decided. Result: candidate lost. Election summary: received 3 responses out of 3 voters: 1 yes votes; 2 no votes. yes voters: 395758dc9cef460a8819107804fdc34d; no voters: 3acef8d7b9334b66b047d554773035c7, 86fa8c25466142ea915e398173599047
I20260713 09:11:34.214349 28588 tablet_bootstrap.cc:654] T 3b5c3f8083d44f1197079e8fdb1e9414 P 86fa8c25466142ea915e398173599047: Neither blocks nor log segments found. Creating new log.
I20260713 09:11:34.214196 28626 raft_consensus.cc:2749] T 80465197aa9d40789c01982df850da71 P 395758dc9cef460a8819107804fdc34d [term 0 FOLLOWER]: Leader pre-election lost for term 1. Reason: could not achieve majority
I20260713 09:11:34.218772 28586 ts_tablet_manager.cc:1434] T b89ef5202d2546f0a73d7eb6cdeabf22 P 3acef8d7b9334b66b047d554773035c7: Time spent starting tablet: real 0.031s	user 0.009s	sys 0.000s
I20260713 09:11:34.220059 28586 tablet_bootstrap.cc:492] T 978ce77f08154bd3b21d009b823894a6 P 3acef8d7b9334b66b047d554773035c7: Bootstrap starting.
I20260713 09:11:34.223623 28589 consensus_queue.cc:1048] T 910fc7cc67a148ad9e47d83208f3c150 P 395758dc9cef460a8819107804fdc34d [LEADER]: Connected to new peer: Peer: permanent_uuid: "86fa8c25466142ea915e398173599047" member_type: VOTER last_known_addr { host: "127.26.163.1" port: 35965 }, Status: LMP_MISMATCH, Last received: 0.0, Next index: 1, Last known committed idx: 0, Time since last communication: 0.000s
I20260713 09:11:34.227138 28586 tablet_bootstrap.cc:654] T 978ce77f08154bd3b21d009b823894a6 P 3acef8d7b9334b66b047d554773035c7: Neither blocks nor log segments found. Creating new log.
I20260713 09:11:34.234418 28652 consensus_queue.cc:1048] T bfe64f64f2234d11b48cd148d4e98519 P 3acef8d7b9334b66b047d554773035c7 [LEADER]: Connected to new peer: Peer: permanent_uuid: "86fa8c25466142ea915e398173599047" member_type: VOTER last_known_addr { host: "127.26.163.1" port: 35965 }, Status: LMP_MISMATCH, Last received: 0.0, Next index: 1, Last known committed idx: 0, Time since last communication: 0.001s
I20260713 09:11:34.242211 28606 leader_election.cc:290] T 80465197aa9d40789c01982df850da71 P 395758dc9cef460a8819107804fdc34d [CANDIDATE]: Term 1 pre-election: Requested pre-vote from peers 86fa8c25466142ea915e398173599047 (127.26.163.1:35965), 3acef8d7b9334b66b047d554773035c7 (127.26.163.3:36525)
I20260713 09:11:34.248724 28662 raft_consensus.cc:493] T 3c2d4ceee18d48a3a1e8578c8524662c P 86fa8c25466142ea915e398173599047 [term 0 FOLLOWER]: Starting pre-election (no leader contacted us within the election timeout)
I20260713 09:11:34.249394 28662 raft_consensus.cc:515] T 3c2d4ceee18d48a3a1e8578c8524662c P 86fa8c25466142ea915e398173599047 [term 0 FOLLOWER]: Starting pre-election with config: opid_index: -1 OBSOLETE_local: false peers { permanent_uuid: "86fa8c25466142ea915e398173599047" member_type: VOTER last_known_addr { host: "127.26.163.1" port: 35965 } } peers { permanent_uuid: "395758dc9cef460a8819107804fdc34d" member_type: VOTER last_known_addr { host: "127.26.163.2" port: 32875 } } peers { permanent_uuid: "3acef8d7b9334b66b047d554773035c7" member_type: VOTER last_known_addr { host: "127.26.163.3" port: 36525 } }
I20260713 09:11:34.253443 28588 tablet_bootstrap.cc:492] T 3b5c3f8083d44f1197079e8fdb1e9414 P 86fa8c25466142ea915e398173599047: No bootstrap required, opened a new log
I20260713 09:11:34.252130 28662 leader_election.cc:290] T 3c2d4ceee18d48a3a1e8578c8524662c P 86fa8c25466142ea915e398173599047 [CANDIDATE]: Term 1 pre-election: Requested pre-vote from peers 395758dc9cef460a8819107804fdc34d (127.26.163.2:32875), 3acef8d7b9334b66b047d554773035c7 (127.26.163.3:36525)
I20260713 09:11:34.254051 28588 ts_tablet_manager.cc:1403] T 3b5c3f8083d44f1197079e8fdb1e9414 P 86fa8c25466142ea915e398173599047: Time spent bootstrapping tablet: real 0.056s	user 0.010s	sys 0.013s
I20260713 09:11:34.255259 28468 tablet_service.cc:1917] Received RequestConsensusVote() RPC: tablet_id: "3c2d4ceee18d48a3a1e8578c8524662c" candidate_uuid: "86fa8c25466142ea915e398173599047" candidate_term: 1 candidate_status { last_received { term: 0 index: 0 } } ignore_live_leader: false dest_uuid: "395758dc9cef460a8819107804fdc34d" is_pre_election: true
I20260713 09:11:34.256381 28468 raft_consensus.cc:2393] T 3c2d4ceee18d48a3a1e8578c8524662c P 395758dc9cef460a8819107804fdc34d [term 1 FOLLOWER]: Leader pre-election vote request: Denying vote to candidate 86fa8c25466142ea915e398173599047 in current term 1: Already voted for candidate 3acef8d7b9334b66b047d554773035c7 in this term.
I20260713 09:11:34.257866 28588 raft_consensus.cc:359] T 3b5c3f8083d44f1197079e8fdb1e9414 P 86fa8c25466142ea915e398173599047 [term 0 FOLLOWER]: Replica starting. Triggering 0 pending ops. Active config: opid_index: -1 OBSOLETE_local: false peers { permanent_uuid: "86fa8c25466142ea915e398173599047" member_type: VOTER last_known_addr { host: "127.26.163.1" port: 35965 } } peers { permanent_uuid: "395758dc9cef460a8819107804fdc34d" member_type: VOTER last_known_addr { host: "127.26.163.2" port: 32875 } } peers { permanent_uuid: "3acef8d7b9334b66b047d554773035c7" member_type: VOTER last_known_addr { host: "127.26.163.3" port: 36525 } }
I20260713 09:11:34.258708 28588 raft_consensus.cc:385] T 3b5c3f8083d44f1197079e8fdb1e9414 P 86fa8c25466142ea915e398173599047 [term 0 FOLLOWER]: Consensus starting up: Expiring failure detector timer to make a prompt election more likely
I20260713 09:11:34.258512 28544 tablet_service.cc:1917] Received RequestConsensusVote() RPC: tablet_id: "3c2d4ceee18d48a3a1e8578c8524662c" candidate_uuid: "86fa8c25466142ea915e398173599047" candidate_term: 1 candidate_status { last_received { term: 0 index: 0 } } ignore_live_leader: false dest_uuid: "3acef8d7b9334b66b047d554773035c7" is_pre_election: true
I20260713 09:11:34.259140 28588 raft_consensus.cc:740] T 3b5c3f8083d44f1197079e8fdb1e9414 P 86fa8c25466142ea915e398173599047 [term 0 FOLLOWER]: Becoming Follower/Learner. State: Replica: 86fa8c25466142ea915e398173599047, State: Initialized, Role: FOLLOWER
I20260713 09:11:34.260058 28588 consensus_queue.cc:260] T 3b5c3f8083d44f1197079e8fdb1e9414 P 86fa8c25466142ea915e398173599047 [NON_LEADER]: Queue going to NON_LEADER mode. State: All replicated index: 0, Majority replicated index: 0, Committed index: 0, Last appended: 0.0, Last appended by leader: 0, Current term: 0, Majority size: -1, State: 0, Mode: NON_LEADER, active raft config: opid_index: -1 OBSOLETE_local: false peers { permanent_uuid: "86fa8c25466142ea915e398173599047" member_type: VOTER last_known_addr { host: "127.26.163.1" port: 35965 } } peers { permanent_uuid: "395758dc9cef460a8819107804fdc34d" member_type: VOTER last_known_addr { host: "127.26.163.2" port: 32875 } } peers { permanent_uuid: "3acef8d7b9334b66b047d554773035c7" member_type: VOTER last_known_addr { host: "127.26.163.3" port: 36525 } }
I20260713 09:11:34.260600 28362 leader_election.cc:304] T 3c2d4ceee18d48a3a1e8578c8524662c P 86fa8c25466142ea915e398173599047 [CANDIDATE]: Term 1 pre-election: Election decided. Result: candidate lost. Election summary: received 3 responses out of 3 voters: 1 yes votes; 2 no votes. yes voters: 86fa8c25466142ea915e398173599047; no voters: 395758dc9cef460a8819107804fdc34d, 3acef8d7b9334b66b047d554773035c7
I20260713 09:11:34.262001 28628 raft_consensus.cc:3060] T 3c2d4ceee18d48a3a1e8578c8524662c P 86fa8c25466142ea915e398173599047 [term 0 FOLLOWER]: Advancing to term 1
I20260713 09:11:34.262949 28588 ts_tablet_manager.cc:1434] T 3b5c3f8083d44f1197079e8fdb1e9414 P 86fa8c25466142ea915e398173599047: Time spent starting tablet: real 0.008s	user 0.008s	sys 0.000s
I20260713 09:11:34.266527 28586 tablet_bootstrap.cc:492] T 978ce77f08154bd3b21d009b823894a6 P 3acef8d7b9334b66b047d554773035c7: No bootstrap required, opened a new log
I20260713 09:11:34.267169 28586 ts_tablet_manager.cc:1403] T 978ce77f08154bd3b21d009b823894a6 P 3acef8d7b9334b66b047d554773035c7: Time spent bootstrapping tablet: real 0.047s	user 0.001s	sys 0.019s
I20260713 09:11:34.272938 28586 raft_consensus.cc:359] T 978ce77f08154bd3b21d009b823894a6 P 3acef8d7b9334b66b047d554773035c7 [term 0 FOLLOWER]: Replica starting. Triggering 0 pending ops. Active config: opid_index: -1 OBSOLETE_local: false peers { permanent_uuid: "86fa8c25466142ea915e398173599047" member_type: VOTER last_known_addr { host: "127.26.163.1" port: 35965 } } peers { permanent_uuid: "395758dc9cef460a8819107804fdc34d" member_type: VOTER last_known_addr { host: "127.26.163.2" port: 32875 } } peers { permanent_uuid: "3acef8d7b9334b66b047d554773035c7" member_type: VOTER last_known_addr { host: "127.26.163.3" port: 36525 } }
I20260713 09:11:34.273670 28586 raft_consensus.cc:385] T 978ce77f08154bd3b21d009b823894a6 P 3acef8d7b9334b66b047d554773035c7 [term 0 FOLLOWER]: Consensus starting up: Expiring failure detector timer to make a prompt election more likely
I20260713 09:11:34.273959 28586 raft_consensus.cc:740] T 978ce77f08154bd3b21d009b823894a6 P 3acef8d7b9334b66b047d554773035c7 [term 0 FOLLOWER]: Becoming Follower/Learner. State: Replica: 3acef8d7b9334b66b047d554773035c7, State: Initialized, Role: FOLLOWER
I20260713 09:11:34.274680 28586 consensus_queue.cc:260] T 978ce77f08154bd3b21d009b823894a6 P 3acef8d7b9334b66b047d554773035c7 [NON_LEADER]: Queue going to NON_LEADER mode. State: All replicated index: 0, Majority replicated index: 0, Committed index: 0, Last appended: 0.0, Last appended by leader: 0, Current term: 0, Majority size: -1, State: 0, Mode: NON_LEADER, active raft config: opid_index: -1 OBSOLETE_local: false peers { permanent_uuid: "86fa8c25466142ea915e398173599047" member_type: VOTER last_known_addr { host: "127.26.163.1" port: 35965 } } peers { permanent_uuid: "395758dc9cef460a8819107804fdc34d" member_type: VOTER last_known_addr { host: "127.26.163.2" port: 32875 } } peers { permanent_uuid: "3acef8d7b9334b66b047d554773035c7" member_type: VOTER last_known_addr { host: "127.26.163.3" port: 36525 } }
I20260713 09:11:34.274972 28652 consensus_queue.cc:1048] T c34afd5b3c024bc7a82817dbc71a2f33 P 3acef8d7b9334b66b047d554773035c7 [LEADER]: Connected to new peer: Peer: permanent_uuid: "86fa8c25466142ea915e398173599047" member_type: VOTER last_known_addr { host: "127.26.163.1" port: 35965 }, Status: LMP_MISMATCH, Last received: 0.0, Next index: 1, Last known committed idx: 0, Time since last communication: 0.000s
I20260713 09:11:34.277020 28586 ts_tablet_manager.cc:1434] T 978ce77f08154bd3b21d009b823894a6 P 3acef8d7b9334b66b047d554773035c7: Time spent starting tablet: real 0.009s	user 0.009s	sys 0.000s
I20260713 09:11:34.277351 28628 raft_consensus.cc:2749] T 3c2d4ceee18d48a3a1e8578c8524662c P 86fa8c25466142ea915e398173599047 [term 1 FOLLOWER]: Leader pre-election lost for term 1. Reason: could not achieve majority
I20260713 09:11:34.278020 28586 tablet_bootstrap.cc:492] T 91b8b25bd3ec483ba01925c1e95bc4fd P 3acef8d7b9334b66b047d554773035c7: Bootstrap starting.
I20260713 09:11:34.278870 28585 tablet_bootstrap.cc:492] T 978ce77f08154bd3b21d009b823894a6 P 395758dc9cef460a8819107804fdc34d: No bootstrap required, opened a new log
I20260713 09:11:34.279285 28585 ts_tablet_manager.cc:1403] T 978ce77f08154bd3b21d009b823894a6 P 395758dc9cef460a8819107804fdc34d: Time spent bootstrapping tablet: real 0.099s	user 0.048s	sys 0.031s
I20260713 09:11:34.282270 28585 raft_consensus.cc:359] T 978ce77f08154bd3b21d009b823894a6 P 395758dc9cef460a8819107804fdc34d [term 0 FOLLOWER]: Replica starting. Triggering 0 pending ops. Active config: opid_index: -1 OBSOLETE_local: false peers { permanent_uuid: "86fa8c25466142ea915e398173599047" member_type: VOTER last_known_addr { host: "127.26.163.1" port: 35965 } } peers { permanent_uuid: "395758dc9cef460a8819107804fdc34d" member_type: VOTER last_known_addr { host: "127.26.163.2" port: 32875 } } peers { permanent_uuid: "3acef8d7b9334b66b047d554773035c7" member_type: VOTER last_known_addr { host: "127.26.163.3" port: 36525 } }
I20260713 09:11:34.283146 28585 raft_consensus.cc:385] T 978ce77f08154bd3b21d009b823894a6 P 395758dc9cef460a8819107804fdc34d [term 0 FOLLOWER]: Consensus starting up: Expiring failure detector timer to make a prompt election more likely
I20260713 09:11:34.283421 28585 raft_consensus.cc:740] T 978ce77f08154bd3b21d009b823894a6 P 395758dc9cef460a8819107804fdc34d [term 0 FOLLOWER]: Becoming Follower/Learner. State: Replica: 395758dc9cef460a8819107804fdc34d, State: Initialized, Role: FOLLOWER
I20260713 09:11:34.284593 28588 tablet_bootstrap.cc:492] T 617edaab1111474faab6f8ca3819df2e P 86fa8c25466142ea915e398173599047: Bootstrap starting.
I20260713 09:11:34.284173 28585 consensus_queue.cc:260] T 978ce77f08154bd3b21d009b823894a6 P 395758dc9cef460a8819107804fdc34d [NON_LEADER]: Queue going to NON_LEADER mode. State: All replicated index: 0, Majority replicated index: 0, Committed index: 0, Last appended: 0.0, Last appended by leader: 0, Current term: 0, Majority size: -1, State: 0, Mode: NON_LEADER, active raft config: opid_index: -1 OBSOLETE_local: false peers { permanent_uuid: "86fa8c25466142ea915e398173599047" member_type: VOTER last_known_addr { host: "127.26.163.1" port: 35965 } } peers { permanent_uuid: "395758dc9cef460a8819107804fdc34d" member_type: VOTER last_known_addr { host: "127.26.163.2" port: 32875 } } peers { permanent_uuid: "3acef8d7b9334b66b047d554773035c7" member_type: VOTER last_known_addr { host: "127.26.163.3" port: 36525 } }
I20260713 09:11:34.289996 28585 ts_tablet_manager.cc:1434] T 978ce77f08154bd3b21d009b823894a6 P 395758dc9cef460a8819107804fdc34d: Time spent starting tablet: real 0.010s	user 0.007s	sys 0.000s
I20260713 09:11:34.290341 28586 tablet_bootstrap.cc:654] T 91b8b25bd3ec483ba01925c1e95bc4fd P 3acef8d7b9334b66b047d554773035c7: Neither blocks nor log segments found. Creating new log.
I20260713 09:11:34.290953 28585 tablet_bootstrap.cc:492] T 7e3690a85116467fad06824f1025ce32 P 395758dc9cef460a8819107804fdc34d: Bootstrap starting.
I20260713 09:11:34.294663 28652 raft_consensus.cc:493] T b89ef5202d2546f0a73d7eb6cdeabf22 P 3acef8d7b9334b66b047d554773035c7 [term 0 FOLLOWER]: Starting pre-election (no leader contacted us within the election timeout)
I20260713 09:11:34.295221 28652 raft_consensus.cc:515] T b89ef5202d2546f0a73d7eb6cdeabf22 P 3acef8d7b9334b66b047d554773035c7 [term 0 FOLLOWER]: Starting pre-election with config: opid_index: -1 OBSOLETE_local: false peers { permanent_uuid: "86fa8c25466142ea915e398173599047" member_type: VOTER last_known_addr { host: "127.26.163.1" port: 35965 } } peers { permanent_uuid: "395758dc9cef460a8819107804fdc34d" member_type: VOTER last_known_addr { host: "127.26.163.2" port: 32875 } } peers { permanent_uuid: "3acef8d7b9334b66b047d554773035c7" member_type: VOTER last_known_addr { host: "127.26.163.3" port: 36525 } }
I20260713 09:11:34.297927 28652 leader_election.cc:290] T b89ef5202d2546f0a73d7eb6cdeabf22 P 3acef8d7b9334b66b047d554773035c7 [CANDIDATE]: Term 1 pre-election: Requested pre-vote from peers 86fa8c25466142ea915e398173599047 (127.26.163.1:35965), 395758dc9cef460a8819107804fdc34d (127.26.163.2:32875)
I20260713 09:11:34.298889 28588 tablet_bootstrap.cc:654] T 617edaab1111474faab6f8ca3819df2e P 86fa8c25466142ea915e398173599047: Neither blocks nor log segments found. Creating new log.
I20260713 09:11:34.300011 28393 tablet_service.cc:1917] Received RequestConsensusVote() RPC: tablet_id: "b89ef5202d2546f0a73d7eb6cdeabf22" candidate_uuid: "3acef8d7b9334b66b047d554773035c7" candidate_term: 1 candidate_status { last_received { term: 0 index: 0 } } ignore_live_leader: false dest_uuid: "86fa8c25466142ea915e398173599047" is_pre_election: true
W20260713 09:11:34.301826 28508 leader_election.cc:343] T b89ef5202d2546f0a73d7eb6cdeabf22 P 3acef8d7b9334b66b047d554773035c7 [CANDIDATE]: Term 1 pre-election: Tablet error from VoteRequest() call to peer 86fa8c25466142ea915e398173599047 (127.26.163.1:35965): Illegal state: must be running to vote when last-logged opid is not known
I20260713 09:11:34.304629 28585 tablet_bootstrap.cc:654] T 7e3690a85116467fad06824f1025ce32 P 395758dc9cef460a8819107804fdc34d: Neither blocks nor log segments found. Creating new log.
W20260713 09:11:34.314791 28434 outbound_call.cc:321] RPC callback for RPC call kudu.consensus.ConsensusService.UpdateConsensus -> {remote=127.26.163.1:35965, user_credentials={real_user=slave}} blocked reactor thread for 80942.3us
I20260713 09:11:34.318089 28471 tablet_service.cc:1917] Received RequestConsensusVote() RPC: tablet_id: "b89ef5202d2546f0a73d7eb6cdeabf22" candidate_uuid: "3acef8d7b9334b66b047d554773035c7" candidate_term: 1 candidate_status { last_received { term: 0 index: 0 } } ignore_live_leader: false dest_uuid: "395758dc9cef460a8819107804fdc34d" is_pre_election: true
I20260713 09:11:34.248111 28470 raft_consensus.cc:2468] T ca1ecde15f2b415cabd588e5c4d41c30 P 395758dc9cef460a8819107804fdc34d [term 1 FOLLOWER]: Leader election vote request: Granting yes vote for candidate 3acef8d7b9334b66b047d554773035c7 in term 1.
I20260713 09:11:34.322261 28585 tablet_bootstrap.cc:492] T 7e3690a85116467fad06824f1025ce32 P 395758dc9cef460a8819107804fdc34d: No bootstrap required, opened a new log
I20260713 09:11:34.322693 28585 ts_tablet_manager.cc:1403] T 7e3690a85116467fad06824f1025ce32 P 395758dc9cef460a8819107804fdc34d: Time spent bootstrapping tablet: real 0.032s	user 0.008s	sys 0.004s
I20260713 09:11:34.325372 28585 raft_consensus.cc:359] T 7e3690a85116467fad06824f1025ce32 P 395758dc9cef460a8819107804fdc34d [term 0 FOLLOWER]: Replica starting. Triggering 0 pending ops. Active config: opid_index: -1 OBSOLETE_local: false peers { permanent_uuid: "86fa8c25466142ea915e398173599047" member_type: VOTER last_known_addr { host: "127.26.163.1" port: 35965 } } peers { permanent_uuid: "395758dc9cef460a8819107804fdc34d" member_type: VOTER last_known_addr { host: "127.26.163.2" port: 32875 } } peers { permanent_uuid: "3acef8d7b9334b66b047d554773035c7" member_type: VOTER last_known_addr { host: "127.26.163.3" port: 36525 } }
I20260713 09:11:34.326112 28585 raft_consensus.cc:385] T 7e3690a85116467fad06824f1025ce32 P 395758dc9cef460a8819107804fdc34d [term 0 FOLLOWER]: Consensus starting up: Expiring failure detector timer to make a prompt election more likely
I20260713 09:11:34.326391 28585 raft_consensus.cc:740] T 7e3690a85116467fad06824f1025ce32 P 395758dc9cef460a8819107804fdc34d [term 0 FOLLOWER]: Becoming Follower/Learner. State: Replica: 395758dc9cef460a8819107804fdc34d, State: Initialized, Role: FOLLOWER
W20260713 09:11:34.327271 28511 leader_election.cc:343] T b89ef5202d2546f0a73d7eb6cdeabf22 P 3acef8d7b9334b66b047d554773035c7 [CANDIDATE]: Term 1 pre-election: Tablet error from VoteRequest() call to peer 395758dc9cef460a8819107804fdc34d (127.26.163.2:32875): Illegal state: must be running to vote when last-logged opid is not known
I20260713 09:11:34.327768 28511 leader_election.cc:304] T b89ef5202d2546f0a73d7eb6cdeabf22 P 3acef8d7b9334b66b047d554773035c7 [CANDIDATE]: Term 1 pre-election: Election decided. Result: candidate lost. Election summary: received 3 responses out of 3 voters: 1 yes votes; 2 no votes. yes voters: 3acef8d7b9334b66b047d554773035c7; no voters: 395758dc9cef460a8819107804fdc34d, 86fa8c25466142ea915e398173599047
I20260713 09:11:34.328687 28649 raft_consensus.cc:2749] T b89ef5202d2546f0a73d7eb6cdeabf22 P 3acef8d7b9334b66b047d554773035c7 [term 0 FOLLOWER]: Leader pre-election lost for term 1. Reason: could not achieve majority
I20260713 09:11:34.329190 28511 leader_election.cc:304] T ca1ecde15f2b415cabd588e5c4d41c30 P 3acef8d7b9334b66b047d554773035c7 [CANDIDATE]: Term 1 election: Election decided. Result: candidate won. Election summary: received 3 responses out of 3 voters: 2 yes votes; 1 no votes. yes voters: 395758dc9cef460a8819107804fdc34d, 3acef8d7b9334b66b047d554773035c7; no voters: 86fa8c25466142ea915e398173599047
I20260713 09:11:34.330467 28649 raft_consensus.cc:2804] T ca1ecde15f2b415cabd588e5c4d41c30 P 3acef8d7b9334b66b047d554773035c7 [term 1 FOLLOWER]: Leader election won for term 1
I20260713 09:11:34.330961 28649 raft_consensus.cc:697] T ca1ecde15f2b415cabd588e5c4d41c30 P 3acef8d7b9334b66b047d554773035c7 [term 1 LEADER]: Becoming Leader. State: Replica: 3acef8d7b9334b66b047d554773035c7, State: Running, Role: LEADER
I20260713 09:11:34.331761 28649 consensus_queue.cc:237] T ca1ecde15f2b415cabd588e5c4d41c30 P 3acef8d7b9334b66b047d554773035c7 [LEADER]: Queue going to LEADER mode. State: All replicated index: 0, Majority replicated index: 0, Committed index: 0, Last appended: 0.0, Last appended by leader: 0, Current term: 1, Majority size: 2, State: 0, Mode: LEADER, active raft config: opid_index: -1 OBSOLETE_local: false peers { permanent_uuid: "86fa8c25466142ea915e398173599047" member_type: VOTER last_known_addr { host: "127.26.163.1" port: 35965 } } peers { permanent_uuid: "395758dc9cef460a8819107804fdc34d" member_type: VOTER last_known_addr { host: "127.26.163.2" port: 32875 } } peers { permanent_uuid: "3acef8d7b9334b66b047d554773035c7" member_type: VOTER last_known_addr { host: "127.26.163.3" port: 36525 } }
I20260713 09:11:34.342185 28686 consensus_queue.cc:1048] T 2ad359b787944afbbe9c0421b9de418d P 395758dc9cef460a8819107804fdc34d [LEADER]: Connected to new peer: Peer: permanent_uuid: "86fa8c25466142ea915e398173599047" member_type: VOTER last_known_addr { host: "127.26.163.1" port: 35965 }, Status: LMP_MISMATCH, Last received: 0.0, Next index: 1, Last known committed idx: 0, Time since last communication: 0.001s
I20260713 09:11:34.327032 28585 consensus_queue.cc:260] T 7e3690a85116467fad06824f1025ce32 P 395758dc9cef460a8819107804fdc34d [NON_LEADER]: Queue going to NON_LEADER mode. State: All replicated index: 0, Majority replicated index: 0, Committed index: 0, Last appended: 0.0, Last appended by leader: 0, Current term: 0, Majority size: -1, State: 0, Mode: NON_LEADER, active raft config: opid_index: -1 OBSOLETE_local: false peers { permanent_uuid: "86fa8c25466142ea915e398173599047" member_type: VOTER last_known_addr { host: "127.26.163.1" port: 35965 } } peers { permanent_uuid: "395758dc9cef460a8819107804fdc34d" member_type: VOTER last_known_addr { host: "127.26.163.2" port: 32875 } } peers { permanent_uuid: "3acef8d7b9334b66b047d554773035c7" member_type: VOTER last_known_addr { host: "127.26.163.3" port: 36525 } }
I20260713 09:11:34.347781 28585 ts_tablet_manager.cc:1434] T 7e3690a85116467fad06824f1025ce32 P 395758dc9cef460a8819107804fdc34d: Time spent starting tablet: real 0.025s	user 0.007s	sys 0.000s
I20260713 09:11:34.348786 28585 tablet_bootstrap.cc:492] T 91b8b25bd3ec483ba01925c1e95bc4fd P 395758dc9cef460a8819107804fdc34d: Bootstrap starting.
I20260713 09:11:34.349547 28292 catalog_manager.cc:5697] T ca1ecde15f2b415cabd588e5c4d41c30 P 3acef8d7b9334b66b047d554773035c7 reported cstate change: term changed from 0 to 1, leader changed from <none> to 3acef8d7b9334b66b047d554773035c7 (127.26.163.3). New cstate: current_term: 1 leader_uuid: "3acef8d7b9334b66b047d554773035c7" committed_config { opid_index: -1 OBSOLETE_local: false peers { permanent_uuid: "86fa8c25466142ea915e398173599047" member_type: VOTER last_known_addr { host: "127.26.163.1" port: 35965 } health_report { overall_health: UNKNOWN } } peers { permanent_uuid: "395758dc9cef460a8819107804fdc34d" member_type: VOTER last_known_addr { host: "127.26.163.2" port: 32875 } health_report { overall_health: UNKNOWN } } peers { permanent_uuid: "3acef8d7b9334b66b047d554773035c7" member_type: VOTER last_known_addr { host: "127.26.163.3" port: 36525 } health_report { overall_health: HEALTHY } } }
I20260713 09:11:34.354517 28585 tablet_bootstrap.cc:654] T 91b8b25bd3ec483ba01925c1e95bc4fd P 395758dc9cef460a8819107804fdc34d: Neither blocks nor log segments found. Creating new log.
I20260713 09:11:34.354398 28594 consensus_queue.cc:1048] T c34afd5b3c024bc7a82817dbc71a2f33 P 3acef8d7b9334b66b047d554773035c7 [LEADER]: Connected to new peer: Peer: permanent_uuid: "395758dc9cef460a8819107804fdc34d" member_type: VOTER last_known_addr { host: "127.26.163.2" port: 32875 }, Status: LMP_MISMATCH, Last received: 0.0, Next index: 1, Last known committed idx: 0, Time since last communication: 0.001s
I20260713 09:11:34.365043 28649 consensus_queue.cc:1048] T 3c2d4ceee18d48a3a1e8578c8524662c P 3acef8d7b9334b66b047d554773035c7 [LEADER]: Connected to new peer: Peer: permanent_uuid: "395758dc9cef460a8819107804fdc34d" member_type: VOTER last_known_addr { host: "127.26.163.2" port: 32875 }, Status: LMP_MISMATCH, Last received: 0.0, Next index: 1, Last known committed idx: 0, Time since last communication: 0.001s
I20260713 09:11:34.381922 28588 tablet_bootstrap.cc:492] T 617edaab1111474faab6f8ca3819df2e P 86fa8c25466142ea915e398173599047: No bootstrap required, opened a new log
I20260713 09:11:34.382452 28588 ts_tablet_manager.cc:1403] T 617edaab1111474faab6f8ca3819df2e P 86fa8c25466142ea915e398173599047: Time spent bootstrapping tablet: real 0.098s	user 0.007s	sys 0.041s
I20260713 09:11:34.383688 28585 tablet_bootstrap.cc:492] T 91b8b25bd3ec483ba01925c1e95bc4fd P 395758dc9cef460a8819107804fdc34d: No bootstrap required, opened a new log
I20260713 09:11:34.384150 28585 ts_tablet_manager.cc:1403] T 91b8b25bd3ec483ba01925c1e95bc4fd P 395758dc9cef460a8819107804fdc34d: Time spent bootstrapping tablet: real 0.036s	user 0.021s	sys 0.011s
I20260713 09:11:34.384572 28588 raft_consensus.cc:359] T 617edaab1111474faab6f8ca3819df2e P 86fa8c25466142ea915e398173599047 [term 0 FOLLOWER]: Replica starting. Triggering 0 pending ops. Active config: opid_index: -1 OBSOLETE_local: false peers { permanent_uuid: "86fa8c25466142ea915e398173599047" member_type: VOTER last_known_addr { host: "127.26.163.1" port: 35965 } } peers { permanent_uuid: "395758dc9cef460a8819107804fdc34d" member_type: VOTER last_known_addr { host: "127.26.163.2" port: 32875 } } peers { permanent_uuid: "3acef8d7b9334b66b047d554773035c7" member_type: VOTER last_known_addr { host: "127.26.163.3" port: 36525 } }
I20260713 09:11:34.385298 28588 raft_consensus.cc:385] T 617edaab1111474faab6f8ca3819df2e P 86fa8c25466142ea915e398173599047 [term 0 FOLLOWER]: Consensus starting up: Expiring failure detector timer to make a prompt election more likely
I20260713 09:11:34.385562 28588 raft_consensus.cc:740] T 617edaab1111474faab6f8ca3819df2e P 86fa8c25466142ea915e398173599047 [term 0 FOLLOWER]: Becoming Follower/Learner. State: Replica: 86fa8c25466142ea915e398173599047, State: Initialized, Role: FOLLOWER
I20260713 09:11:34.386370 28586 tablet_bootstrap.cc:492] T 91b8b25bd3ec483ba01925c1e95bc4fd P 3acef8d7b9334b66b047d554773035c7: No bootstrap required, opened a new log
I20260713 09:11:34.386303 28588 consensus_queue.cc:260] T 617edaab1111474faab6f8ca3819df2e P 86fa8c25466142ea915e398173599047 [NON_LEADER]: Queue going to NON_LEADER mode. State: All replicated index: 0, Majority replicated index: 0, Committed index: 0, Last appended: 0.0, Last appended by leader: 0, Current term: 0, Majority size: -1, State: 0, Mode: NON_LEADER, active raft config: opid_index: -1 OBSOLETE_local: false peers { permanent_uuid: "86fa8c25466142ea915e398173599047" member_type: VOTER last_known_addr { host: "127.26.163.1" port: 35965 } } peers { permanent_uuid: "395758dc9cef460a8819107804fdc34d" member_type: VOTER last_known_addr { host: "127.26.163.2" port: 32875 } } peers { permanent_uuid: "3acef8d7b9334b66b047d554773035c7" member_type: VOTER last_known_addr { host: "127.26.163.3" port: 36525 } }
I20260713 09:11:34.386644 28585 raft_consensus.cc:359] T 91b8b25bd3ec483ba01925c1e95bc4fd P 395758dc9cef460a8819107804fdc34d [term 0 FOLLOWER]: Replica starting. Triggering 0 pending ops. Active config: opid_index: -1 OBSOLETE_local: false peers { permanent_uuid: "86fa8c25466142ea915e398173599047" member_type: VOTER last_known_addr { host: "127.26.163.1" port: 35965 } } peers { permanent_uuid: "395758dc9cef460a8819107804fdc34d" member_type: VOTER last_known_addr { host: "127.26.163.2" port: 32875 } } peers { permanent_uuid: "3acef8d7b9334b66b047d554773035c7" member_type: VOTER last_known_addr { host: "127.26.163.3" port: 36525 } }
I20260713 09:11:34.387334 28585 raft_consensus.cc:385] T 91b8b25bd3ec483ba01925c1e95bc4fd P 395758dc9cef460a8819107804fdc34d [term 0 FOLLOWER]: Consensus starting up: Expiring failure detector timer to make a prompt election more likely
I20260713 09:11:34.387138 28586 ts_tablet_manager.cc:1403] T 91b8b25bd3ec483ba01925c1e95bc4fd P 3acef8d7b9334b66b047d554773035c7: Time spent bootstrapping tablet: real 0.109s	user 0.020s	sys 0.027s
I20260713 09:11:34.387648 28585 raft_consensus.cc:740] T 91b8b25bd3ec483ba01925c1e95bc4fd P 395758dc9cef460a8819107804fdc34d [term 0 FOLLOWER]: Becoming Follower/Learner. State: Replica: 395758dc9cef460a8819107804fdc34d, State: Initialized, Role: FOLLOWER
I20260713 09:11:34.388727 28588 ts_tablet_manager.cc:1434] T 617edaab1111474faab6f8ca3819df2e P 86fa8c25466142ea915e398173599047: Time spent starting tablet: real 0.006s	user 0.006s	sys 0.002s
I20260713 09:11:34.388553 28585 consensus_queue.cc:260] T 91b8b25bd3ec483ba01925c1e95bc4fd P 395758dc9cef460a8819107804fdc34d [NON_LEADER]: Queue going to NON_LEADER mode. State: All replicated index: 0, Majority replicated index: 0, Committed index: 0, Last appended: 0.0, Last appended by leader: 0, Current term: 0, Majority size: -1, State: 0, Mode: NON_LEADER, active raft config: opid_index: -1 OBSOLETE_local: false peers { permanent_uuid: "86fa8c25466142ea915e398173599047" member_type: VOTER last_known_addr { host: "127.26.163.1" port: 35965 } } peers { permanent_uuid: "395758dc9cef460a8819107804fdc34d" member_type: VOTER last_known_addr { host: "127.26.163.2" port: 32875 } } peers { permanent_uuid: "3acef8d7b9334b66b047d554773035c7" member_type: VOTER last_known_addr { host: "127.26.163.3" port: 36525 } }
I20260713 09:11:34.389592 28588 tablet_bootstrap.cc:492] T 3a8499c81da549fcba3ed4abfb516a40 P 86fa8c25466142ea915e398173599047: Bootstrap starting.
I20260713 09:11:34.390823 28585 ts_tablet_manager.cc:1434] T 91b8b25bd3ec483ba01925c1e95bc4fd P 395758dc9cef460a8819107804fdc34d: Time spent starting tablet: real 0.006s	user 0.005s	sys 0.000s
I20260713 09:11:34.390718 28586 raft_consensus.cc:359] T 91b8b25bd3ec483ba01925c1e95bc4fd P 3acef8d7b9334b66b047d554773035c7 [term 0 FOLLOWER]: Replica starting. Triggering 0 pending ops. Active config: opid_index: -1 OBSOLETE_local: false peers { permanent_uuid: "86fa8c25466142ea915e398173599047" member_type: VOTER last_known_addr { host: "127.26.163.1" port: 35965 } } peers { permanent_uuid: "395758dc9cef460a8819107804fdc34d" member_type: VOTER last_known_addr { host: "127.26.163.2" port: 32875 } } peers { permanent_uuid: "3acef8d7b9334b66b047d554773035c7" member_type: VOTER last_known_addr { host: "127.26.163.3" port: 36525 } }
I20260713 09:11:34.391462 28586 raft_consensus.cc:385] T 91b8b25bd3ec483ba01925c1e95bc4fd P 3acef8d7b9334b66b047d554773035c7 [term 0 FOLLOWER]: Consensus starting up: Expiring failure detector timer to make a prompt election more likely
I20260713 09:11:34.391789 28586 raft_consensus.cc:740] T 91b8b25bd3ec483ba01925c1e95bc4fd P 3acef8d7b9334b66b047d554773035c7 [term 0 FOLLOWER]: Becoming Follower/Learner. State: Replica: 3acef8d7b9334b66b047d554773035c7, State: Initialized, Role: FOLLOWER
I20260713 09:11:34.392668 28586 consensus_queue.cc:260] T 91b8b25bd3ec483ba01925c1e95bc4fd P 3acef8d7b9334b66b047d554773035c7 [NON_LEADER]: Queue going to NON_LEADER mode. State: All replicated index: 0, Majority replicated index: 0, Committed index: 0, Last appended: 0.0, Last appended by leader: 0, Current term: 0, Majority size: -1, State: 0, Mode: NON_LEADER, active raft config: opid_index: -1 OBSOLETE_local: false peers { permanent_uuid: "86fa8c25466142ea915e398173599047" member_type: VOTER last_known_addr { host: "127.26.163.1" port: 35965 } } peers { permanent_uuid: "395758dc9cef460a8819107804fdc34d" member_type: VOTER last_known_addr { host: "127.26.163.2" port: 32875 } } peers { permanent_uuid: "3acef8d7b9334b66b047d554773035c7" member_type: VOTER last_known_addr { host: "127.26.163.3" port: 36525 } }
I20260713 09:11:34.394562 28586 ts_tablet_manager.cc:1434] T 91b8b25bd3ec483ba01925c1e95bc4fd P 3acef8d7b9334b66b047d554773035c7: Time spent starting tablet: real 0.007s	user 0.002s	sys 0.003s
I20260713 09:11:34.395390 28586 tablet_bootstrap.cc:492] T 6320c9c39c904a27a3701ce706cfe3d7 P 3acef8d7b9334b66b047d554773035c7: Bootstrap starting.
I20260713 09:11:34.395658 28588 tablet_bootstrap.cc:654] T 3a8499c81da549fcba3ed4abfb516a40 P 86fa8c25466142ea915e398173599047: Neither blocks nor log segments found. Creating new log.
I20260713 09:11:34.398701 28681 raft_consensus.cc:493] T 3a8499c81da549fcba3ed4abfb516a40 P 395758dc9cef460a8819107804fdc34d [term 0 FOLLOWER]: Starting pre-election (no leader contacted us within the election timeout)
I20260713 09:11:34.399188 28681 raft_consensus.cc:515] T 3a8499c81da549fcba3ed4abfb516a40 P 395758dc9cef460a8819107804fdc34d [term 0 FOLLOWER]: Starting pre-election with config: opid_index: -1 OBSOLETE_local: false peers { permanent_uuid: "86fa8c25466142ea915e398173599047" member_type: VOTER last_known_addr { host: "127.26.163.1" port: 35965 } } peers { permanent_uuid: "395758dc9cef460a8819107804fdc34d" member_type: VOTER last_known_addr { host: "127.26.163.2" port: 32875 } } peers { permanent_uuid: "3acef8d7b9334b66b047d554773035c7" member_type: VOTER last_known_addr { host: "127.26.163.3" port: 36525 } }
I20260713 09:11:34.401794 28585 tablet_bootstrap.cc:492] T 3b5c3f8083d44f1197079e8fdb1e9414 P 395758dc9cef460a8819107804fdc34d: Bootstrap starting.
I20260713 09:11:34.402534 28586 tablet_bootstrap.cc:654] T 6320c9c39c904a27a3701ce706cfe3d7 P 3acef8d7b9334b66b047d554773035c7: Neither blocks nor log segments found. Creating new log.
I20260713 09:11:34.404067 28396 tablet_service.cc:1917] Received RequestConsensusVote() RPC: tablet_id: "3a8499c81da549fcba3ed4abfb516a40" candidate_uuid: "395758dc9cef460a8819107804fdc34d" candidate_term: 1 candidate_status { last_received { term: 0 index: 0 } } ignore_live_leader: false dest_uuid: "86fa8c25466142ea915e398173599047" is_pre_election: true
I20260713 09:11:34.406168 28649 raft_consensus.cc:493] T 91b8b25bd3ec483ba01925c1e95bc4fd P 3acef8d7b9334b66b047d554773035c7 [term 0 FOLLOWER]: Starting pre-election (no leader contacted us within the election timeout)
I20260713 09:11:34.406657 28649 raft_consensus.cc:515] T 91b8b25bd3ec483ba01925c1e95bc4fd P 3acef8d7b9334b66b047d554773035c7 [term 0 FOLLOWER]: Starting pre-election with config: opid_index: -1 OBSOLETE_local: false peers { permanent_uuid: "86fa8c25466142ea915e398173599047" member_type: VOTER last_known_addr { host: "127.26.163.1" port: 35965 } } peers { permanent_uuid: "395758dc9cef460a8819107804fdc34d" member_type: VOTER last_known_addr { host: "127.26.163.2" port: 32875 } } peers { permanent_uuid: "3acef8d7b9334b66b047d554773035c7" member_type: VOTER last_known_addr { host: "127.26.163.3" port: 36525 } }
I20260713 09:11:34.407228 28588 tablet_bootstrap.cc:492] T 3a8499c81da549fcba3ed4abfb516a40 P 86fa8c25466142ea915e398173599047: No bootstrap required, opened a new log
I20260713 09:11:34.407776 28588 ts_tablet_manager.cc:1403] T 3a8499c81da549fcba3ed4abfb516a40 P 86fa8c25466142ea915e398173599047: Time spent bootstrapping tablet: real 0.018s	user 0.010s	sys 0.005s
I20260713 09:11:34.408246 28585 tablet_bootstrap.cc:654] T 3b5c3f8083d44f1197079e8fdb1e9414 P 395758dc9cef460a8819107804fdc34d: Neither blocks nor log segments found. Creating new log.
I20260713 09:11:34.411078 28588 raft_consensus.cc:359] T 3a8499c81da549fcba3ed4abfb516a40 P 86fa8c25466142ea915e398173599047 [term 0 FOLLOWER]: Replica starting. Triggering 0 pending ops. Active config: opid_index: -1 OBSOLETE_local: false peers { permanent_uuid: "86fa8c25466142ea915e398173599047" member_type: VOTER last_known_addr { host: "127.26.163.1" port: 35965 } } peers { permanent_uuid: "395758dc9cef460a8819107804fdc34d" member_type: VOTER last_known_addr { host: "127.26.163.2" port: 32875 } } peers { permanent_uuid: "3acef8d7b9334b66b047d554773035c7" member_type: VOTER last_known_addr { host: "127.26.163.3" port: 36525 } }
I20260713 09:11:34.411940 28588 raft_consensus.cc:385] T 3a8499c81da549fcba3ed4abfb516a40 P 86fa8c25466142ea915e398173599047 [term 0 FOLLOWER]: Consensus starting up: Expiring failure detector timer to make a prompt election more likely
I20260713 09:11:34.412384 28588 raft_consensus.cc:740] T 3a8499c81da549fcba3ed4abfb516a40 P 86fa8c25466142ea915e398173599047 [term 0 FOLLOWER]: Becoming Follower/Learner. State: Replica: 86fa8c25466142ea915e398173599047, State: Initialized, Role: FOLLOWER
W20260713 09:11:34.417096 28434 leader_election.cc:343] T 3a8499c81da549fcba3ed4abfb516a40 P 395758dc9cef460a8819107804fdc34d [CANDIDATE]: Term 1 pre-election: Tablet error from VoteRequest() call to peer 86fa8c25466142ea915e398173599047 (127.26.163.1:35965): Illegal state: must be running to vote when last-logged opid is not known
