I20260713 09:11:32.629809  1481 ts_tablet_manager.cc:1434] T 8fa02a4167fb46c6a40b8d44a9933f28 P 940726bc361c4855a06fdda9a04d6ba8: Time spent starting tablet: real 0.007s	user 0.005s	sys 0.002s
I20260713 09:11:32.630795  1481 tablet_bootstrap.cc:492] T ac1c86bc388c48aa9499e03441b0028e P 940726bc361c4855a06fdda9a04d6ba8: Bootstrap starting.
I20260713 09:11:32.633927  1480 tablet_bootstrap.cc:492] T 8fa02a4167fb46c6a40b8d44a9933f28 P f0630d08f4624073a92f0d92dee62921: No bootstrap required, opened a new log
I20260713 09:11:32.634475  1480 ts_tablet_manager.cc:1403] T 8fa02a4167fb46c6a40b8d44a9933f28 P f0630d08f4624073a92f0d92dee62921: Time spent bootstrapping tablet: real 0.047s	user 0.014s	sys 0.030s
I20260713 09:11:32.637293  1440 tablet_service.cc:1917] Received RequestConsensusVote() RPC: tablet_id: "adacbe39a50f40ceac3f4ee2a3ec7a23" candidate_uuid: "940726bc361c4855a06fdda9a04d6ba8" candidate_term: 1 candidate_status { last_received { term: 0 index: 0 } } ignore_live_leader: false dest_uuid: "f0630d08f4624073a92f0d92dee62921" is_pre_election: true
I20260713 09:11:32.625015  1482 raft_consensus.cc:359] T 80e961d10f0e44d39f12e1e0905982c7 P 82a04fa2daf446bcac39e38356aaabdd [term 0 FOLLOWER]: Replica starting. Triggering 0 pending ops. Active config: opid_index: -1 OBSOLETE_local: false peers { permanent_uuid: "940726bc361c4855a06fdda9a04d6ba8" member_type: VOTER last_known_addr { host: "127.31.225.1" port: 37567 } } peers { permanent_uuid: "82a04fa2daf446bcac39e38356aaabdd" member_type: VOTER last_known_addr { host: "127.31.225.2" port: 37265 } } peers { permanent_uuid: "f0630d08f4624073a92f0d92dee62921" member_type: VOTER last_known_addr { host: "127.31.225.3" port: 36105 } }
I20260713 09:11:32.638043  1440 raft_consensus.cc:2468] T adacbe39a50f40ceac3f4ee2a3ec7a23 P f0630d08f4624073a92f0d92dee62921 [term 0 FOLLOWER]: Leader pre-election vote request: Granting yes vote for candidate 940726bc361c4855a06fdda9a04d6ba8 in term 0.
I20260713 09:11:32.637760  1480 raft_consensus.cc:359] T 8fa02a4167fb46c6a40b8d44a9933f28 P f0630d08f4624073a92f0d92dee62921 [term 0 FOLLOWER]: Replica starting. Triggering 0 pending ops. Active config: opid_index: -1 OBSOLETE_local: false peers { permanent_uuid: "940726bc361c4855a06fdda9a04d6ba8" member_type: VOTER last_known_addr { host: "127.31.225.1" port: 37567 } } peers { permanent_uuid: "82a04fa2daf446bcac39e38356aaabdd" member_type: VOTER last_known_addr { host: "127.31.225.2" port: 37265 } } peers { permanent_uuid: "f0630d08f4624073a92f0d92dee62921" member_type: VOTER last_known_addr { host: "127.31.225.3" port: 36105 } }
I20260713 09:11:32.637315  1481 tablet_bootstrap.cc:654] T ac1c86bc388c48aa9499e03441b0028e P 940726bc361c4855a06fdda9a04d6ba8: Neither blocks nor log segments found. Creating new log.
I20260713 09:11:32.639088  1480 raft_consensus.cc:385] T 8fa02a4167fb46c6a40b8d44a9933f28 P f0630d08f4624073a92f0d92dee62921 [term 0 FOLLOWER]: Consensus starting up: Expiring failure detector timer to make a prompt election more likely
I20260713 09:11:32.639477  1480 raft_consensus.cc:740] T 8fa02a4167fb46c6a40b8d44a9933f28 P f0630d08f4624073a92f0d92dee62921 [term 0 FOLLOWER]: Becoming Follower/Learner. State: Replica: f0630d08f4624073a92f0d92dee62921, State: Initialized, Role: FOLLOWER
I20260713 09:11:32.639518  1254 leader_election.cc:304] T adacbe39a50f40ceac3f4ee2a3ec7a23 P 940726bc361c4855a06fdda9a04d6ba8 [CANDIDATE]: Term 1 pre-election: Election decided. Result: candidate won. Election summary: received 3 responses out of 3 voters: 2 yes votes; 1 no votes. yes voters: 940726bc361c4855a06fdda9a04d6ba8, f0630d08f4624073a92f0d92dee62921; no voters: 82a04fa2daf446bcac39e38356aaabdd
I20260713 09:11:32.638191  1482 raft_consensus.cc:385] T 80e961d10f0e44d39f12e1e0905982c7 P 82a04fa2daf446bcac39e38356aaabdd [term 0 FOLLOWER]: Consensus starting up: Expiring failure detector timer to make a prompt election more likely
I20260713 09:11:32.640355  1480 consensus_queue.cc:260] T 8fa02a4167fb46c6a40b8d44a9933f28 P f0630d08f4624073a92f0d92dee62921 [NON_LEADER]: Queue going to NON_LEADER mode. State: All replicated index: 0, Majority replicated index: 0, Committed index: 0, Last appended: 0.0, Last appended by leader: 0, Current term: 0, Majority size: -1, State: 0, Mode: NON_LEADER, active raft config: opid_index: -1 OBSOLETE_local: false peers { permanent_uuid: "940726bc361c4855a06fdda9a04d6ba8" member_type: VOTER last_known_addr { host: "127.31.225.1" port: 37567 } } peers { permanent_uuid: "82a04fa2daf446bcac39e38356aaabdd" member_type: VOTER last_known_addr { host: "127.31.225.2" port: 37265 } } peers { permanent_uuid: "f0630d08f4624073a92f0d92dee62921" member_type: VOTER last_known_addr { host: "127.31.225.3" port: 36105 } }
I20260713 09:11:32.641202  1486 raft_consensus.cc:2804] T adacbe39a50f40ceac3f4ee2a3ec7a23 P 940726bc361c4855a06fdda9a04d6ba8 [term 0 FOLLOWER]: Leader pre-election won for term 1
I20260713 09:11:32.641687  1486 raft_consensus.cc:493] T adacbe39a50f40ceac3f4ee2a3ec7a23 P 940726bc361c4855a06fdda9a04d6ba8 [term 0 FOLLOWER]: Starting leader election (no leader contacted us within the election timeout)
I20260713 09:11:32.642117  1486 raft_consensus.cc:3060] T adacbe39a50f40ceac3f4ee2a3ec7a23 P 940726bc361c4855a06fdda9a04d6ba8 [term 0 FOLLOWER]: Advancing to term 1
I20260713 09:11:32.643046  1480 ts_tablet_manager.cc:1434] T 8fa02a4167fb46c6a40b8d44a9933f28 P f0630d08f4624073a92f0d92dee62921: Time spent starting tablet: real 0.008s	user 0.007s	sys 0.000s
I20260713 09:11:32.644080  1480 tablet_bootstrap.cc:492] T 1cb9e57805414a61a7615a61665edbfa P f0630d08f4624073a92f0d92dee62921: Bootstrap starting.
I20260713 09:11:32.640774  1482 raft_consensus.cc:740] T 80e961d10f0e44d39f12e1e0905982c7 P 82a04fa2daf446bcac39e38356aaabdd [term 0 FOLLOWER]: Becoming Follower/Learner. State: Replica: 82a04fa2daf446bcac39e38356aaabdd, State: Initialized, Role: FOLLOWER
I20260713 09:11:32.645470  1482 consensus_queue.cc:260] T 80e961d10f0e44d39f12e1e0905982c7 P 82a04fa2daf446bcac39e38356aaabdd [NON_LEADER]: Queue going to NON_LEADER mode. State: All replicated index: 0, Majority replicated index: 0, Committed index: 0, Last appended: 0.0, Last appended by leader: 0, Current term: 0, Majority size: -1, State: 0, Mode: NON_LEADER, active raft config: opid_index: -1 OBSOLETE_local: false peers { permanent_uuid: "940726bc361c4855a06fdda9a04d6ba8" member_type: VOTER last_known_addr { host: "127.31.225.1" port: 37567 } } peers { permanent_uuid: "82a04fa2daf446bcac39e38356aaabdd" member_type: VOTER last_known_addr { host: "127.31.225.2" port: 37265 } } peers { permanent_uuid: "f0630d08f4624073a92f0d92dee62921" member_type: VOTER last_known_addr { host: "127.31.225.3" port: 36105 } }
I20260713 09:11:32.648253  1482 ts_tablet_manager.cc:1434] T 80e961d10f0e44d39f12e1e0905982c7 P 82a04fa2daf446bcac39e38356aaabdd: Time spent starting tablet: real 0.027s	user 0.011s	sys 0.000s
I20260713 09:11:32.649331  1482 tablet_bootstrap.cc:492] T adacbe39a50f40ceac3f4ee2a3ec7a23 P 82a04fa2daf446bcac39e38356aaabdd: Bootstrap starting.
I20260713 09:11:32.650779  1480 tablet_bootstrap.cc:654] T 1cb9e57805414a61a7615a61665edbfa P f0630d08f4624073a92f0d92dee62921: Neither blocks nor log segments found. Creating new log.
I20260713 09:11:32.660672  1482 tablet_bootstrap.cc:654] T adacbe39a50f40ceac3f4ee2a3ec7a23 P 82a04fa2daf446bcac39e38356aaabdd: Neither blocks nor log segments found. Creating new log.
I20260713 09:11:32.661509  1486 raft_consensus.cc:515] T adacbe39a50f40ceac3f4ee2a3ec7a23 P 940726bc361c4855a06fdda9a04d6ba8 [term 1 FOLLOWER]: Starting leader election with config: opid_index: -1 OBSOLETE_local: false peers { permanent_uuid: "940726bc361c4855a06fdda9a04d6ba8" member_type: VOTER last_known_addr { host: "127.31.225.1" port: 37567 } } peers { permanent_uuid: "82a04fa2daf446bcac39e38356aaabdd" member_type: VOTER last_known_addr { host: "127.31.225.2" port: 37265 } } peers { permanent_uuid: "f0630d08f4624073a92f0d92dee62921" member_type: VOTER last_known_addr { host: "127.31.225.3" port: 36105 } }
I20260713 09:11:32.665515  1366 tablet_service.cc:1917] Received RequestConsensusVote() RPC: tablet_id: "adacbe39a50f40ceac3f4ee2a3ec7a23" candidate_uuid: "940726bc361c4855a06fdda9a04d6ba8" candidate_term: 1 candidate_status { last_received { term: 0 index: 0 } } ignore_live_leader: false dest_uuid: "82a04fa2daf446bcac39e38356aaabdd"
W20260713 09:11:32.667147  1256 leader_election.cc:343] T adacbe39a50f40ceac3f4ee2a3ec7a23 P 940726bc361c4855a06fdda9a04d6ba8 [CANDIDATE]: Term 1 election: Tablet error from VoteRequest() call to peer 82a04fa2daf446bcac39e38356aaabdd (127.31.225.2:37265): Illegal state: must be running to vote when last-logged opid is not known
I20260713 09:11:32.668787  1481 tablet_bootstrap.cc:492] T ac1c86bc388c48aa9499e03441b0028e P 940726bc361c4855a06fdda9a04d6ba8: No bootstrap required, opened a new log
I20260713 09:11:32.669075  1486 leader_election.cc:290] T adacbe39a50f40ceac3f4ee2a3ec7a23 P 940726bc361c4855a06fdda9a04d6ba8 [CANDIDATE]: Term 1 election: Requested vote from peers 82a04fa2daf446bcac39e38356aaabdd (127.31.225.2:37265), f0630d08f4624073a92f0d92dee62921 (127.31.225.3:36105)
I20260713 09:11:32.670236  1481 ts_tablet_manager.cc:1403] T ac1c86bc388c48aa9499e03441b0028e P 940726bc361c4855a06fdda9a04d6ba8: Time spent bootstrapping tablet: real 0.040s	user 0.016s	sys 0.020s
I20260713 09:11:32.669276  1440 tablet_service.cc:1917] Received RequestConsensusVote() RPC: tablet_id: "adacbe39a50f40ceac3f4ee2a3ec7a23" candidate_uuid: "940726bc361c4855a06fdda9a04d6ba8" candidate_term: 1 candidate_status { last_received { term: 0 index: 0 } } ignore_live_leader: false dest_uuid: "f0630d08f4624073a92f0d92dee62921"
I20260713 09:11:32.672783  1440 raft_consensus.cc:3060] T adacbe39a50f40ceac3f4ee2a3ec7a23 P f0630d08f4624073a92f0d92dee62921 [term 0 FOLLOWER]: Advancing to term 1
I20260713 09:11:32.673167  1481 raft_consensus.cc:359] T ac1c86bc388c48aa9499e03441b0028e P 940726bc361c4855a06fdda9a04d6ba8 [term 0 FOLLOWER]: Replica starting. Triggering 0 pending ops. Active config: opid_index: -1 OBSOLETE_local: false peers { permanent_uuid: "940726bc361c4855a06fdda9a04d6ba8" member_type: VOTER last_known_addr { host: "127.31.225.1" port: 37567 } } peers { permanent_uuid: "82a04fa2daf446bcac39e38356aaabdd" member_type: VOTER last_known_addr { host: "127.31.225.2" port: 37265 } } peers { permanent_uuid: "f0630d08f4624073a92f0d92dee62921" member_type: VOTER last_known_addr { host: "127.31.225.3" port: 36105 } }
I20260713 09:11:32.673931  1481 raft_consensus.cc:385] T ac1c86bc388c48aa9499e03441b0028e P 940726bc361c4855a06fdda9a04d6ba8 [term 0 FOLLOWER]: Consensus starting up: Expiring failure detector timer to make a prompt election more likely
I20260713 09:11:32.674222  1481 raft_consensus.cc:740] T ac1c86bc388c48aa9499e03441b0028e P 940726bc361c4855a06fdda9a04d6ba8 [term 0 FOLLOWER]: Becoming Follower/Learner. State: Replica: 940726bc361c4855a06fdda9a04d6ba8, State: Initialized, Role: FOLLOWER
I20260713 09:11:32.674945  1481 consensus_queue.cc:260] T ac1c86bc388c48aa9499e03441b0028e P 940726bc361c4855a06fdda9a04d6ba8 [NON_LEADER]: Queue going to NON_LEADER mode. State: All replicated index: 0, Majority replicated index: 0, Committed index: 0, Last appended: 0.0, Last appended by leader: 0, Current term: 0, Majority size: -1, State: 0, Mode: NON_LEADER, active raft config: opid_index: -1 OBSOLETE_local: false peers { permanent_uuid: "940726bc361c4855a06fdda9a04d6ba8" member_type: VOTER last_known_addr { host: "127.31.225.1" port: 37567 } } peers { permanent_uuid: "82a04fa2daf446bcac39e38356aaabdd" member_type: VOTER last_known_addr { host: "127.31.225.2" port: 37265 } } peers { permanent_uuid: "f0630d08f4624073a92f0d92dee62921" member_type: VOTER last_known_addr { host: "127.31.225.3" port: 36105 } }
I20260713 09:11:32.678574  1481 ts_tablet_manager.cc:1434] T ac1c86bc388c48aa9499e03441b0028e P 940726bc361c4855a06fdda9a04d6ba8: Time spent starting tablet: real 0.008s	user 0.006s	sys 0.000s
I20260713 09:11:32.678622  1482 tablet_bootstrap.cc:492] T adacbe39a50f40ceac3f4ee2a3ec7a23 P 82a04fa2daf446bcac39e38356aaabdd: No bootstrap required, opened a new log
I20260713 09:11:32.679222  1482 ts_tablet_manager.cc:1403] T adacbe39a50f40ceac3f4ee2a3ec7a23 P 82a04fa2daf446bcac39e38356aaabdd: Time spent bootstrapping tablet: real 0.030s	user 0.016s	sys 0.004s
I20260713 09:11:32.679705  1481 tablet_bootstrap.cc:492] T b677f6305e8c41d4ab8124ba88fa39cb P 940726bc361c4855a06fdda9a04d6ba8: Bootstrap starting.
I20260713 09:11:32.682168  1480 tablet_bootstrap.cc:492] T 1cb9e57805414a61a7615a61665edbfa P f0630d08f4624073a92f0d92dee62921: No bootstrap required, opened a new log
I20260713 09:11:32.682749  1480 ts_tablet_manager.cc:1403] T 1cb9e57805414a61a7615a61665edbfa P f0630d08f4624073a92f0d92dee62921: Time spent bootstrapping tablet: real 0.039s	user 0.019s	sys 0.011s
I20260713 09:11:32.682257  1482 raft_consensus.cc:359] T adacbe39a50f40ceac3f4ee2a3ec7a23 P 82a04fa2daf446bcac39e38356aaabdd [term 0 FOLLOWER]: Replica starting. Triggering 0 pending ops. Active config: opid_index: -1 OBSOLETE_local: false peers { permanent_uuid: "940726bc361c4855a06fdda9a04d6ba8" member_type: VOTER last_known_addr { host: "127.31.225.1" port: 37567 } } peers { permanent_uuid: "82a04fa2daf446bcac39e38356aaabdd" member_type: VOTER last_known_addr { host: "127.31.225.2" port: 37265 } } peers { permanent_uuid: "f0630d08f4624073a92f0d92dee62921" member_type: VOTER last_known_addr { host: "127.31.225.3" port: 36105 } }
I20260713 09:11:32.683259  1482 raft_consensus.cc:385] T adacbe39a50f40ceac3f4ee2a3ec7a23 P 82a04fa2daf446bcac39e38356aaabdd [term 0 FOLLOWER]: Consensus starting up: Expiring failure detector timer to make a prompt election more likely
I20260713 09:11:32.683630  1482 raft_consensus.cc:740] T adacbe39a50f40ceac3f4ee2a3ec7a23 P 82a04fa2daf446bcac39e38356aaabdd [term 0 FOLLOWER]: Becoming Follower/Learner. State: Replica: 82a04fa2daf446bcac39e38356aaabdd, State: Initialized, Role: FOLLOWER
I20260713 09:11:32.685685  1480 raft_consensus.cc:359] T 1cb9e57805414a61a7615a61665edbfa P f0630d08f4624073a92f0d92dee62921 [term 0 FOLLOWER]: Replica starting. Triggering 0 pending ops. Active config: opid_index: -1 OBSOLETE_local: false peers { permanent_uuid: "940726bc361c4855a06fdda9a04d6ba8" member_type: VOTER last_known_addr { host: "127.31.225.1" port: 37567 } } peers { permanent_uuid: "82a04fa2daf446bcac39e38356aaabdd" member_type: VOTER last_known_addr { host: "127.31.225.2" port: 37265 } } peers { permanent_uuid: "f0630d08f4624073a92f0d92dee62921" member_type: VOTER last_known_addr { host: "127.31.225.3" port: 36105 } }
I20260713 09:11:32.686381  1480 raft_consensus.cc:385] T 1cb9e57805414a61a7615a61665edbfa P f0630d08f4624073a92f0d92dee62921 [term 0 FOLLOWER]: Consensus starting up: Expiring failure detector timer to make a prompt election more likely
I20260713 09:11:32.686661  1481 tablet_bootstrap.cc:654] T b677f6305e8c41d4ab8124ba88fa39cb P 940726bc361c4855a06fdda9a04d6ba8: Neither blocks nor log segments found. Creating new log.
I20260713 09:11:32.686671  1480 raft_consensus.cc:740] T 1cb9e57805414a61a7615a61665edbfa P f0630d08f4624073a92f0d92dee62921 [term 0 FOLLOWER]: Becoming Follower/Learner. State: Replica: f0630d08f4624073a92f0d92dee62921, State: Initialized, Role: FOLLOWER
I20260713 09:11:32.687655  1482 consensus_queue.cc:260] T adacbe39a50f40ceac3f4ee2a3ec7a23 P 82a04fa2daf446bcac39e38356aaabdd [NON_LEADER]: Queue going to NON_LEADER mode. State: All replicated index: 0, Majority replicated index: 0, Committed index: 0, Last appended: 0.0, Last appended by leader: 0, Current term: 0, Majority size: -1, State: 0, Mode: NON_LEADER, active raft config: opid_index: -1 OBSOLETE_local: false peers { permanent_uuid: "940726bc361c4855a06fdda9a04d6ba8" member_type: VOTER last_known_addr { host: "127.31.225.1" port: 37567 } } peers { permanent_uuid: "82a04fa2daf446bcac39e38356aaabdd" member_type: VOTER last_known_addr { host: "127.31.225.2" port: 37265 } } peers { permanent_uuid: "f0630d08f4624073a92f0d92dee62921" member_type: VOTER last_known_addr { host: "127.31.225.3" port: 36105 } }
I20260713 09:11:32.687613  1480 consensus_queue.cc:260] T 1cb9e57805414a61a7615a61665edbfa P f0630d08f4624073a92f0d92dee62921 [NON_LEADER]: Queue going to NON_LEADER mode. State: All replicated index: 0, Majority replicated index: 0, Committed index: 0, Last appended: 0.0, Last appended by leader: 0, Current term: 0, Majority size: -1, State: 0, Mode: NON_LEADER, active raft config: opid_index: -1 OBSOLETE_local: false peers { permanent_uuid: "940726bc361c4855a06fdda9a04d6ba8" member_type: VOTER last_known_addr { host: "127.31.225.1" port: 37567 } } peers { permanent_uuid: "82a04fa2daf446bcac39e38356aaabdd" member_type: VOTER last_known_addr { host: "127.31.225.2" port: 37265 } } peers { permanent_uuid: "f0630d08f4624073a92f0d92dee62921" member_type: VOTER last_known_addr { host: "127.31.225.3" port: 36105 } }
I20260713 09:11:32.690186  1482 ts_tablet_manager.cc:1434] T adacbe39a50f40ceac3f4ee2a3ec7a23 P 82a04fa2daf446bcac39e38356aaabdd: Time spent starting tablet: real 0.011s	user 0.006s	sys 0.001s
I20260713 09:11:32.691425  1482 tablet_bootstrap.cc:492] T 842431f31c8a4da78c00d31f00417adb P 82a04fa2daf446bcac39e38356aaabdd: Bootstrap starting.
I20260713 09:11:32.692735  1480 ts_tablet_manager.cc:1434] T 1cb9e57805414a61a7615a61665edbfa P f0630d08f4624073a92f0d92dee62921: Time spent starting tablet: real 0.010s	user 0.007s	sys 0.000s
I20260713 09:11:32.693773  1480 tablet_bootstrap.cc:492] T 842431f31c8a4da78c00d31f00417adb P f0630d08f4624073a92f0d92dee62921: Bootstrap starting.
I20260713 09:11:32.694082  1440 raft_consensus.cc:2468] T adacbe39a50f40ceac3f4ee2a3ec7a23 P f0630d08f4624073a92f0d92dee62921 [term 1 FOLLOWER]: Leader election vote request: Granting yes vote for candidate 940726bc361c4855a06fdda9a04d6ba8 in term 1.
I20260713 09:11:32.694307  1481 tablet_bootstrap.cc:492] T b677f6305e8c41d4ab8124ba88fa39cb P 940726bc361c4855a06fdda9a04d6ba8: No bootstrap required, opened a new log
I20260713 09:11:32.695048  1481 ts_tablet_manager.cc:1403] T b677f6305e8c41d4ab8124ba88fa39cb P 940726bc361c4855a06fdda9a04d6ba8: Time spent bootstrapping tablet: real 0.016s	user 0.009s	sys 0.004s
I20260713 09:11:32.695381  1254 leader_election.cc:304] T adacbe39a50f40ceac3f4ee2a3ec7a23 P 940726bc361c4855a06fdda9a04d6ba8 [CANDIDATE]: Term 1 election: Election decided. Result: candidate won. Election summary: received 3 responses out of 3 voters: 2 yes votes; 1 no votes. yes voters: 940726bc361c4855a06fdda9a04d6ba8, f0630d08f4624073a92f0d92dee62921; no voters: 82a04fa2daf446bcac39e38356aaabdd
I20260713 09:11:32.696486  1486 raft_consensus.cc:2804] T adacbe39a50f40ceac3f4ee2a3ec7a23 P 940726bc361c4855a06fdda9a04d6ba8 [term 1 FOLLOWER]: Leader election won for term 1
I20260713 09:11:32.698136  1481 raft_consensus.cc:359] T b677f6305e8c41d4ab8124ba88fa39cb P 940726bc361c4855a06fdda9a04d6ba8 [term 0 FOLLOWER]: Replica starting. Triggering 0 pending ops. Active config: opid_index: -1 OBSOLETE_local: false peers { permanent_uuid: "940726bc361c4855a06fdda9a04d6ba8" member_type: VOTER last_known_addr { host: "127.31.225.1" port: 37567 } } peers { permanent_uuid: "82a04fa2daf446bcac39e38356aaabdd" member_type: VOTER last_known_addr { host: "127.31.225.2" port: 37265 } } peers { permanent_uuid: "f0630d08f4624073a92f0d92dee62921" member_type: VOTER last_known_addr { host: "127.31.225.3" port: 36105 } }
I20260713 09:11:32.698874  1481 raft_consensus.cc:385] T b677f6305e8c41d4ab8124ba88fa39cb P 940726bc361c4855a06fdda9a04d6ba8 [term 0 FOLLOWER]: Consensus starting up: Expiring failure detector timer to make a prompt election more likely
I20260713 09:11:32.699180  1481 raft_consensus.cc:740] T b677f6305e8c41d4ab8124ba88fa39cb P 940726bc361c4855a06fdda9a04d6ba8 [term 0 FOLLOWER]: Becoming Follower/Learner. State: Replica: 940726bc361c4855a06fdda9a04d6ba8, State: Initialized, Role: FOLLOWER
I20260713 09:11:32.699985  1481 consensus_queue.cc:260] T b677f6305e8c41d4ab8124ba88fa39cb P 940726bc361c4855a06fdda9a04d6ba8 [NON_LEADER]: Queue going to NON_LEADER mode. State: All replicated index: 0, Majority replicated index: 0, Committed index: 0, Last appended: 0.0, Last appended by leader: 0, Current term: 0, Majority size: -1, State: 0, Mode: NON_LEADER, active raft config: opid_index: -1 OBSOLETE_local: false peers { permanent_uuid: "940726bc361c4855a06fdda9a04d6ba8" member_type: VOTER last_known_addr { host: "127.31.225.1" port: 37567 } } peers { permanent_uuid: "82a04fa2daf446bcac39e38356aaabdd" member_type: VOTER last_known_addr { host: "127.31.225.2" port: 37265 } } peers { permanent_uuid: "f0630d08f4624073a92f0d92dee62921" member_type: VOTER last_known_addr { host: "127.31.225.3" port: 36105 } }
I20260713 09:11:32.700754  1480 tablet_bootstrap.cc:654] T 842431f31c8a4da78c00d31f00417adb P f0630d08f4624073a92f0d92dee62921: Neither blocks nor log segments found. Creating new log.
I20260713 09:11:32.701175  1482 tablet_bootstrap.cc:654] T 842431f31c8a4da78c00d31f00417adb P 82a04fa2daf446bcac39e38356aaabdd: Neither blocks nor log segments found. Creating new log.
I20260713 09:11:32.716315  1482 tablet_bootstrap.cc:492] T 842431f31c8a4da78c00d31f00417adb P 82a04fa2daf446bcac39e38356aaabdd: No bootstrap required, opened a new log
I20260713 09:11:32.716845  1482 ts_tablet_manager.cc:1403] T 842431f31c8a4da78c00d31f00417adb P 82a04fa2daf446bcac39e38356aaabdd: Time spent bootstrapping tablet: real 0.026s	user 0.011s	sys 0.000s
I20260713 09:11:32.717540  1486 raft_consensus.cc:697] T adacbe39a50f40ceac3f4ee2a3ec7a23 P 940726bc361c4855a06fdda9a04d6ba8 [term 1 LEADER]: Becoming Leader. State: Replica: 940726bc361c4855a06fdda9a04d6ba8, State: Running, Role: LEADER
I20260713 09:11:32.718540  1481 ts_tablet_manager.cc:1434] T b677f6305e8c41d4ab8124ba88fa39cb P 940726bc361c4855a06fdda9a04d6ba8: Time spent starting tablet: real 0.023s	user 0.012s	sys 0.011s
I20260713 09:11:32.718499  1486 consensus_queue.cc:237] T adacbe39a50f40ceac3f4ee2a3ec7a23 P 940726bc361c4855a06fdda9a04d6ba8 [LEADER]: Queue going to LEADER mode. State: All replicated index: 0, Majority replicated index: 0, Committed index: 0, Last appended: 0.0, Last appended by leader: 0, Current term: 1, Majority size: 2, State: 0, Mode: LEADER, active raft config: opid_index: -1 OBSOLETE_local: false peers { permanent_uuid: "940726bc361c4855a06fdda9a04d6ba8" member_type: VOTER last_known_addr { host: "127.31.225.1" port: 37567 } } peers { permanent_uuid: "82a04fa2daf446bcac39e38356aaabdd" member_type: VOTER last_known_addr { host: "127.31.225.2" port: 37265 } } peers { permanent_uuid: "f0630d08f4624073a92f0d92dee62921" member_type: VOTER last_known_addr { host: "127.31.225.3" port: 36105 } }
I20260713 09:11:32.719655  1481 tablet_bootstrap.cc:492] T 307aec46e7474b119c6eb582c9ee5d77 P 940726bc361c4855a06fdda9a04d6ba8: Bootstrap starting.
I20260713 09:11:32.719777  1482 raft_consensus.cc:359] T 842431f31c8a4da78c00d31f00417adb P 82a04fa2daf446bcac39e38356aaabdd [term 0 FOLLOWER]: Replica starting. Triggering 0 pending ops. Active config: opid_index: -1 OBSOLETE_local: false peers { permanent_uuid: "940726bc361c4855a06fdda9a04d6ba8" member_type: VOTER last_known_addr { host: "127.31.225.1" port: 37567 } } peers { permanent_uuid: "82a04fa2daf446bcac39e38356aaabdd" member_type: VOTER last_known_addr { host: "127.31.225.2" port: 37265 } } peers { permanent_uuid: "f0630d08f4624073a92f0d92dee62921" member_type: VOTER last_known_addr { host: "127.31.225.3" port: 36105 } }
I20260713 09:11:32.720535  1482 raft_consensus.cc:385] T 842431f31c8a4da78c00d31f00417adb P 82a04fa2daf446bcac39e38356aaabdd [term 0 FOLLOWER]: Consensus starting up: Expiring failure detector timer to make a prompt election more likely
I20260713 09:11:32.720826  1482 raft_consensus.cc:740] T 842431f31c8a4da78c00d31f00417adb P 82a04fa2daf446bcac39e38356aaabdd [term 0 FOLLOWER]: Becoming Follower/Learner. State: Replica: 82a04fa2daf446bcac39e38356aaabdd, State: Initialized, Role: FOLLOWER
I20260713 09:11:32.721750  1482 consensus_queue.cc:260] T 842431f31c8a4da78c00d31f00417adb P 82a04fa2daf446bcac39e38356aaabdd [NON_LEADER]: Queue going to NON_LEADER mode. State: All replicated index: 0, Majority replicated index: 0, Committed index: 0, Last appended: 0.0, Last appended by leader: 0, Current term: 0, Majority size: -1, State: 0, Mode: NON_LEADER, active raft config: opid_index: -1 OBSOLETE_local: false peers { permanent_uuid: "940726bc361c4855a06fdda9a04d6ba8" member_type: VOTER last_known_addr { host: "127.31.225.1" port: 37567 } } peers { permanent_uuid: "82a04fa2daf446bcac39e38356aaabdd" member_type: VOTER last_known_addr { host: "127.31.225.2" port: 37265 } } peers { permanent_uuid: "f0630d08f4624073a92f0d92dee62921" member_type: VOTER last_known_addr { host: "127.31.225.3" port: 36105 } }
I20260713 09:11:32.724547  1482 ts_tablet_manager.cc:1434] T 842431f31c8a4da78c00d31f00417adb P 82a04fa2daf446bcac39e38356aaabdd: Time spent starting tablet: real 0.007s	user 0.004s	sys 0.003s
I20260713 09:11:32.726029  1499 raft_consensus.cc:493] T 80e961d10f0e44d39f12e1e0905982c7 P f0630d08f4624073a92f0d92dee62921 [term 0 FOLLOWER]: Starting pre-election (no leader contacted us within the election timeout)
I20260713 09:11:32.726680  1480 tablet_bootstrap.cc:492] T 842431f31c8a4da78c00d31f00417adb P f0630d08f4624073a92f0d92dee62921: No bootstrap required, opened a new log
I20260713 09:11:32.726531  1499 raft_consensus.cc:515] T 80e961d10f0e44d39f12e1e0905982c7 P f0630d08f4624073a92f0d92dee62921 [term 0 FOLLOWER]: Starting pre-election with config: opid_index: -1 OBSOLETE_local: false peers { permanent_uuid: "940726bc361c4855a06fdda9a04d6ba8" member_type: VOTER last_known_addr { host: "127.31.225.1" port: 37567 } } peers { permanent_uuid: "82a04fa2daf446bcac39e38356aaabdd" member_type: VOTER last_known_addr { host: "127.31.225.2" port: 37265 } } peers { permanent_uuid: "f0630d08f4624073a92f0d92dee62921" member_type: VOTER last_known_addr { host: "127.31.225.3" port: 36105 } }
I20260713 09:11:32.727375  1482 tablet_bootstrap.cc:492] T 307aec46e7474b119c6eb582c9ee5d77 P 82a04fa2daf446bcac39e38356aaabdd: Bootstrap starting.
I20260713 09:11:32.726699  1481 tablet_bootstrap.cc:654] T 307aec46e7474b119c6eb582c9ee5d77 P 940726bc361c4855a06fdda9a04d6ba8: Neither blocks nor log segments found. Creating new log.
I20260713 09:11:32.728808  1499 leader_election.cc:290] T 80e961d10f0e44d39f12e1e0905982c7 P f0630d08f4624073a92f0d92dee62921 [CANDIDATE]: Term 1 pre-election: Requested pre-vote from peers 940726bc361c4855a06fdda9a04d6ba8 (127.31.225.1:37567), 82a04fa2daf446bcac39e38356aaabdd (127.31.225.2:37265)
I20260713 09:11:32.727456  1480 ts_tablet_manager.cc:1403] T 842431f31c8a4da78c00d31f00417adb P f0630d08f4624073a92f0d92dee62921: Time spent bootstrapping tablet: real 0.034s	user 0.007s	sys 0.015s
I20260713 09:11:32.730360  1366 tablet_service.cc:1917] Received RequestConsensusVote() RPC: tablet_id: "80e961d10f0e44d39f12e1e0905982c7" candidate_uuid: "f0630d08f4624073a92f0d92dee62921" candidate_term: 1 candidate_status { last_received { term: 0 index: 0 } } ignore_live_leader: false dest_uuid: "82a04fa2daf446bcac39e38356aaabdd" is_pre_election: true
I20260713 09:11:32.731000  1366 raft_consensus.cc:2468] T 80e961d10f0e44d39f12e1e0905982c7 P 82a04fa2daf446bcac39e38356aaabdd [term 0 FOLLOWER]: Leader pre-election vote request: Granting yes vote for candidate f0630d08f4624073a92f0d92dee62921 in term 0.
I20260713 09:11:32.732828  1290 tablet_service.cc:1917] Received RequestConsensusVote() RPC: tablet_id: "80e961d10f0e44d39f12e1e0905982c7" candidate_uuid: "f0630d08f4624073a92f0d92dee62921" candidate_term: 1 candidate_status { last_received { term: 0 index: 0 } } ignore_live_leader: false dest_uuid: "940726bc361c4855a06fdda9a04d6ba8" is_pre_election: true
I20260713 09:11:32.733421  1480 raft_consensus.cc:359] T 842431f31c8a4da78c00d31f00417adb P f0630d08f4624073a92f0d92dee62921 [term 0 FOLLOWER]: Replica starting. Triggering 0 pending ops. Active config: opid_index: -1 OBSOLETE_local: false peers { permanent_uuid: "940726bc361c4855a06fdda9a04d6ba8" member_type: VOTER last_known_addr { host: "127.31.225.1" port: 37567 } } peers { permanent_uuid: "82a04fa2daf446bcac39e38356aaabdd" member_type: VOTER last_known_addr { host: "127.31.225.2" port: 37265 } } peers { permanent_uuid: "f0630d08f4624073a92f0d92dee62921" member_type: VOTER last_known_addr { host: "127.31.225.3" port: 36105 } }
I20260713 09:11:32.734156  1480 raft_consensus.cc:385] T 842431f31c8a4da78c00d31f00417adb P f0630d08f4624073a92f0d92dee62921 [term 0 FOLLOWER]: Consensus starting up: Expiring failure detector timer to make a prompt election more likely
I20260713 09:11:32.734664  1480 raft_consensus.cc:740] T 842431f31c8a4da78c00d31f00417adb P f0630d08f4624073a92f0d92dee62921 [term 0 FOLLOWER]: Becoming Follower/Learner. State: Replica: f0630d08f4624073a92f0d92dee62921, State: Initialized, Role: FOLLOWER
I20260713 09:11:32.733448  1290 raft_consensus.cc:2468] T 80e961d10f0e44d39f12e1e0905982c7 P 940726bc361c4855a06fdda9a04d6ba8 [term 0 FOLLOWER]: Leader pre-election vote request: Granting yes vote for candidate f0630d08f4624073a92f0d92dee62921 in term 0.
I20260713 09:11:32.735667  1480 consensus_queue.cc:260] T 842431f31c8a4da78c00d31f00417adb P f0630d08f4624073a92f0d92dee62921 [NON_LEADER]: Queue going to NON_LEADER mode. State: All replicated index: 0, Majority replicated index: 0, Committed index: 0, Last appended: 0.0, Last appended by leader: 0, Current term: 0, Majority size: -1, State: 0, Mode: NON_LEADER, active raft config: opid_index: -1 OBSOLETE_local: false peers { permanent_uuid: "940726bc361c4855a06fdda9a04d6ba8" member_type: VOTER last_known_addr { host: "127.31.225.1" port: 37567 } } peers { permanent_uuid: "82a04fa2daf446bcac39e38356aaabdd" member_type: VOTER last_known_addr { host: "127.31.225.2" port: 37265 } } peers { permanent_uuid: "f0630d08f4624073a92f0d92dee62921" member_type: VOTER last_known_addr { host: "127.31.225.3" port: 36105 } }
I20260713 09:11:32.734093  1405 leader_election.cc:304] T 80e961d10f0e44d39f12e1e0905982c7 P f0630d08f4624073a92f0d92dee62921 [CANDIDATE]: Term 1 pre-election: Election decided. Result: candidate won. Election summary: received 2 responses out of 3 voters: 2 yes votes; 0 no votes. yes voters: 82a04fa2daf446bcac39e38356aaabdd, f0630d08f4624073a92f0d92dee62921; no voters: 
I20260713 09:11:32.736518  1482 tablet_bootstrap.cc:654] T 307aec46e7474b119c6eb582c9ee5d77 P 82a04fa2daf446bcac39e38356aaabdd: Neither blocks nor log segments found. Creating new log.
I20260713 09:11:32.737304  1498 raft_consensus.cc:2804] T 80e961d10f0e44d39f12e1e0905982c7 P f0630d08f4624073a92f0d92dee62921 [term 0 FOLLOWER]: Leader pre-election won for term 1
I20260713 09:11:32.737700  1498 raft_consensus.cc:493] T 80e961d10f0e44d39f12e1e0905982c7 P f0630d08f4624073a92f0d92dee62921 [term 0 FOLLOWER]: Starting leader election (no leader contacted us within the election timeout)
I20260713 09:11:32.738022  1498 raft_consensus.cc:3060] T 80e961d10f0e44d39f12e1e0905982c7 P f0630d08f4624073a92f0d92dee62921 [term 0 FOLLOWER]: Advancing to term 1
I20260713 09:11:32.738219  1480 ts_tablet_manager.cc:1434] T 842431f31c8a4da78c00d31f00417adb P f0630d08f4624073a92f0d92dee62921: Time spent starting tablet: real 0.009s	user 0.006s	sys 0.000s
I20260713 09:11:32.739537  1480 tablet_bootstrap.cc:492] T 190c10a65fc24156a291f8157777ddd4 P f0630d08f4624073a92f0d92dee62921: Bootstrap starting.
I20260713 09:11:32.745388  1498 raft_consensus.cc:515] T 80e961d10f0e44d39f12e1e0905982c7 P f0630d08f4624073a92f0d92dee62921 [term 1 FOLLOWER]: Starting leader election with config: opid_index: -1 OBSOLETE_local: false peers { permanent_uuid: "940726bc361c4855a06fdda9a04d6ba8" member_type: VOTER last_known_addr { host: "127.31.225.1" port: 37567 } } peers { permanent_uuid: "82a04fa2daf446bcac39e38356aaabdd" member_type: VOTER last_known_addr { host: "127.31.225.2" port: 37265 } } peers { permanent_uuid: "f0630d08f4624073a92f0d92dee62921" member_type: VOTER last_known_addr { host: "127.31.225.3" port: 36105 } }
I20260713 09:11:32.747008  1513 raft_consensus.cc:493] T 80e961d10f0e44d39f12e1e0905982c7 P 940726bc361c4855a06fdda9a04d6ba8 [term 0 FOLLOWER]: Starting pre-election (no leader contacted us within the election timeout)
I20260713 09:11:32.747550  1480 tablet_bootstrap.cc:654] T 190c10a65fc24156a291f8157777ddd4 P f0630d08f4624073a92f0d92dee62921: Neither blocks nor log segments found. Creating new log.
I20260713 09:11:32.748739  1366 tablet_service.cc:1917] Received RequestConsensusVote() RPC: tablet_id: "80e961d10f0e44d39f12e1e0905982c7" candidate_uuid: "f0630d08f4624073a92f0d92dee62921" candidate_term: 1 candidate_status { last_received { term: 0 index: 0 } } ignore_live_leader: false dest_uuid: "82a04fa2daf446bcac39e38356aaabdd"
I20260713 09:11:32.749336  1366 raft_consensus.cc:3060] T 80e961d10f0e44d39f12e1e0905982c7 P 82a04fa2daf446bcac39e38356aaabdd [term 0 FOLLOWER]: Advancing to term 1
I20260713 09:11:32.747560  1513 raft_consensus.cc:515] T 80e961d10f0e44d39f12e1e0905982c7 P 940726bc361c4855a06fdda9a04d6ba8 [term 0 FOLLOWER]: Starting pre-election with config: opid_index: -1 OBSOLETE_local: false peers { permanent_uuid: "940726bc361c4855a06fdda9a04d6ba8" member_type: VOTER last_known_addr { host: "127.31.225.1" port: 37567 } } peers { permanent_uuid: "82a04fa2daf446bcac39e38356aaabdd" member_type: VOTER last_known_addr { host: "127.31.225.2" port: 37265 } } peers { permanent_uuid: "f0630d08f4624073a92f0d92dee62921" member_type: VOTER last_known_addr { host: "127.31.225.3" port: 36105 } }
I20260713 09:11:32.756938  1366 raft_consensus.cc:2468] T 80e961d10f0e44d39f12e1e0905982c7 P 82a04fa2daf446bcac39e38356aaabdd [term 1 FOLLOWER]: Leader election vote request: Granting yes vote for candidate f0630d08f4624073a92f0d92dee62921 in term 1.
I20260713 09:11:32.758241  1405 leader_election.cc:304] T 80e961d10f0e44d39f12e1e0905982c7 P f0630d08f4624073a92f0d92dee62921 [CANDIDATE]: Term 1 election: Election decided. Result: candidate won. Election summary: received 2 responses out of 3 voters: 2 yes votes; 0 no votes. yes voters: 82a04fa2daf446bcac39e38356aaabdd, f0630d08f4624073a92f0d92dee62921; no voters: 
I20260713 09:11:32.759093  1487 raft_consensus.cc:2804] T 80e961d10f0e44d39f12e1e0905982c7 P f0630d08f4624073a92f0d92dee62921 [term 1 FOLLOWER]: Leader election won for term 1
I20260713 09:11:32.759572  1487 raft_consensus.cc:697] T 80e961d10f0e44d39f12e1e0905982c7 P f0630d08f4624073a92f0d92dee62921 [term 1 LEADER]: Becoming Leader. State: Replica: f0630d08f4624073a92f0d92dee62921, State: Running, Role: LEADER
I20260713 09:11:32.760406  1487 consensus_queue.cc:237] T 80e961d10f0e44d39f12e1e0905982c7 P f0630d08f4624073a92f0d92dee62921 [LEADER]: Queue going to LEADER mode. State: All replicated index: 0, Majority replicated index: 0, Committed index: 0, Last appended: 0.0, Last appended by leader: 0, Current term: 1, Majority size: 2, State: 0, Mode: LEADER, active raft config: opid_index: -1 OBSOLETE_local: false peers { permanent_uuid: "940726bc361c4855a06fdda9a04d6ba8" member_type: VOTER last_known_addr { host: "127.31.225.1" port: 37567 } } peers { permanent_uuid: "82a04fa2daf446bcac39e38356aaabdd" member_type: VOTER last_known_addr { host: "127.31.225.2" port: 37265 } } peers { permanent_uuid: "f0630d08f4624073a92f0d92dee62921" member_type: VOTER last_known_addr { host: "127.31.225.3" port: 36105 } }
I20260713 09:11:32.761540  1513 leader_election.cc:290] T 80e961d10f0e44d39f12e1e0905982c7 P 940726bc361c4855a06fdda9a04d6ba8 [CANDIDATE]: Term 1 pre-election: Requested pre-vote from peers 82a04fa2daf446bcac39e38356aaabdd (127.31.225.2:37265), f0630d08f4624073a92f0d92dee62921 (127.31.225.3:36105)
I20260713 09:11:32.762769  1440 tablet_service.cc:1917] Received RequestConsensusVote() RPC: tablet_id: "80e961d10f0e44d39f12e1e0905982c7" candidate_uuid: "940726bc361c4855a06fdda9a04d6ba8" candidate_term: 1 candidate_status { last_received { term: 0 index: 0 } } ignore_live_leader: false dest_uuid: "f0630d08f4624073a92f0d92dee62921" is_pre_election: true
I20260713 09:11:32.763198  1290 tablet_service.cc:1917] Received RequestConsensusVote() RPC: tablet_id: "80e961d10f0e44d39f12e1e0905982c7" candidate_uuid: "f0630d08f4624073a92f0d92dee62921" candidate_term: 1 candidate_status { last_received { term: 0 index: 0 } } ignore_live_leader: false dest_uuid: "940726bc361c4855a06fdda9a04d6ba8"
I20260713 09:11:32.763747  1290 raft_consensus.cc:3060] T 80e961d10f0e44d39f12e1e0905982c7 P 940726bc361c4855a06fdda9a04d6ba8 [term 0 FOLLOWER]: Advancing to term 1
I20260713 09:11:32.764959  1481 tablet_bootstrap.cc:492] T 307aec46e7474b119c6eb582c9ee5d77 P 940726bc361c4855a06fdda9a04d6ba8: No bootstrap required, opened a new log
I20260713 09:11:32.765595  1481 ts_tablet_manager.cc:1403] T 307aec46e7474b119c6eb582c9ee5d77 P 940726bc361c4855a06fdda9a04d6ba8: Time spent bootstrapping tablet: real 0.046s	user 0.007s	sys 0.005s
I20260713 09:11:32.765388  1365 tablet_service.cc:1917] Received RequestConsensusVote() RPC: tablet_id: "80e961d10f0e44d39f12e1e0905982c7" candidate_uuid: "940726bc361c4855a06fdda9a04d6ba8" candidate_term: 1 candidate_status { last_received { term: 0 index: 0 } } ignore_live_leader: false dest_uuid: "82a04fa2daf446bcac39e38356aaabdd" is_pre_election: true
I20260713 09:11:32.770026  1481 raft_consensus.cc:359] T 307aec46e7474b119c6eb582c9ee5d77 P 940726bc361c4855a06fdda9a04d6ba8 [term 0 FOLLOWER]: Replica starting. Triggering 0 pending ops. Active config: opid_index: -1 OBSOLETE_local: false peers { permanent_uuid: "940726bc361c4855a06fdda9a04d6ba8" member_type: VOTER last_known_addr { host: "127.31.225.1" port: 37567 } } peers { permanent_uuid: "82a04fa2daf446bcac39e38356aaabdd" member_type: VOTER last_known_addr { host: "127.31.225.2" port: 37265 } } peers { permanent_uuid: "f0630d08f4624073a92f0d92dee62921" member_type: VOTER last_known_addr { host: "127.31.225.3" port: 36105 } }
I20260713 09:11:32.771138  1290 raft_consensus.cc:2468] T 80e961d10f0e44d39f12e1e0905982c7 P 940726bc361c4855a06fdda9a04d6ba8 [term 1 FOLLOWER]: Leader election vote request: Granting yes vote for candidate f0630d08f4624073a92f0d92dee62921 in term 1.
I20260713 09:11:32.771180  1481 raft_consensus.cc:385] T 307aec46e7474b119c6eb582c9ee5d77 P 940726bc361c4855a06fdda9a04d6ba8 [term 0 FOLLOWER]: Consensus starting up: Expiring failure detector timer to make a prompt election more likely
I20260713 09:11:32.771888  1481 raft_consensus.cc:740] T 307aec46e7474b119c6eb582c9ee5d77 P 940726bc361c4855a06fdda9a04d6ba8 [term 0 FOLLOWER]: Becoming Follower/Learner. State: Replica: 940726bc361c4855a06fdda9a04d6ba8, State: Initialized, Role: FOLLOWER
I20260713 09:11:32.770881  1365 raft_consensus.cc:2393] T 80e961d10f0e44d39f12e1e0905982c7 P 82a04fa2daf446bcac39e38356aaabdd [term 1 FOLLOWER]: Leader pre-election vote request: Denying vote to candidate 940726bc361c4855a06fdda9a04d6ba8 in current term 1: Already voted for candidate f0630d08f4624073a92f0d92dee62921 in this term.
I20260713 09:11:32.773527  1256 leader_election.cc:304] T 80e961d10f0e44d39f12e1e0905982c7 P 940726bc361c4855a06fdda9a04d6ba8 [CANDIDATE]: Term 1 pre-election: Election decided. Result: candidate lost. Election summary: received 3 responses out of 3 voters: 1 yes votes; 2 no votes. yes voters: 940726bc361c4855a06fdda9a04d6ba8; no voters: 82a04fa2daf446bcac39e38356aaabdd, f0630d08f4624073a92f0d92dee62921
I20260713 09:11:32.773029  1481 consensus_queue.cc:260] T 307aec46e7474b119c6eb582c9ee5d77 P 940726bc361c4855a06fdda9a04d6ba8 [NON_LEADER]: Queue going to NON_LEADER mode. State: All replicated index: 0, Majority replicated index: 0, Committed index: 0, Last appended: 0.0, Last appended by leader: 0, Current term: 0, Majority size: -1, State: 0, Mode: NON_LEADER, active raft config: opid_index: -1 OBSOLETE_local: false peers { permanent_uuid: "940726bc361c4855a06fdda9a04d6ba8" member_type: VOTER last_known_addr { host: "127.31.225.1" port: 37567 } } peers { permanent_uuid: "82a04fa2daf446bcac39e38356aaabdd" member_type: VOTER last_known_addr { host: "127.31.225.2" port: 37265 } } peers { permanent_uuid: "f0630d08f4624073a92f0d92dee62921" member_type: VOTER last_known_addr { host: "127.31.225.3" port: 36105 } }
I20260713 09:11:32.774669  1513 raft_consensus.cc:2749] T 80e961d10f0e44d39f12e1e0905982c7 P 940726bc361c4855a06fdda9a04d6ba8 [term 1 FOLLOWER]: Leader pre-election lost for term 1. Reason: could not achieve majority
I20260713 09:11:32.777477  1189 catalog_manager.cc:5697] T adacbe39a50f40ceac3f4ee2a3ec7a23 P 940726bc361c4855a06fdda9a04d6ba8 reported cstate change: term changed from 0 to 1, leader changed from <none> to 940726bc361c4855a06fdda9a04d6ba8 (127.31.225.1). New cstate: current_term: 1 leader_uuid: "940726bc361c4855a06fdda9a04d6ba8" committed_config { opid_index: -1 OBSOLETE_local: false peers { permanent_uuid: "940726bc361c4855a06fdda9a04d6ba8" member_type: VOTER last_known_addr { host: "127.31.225.1" port: 37567 } health_report { overall_health: HEALTHY } } peers { permanent_uuid: "82a04fa2daf446bcac39e38356aaabdd" member_type: VOTER last_known_addr { host: "127.31.225.2" port: 37265 } health_report { overall_health: UNKNOWN } } peers { permanent_uuid: "f0630d08f4624073a92f0d92dee62921" member_type: VOTER last_known_addr { host: "127.31.225.3" port: 36105 } health_report { overall_health: UNKNOWN } } }
I20260713 09:11:32.778308  1498 leader_election.cc:290] T 80e961d10f0e44d39f12e1e0905982c7 P f0630d08f4624073a92f0d92dee62921 [CANDIDATE]: Term 1 election: Requested vote from peers 940726bc361c4855a06fdda9a04d6ba8 (127.31.225.1:37567), 82a04fa2daf446bcac39e38356aaabdd (127.31.225.2:37265)
I20260713 09:11:32.777709  1481 ts_tablet_manager.cc:1434] T 307aec46e7474b119c6eb582c9ee5d77 P 940726bc361c4855a06fdda9a04d6ba8: Time spent starting tablet: real 0.012s	user 0.002s	sys 0.008s
I20260713 09:11:32.780706  1481 tablet_bootstrap.cc:492] T 190c10a65fc24156a291f8157777ddd4 P 940726bc361c4855a06fdda9a04d6ba8: Bootstrap starting.
I20260713 09:11:32.788759  1488 raft_consensus.cc:493] T b677f6305e8c41d4ab8124ba88fa39cb P 82a04fa2daf446bcac39e38356aaabdd [term 0 FOLLOWER]: Starting pre-election (no leader contacted us within the election timeout)
I20260713 09:11:32.789420  1488 raft_consensus.cc:515] T b677f6305e8c41d4ab8124ba88fa39cb P 82a04fa2daf446bcac39e38356aaabdd [term 0 FOLLOWER]: Starting pre-election with config: opid_index: -1 OBSOLETE_local: false peers { permanent_uuid: "940726bc361c4855a06fdda9a04d6ba8" member_type: VOTER last_known_addr { host: "127.31.225.1" port: 37567 } } peers { permanent_uuid: "82a04fa2daf446bcac39e38356aaabdd" member_type: VOTER last_known_addr { host: "127.31.225.2" port: 37265 } } peers { permanent_uuid: "f0630d08f4624073a92f0d92dee62921" member_type: VOTER last_known_addr { host: "127.31.225.3" port: 36105 } }
I20260713 09:11:32.790871  1481 tablet_bootstrap.cc:654] T 190c10a65fc24156a291f8157777ddd4 P 940726bc361c4855a06fdda9a04d6ba8: Neither blocks nor log segments found. Creating new log.
I20260713 09:11:32.793792  1290 tablet_service.cc:1917] Received RequestConsensusVote() RPC: tablet_id: "b677f6305e8c41d4ab8124ba88fa39cb" candidate_uuid: "82a04fa2daf446bcac39e38356aaabdd" candidate_term: 1 candidate_status { last_received { term: 0 index: 0 } } ignore_live_leader: false dest_uuid: "940726bc361c4855a06fdda9a04d6ba8" is_pre_election: true
I20260713 09:11:32.794653  1290 raft_consensus.cc:2468] T b677f6305e8c41d4ab8124ba88fa39cb P 940726bc361c4855a06fdda9a04d6ba8 [term 0 FOLLOWER]: Leader pre-election vote request: Granting yes vote for candidate 82a04fa2daf446bcac39e38356aaabdd in term 0.
I20260713 09:11:32.796132  1488 leader_election.cc:290] T b677f6305e8c41d4ab8124ba88fa39cb P 82a04fa2daf446bcac39e38356aaabdd [CANDIDATE]: Term 1 pre-election: Requested pre-vote from peers 940726bc361c4855a06fdda9a04d6ba8 (127.31.225.1:37567), f0630d08f4624073a92f0d92dee62921 (127.31.225.3:36105)
I20260713 09:11:32.797926  1440 tablet_service.cc:1917] Received RequestConsensusVote() RPC: tablet_id: "b677f6305e8c41d4ab8124ba88fa39cb" candidate_uuid: "82a04fa2daf446bcac39e38356aaabdd" candidate_term: 1 candidate_status { last_received { term: 0 index: 0 } } ignore_live_leader: false dest_uuid: "f0630d08f4624073a92f0d92dee62921" is_pre_election: true
I20260713 09:11:32.798658  1440 raft_consensus.cc:2468] T b677f6305e8c41d4ab8124ba88fa39cb P f0630d08f4624073a92f0d92dee62921 [term 0 FOLLOWER]: Leader pre-election vote request: Granting yes vote for candidate 82a04fa2daf446bcac39e38356aaabdd in term 0.
I20260713 09:11:32.797875  1332 leader_election.cc:304] T b677f6305e8c41d4ab8124ba88fa39cb P 82a04fa2daf446bcac39e38356aaabdd [CANDIDATE]: Term 1 pre-election: Election decided. Result: candidate won. Election summary: received 2 responses out of 3 voters: 2 yes votes; 0 no votes. yes voters: 82a04fa2daf446bcac39e38356aaabdd, 940726bc361c4855a06fdda9a04d6ba8; no voters: 
I20260713 09:11:32.800813  1488 raft_consensus.cc:2804] T b677f6305e8c41d4ab8124ba88fa39cb P 82a04fa2daf446bcac39e38356aaabdd [term 0 FOLLOWER]: Leader pre-election won for term 1
I20260713 09:11:32.803566  1482 tablet_bootstrap.cc:492] T 307aec46e7474b119c6eb582c9ee5d77 P 82a04fa2daf446bcac39e38356aaabdd: No bootstrap required, opened a new log
I20260713 09:11:32.804059  1482 ts_tablet_manager.cc:1403] T 307aec46e7474b119c6eb582c9ee5d77 P 82a04fa2daf446bcac39e38356aaabdd: Time spent bootstrapping tablet: real 0.077s	user 0.031s	sys 0.022s
I20260713 09:11:32.804625  1480 tablet_bootstrap.cc:492] T 190c10a65fc24156a291f8157777ddd4 P f0630d08f4624073a92f0d92dee62921: No bootstrap required, opened a new log
I20260713 09:11:32.805198  1480 ts_tablet_manager.cc:1403] T 190c10a65fc24156a291f8157777ddd4 P f0630d08f4624073a92f0d92dee62921: Time spent bootstrapping tablet: real 0.066s	user 0.034s	sys 0.006s
I20260713 09:11:32.804533  1187 catalog_manager.cc:5697] T 80e961d10f0e44d39f12e1e0905982c7 P f0630d08f4624073a92f0d92dee62921 reported cstate change: term changed from 0 to 1, leader changed from <none> to f0630d08f4624073a92f0d92dee62921 (127.31.225.3). New cstate: current_term: 1 leader_uuid: "f0630d08f4624073a92f0d92dee62921" committed_config { opid_index: -1 OBSOLETE_local: false peers { permanent_uuid: "940726bc361c4855a06fdda9a04d6ba8" member_type: VOTER last_known_addr { host: "127.31.225.1" port: 37567 } health_report { overall_health: UNKNOWN } } peers { permanent_uuid: "82a04fa2daf446bcac39e38356aaabdd" member_type: VOTER last_known_addr { host: "127.31.225.2" port: 37265 } health_report { overall_health: UNKNOWN } } peers { permanent_uuid: "f0630d08f4624073a92f0d92dee62921" member_type: VOTER last_known_addr { host: "127.31.225.3" port: 36105 } health_report { overall_health: HEALTHY } } }
I20260713 09:11:32.806061  1486 raft_consensus.cc:493] T 307aec46e7474b119c6eb582c9ee5d77 P 940726bc361c4855a06fdda9a04d6ba8 [term 0 FOLLOWER]: Starting pre-election (no leader contacted us within the election timeout)
I20260713 09:11:32.806522  1486 raft_consensus.cc:515] T 307aec46e7474b119c6eb582c9ee5d77 P 940726bc361c4855a06fdda9a04d6ba8 [term 0 FOLLOWER]: Starting pre-election with config: opid_index: -1 OBSOLETE_local: false peers { permanent_uuid: "940726bc361c4855a06fdda9a04d6ba8" member_type: VOTER last_known_addr { host: "127.31.225.1" port: 37567 } } peers { permanent_uuid: "82a04fa2daf446bcac39e38356aaabdd" member_type: VOTER last_known_addr { host: "127.31.225.2" port: 37265 } } peers { permanent_uuid: "f0630d08f4624073a92f0d92dee62921" member_type: VOTER last_known_addr { host: "127.31.225.3" port: 36105 } }
I20260713 09:11:32.807121  1482 raft_consensus.cc:359] T 307aec46e7474b119c6eb582c9ee5d77 P 82a04fa2daf446bcac39e38356aaabdd [term 0 FOLLOWER]: Replica starting. Triggering 0 pending ops. Active config: opid_index: -1 OBSOLETE_local: false peers { permanent_uuid: "940726bc361c4855a06fdda9a04d6ba8" member_type: VOTER last_known_addr { host: "127.31.225.1" port: 37567 } } peers { permanent_uuid: "82a04fa2daf446bcac39e38356aaabdd" member_type: VOTER last_known_addr { host: "127.31.225.2" port: 37265 } } peers { permanent_uuid: "f0630d08f4624073a92f0d92dee62921" member_type: VOTER last_known_addr { host: "127.31.225.3" port: 36105 } }
I20260713 09:11:32.807590  1488 raft_consensus.cc:493] T b677f6305e8c41d4ab8124ba88fa39cb P 82a04fa2daf446bcac39e38356aaabdd [term 0 FOLLOWER]: Starting leader election (no leader contacted us within the election timeout)
I20260713 09:11:32.807832  1482 raft_consensus.cc:385] T 307aec46e7474b119c6eb582c9ee5d77 P 82a04fa2daf446bcac39e38356aaabdd [term 0 FOLLOWER]: Consensus starting up: Expiring failure detector timer to make a prompt election more likely
I20260713 09:11:32.808027  1488 raft_consensus.cc:3060] T b677f6305e8c41d4ab8124ba88fa39cb P 82a04fa2daf446bcac39e38356aaabdd [term 0 FOLLOWER]: Advancing to term 1
I20260713 09:11:32.808199  1482 raft_consensus.cc:740] T 307aec46e7474b119c6eb582c9ee5d77 P 82a04fa2daf446bcac39e38356aaabdd [term 0 FOLLOWER]: Becoming Follower/Learner. State: Replica: 82a04fa2daf446bcac39e38356aaabdd, State: Initialized, Role: FOLLOWER
I20260713 09:11:32.808616  1486 leader_election.cc:290] T 307aec46e7474b119c6eb582c9ee5d77 P 940726bc361c4855a06fdda9a04d6ba8 [CANDIDATE]: Term 1 pre-election: Requested pre-vote from peers 82a04fa2daf446bcac39e38356aaabdd (127.31.225.2:37265), f0630d08f4624073a92f0d92dee62921 (127.31.225.3:36105)
