I20260713 09:11:57.109102  1428 consensus_queue.cc:260] T 894526dd72724620a41e67c107e0849c P 16d5831bc5d84f15abf020583c23ca12 [NON_LEADER]: Queue going to NON_LEADER mode. State: All replicated index: 0, Majority replicated index: 4, Committed index: 4, Last appended: 1.4, Last appended by leader: 4, Current term: 1, Majority size: -1, State: 0, Mode: NON_LEADER, active raft config: opid_index: 4 OBSOLETE_local: false peers { permanent_uuid: "c77991e50c1e4f1386960566748f2abc" member_type: VOTER last_known_addr { host: "127.31.226.66" port: 37483 } } peers { permanent_uuid: "16d5831bc5d84f15abf020583c23ca12" member_type: VOTER last_known_addr { host: "127.31.226.67" port: 37747 } } peers { permanent_uuid: "cf6d49139ded454d982613474fd1d10f" member_type: VOTER last_known_addr { host: "127.31.226.68" port: 38831 } attrs { promote: false } }
I20260713 09:11:57.110220  1428 raft_consensus.cc:3060] T 894526dd72724620a41e67c107e0849c P 16d5831bc5d84f15abf020583c23ca12 [term 1 FOLLOWER]: Advancing to term 2
I20260713 09:11:57.111918  1354 raft_consensus.cc:2468] T 894526dd72724620a41e67c107e0849c P c77991e50c1e4f1386960566748f2abc [term 2 FOLLOWER]: Leader election vote request: Granting yes vote for candidate cf6d49139ded454d982613474fd1d10f in term 2.
I20260713 09:11:57.113296  1654 leader_election.cc:304] T 894526dd72724620a41e67c107e0849c P cf6d49139ded454d982613474fd1d10f [CANDIDATE]: Term 2 election: Election decided. Result: candidate won. Election summary: received 2 responses out of 3 voters: 2 yes votes; 0 no votes. yes voters: c77991e50c1e4f1386960566748f2abc, cf6d49139ded454d982613474fd1d10f; no voters: 
I20260713 09:11:57.112630  1430 raft_consensus.cc:515] T 0c7443d8bfc746b19878daf8a242eaff P 16d5831bc5d84f15abf020583c23ca12 [term 2 FOLLOWER]: Starting forced leader election with config: opid_index: -1 OBSOLETE_local: false peers { permanent_uuid: "c9db2d89de624012b02de1dd966ed8a9" member_type: VOTER last_known_addr { host: "127.31.226.65" port: 35469 } } peers { permanent_uuid: "c77991e50c1e4f1386960566748f2abc" member_type: VOTER last_known_addr { host: "127.31.226.66" port: 37483 } } peers { permanent_uuid: "16d5831bc5d84f15abf020583c23ca12" member_type: VOTER last_known_addr { host: "127.31.226.67" port: 37747 } }
I20260713 09:11:57.114298  2095 raft_consensus.cc:2804] T 894526dd72724620a41e67c107e0849c P cf6d49139ded454d982613474fd1d10f [term 2 FOLLOWER]: Leader election won for term 2
I20260713 09:11:57.114890  2095 raft_consensus.cc:697] T 894526dd72724620a41e67c107e0849c P cf6d49139ded454d982613474fd1d10f [term 2 LEADER]: Becoming Leader. State: Replica: cf6d49139ded454d982613474fd1d10f, State: Running, Role: LEADER
I20260713 09:11:57.116071  1430 leader_election.cc:290] T 0c7443d8bfc746b19878daf8a242eaff P 16d5831bc5d84f15abf020583c23ca12 [CANDIDATE]: Term 2 election: Requested vote from peers c9db2d89de624012b02de1dd966ed8a9 (127.31.226.65:35469), c77991e50c1e4f1386960566748f2abc (127.31.226.66:37483)
I20260713 09:11:57.115839  2095 consensus_queue.cc:237] T 894526dd72724620a41e67c107e0849c P cf6d49139ded454d982613474fd1d10f [LEADER]: Queue going to LEADER mode. State: All replicated index: 0, Majority replicated index: 4, Committed index: 4, Last appended: 1.4, Last appended by leader: 4, Current term: 2, Majority size: 2, State: 0, Mode: LEADER, active raft config: opid_index: 4 OBSOLETE_local: false peers { permanent_uuid: "c77991e50c1e4f1386960566748f2abc" member_type: VOTER last_known_addr { host: "127.31.226.66" port: 37483 } } peers { permanent_uuid: "16d5831bc5d84f15abf020583c23ca12" member_type: VOTER last_known_addr { host: "127.31.226.67" port: 37747 } } peers { permanent_uuid: "cf6d49139ded454d982613474fd1d10f" member_type: VOTER last_known_addr { host: "127.31.226.68" port: 38831 } attrs { promote: false } }
I20260713 09:11:57.118247  1356 tablet_service.cc:1917] Received RequestConsensusVote() RPC: tablet_id: "0c7443d8bfc746b19878daf8a242eaff" candidate_uuid: "16d5831bc5d84f15abf020583c23ca12" candidate_term: 2 candidate_status { last_received { term: 1 index: 1 } } ignore_live_leader: true dest_uuid: "c77991e50c1e4f1386960566748f2abc"
I20260713 09:11:57.118862  1356 raft_consensus.cc:3055] T 0c7443d8bfc746b19878daf8a242eaff P c77991e50c1e4f1386960566748f2abc [term 1 LEADER]: Stepping down as leader of term 1
I20260713 09:11:57.118788  1282 tablet_service.cc:1917] Received RequestConsensusVote() RPC: tablet_id: "0c7443d8bfc746b19878daf8a242eaff" candidate_uuid: "16d5831bc5d84f15abf020583c23ca12" candidate_term: 2 candidate_status { last_received { term: 1 index: 1 } } ignore_live_leader: true dest_uuid: "c9db2d89de624012b02de1dd966ed8a9"
I20260713 09:11:57.119347  1356 raft_consensus.cc:740] T 0c7443d8bfc746b19878daf8a242eaff P c77991e50c1e4f1386960566748f2abc [term 1 LEADER]: Becoming Follower/Learner. State: Replica: c77991e50c1e4f1386960566748f2abc, State: Running, Role: LEADER
I20260713 09:11:57.119558  1282 raft_consensus.cc:3060] T 0c7443d8bfc746b19878daf8a242eaff P c9db2d89de624012b02de1dd966ed8a9 [term 1 FOLLOWER]: Advancing to term 2
I20260713 09:11:57.120153  1356 consensus_queue.cc:260] T 0c7443d8bfc746b19878daf8a242eaff P c77991e50c1e4f1386960566748f2abc [NON_LEADER]: Queue going to NON_LEADER mode. State: All replicated index: 0, Majority replicated index: 1, Committed index: 1, Last appended: 1.1, Last appended by leader: 1, Current term: 1, Majority size: -1, State: 0, Mode: NON_LEADER, active raft config: opid_index: -1 OBSOLETE_local: false peers { permanent_uuid: "c9db2d89de624012b02de1dd966ed8a9" member_type: VOTER last_known_addr { host: "127.31.226.65" port: 35469 } } peers { permanent_uuid: "c77991e50c1e4f1386960566748f2abc" member_type: VOTER last_known_addr { host: "127.31.226.66" port: 37483 } } peers { permanent_uuid: "16d5831bc5d84f15abf020583c23ca12" member_type: VOTER last_known_addr { host: "127.31.226.67" port: 37747 } }
I20260713 09:11:57.120857  1428 raft_consensus.cc:2468] T 894526dd72724620a41e67c107e0849c P 16d5831bc5d84f15abf020583c23ca12 [term 2 FOLLOWER]: Leader election vote request: Granting yes vote for candidate cf6d49139ded454d982613474fd1d10f in term 2.
I20260713 09:11:57.121569  1356 raft_consensus.cc:3060] T 0c7443d8bfc746b19878daf8a242eaff P c77991e50c1e4f1386960566748f2abc [term 1 FOLLOWER]: Advancing to term 2
I20260713 09:11:57.126917  1282 raft_consensus.cc:2468] T 0c7443d8bfc746b19878daf8a242eaff P c9db2d89de624012b02de1dd966ed8a9 [term 2 FOLLOWER]: Leader election vote request: Granting yes vote for candidate 16d5831bc5d84f15abf020583c23ca12 in term 2.
I20260713 09:11:57.129330  1395 leader_election.cc:304] T 0c7443d8bfc746b19878daf8a242eaff P 16d5831bc5d84f15abf020583c23ca12 [CANDIDATE]: Term 2 election: Election decided. Result: candidate won. Election summary: received 2 responses out of 3 voters: 2 yes votes; 0 no votes. yes voters: 16d5831bc5d84f15abf020583c23ca12, c9db2d89de624012b02de1dd966ed8a9; no voters: 
I20260713 09:11:57.130045  2088 raft_consensus.cc:2804] T 0c7443d8bfc746b19878daf8a242eaff P 16d5831bc5d84f15abf020583c23ca12 [term 2 FOLLOWER]: Leader election won for term 2
I20260713 09:11:57.130595  2088 raft_consensus.cc:697] T 0c7443d8bfc746b19878daf8a242eaff P 16d5831bc5d84f15abf020583c23ca12 [term 2 LEADER]: Becoming Leader. State: Replica: 16d5831bc5d84f15abf020583c23ca12, State: Running, Role: LEADER
I20260713 09:11:57.131539  2088 consensus_queue.cc:237] T 0c7443d8bfc746b19878daf8a242eaff P 16d5831bc5d84f15abf020583c23ca12 [LEADER]: Queue going to LEADER mode. State: All replicated index: 0, Majority replicated index: 1, Committed index: 1, Last appended: 1.1, Last appended by leader: 1, Current term: 2, Majority size: 2, State: 0, Mode: LEADER, active raft config: opid_index: -1 OBSOLETE_local: false peers { permanent_uuid: "c9db2d89de624012b02de1dd966ed8a9" member_type: VOTER last_known_addr { host: "127.31.226.65" port: 35469 } } peers { permanent_uuid: "c77991e50c1e4f1386960566748f2abc" member_type: VOTER last_known_addr { host: "127.31.226.66" port: 37483 } } peers { permanent_uuid: "16d5831bc5d84f15abf020583c23ca12" member_type: VOTER last_known_addr { host: "127.31.226.67" port: 37747 } }
I20260713 09:11:57.131726  1177 catalog_manager.cc:5697] T 894526dd72724620a41e67c107e0849c P cf6d49139ded454d982613474fd1d10f reported cstate change: term changed from 1 to 2, leader changed from 16d5831bc5d84f15abf020583c23ca12 (127.31.226.67) to cf6d49139ded454d982613474fd1d10f (127.31.226.68). New cstate: current_term: 2 leader_uuid: "cf6d49139ded454d982613474fd1d10f" committed_config { opid_index: 4 OBSOLETE_local: false peers { permanent_uuid: "c77991e50c1e4f1386960566748f2abc" member_type: VOTER last_known_addr { host: "127.31.226.66" port: 37483 } health_report { overall_health: UNKNOWN } } peers { permanent_uuid: "16d5831bc5d84f15abf020583c23ca12" member_type: VOTER last_known_addr { host: "127.31.226.67" port: 37747 } health_report { overall_health: UNKNOWN } } peers { permanent_uuid: "cf6d49139ded454d982613474fd1d10f" member_type: VOTER last_known_addr { host: "127.31.226.68" port: 38831 } attrs { promote: false } health_report { overall_health: HEALTHY } } }
I20260713 09:11:57.132721  1356 raft_consensus.cc:2468] T 0c7443d8bfc746b19878daf8a242eaff P c77991e50c1e4f1386960566748f2abc [term 2 FOLLOWER]: Leader election vote request: Granting yes vote for candidate 16d5831bc5d84f15abf020583c23ca12 in term 2.
I20260713 09:11:57.141846  1178 catalog_manager.cc:5697] T 0c7443d8bfc746b19878daf8a242eaff P 16d5831bc5d84f15abf020583c23ca12 reported cstate change: term changed from 1 to 2, leader changed from c77991e50c1e4f1386960566748f2abc (127.31.226.66) to 16d5831bc5d84f15abf020583c23ca12 (127.31.226.67). New cstate: current_term: 2 leader_uuid: "16d5831bc5d84f15abf020583c23ca12" committed_config { opid_index: -1 OBSOLETE_local: false peers { permanent_uuid: "c9db2d89de624012b02de1dd966ed8a9" member_type: VOTER last_known_addr { host: "127.31.226.65" port: 35469 } health_report { overall_health: UNKNOWN } } peers { permanent_uuid: "c77991e50c1e4f1386960566748f2abc" member_type: VOTER last_known_addr { host: "127.31.226.66" port: 37483 } health_report { overall_health: UNKNOWN } } peers { permanent_uuid: "16d5831bc5d84f15abf020583c23ca12" member_type: VOTER last_known_addr { host: "127.31.226.67" port: 37747 } health_report { overall_health: HEALTHY } } }
I20260713 09:11:57.249527  2106 raft_consensus.cc:993] T 2b71f5cc965e41718df1aae2494a69d0 P c9db2d89de624012b02de1dd966ed8a9: : Instructing follower cf6d49139ded454d982613474fd1d10f to start an election
I20260713 09:11:57.250160  2087 raft_consensus.cc:1081] T 2b71f5cc965e41718df1aae2494a69d0 P c9db2d89de624012b02de1dd966ed8a9 [term 1 LEADER]: Signalling peer cf6d49139ded454d982613474fd1d10f to start an election
I20260713 09:11:57.251677  1690 tablet_service.cc:2044] Received Run Leader Election RPC: tablet_id: "2b71f5cc965e41718df1aae2494a69d0"
dest_uuid: "cf6d49139ded454d982613474fd1d10f"
 from {username='slave'} at 127.0.0.1:42366
I20260713 09:11:57.252104  1690 raft_consensus.cc:493] T 2b71f5cc965e41718df1aae2494a69d0 P cf6d49139ded454d982613474fd1d10f [term 1 FOLLOWER]: Starting forced leader election (received explicit request)
I20260713 09:11:57.252345  1690 raft_consensus.cc:3060] T 2b71f5cc965e41718df1aae2494a69d0 P cf6d49139ded454d982613474fd1d10f [term 1 FOLLOWER]: Advancing to term 2
I20260713 09:11:57.256815  1690 raft_consensus.cc:515] T 2b71f5cc965e41718df1aae2494a69d0 P cf6d49139ded454d982613474fd1d10f [term 2 FOLLOWER]: Starting forced leader election with config: opid_index: 4 OBSOLETE_local: false peers { permanent_uuid: "c9db2d89de624012b02de1dd966ed8a9" member_type: VOTER last_known_addr { host: "127.31.226.65" port: 35469 } } peers { permanent_uuid: "16d5831bc5d84f15abf020583c23ca12" member_type: VOTER last_known_addr { host: "127.31.226.67" port: 37747 } } peers { permanent_uuid: "cf6d49139ded454d982613474fd1d10f" member_type: VOTER last_known_addr { host: "127.31.226.68" port: 38831 } attrs { promote: false } }
I20260713 09:11:57.258461  1690 leader_election.cc:290] T 2b71f5cc965e41718df1aae2494a69d0 P cf6d49139ded454d982613474fd1d10f [CANDIDATE]: Term 2 election: Requested vote from peers c9db2d89de624012b02de1dd966ed8a9 (127.31.226.65:35469), 16d5831bc5d84f15abf020583c23ca12 (127.31.226.67:37747)
I20260713 09:11:57.259191  1280 tablet_service.cc:1917] Received RequestConsensusVote() RPC: tablet_id: "2b71f5cc965e41718df1aae2494a69d0" candidate_uuid: "cf6d49139ded454d982613474fd1d10f" candidate_term: 2 candidate_status { last_received { term: 1 index: 4 } } ignore_live_leader: true dest_uuid: "c9db2d89de624012b02de1dd966ed8a9"
I20260713 09:11:57.259591  1428 tablet_service.cc:1917] Received RequestConsensusVote() RPC: tablet_id: "2b71f5cc965e41718df1aae2494a69d0" candidate_uuid: "cf6d49139ded454d982613474fd1d10f" candidate_term: 2 candidate_status { last_received { term: 1 index: 4 } } ignore_live_leader: true dest_uuid: "16d5831bc5d84f15abf020583c23ca12"
I20260713 09:11:57.259928  1280 raft_consensus.cc:3055] T 2b71f5cc965e41718df1aae2494a69d0 P c9db2d89de624012b02de1dd966ed8a9 [term 1 LEADER]: Stepping down as leader of term 1
I20260713 09:11:57.260265  1428 raft_consensus.cc:3060] T 2b71f5cc965e41718df1aae2494a69d0 P 16d5831bc5d84f15abf020583c23ca12 [term 1 FOLLOWER]: Advancing to term 2
I20260713 09:11:57.260313  1280 raft_consensus.cc:740] T 2b71f5cc965e41718df1aae2494a69d0 P c9db2d89de624012b02de1dd966ed8a9 [term 1 LEADER]: Becoming Follower/Learner. State: Replica: c9db2d89de624012b02de1dd966ed8a9, State: Running, Role: LEADER
I20260713 09:11:57.261302  1280 consensus_queue.cc:260] T 2b71f5cc965e41718df1aae2494a69d0 P c9db2d89de624012b02de1dd966ed8a9 [NON_LEADER]: Queue going to NON_LEADER mode. State: All replicated index: 0, Majority replicated index: 4, Committed index: 4, Last appended: 1.4, Last appended by leader: 4, Current term: 1, Majority size: -1, State: 0, Mode: NON_LEADER, active raft config: opid_index: 4 OBSOLETE_local: false peers { permanent_uuid: "c9db2d89de624012b02de1dd966ed8a9" member_type: VOTER last_known_addr { host: "127.31.226.65" port: 35469 } } peers { permanent_uuid: "16d5831bc5d84f15abf020583c23ca12" member_type: VOTER last_known_addr { host: "127.31.226.67" port: 37747 } } peers { permanent_uuid: "cf6d49139ded454d982613474fd1d10f" member_type: VOTER last_known_addr { host: "127.31.226.68" port: 38831 } attrs { promote: false } }
I20260713 09:11:57.262305  1280 raft_consensus.cc:3060] T 2b71f5cc965e41718df1aae2494a69d0 P c9db2d89de624012b02de1dd966ed8a9 [term 1 FOLLOWER]: Advancing to term 2
I20260713 09:11:57.267532  1428 raft_consensus.cc:2468] T 2b71f5cc965e41718df1aae2494a69d0 P 16d5831bc5d84f15abf020583c23ca12 [term 2 FOLLOWER]: Leader election vote request: Granting yes vote for candidate cf6d49139ded454d982613474fd1d10f in term 2.
I20260713 09:11:57.267982  1280 raft_consensus.cc:2468] T 2b71f5cc965e41718df1aae2494a69d0 P c9db2d89de624012b02de1dd966ed8a9 [term 2 FOLLOWER]: Leader election vote request: Granting yes vote for candidate cf6d49139ded454d982613474fd1d10f in term 2.
I20260713 09:11:57.268695  1657 leader_election.cc:304] T 2b71f5cc965e41718df1aae2494a69d0 P cf6d49139ded454d982613474fd1d10f [CANDIDATE]: Term 2 election: Election decided. Result: candidate won. Election summary: received 2 responses out of 3 voters: 2 yes votes; 0 no votes. yes voters: 16d5831bc5d84f15abf020583c23ca12, cf6d49139ded454d982613474fd1d10f; no voters: 
I20260713 09:11:57.269580  2095 raft_consensus.cc:2804] T 2b71f5cc965e41718df1aae2494a69d0 P cf6d49139ded454d982613474fd1d10f [term 2 FOLLOWER]: Leader election won for term 2
I20260713 09:11:57.270087  2095 raft_consensus.cc:697] T 2b71f5cc965e41718df1aae2494a69d0 P cf6d49139ded454d982613474fd1d10f [term 2 LEADER]: Becoming Leader. State: Replica: cf6d49139ded454d982613474fd1d10f, State: Running, Role: LEADER
I20260713 09:11:57.271050  2095 consensus_queue.cc:237] T 2b71f5cc965e41718df1aae2494a69d0 P cf6d49139ded454d982613474fd1d10f [LEADER]: Queue going to LEADER mode. State: All replicated index: 0, Majority replicated index: 4, Committed index: 4, Last appended: 1.4, Last appended by leader: 4, Current term: 2, Majority size: 2, State: 0, Mode: LEADER, active raft config: opid_index: 4 OBSOLETE_local: false peers { permanent_uuid: "c9db2d89de624012b02de1dd966ed8a9" member_type: VOTER last_known_addr { host: "127.31.226.65" port: 35469 } } peers { permanent_uuid: "16d5831bc5d84f15abf020583c23ca12" member_type: VOTER last_known_addr { host: "127.31.226.67" port: 37747 } } peers { permanent_uuid: "cf6d49139ded454d982613474fd1d10f" member_type: VOTER last_known_addr { host: "127.31.226.68" port: 38831 } attrs { promote: false } }
I20260713 09:11:57.274262  2041 raft_consensus.cc:993] T a9e824d12bac497d84c155752ebf15bc P 16d5831bc5d84f15abf020583c23ca12: : Instructing follower cf6d49139ded454d982613474fd1d10f to start an election
I20260713 09:11:57.275104  2088 raft_consensus.cc:1081] T a9e824d12bac497d84c155752ebf15bc P 16d5831bc5d84f15abf020583c23ca12 [term 1 LEADER]: Signalling peer cf6d49139ded454d982613474fd1d10f to start an election
I20260713 09:11:57.277160  1690 tablet_service.cc:2044] Received Run Leader Election RPC: tablet_id: "a9e824d12bac497d84c155752ebf15bc"
dest_uuid: "cf6d49139ded454d982613474fd1d10f"
 from {username='slave'} at 127.0.0.1:42340
I20260713 09:11:57.277666  1690 raft_consensus.cc:493] T a9e824d12bac497d84c155752ebf15bc P cf6d49139ded454d982613474fd1d10f [term 1 FOLLOWER]: Starting forced leader election (received explicit request)
I20260713 09:11:57.278036  1690 raft_consensus.cc:3060] T a9e824d12bac497d84c155752ebf15bc P cf6d49139ded454d982613474fd1d10f [term 1 FOLLOWER]: Advancing to term 2
I20260713 09:11:57.284639  1690 raft_consensus.cc:515] T a9e824d12bac497d84c155752ebf15bc P cf6d49139ded454d982613474fd1d10f [term 2 FOLLOWER]: Starting forced leader election with config: opid_index: 4 OBSOLETE_local: false peers { permanent_uuid: "c77991e50c1e4f1386960566748f2abc" member_type: VOTER last_known_addr { host: "127.31.226.66" port: 37483 } } peers { permanent_uuid: "16d5831bc5d84f15abf020583c23ca12" member_type: VOTER last_known_addr { host: "127.31.226.67" port: 37747 } } peers { permanent_uuid: "cf6d49139ded454d982613474fd1d10f" member_type: VOTER last_known_addr { host: "127.31.226.68" port: 38831 } attrs { promote: false } }
I20260713 09:11:57.284667  1178 catalog_manager.cc:5697] T 2b71f5cc965e41718df1aae2494a69d0 P cf6d49139ded454d982613474fd1d10f reported cstate change: term changed from 1 to 2, leader changed from c9db2d89de624012b02de1dd966ed8a9 (127.31.226.65) to cf6d49139ded454d982613474fd1d10f (127.31.226.68). New cstate: current_term: 2 leader_uuid: "cf6d49139ded454d982613474fd1d10f" committed_config { opid_index: 4 OBSOLETE_local: false peers { permanent_uuid: "c9db2d89de624012b02de1dd966ed8a9" member_type: VOTER last_known_addr { host: "127.31.226.65" port: 35469 } health_report { overall_health: UNKNOWN } } peers { permanent_uuid: "16d5831bc5d84f15abf020583c23ca12" member_type: VOTER last_known_addr { host: "127.31.226.67" port: 37747 } health_report { overall_health: UNKNOWN } } peers { permanent_uuid: "cf6d49139ded454d982613474fd1d10f" member_type: VOTER last_known_addr { host: "127.31.226.68" port: 38831 } attrs { promote: false } health_report { overall_health: HEALTHY } } }
I20260713 09:11:57.286724  1690 leader_election.cc:290] T a9e824d12bac497d84c155752ebf15bc P cf6d49139ded454d982613474fd1d10f [CANDIDATE]: Term 2 election: Requested vote from peers c77991e50c1e4f1386960566748f2abc (127.31.226.66:37483), 16d5831bc5d84f15abf020583c23ca12 (127.31.226.67:37747)
I20260713 09:11:57.287352  1356 tablet_service.cc:1917] Received RequestConsensusVote() RPC: tablet_id: "a9e824d12bac497d84c155752ebf15bc" candidate_uuid: "cf6d49139ded454d982613474fd1d10f" candidate_term: 2 candidate_status { last_received { term: 1 index: 4 } } ignore_live_leader: true dest_uuid: "c77991e50c1e4f1386960566748f2abc"
I20260713 09:11:57.287793  1428 tablet_service.cc:1917] Received RequestConsensusVote() RPC: tablet_id: "a9e824d12bac497d84c155752ebf15bc" candidate_uuid: "cf6d49139ded454d982613474fd1d10f" candidate_term: 2 candidate_status { last_received { term: 1 index: 4 } } ignore_live_leader: true dest_uuid: "16d5831bc5d84f15abf020583c23ca12"
I20260713 09:11:57.287889  1356 raft_consensus.cc:3060] T a9e824d12bac497d84c155752ebf15bc P c77991e50c1e4f1386960566748f2abc [term 1 FOLLOWER]: Advancing to term 2
I20260713 09:11:57.288437  1428 raft_consensus.cc:3055] T a9e824d12bac497d84c155752ebf15bc P 16d5831bc5d84f15abf020583c23ca12 [term 1 LEADER]: Stepping down as leader of term 1
I20260713 09:11:57.288902  1428 raft_consensus.cc:740] T a9e824d12bac497d84c155752ebf15bc P 16d5831bc5d84f15abf020583c23ca12 [term 1 LEADER]: Becoming Follower/Learner. State: Replica: 16d5831bc5d84f15abf020583c23ca12, State: Running, Role: LEADER
I20260713 09:11:57.289734  1428 consensus_queue.cc:260] T a9e824d12bac497d84c155752ebf15bc P 16d5831bc5d84f15abf020583c23ca12 [NON_LEADER]: Queue going to NON_LEADER mode. State: All replicated index: 0, Majority replicated index: 4, Committed index: 4, Last appended: 1.4, Last appended by leader: 4, Current term: 1, Majority size: -1, State: 0, Mode: NON_LEADER, active raft config: opid_index: 4 OBSOLETE_local: false peers { permanent_uuid: "c77991e50c1e4f1386960566748f2abc" member_type: VOTER last_known_addr { host: "127.31.226.66" port: 37483 } } peers { permanent_uuid: "16d5831bc5d84f15abf020583c23ca12" member_type: VOTER last_known_addr { host: "127.31.226.67" port: 37747 } } peers { permanent_uuid: "cf6d49139ded454d982613474fd1d10f" member_type: VOTER last_known_addr { host: "127.31.226.68" port: 38831 } attrs { promote: false } }
I20260713 09:11:57.291028  1428 raft_consensus.cc:3060] T a9e824d12bac497d84c155752ebf15bc P 16d5831bc5d84f15abf020583c23ca12 [term 1 FOLLOWER]: Advancing to term 2
I20260713 09:11:57.296846  1356 raft_consensus.cc:2468] T a9e824d12bac497d84c155752ebf15bc P c77991e50c1e4f1386960566748f2abc [term 2 FOLLOWER]: Leader election vote request: Granting yes vote for candidate cf6d49139ded454d982613474fd1d10f in term 2.
I20260713 09:11:57.298101  1654 leader_election.cc:304] T a9e824d12bac497d84c155752ebf15bc P cf6d49139ded454d982613474fd1d10f [CANDIDATE]: Term 2 election: Election decided. Result: candidate won. Election summary: received 2 responses out of 3 voters: 2 yes votes; 0 no votes. yes voters: c77991e50c1e4f1386960566748f2abc, cf6d49139ded454d982613474fd1d10f; no voters: 
I20260713 09:11:57.298405  1428 raft_consensus.cc:2468] T a9e824d12bac497d84c155752ebf15bc P 16d5831bc5d84f15abf020583c23ca12 [term 2 FOLLOWER]: Leader election vote request: Granting yes vote for candidate cf6d49139ded454d982613474fd1d10f in term 2.
I20260713 09:11:57.298856  2095 raft_consensus.cc:2804] T a9e824d12bac497d84c155752ebf15bc P cf6d49139ded454d982613474fd1d10f [term 2 FOLLOWER]: Leader election won for term 2
I20260713 09:11:57.299342  2095 raft_consensus.cc:697] T a9e824d12bac497d84c155752ebf15bc P cf6d49139ded454d982613474fd1d10f [term 2 LEADER]: Becoming Leader. State: Replica: cf6d49139ded454d982613474fd1d10f, State: Running, Role: LEADER
I20260713 09:11:57.300330  2095 consensus_queue.cc:237] T a9e824d12bac497d84c155752ebf15bc P cf6d49139ded454d982613474fd1d10f [LEADER]: Queue going to LEADER mode. State: All replicated index: 0, Majority replicated index: 4, Committed index: 4, Last appended: 1.4, Last appended by leader: 4, Current term: 2, Majority size: 2, State: 0, Mode: LEADER, active raft config: opid_index: 4 OBSOLETE_local: false peers { permanent_uuid: "c77991e50c1e4f1386960566748f2abc" member_type: VOTER last_known_addr { host: "127.31.226.66" port: 37483 } } peers { permanent_uuid: "16d5831bc5d84f15abf020583c23ca12" member_type: VOTER last_known_addr { host: "127.31.226.67" port: 37747 } } peers { permanent_uuid: "cf6d49139ded454d982613474fd1d10f" member_type: VOTER last_known_addr { host: "127.31.226.68" port: 38831 } attrs { promote: false } }
I20260713 09:11:57.310883  1178 catalog_manager.cc:5697] T a9e824d12bac497d84c155752ebf15bc P cf6d49139ded454d982613474fd1d10f reported cstate change: term changed from 1 to 2, leader changed from 16d5831bc5d84f15abf020583c23ca12 (127.31.226.67) to cf6d49139ded454d982613474fd1d10f (127.31.226.68). New cstate: current_term: 2 leader_uuid: "cf6d49139ded454d982613474fd1d10f" committed_config { opid_index: 4 OBSOLETE_local: false peers { permanent_uuid: "c77991e50c1e4f1386960566748f2abc" member_type: VOTER last_known_addr { host: "127.31.226.66" port: 37483 } health_report { overall_health: UNKNOWN } } peers { permanent_uuid: "16d5831bc5d84f15abf020583c23ca12" member_type: VOTER last_known_addr { host: "127.31.226.67" port: 37747 } health_report { overall_health: UNKNOWN } } peers { permanent_uuid: "cf6d49139ded454d982613474fd1d10f" member_type: VOTER last_known_addr { host: "127.31.226.68" port: 38831 } attrs { promote: false } health_report { overall_health: HEALTHY } } }
I20260713 09:11:57.330030  1428 raft_consensus.cc:1275] T a0841b7d46f546d6877cd629dfddb7a1 P 16d5831bc5d84f15abf020583c23ca12 [term 2 FOLLOWER]: Refusing update from remote peer cf6d49139ded454d982613474fd1d10f: Log matching property violated. Preceding OpId in replica: term: 1 index: 4. Preceding OpId from leader: term: 2 index: 5. (index mismatch)
I20260713 09:11:57.331514  2095 consensus_queue.cc:1048] T a0841b7d46f546d6877cd629dfddb7a1 P cf6d49139ded454d982613474fd1d10f [LEADER]: Connected to new peer: Peer: permanent_uuid: "16d5831bc5d84f15abf020583c23ca12" member_type: VOTER last_known_addr { host: "127.31.226.67" port: 37747 }, Status: LMP_MISMATCH, Last received: 0.0, Next index: 5, Last known committed idx: 4, Time since last communication: 0.000s
I20260713 09:11:57.347560  1280 raft_consensus.cc:1275] T a0841b7d46f546d6877cd629dfddb7a1 P c9db2d89de624012b02de1dd966ed8a9 [term 2 FOLLOWER]: Refusing update from remote peer cf6d49139ded454d982613474fd1d10f: Log matching property violated. Preceding OpId in replica: term: 1 index: 4. Preceding OpId from leader: term: 2 index: 5. (index mismatch)
I20260713 09:11:57.349113  2096 consensus_queue.cc:1048] T a0841b7d46f546d6877cd629dfddb7a1 P cf6d49139ded454d982613474fd1d10f [LEADER]: Connected to new peer: Peer: permanent_uuid: "c9db2d89de624012b02de1dd966ed8a9" member_type: VOTER last_known_addr { host: "127.31.226.65" port: 35469 }, Status: LMP_MISMATCH, Last received: 0.0, Next index: 5, Last known committed idx: 4, Time since last communication: 0.000s
I20260713 09:11:57.363668  1280 raft_consensus.cc:1275] T f5ff261f375a49279690300643828588 P c9db2d89de624012b02de1dd966ed8a9 [term 2 FOLLOWER]: Refusing update from remote peer c77991e50c1e4f1386960566748f2abc: Log matching property violated. Preceding OpId in replica: term: 1 index: 1. Preceding OpId from leader: term: 2 index: 2. (index mismatch)
I20260713 09:11:57.364975  2089 consensus_queue.cc:1048] T f5ff261f375a49279690300643828588 P c77991e50c1e4f1386960566748f2abc [LEADER]: Connected to new peer: Peer: permanent_uuid: "c9db2d89de624012b02de1dd966ed8a9" member_type: VOTER last_known_addr { host: "127.31.226.65" port: 35469 }, Status: LMP_MISMATCH, Last received: 0.0, Next index: 2, Last known committed idx: 1, Time since last communication: 0.000s
I20260713 09:11:57.374415  1428 raft_consensus.cc:1275] T f5ff261f375a49279690300643828588 P 16d5831bc5d84f15abf020583c23ca12 [term 2 FOLLOWER]: Refusing update from remote peer c77991e50c1e4f1386960566748f2abc: Log matching property violated. Preceding OpId in replica: term: 1 index: 1. Preceding OpId from leader: term: 2 index: 2. (index mismatch)
I20260713 09:11:57.375716  2089 consensus_queue.cc:1048] T f5ff261f375a49279690300643828588 P c77991e50c1e4f1386960566748f2abc [LEADER]: Connected to new peer: Peer: permanent_uuid: "16d5831bc5d84f15abf020583c23ca12" member_type: VOTER last_known_addr { host: "127.31.226.67" port: 37747 }, Status: LMP_MISMATCH, Last received: 0.0, Next index: 2, Last known committed idx: 1, Time since last communication: 0.000s
I20260713 09:11:57.573423  1356 raft_consensus.cc:1275] T 894526dd72724620a41e67c107e0849c P c77991e50c1e4f1386960566748f2abc [term 2 FOLLOWER]: Refusing update from remote peer cf6d49139ded454d982613474fd1d10f: Log matching property violated. Preceding OpId in replica: term: 1 index: 4. Preceding OpId from leader: term: 2 index: 5. (index mismatch)
I20260713 09:11:57.574545  2096 consensus_queue.cc:1048] T 894526dd72724620a41e67c107e0849c P cf6d49139ded454d982613474fd1d10f [LEADER]: Connected to new peer: Peer: permanent_uuid: "c77991e50c1e4f1386960566748f2abc" member_type: VOTER last_known_addr { host: "127.31.226.66" port: 37483 }, Status: LMP_MISMATCH, Last received: 0.0, Next index: 5, Last known committed idx: 4, Time since last communication: 0.000s
I20260713 09:11:57.583026  1356 raft_consensus.cc:1275] T 0c7443d8bfc746b19878daf8a242eaff P c77991e50c1e4f1386960566748f2abc [term 2 FOLLOWER]: Refusing update from remote peer 16d5831bc5d84f15abf020583c23ca12: Log matching property violated. Preceding OpId in replica: term: 1 index: 1. Preceding OpId from leader: term: 2 index: 2. (index mismatch)
I20260713 09:11:57.584548  2088 consensus_queue.cc:1048] T 0c7443d8bfc746b19878daf8a242eaff P 16d5831bc5d84f15abf020583c23ca12 [LEADER]: Connected to new peer: Peer: permanent_uuid: "c77991e50c1e4f1386960566748f2abc" member_type: VOTER last_known_addr { host: "127.31.226.66" port: 37483 }, Status: LMP_MISMATCH, Last received: 0.0, Next index: 2, Last known committed idx: 1, Time since last communication: 0.000s
I20260713 09:11:57.586928  1428 raft_consensus.cc:1275] T 894526dd72724620a41e67c107e0849c P 16d5831bc5d84f15abf020583c23ca12 [term 2 FOLLOWER]: Refusing update from remote peer cf6d49139ded454d982613474fd1d10f: Log matching property violated. Preceding OpId in replica: term: 1 index: 4. Preceding OpId from leader: term: 2 index: 5. (index mismatch)
I20260713 09:11:57.595608  2096 consensus_queue.cc:1048] T 894526dd72724620a41e67c107e0849c P cf6d49139ded454d982613474fd1d10f [LEADER]: Connected to new peer: Peer: permanent_uuid: "16d5831bc5d84f15abf020583c23ca12" member_type: VOTER last_known_addr { host: "127.31.226.67" port: 37747 }, Status: LMP_MISMATCH, Last received: 0.0, Next index: 5, Last known committed idx: 4, Time since last communication: 0.000s
I20260713 09:11:57.595961  1280 raft_consensus.cc:1275] T 0c7443d8bfc746b19878daf8a242eaff P c9db2d89de624012b02de1dd966ed8a9 [term 2 FOLLOWER]: Refusing update from remote peer 16d5831bc5d84f15abf020583c23ca12: Log matching property violated. Preceding OpId in replica: term: 1 index: 1. Preceding OpId from leader: term: 2 index: 2. (index mismatch)
I20260713 09:11:57.598397  2103 consensus_queue.cc:1048] T 0c7443d8bfc746b19878daf8a242eaff P 16d5831bc5d84f15abf020583c23ca12 [LEADER]: Connected to new peer: Peer: permanent_uuid: "c9db2d89de624012b02de1dd966ed8a9" member_type: VOTER last_known_addr { host: "127.31.226.65" port: 35469 }, Status: LMP_MISMATCH, Last received: 0.0, Next index: 2, Last known committed idx: 1, Time since last communication: 0.000s
I20260713 09:11:57.695195  1428 raft_consensus.cc:1275] T a9e824d12bac497d84c155752ebf15bc P 16d5831bc5d84f15abf020583c23ca12 [term 2 FOLLOWER]: Refusing update from remote peer cf6d49139ded454d982613474fd1d10f: Log matching property violated. Preceding OpId in replica: term: 1 index: 4. Preceding OpId from leader: term: 2 index: 5. (index mismatch)
I20260713 09:11:57.696729  2096 consensus_queue.cc:1048] T a9e824d12bac497d84c155752ebf15bc P cf6d49139ded454d982613474fd1d10f [LEADER]: Connected to new peer: Peer: permanent_uuid: "16d5831bc5d84f15abf020583c23ca12" member_type: VOTER last_known_addr { host: "127.31.226.67" port: 37747 }, Status: LMP_MISMATCH, Last received: 0.0, Next index: 5, Last known committed idx: 4, Time since last communication: 0.000s
I20260713 09:11:57.706241  1356 raft_consensus.cc:1275] T a9e824d12bac497d84c155752ebf15bc P c77991e50c1e4f1386960566748f2abc [term 2 FOLLOWER]: Refusing update from remote peer cf6d49139ded454d982613474fd1d10f: Log matching property violated. Preceding OpId in replica: term: 1 index: 4. Preceding OpId from leader: term: 2 index: 5. (index mismatch)
I20260713 09:11:57.708021  2095 consensus_queue.cc:1048] T a9e824d12bac497d84c155752ebf15bc P cf6d49139ded454d982613474fd1d10f [LEADER]: Connected to new peer: Peer: permanent_uuid: "c77991e50c1e4f1386960566748f2abc" member_type: VOTER last_known_addr { host: "127.31.226.66" port: 37483 }, Status: LMP_MISMATCH, Last received: 0.0, Next index: 5, Last known committed idx: 4, Time since last communication: 0.000s
I20260713 09:11:57.794021  1428 raft_consensus.cc:1275] T 2b71f5cc965e41718df1aae2494a69d0 P 16d5831bc5d84f15abf020583c23ca12 [term 2 FOLLOWER]: Refusing update from remote peer cf6d49139ded454d982613474fd1d10f: Log matching property violated. Preceding OpId in replica: term: 1 index: 4. Preceding OpId from leader: term: 2 index: 5. (index mismatch)
I20260713 09:11:57.795495  2095 consensus_queue.cc:1048] T 2b71f5cc965e41718df1aae2494a69d0 P cf6d49139ded454d982613474fd1d10f [LEADER]: Connected to new peer: Peer: permanent_uuid: "16d5831bc5d84f15abf020583c23ca12" member_type: VOTER last_known_addr { host: "127.31.226.67" port: 37747 }, Status: LMP_MISMATCH, Last received: 0.0, Next index: 5, Last known committed idx: 4, Time since last communication: 0.000s
I20260713 09:11:57.804702  1280 raft_consensus.cc:1275] T 2b71f5cc965e41718df1aae2494a69d0 P c9db2d89de624012b02de1dd966ed8a9 [term 2 FOLLOWER]: Refusing update from remote peer cf6d49139ded454d982613474fd1d10f: Log matching property violated. Preceding OpId in replica: term: 1 index: 4. Preceding OpId from leader: term: 2 index: 5. (index mismatch)
I20260713 09:11:57.806264  2096 consensus_queue.cc:1048] T 2b71f5cc965e41718df1aae2494a69d0 P cf6d49139ded454d982613474fd1d10f [LEADER]: Connected to new peer: Peer: permanent_uuid: "c9db2d89de624012b02de1dd966ed8a9" member_type: VOTER last_known_addr { host: "127.31.226.65" port: 35469 }, Status: LMP_MISMATCH, Last received: 0.0, Next index: 5, Last known committed idx: 4, Time since last communication: 0.000s
I20260713 09:11:57.839697 32649 auto_leader_rebalancer.cc:141] leader rebalance for table test-workload
I20260713 09:11:57.858932 32649 auto_leader_rebalancer.cc:141] leader rebalance for table test-workload
I20260713 09:11:57.878506  1428 tablet_service.cc:2072] Received LeaderStepDown RPC: tablet_id: "0547a0d7889942be8bb7aefb9d743980"
dest_uuid: "16d5831bc5d84f15abf020583c23ca12"
mode: GRACEFUL
new_leader_uuid: "cf6d49139ded454d982613474fd1d10f"
 from {username='slave'} at 127.0.0.1:58950
I20260713 09:11:57.879067  1428 raft_consensus.cc:606] T 0547a0d7889942be8bb7aefb9d743980 P 16d5831bc5d84f15abf020583c23ca12 [term 1 LEADER]: Received request to transfer leadership to TS cf6d49139ded454d982613474fd1d10f
I20260713 09:11:57.881731  1356 tablet_service.cc:2072] Received LeaderStepDown RPC: tablet_id: "ccf664ad7fb84ce9ba958635af06eb3f"
dest_uuid: "c77991e50c1e4f1386960566748f2abc"
mode: GRACEFUL
new_leader_uuid: "cf6d49139ded454d982613474fd1d10f"
 from {username='slave'} at 127.0.0.1:34052
I20260713 09:11:57.882256  1356 raft_consensus.cc:606] T ccf664ad7fb84ce9ba958635af06eb3f P c77991e50c1e4f1386960566748f2abc [term 1 LEADER]: Received request to transfer leadership to TS cf6d49139ded454d982613474fd1d10f
I20260713 09:11:57.883536 32649 auto_leader_rebalancer.cc:479] table: test-workload, leader rebalance finish, leader transfer count: 2
I20260713 09:11:57.884565 32649 auto_leader_rebalancer.cc:554] All tables' leader rebalancing finished this round
I20260713 09:11:58.227617  2103 raft_consensus.cc:993] T 0547a0d7889942be8bb7aefb9d743980 P 16d5831bc5d84f15abf020583c23ca12: : Instructing follower cf6d49139ded454d982613474fd1d10f to start an election
I20260713 09:11:58.228125  2127 raft_consensus.cc:1081] T 0547a0d7889942be8bb7aefb9d743980 P 16d5831bc5d84f15abf020583c23ca12 [term 1 LEADER]: Signalling peer cf6d49139ded454d982613474fd1d10f to start an election
I20260713 09:11:58.229473  1690 tablet_service.cc:2044] Received Run Leader Election RPC: tablet_id: "0547a0d7889942be8bb7aefb9d743980"
dest_uuid: "cf6d49139ded454d982613474fd1d10f"
 from {username='slave'} at 127.0.0.1:42340
I20260713 09:11:58.230016  1690 raft_consensus.cc:493] T 0547a0d7889942be8bb7aefb9d743980 P cf6d49139ded454d982613474fd1d10f [term 1 FOLLOWER]: Starting forced leader election (received explicit request)
I20260713 09:11:58.230345  1690 raft_consensus.cc:3060] T 0547a0d7889942be8bb7aefb9d743980 P cf6d49139ded454d982613474fd1d10f [term 1 FOLLOWER]: Advancing to term 2
I20260713 09:11:58.235414  1690 raft_consensus.cc:515] T 0547a0d7889942be8bb7aefb9d743980 P cf6d49139ded454d982613474fd1d10f [term 2 FOLLOWER]: Starting forced leader election with config: opid_index: 4 OBSOLETE_local: false peers { permanent_uuid: "c77991e50c1e4f1386960566748f2abc" member_type: VOTER last_known_addr { host: "127.31.226.66" port: 37483 } } peers { permanent_uuid: "16d5831bc5d84f15abf020583c23ca12" member_type: VOTER last_known_addr { host: "127.31.226.67" port: 37747 } } peers { permanent_uuid: "cf6d49139ded454d982613474fd1d10f" member_type: VOTER last_known_addr { host: "127.31.226.68" port: 38831 } attrs { promote: false } }
I20260713 09:11:58.237032  1690 leader_election.cc:290] T 0547a0d7889942be8bb7aefb9d743980 P cf6d49139ded454d982613474fd1d10f [CANDIDATE]: Term 2 election: Requested vote from peers c77991e50c1e4f1386960566748f2abc (127.31.226.66:37483), 16d5831bc5d84f15abf020583c23ca12 (127.31.226.67:37747)
I20260713 09:11:58.237931  1356 tablet_service.cc:1917] Received RequestConsensusVote() RPC: tablet_id: "0547a0d7889942be8bb7aefb9d743980" candidate_uuid: "cf6d49139ded454d982613474fd1d10f" candidate_term: 2 candidate_status { last_received { term: 1 index: 4 } } ignore_live_leader: true dest_uuid: "c77991e50c1e4f1386960566748f2abc"
I20260713 09:11:58.238119  1428 tablet_service.cc:1917] Received RequestConsensusVote() RPC: tablet_id: "0547a0d7889942be8bb7aefb9d743980" candidate_uuid: "cf6d49139ded454d982613474fd1d10f" candidate_term: 2 candidate_status { last_received { term: 1 index: 4 } } ignore_live_leader: true dest_uuid: "16d5831bc5d84f15abf020583c23ca12"
I20260713 09:11:58.238554  1356 raft_consensus.cc:3060] T 0547a0d7889942be8bb7aefb9d743980 P c77991e50c1e4f1386960566748f2abc [term 1 FOLLOWER]: Advancing to term 2
I20260713 09:11:58.238832  1428 raft_consensus.cc:3055] T 0547a0d7889942be8bb7aefb9d743980 P 16d5831bc5d84f15abf020583c23ca12 [term 1 LEADER]: Stepping down as leader of term 1
I20260713 09:11:58.239226  1428 raft_consensus.cc:740] T 0547a0d7889942be8bb7aefb9d743980 P 16d5831bc5d84f15abf020583c23ca12 [term 1 LEADER]: Becoming Follower/Learner. State: Replica: 16d5831bc5d84f15abf020583c23ca12, State: Running, Role: LEADER
I20260713 09:11:58.240113  1428 consensus_queue.cc:260] T 0547a0d7889942be8bb7aefb9d743980 P 16d5831bc5d84f15abf020583c23ca12 [NON_LEADER]: Queue going to NON_LEADER mode. State: All replicated index: 0, Majority replicated index: 4, Committed index: 4, Last appended: 1.4, Last appended by leader: 4, Current term: 1, Majority size: -1, State: 0, Mode: NON_LEADER, active raft config: opid_index: 4 OBSOLETE_local: false peers { permanent_uuid: "c77991e50c1e4f1386960566748f2abc" member_type: VOTER last_known_addr { host: "127.31.226.66" port: 37483 } } peers { permanent_uuid: "16d5831bc5d84f15abf020583c23ca12" member_type: VOTER last_known_addr { host: "127.31.226.67" port: 37747 } } peers { permanent_uuid: "cf6d49139ded454d982613474fd1d10f" member_type: VOTER last_known_addr { host: "127.31.226.68" port: 38831 } attrs { promote: false } }
I20260713 09:11:58.241568  1428 raft_consensus.cc:3060] T 0547a0d7889942be8bb7aefb9d743980 P 16d5831bc5d84f15abf020583c23ca12 [term 1 FOLLOWER]: Advancing to term 2
I20260713 09:11:58.242103  2089 raft_consensus.cc:993] T ccf664ad7fb84ce9ba958635af06eb3f P c77991e50c1e4f1386960566748f2abc: : Instructing follower cf6d49139ded454d982613474fd1d10f to start an election
I20260713 09:11:58.242623  2126 raft_consensus.cc:1081] T ccf664ad7fb84ce9ba958635af06eb3f P c77991e50c1e4f1386960566748f2abc [term 1 LEADER]: Signalling peer cf6d49139ded454d982613474fd1d10f to start an election
I20260713 09:11:58.244335  1690 tablet_service.cc:2044] Received Run Leader Election RPC: tablet_id: "ccf664ad7fb84ce9ba958635af06eb3f"
dest_uuid: "cf6d49139ded454d982613474fd1d10f"
 from {username='slave'} at 127.0.0.1:42352
I20260713 09:11:58.244635  1356 raft_consensus.cc:2468] T 0547a0d7889942be8bb7aefb9d743980 P c77991e50c1e4f1386960566748f2abc [term 2 FOLLOWER]: Leader election vote request: Granting yes vote for candidate cf6d49139ded454d982613474fd1d10f in term 2.
I20260713 09:11:58.244942  1690 raft_consensus.cc:493] T ccf664ad7fb84ce9ba958635af06eb3f P cf6d49139ded454d982613474fd1d10f [term 1 FOLLOWER]: Starting forced leader election (received explicit request)
I20260713 09:11:58.245394  1690 raft_consensus.cc:3060] T ccf664ad7fb84ce9ba958635af06eb3f P cf6d49139ded454d982613474fd1d10f [term 1 FOLLOWER]: Advancing to term 2
I20260713 09:11:58.245811  1654 leader_election.cc:304] T 0547a0d7889942be8bb7aefb9d743980 P cf6d49139ded454d982613474fd1d10f [CANDIDATE]: Term 2 election: Election decided. Result: candidate won. Election summary: received 2 responses out of 3 voters: 2 yes votes; 0 no votes. yes voters: c77991e50c1e4f1386960566748f2abc, cf6d49139ded454d982613474fd1d10f; no voters: 
I20260713 09:11:58.246636  2096 raft_consensus.cc:2804] T 0547a0d7889942be8bb7aefb9d743980 P cf6d49139ded454d982613474fd1d10f [term 2 FOLLOWER]: Leader election won for term 2
I20260713 09:11:58.247116  2096 raft_consensus.cc:697] T 0547a0d7889942be8bb7aefb9d743980 P cf6d49139ded454d982613474fd1d10f [term 2 LEADER]: Becoming Leader. State: Replica: cf6d49139ded454d982613474fd1d10f, State: Running, Role: LEADER
I20260713 09:11:58.247972  2096 consensus_queue.cc:237] T 0547a0d7889942be8bb7aefb9d743980 P cf6d49139ded454d982613474fd1d10f [LEADER]: Queue going to LEADER mode. State: All replicated index: 0, Majority replicated index: 4, Committed index: 4, Last appended: 1.4, Last appended by leader: 4, Current term: 2, Majority size: 2, State: 0, Mode: LEADER, active raft config: opid_index: 4 OBSOLETE_local: false peers { permanent_uuid: "c77991e50c1e4f1386960566748f2abc" member_type: VOTER last_known_addr { host: "127.31.226.66" port: 37483 } } peers { permanent_uuid: "16d5831bc5d84f15abf020583c23ca12" member_type: VOTER last_known_addr { host: "127.31.226.67" port: 37747 } } peers { permanent_uuid: "cf6d49139ded454d982613474fd1d10f" member_type: VOTER last_known_addr { host: "127.31.226.68" port: 38831 } attrs { promote: false } }
I20260713 09:11:58.249641  1428 raft_consensus.cc:2468] T 0547a0d7889942be8bb7aefb9d743980 P 16d5831bc5d84f15abf020583c23ca12 [term 2 FOLLOWER]: Leader election vote request: Granting yes vote for candidate cf6d49139ded454d982613474fd1d10f in term 2.
I20260713 09:11:58.254770  1690 raft_consensus.cc:515] T ccf664ad7fb84ce9ba958635af06eb3f P cf6d49139ded454d982613474fd1d10f [term 2 FOLLOWER]: Starting forced leader election with config: opid_index: 4 OBSOLETE_local: false peers { permanent_uuid: "c9db2d89de624012b02de1dd966ed8a9" member_type: VOTER last_known_addr { host: "127.31.226.65" port: 35469 } } peers { permanent_uuid: "c77991e50c1e4f1386960566748f2abc" member_type: VOTER last_known_addr { host: "127.31.226.66" port: 37483 } } peers { permanent_uuid: "cf6d49139ded454d982613474fd1d10f" member_type: VOTER last_known_addr { host: "127.31.226.68" port: 38831 } attrs { promote: false } }
I20260713 09:11:58.256148  1177 catalog_manager.cc:5697] T 0547a0d7889942be8bb7aefb9d743980 P cf6d49139ded454d982613474fd1d10f reported cstate change: term changed from 1 to 2, leader changed from 16d5831bc5d84f15abf020583c23ca12 (127.31.226.67) to cf6d49139ded454d982613474fd1d10f (127.31.226.68). New cstate: current_term: 2 leader_uuid: "cf6d49139ded454d982613474fd1d10f" committed_config { opid_index: 4 OBSOLETE_local: false peers { permanent_uuid: "c77991e50c1e4f1386960566748f2abc" member_type: VOTER last_known_addr { host: "127.31.226.66" port: 37483 } health_report { overall_health: UNKNOWN } } peers { permanent_uuid: "16d5831bc5d84f15abf020583c23ca12" member_type: VOTER last_known_addr { host: "127.31.226.67" port: 37747 } health_report { overall_health: UNKNOWN } } peers { permanent_uuid: "cf6d49139ded454d982613474fd1d10f" member_type: VOTER last_known_addr { host: "127.31.226.68" port: 38831 } attrs { promote: false } health_report { overall_health: HEALTHY } } }
I20260713 09:11:58.257261  1690 leader_election.cc:290] T ccf664ad7fb84ce9ba958635af06eb3f P cf6d49139ded454d982613474fd1d10f [CANDIDATE]: Term 2 election: Requested vote from peers c9db2d89de624012b02de1dd966ed8a9 (127.31.226.65:35469), c77991e50c1e4f1386960566748f2abc (127.31.226.66:37483)
I20260713 09:11:58.257131  1280 tablet_service.cc:1917] Received RequestConsensusVote() RPC: tablet_id: "ccf664ad7fb84ce9ba958635af06eb3f" candidate_uuid: "cf6d49139ded454d982613474fd1d10f" candidate_term: 2 candidate_status { last_received { term: 1 index: 4 } } ignore_live_leader: true dest_uuid: "c9db2d89de624012b02de1dd966ed8a9"
I20260713 09:11:58.257431  1356 tablet_service.cc:1917] Received RequestConsensusVote() RPC: tablet_id: "ccf664ad7fb84ce9ba958635af06eb3f" candidate_uuid: "cf6d49139ded454d982613474fd1d10f" candidate_term: 2 candidate_status { last_received { term: 1 index: 4 } } ignore_live_leader: true dest_uuid: "c77991e50c1e4f1386960566748f2abc"
I20260713 09:11:58.257958  1280 raft_consensus.cc:3060] T ccf664ad7fb84ce9ba958635af06eb3f P c9db2d89de624012b02de1dd966ed8a9 [term 1 FOLLOWER]: Advancing to term 2
I20260713 09:11:58.258035  1356 raft_consensus.cc:3055] T ccf664ad7fb84ce9ba958635af06eb3f P c77991e50c1e4f1386960566748f2abc [term 1 LEADER]: Stepping down as leader of term 1
I20260713 09:11:58.258539  1356 raft_consensus.cc:740] T ccf664ad7fb84ce9ba958635af06eb3f P c77991e50c1e4f1386960566748f2abc [term 1 LEADER]: Becoming Follower/Learner. State: Replica: c77991e50c1e4f1386960566748f2abc, State: Running, Role: LEADER
I20260713 09:11:58.259266  1356 consensus_queue.cc:260] T ccf664ad7fb84ce9ba958635af06eb3f P c77991e50c1e4f1386960566748f2abc [NON_LEADER]: Queue going to NON_LEADER mode. State: All replicated index: 0, Majority replicated index: 4, Committed index: 4, Last appended: 1.4, Last appended by leader: 4, Current term: 1, Majority size: -1, State: 0, Mode: NON_LEADER, active raft config: opid_index: 4 OBSOLETE_local: false peers { permanent_uuid: "c9db2d89de624012b02de1dd966ed8a9" member_type: VOTER last_known_addr { host: "127.31.226.65" port: 35469 } } peers { permanent_uuid: "c77991e50c1e4f1386960566748f2abc" member_type: VOTER last_known_addr { host: "127.31.226.66" port: 37483 } } peers { permanent_uuid: "cf6d49139ded454d982613474fd1d10f" member_type: VOTER last_known_addr { host: "127.31.226.68" port: 38831 } attrs { promote: false } }
I20260713 09:11:58.260501  1356 raft_consensus.cc:3060] T ccf664ad7fb84ce9ba958635af06eb3f P c77991e50c1e4f1386960566748f2abc [term 1 FOLLOWER]: Advancing to term 2
I20260713 09:11:58.265810  1280 raft_consensus.cc:2468] T ccf664ad7fb84ce9ba958635af06eb3f P c9db2d89de624012b02de1dd966ed8a9 [term 2 FOLLOWER]: Leader election vote request: Granting yes vote for candidate cf6d49139ded454d982613474fd1d10f in term 2.
I20260713 09:11:58.267266  1655 leader_election.cc:304] T ccf664ad7fb84ce9ba958635af06eb3f P cf6d49139ded454d982613474fd1d10f [CANDIDATE]: Term 2 election: Election decided. Result: candidate won. Election summary: received 2 responses out of 3 voters: 2 yes votes; 0 no votes. yes voters: c9db2d89de624012b02de1dd966ed8a9, cf6d49139ded454d982613474fd1d10f; no voters: 
I20260713 09:11:58.268213  2096 raft_consensus.cc:2804] T ccf664ad7fb84ce9ba958635af06eb3f P cf6d49139ded454d982613474fd1d10f [term 2 FOLLOWER]: Leader election won for term 2
I20260713 09:11:58.268798  2096 raft_consensus.cc:697] T ccf664ad7fb84ce9ba958635af06eb3f P cf6d49139ded454d982613474fd1d10f [term 2 LEADER]: Becoming Leader. State: Replica: cf6d49139ded454d982613474fd1d10f, State: Running, Role: LEADER
I20260713 09:11:58.269938  1356 raft_consensus.cc:2468] T ccf664ad7fb84ce9ba958635af06eb3f P c77991e50c1e4f1386960566748f2abc [term 2 FOLLOWER]: Leader election vote request: Granting yes vote for candidate cf6d49139ded454d982613474fd1d10f in term 2.
I20260713 09:11:58.269672  2096 consensus_queue.cc:237] T ccf664ad7fb84ce9ba958635af06eb3f P cf6d49139ded454d982613474fd1d10f [LEADER]: Queue going to LEADER mode. State: All replicated index: 0, Majority replicated index: 4, Committed index: 4, Last appended: 1.4, Last appended by leader: 4, Current term: 2, Majority size: 2, State: 0, Mode: LEADER, active raft config: opid_index: 4 OBSOLETE_local: false peers { permanent_uuid: "c9db2d89de624012b02de1dd966ed8a9" member_type: VOTER last_known_addr { host: "127.31.226.65" port: 35469 } } peers { permanent_uuid: "c77991e50c1e4f1386960566748f2abc" member_type: VOTER last_known_addr { host: "127.31.226.66" port: 37483 } } peers { permanent_uuid: "cf6d49139ded454d982613474fd1d10f" member_type: VOTER last_known_addr { host: "127.31.226.68" port: 38831 } attrs { promote: false } }
