I20260713 09:11:17.537541   634 raft_consensus.cc:993] T da0f5c85467d409682e80e629ea489b7 P 31a8ea570aa74214ba3a148b16f2e87d: : Instructing follower df3c1083e0404efcbc03b47792a4eda4 to start an election
I20260713 09:11:17.537995   613 raft_consensus.cc:1081] T da0f5c85467d409682e80e629ea489b7 P 31a8ea570aa74214ba3a148b16f2e87d [term 2 LEADER]: Signalling peer df3c1083e0404efcbc03b47792a4eda4 to start an election
I20260713 09:11:17.539482   388 tablet_service.cc:2044] Received Run Leader Election RPC: tablet_id: "da0f5c85467d409682e80e629ea489b7"
dest_uuid: "df3c1083e0404efcbc03b47792a4eda4"
 from {username='slave'} at 127.0.0.1:36814
I20260713 09:11:17.539901   388 raft_consensus.cc:493] T da0f5c85467d409682e80e629ea489b7 P df3c1083e0404efcbc03b47792a4eda4 [term 2 FOLLOWER]: Starting forced leader election (received explicit request)
I20260713 09:11:17.540140   388 raft_consensus.cc:3060] T da0f5c85467d409682e80e629ea489b7 P df3c1083e0404efcbc03b47792a4eda4 [term 2 FOLLOWER]: Advancing to term 3
I20260713 09:11:17.544276   388 raft_consensus.cc:515] T da0f5c85467d409682e80e629ea489b7 P df3c1083e0404efcbc03b47792a4eda4 [term 3 FOLLOWER]: Starting forced leader election with config: opid_index: -1 OBSOLETE_local: false peers { permanent_uuid: "31a8ea570aa74214ba3a148b16f2e87d" member_type: VOTER last_known_addr { host: "127.31.226.65" port: 38039 } } peers { permanent_uuid: "df3c1083e0404efcbc03b47792a4eda4" member_type: VOTER last_known_addr { host: "127.31.226.66" port: 38167 } } peers { permanent_uuid: "ee4736161fab44ce84f96b191698dd02" member_type: VOTER last_known_addr { host: "127.31.226.67" port: 32983 } }
I20260713 09:11:17.546030   388 leader_election.cc:290] T da0f5c85467d409682e80e629ea489b7 P df3c1083e0404efcbc03b47792a4eda4 [CANDIDATE]: Term 3 election: Requested vote from peers 31a8ea570aa74214ba3a148b16f2e87d (127.31.226.65:38039), ee4736161fab44ce84f96b191698dd02 (127.31.226.67:32983)
I20260713 09:11:17.546737   316 tablet_service.cc:1917] Received RequestConsensusVote() RPC: tablet_id: "da0f5c85467d409682e80e629ea489b7" candidate_uuid: "df3c1083e0404efcbc03b47792a4eda4" candidate_term: 3 candidate_status { last_received { term: 2 index: 2 } } ignore_live_leader: true dest_uuid: "31a8ea570aa74214ba3a148b16f2e87d"
I20260713 09:11:17.547295   316 raft_consensus.cc:3055] T da0f5c85467d409682e80e629ea489b7 P 31a8ea570aa74214ba3a148b16f2e87d [term 2 LEADER]: Stepping down as leader of term 2
I20260713 09:11:17.547168   466 tablet_service.cc:1917] Received RequestConsensusVote() RPC: tablet_id: "da0f5c85467d409682e80e629ea489b7" candidate_uuid: "df3c1083e0404efcbc03b47792a4eda4" candidate_term: 3 candidate_status { last_received { term: 2 index: 2 } } ignore_live_leader: true dest_uuid: "ee4736161fab44ce84f96b191698dd02"
I20260713 09:11:17.547617   316 raft_consensus.cc:740] T da0f5c85467d409682e80e629ea489b7 P 31a8ea570aa74214ba3a148b16f2e87d [term 2 LEADER]: Becoming Follower/Learner. State: Replica: 31a8ea570aa74214ba3a148b16f2e87d, State: Running, Role: LEADER
I20260713 09:11:17.547784   466 raft_consensus.cc:3060] T da0f5c85467d409682e80e629ea489b7 P ee4736161fab44ce84f96b191698dd02 [term 2 FOLLOWER]: Advancing to term 3
I20260713 09:11:17.548357   316 consensus_queue.cc:260] T da0f5c85467d409682e80e629ea489b7 P 31a8ea570aa74214ba3a148b16f2e87d [NON_LEADER]: Queue going to NON_LEADER mode. State: All replicated index: 0, Majority replicated index: 2, Committed index: 2, Last appended: 2.2, Last appended by leader: 2, Current term: 2, Majority size: -1, State: 0, Mode: NON_LEADER, active raft config: opid_index: -1 OBSOLETE_local: false peers { permanent_uuid: "31a8ea570aa74214ba3a148b16f2e87d" member_type: VOTER last_known_addr { host: "127.31.226.65" port: 38039 } } peers { permanent_uuid: "df3c1083e0404efcbc03b47792a4eda4" member_type: VOTER last_known_addr { host: "127.31.226.66" port: 38167 } } peers { permanent_uuid: "ee4736161fab44ce84f96b191698dd02" member_type: VOTER last_known_addr { host: "127.31.226.67" port: 32983 } }
I20260713 09:11:17.549357   316 raft_consensus.cc:3060] T da0f5c85467d409682e80e629ea489b7 P 31a8ea570aa74214ba3a148b16f2e87d [term 2 FOLLOWER]: Advancing to term 3
I20260713 09:11:17.554776   466 raft_consensus.cc:2468] T da0f5c85467d409682e80e629ea489b7 P ee4736161fab44ce84f96b191698dd02 [term 3 FOLLOWER]: Leader election vote request: Granting yes vote for candidate df3c1083e0404efcbc03b47792a4eda4 in term 3.
I20260713 09:11:17.555426   316 raft_consensus.cc:2468] T da0f5c85467d409682e80e629ea489b7 P 31a8ea570aa74214ba3a148b16f2e87d [term 3 FOLLOWER]: Leader election vote request: Granting yes vote for candidate df3c1083e0404efcbc03b47792a4eda4 in term 3.
I20260713 09:11:17.555665   463 raft_consensus.cc:1240] T da0f5c85467d409682e80e629ea489b7 P ee4736161fab44ce84f96b191698dd02 [term 3 FOLLOWER]: Rejecting Update request from peer 31a8ea570aa74214ba3a148b16f2e87d for earlier term 2. Current term is 3. Ops: []
I20260713 09:11:17.556098   357 leader_election.cc:304] T da0f5c85467d409682e80e629ea489b7 P df3c1083e0404efcbc03b47792a4eda4 [CANDIDATE]: Term 3 election: Election decided. Result: candidate won. Election summary: received 2 responses out of 3 voters: 2 yes votes; 0 no votes. yes voters: df3c1083e0404efcbc03b47792a4eda4, ee4736161fab44ce84f96b191698dd02; no voters: 
I20260713 09:11:17.556953   630 raft_consensus.cc:2804] T da0f5c85467d409682e80e629ea489b7 P df3c1083e0404efcbc03b47792a4eda4 [term 3 FOLLOWER]: Leader election won for term 3
I20260713 09:11:17.557435   630 raft_consensus.cc:697] T da0f5c85467d409682e80e629ea489b7 P df3c1083e0404efcbc03b47792a4eda4 [term 3 LEADER]: Becoming Leader. State: Replica: df3c1083e0404efcbc03b47792a4eda4, State: Running, Role: LEADER
I20260713 09:11:17.558159   630 consensus_queue.cc:237] T da0f5c85467d409682e80e629ea489b7 P df3c1083e0404efcbc03b47792a4eda4 [LEADER]: Queue going to LEADER mode. State: All replicated index: 0, Majority replicated index: 2, Committed index: 2, Last appended: 2.2, Last appended by leader: 2, Current term: 3, Majority size: 2, State: 0, Mode: LEADER, active raft config: opid_index: -1 OBSOLETE_local: false peers { permanent_uuid: "31a8ea570aa74214ba3a148b16f2e87d" member_type: VOTER last_known_addr { host: "127.31.226.65" port: 38039 } } peers { permanent_uuid: "df3c1083e0404efcbc03b47792a4eda4" member_type: VOTER last_known_addr { host: "127.31.226.66" port: 38167 } } peers { permanent_uuid: "ee4736161fab44ce84f96b191698dd02" member_type: VOTER last_known_addr { host: "127.31.226.67" port: 32983 } }
I20260713 09:11:17.565337 32681 catalog_manager.cc:5697] T da0f5c85467d409682e80e629ea489b7 P df3c1083e0404efcbc03b47792a4eda4 reported cstate change: term changed from 2 to 3, leader changed from 31a8ea570aa74214ba3a148b16f2e87d (127.31.226.65) to df3c1083e0404efcbc03b47792a4eda4 (127.31.226.66). New cstate: current_term: 3 leader_uuid: "df3c1083e0404efcbc03b47792a4eda4" committed_config { opid_index: -1 OBSOLETE_local: false peers { permanent_uuid: "31a8ea570aa74214ba3a148b16f2e87d" member_type: VOTER last_known_addr { host: "127.31.226.65" port: 38039 } health_report { overall_health: UNKNOWN } } peers { permanent_uuid: "df3c1083e0404efcbc03b47792a4eda4" member_type: VOTER last_known_addr { host: "127.31.226.66" port: 38167 } health_report { overall_health: HEALTHY } } peers { permanent_uuid: "ee4736161fab44ce84f96b191698dd02" member_type: VOTER last_known_addr { host: "127.31.226.67" port: 32983 } health_report { overall_health: UNKNOWN } } }
I20260713 09:11:17.634824   463 raft_consensus.cc:1275] T 9fdb78c07c6349338c5d45a1fd86f9c7 P ee4736161fab44ce84f96b191698dd02 [term 4 FOLLOWER]: Refusing update from remote peer df3c1083e0404efcbc03b47792a4eda4: Log matching property violated. Preceding OpId in replica: term: 3 index: 3. Preceding OpId from leader: term: 4 index: 4. (index mismatch)
I20260713 09:11:17.636036   630 consensus_queue.cc:1048] T 9fdb78c07c6349338c5d45a1fd86f9c7 P df3c1083e0404efcbc03b47792a4eda4 [LEADER]: Connected to new peer: Peer: permanent_uuid: "ee4736161fab44ce84f96b191698dd02" member_type: VOTER last_known_addr { host: "127.31.226.67" port: 32983 }, Status: LMP_MISMATCH, Last received: 0.0, Next index: 4, Last known committed idx: 3, Time since last communication: 0.000s
I20260713 09:11:17.646540   316 raft_consensus.cc:1275] T 9fdb78c07c6349338c5d45a1fd86f9c7 P 31a8ea570aa74214ba3a148b16f2e87d [term 4 FOLLOWER]: Refusing update from remote peer df3c1083e0404efcbc03b47792a4eda4: Log matching property violated. Preceding OpId in replica: term: 3 index: 3. Preceding OpId from leader: term: 4 index: 4. (index mismatch)
I20260713 09:11:17.648082   630 consensus_queue.cc:1048] T 9fdb78c07c6349338c5d45a1fd86f9c7 P df3c1083e0404efcbc03b47792a4eda4 [LEADER]: Connected to new peer: Peer: permanent_uuid: "31a8ea570aa74214ba3a148b16f2e87d" member_type: VOTER last_known_addr { host: "127.31.226.65" port: 38039 }, Status: LMP_MISMATCH, Last received: 0.0, Next index: 4, Last known committed idx: 3, Time since last communication: 0.000s
I20260713 09:11:17.908681   316 raft_consensus.cc:1275] T ec13feb520094499881ae4e39d74a0ed P 31a8ea570aa74214ba3a148b16f2e87d [term 2 FOLLOWER]: Refusing update from remote peer df3c1083e0404efcbc03b47792a4eda4: Log matching property violated. Preceding OpId in replica: term: 1 index: 1. Preceding OpId from leader: term: 2 index: 2. (index mismatch)
I20260713 09:11:17.909844   630 consensus_queue.cc:1048] T ec13feb520094499881ae4e39d74a0ed P df3c1083e0404efcbc03b47792a4eda4 [LEADER]: Connected to new peer: Peer: permanent_uuid: "31a8ea570aa74214ba3a148b16f2e87d" member_type: VOTER last_known_addr { host: "127.31.226.65" port: 38039 }, Status: LMP_MISMATCH, Last received: 0.0, Next index: 2, Last known committed idx: 1, Time since last communication: 0.000s
I20260713 09:11:17.919370   463 raft_consensus.cc:1275] T ec13feb520094499881ae4e39d74a0ed P ee4736161fab44ce84f96b191698dd02 [term 2 FOLLOWER]: Refusing update from remote peer df3c1083e0404efcbc03b47792a4eda4: Log matching property violated. Preceding OpId in replica: term: 1 index: 1. Preceding OpId from leader: term: 2 index: 2. (index mismatch)
I20260713 09:11:17.920766   630 consensus_queue.cc:1048] T ec13feb520094499881ae4e39d74a0ed P df3c1083e0404efcbc03b47792a4eda4 [LEADER]: Connected to new peer: Peer: permanent_uuid: "ee4736161fab44ce84f96b191698dd02" member_type: VOTER last_known_addr { host: "127.31.226.67" port: 32983 }, Status: LMP_MISMATCH, Last received: 0.0, Next index: 2, Last known committed idx: 1, Time since last communication: 0.000s
I20260713 09:11:17.951748   463 raft_consensus.cc:1275] T b5f1378980174078b7eeb751b2fed293 P ee4736161fab44ce84f96b191698dd02 [term 3 FOLLOWER]: Refusing update from remote peer df3c1083e0404efcbc03b47792a4eda4: Log matching property violated. Preceding OpId in replica: term: 2 index: 2. Preceding OpId from leader: term: 3 index: 3. (index mismatch)
I20260713 09:11:17.953198   630 consensus_queue.cc:1048] T b5f1378980174078b7eeb751b2fed293 P df3c1083e0404efcbc03b47792a4eda4 [LEADER]: Connected to new peer: Peer: permanent_uuid: "ee4736161fab44ce84f96b191698dd02" member_type: VOTER last_known_addr { host: "127.31.226.67" port: 32983 }, Status: LMP_MISMATCH, Last received: 0.0, Next index: 3, Last known committed idx: 2, Time since last communication: 0.000s
I20260713 09:11:17.963678   316 raft_consensus.cc:1275] T b5f1378980174078b7eeb751b2fed293 P 31a8ea570aa74214ba3a148b16f2e87d [term 3 FOLLOWER]: Refusing update from remote peer df3c1083e0404efcbc03b47792a4eda4: Log matching property violated. Preceding OpId in replica: term: 2 index: 2. Preceding OpId from leader: term: 3 index: 3. (index mismatch)
I20260713 09:11:17.965142   620 consensus_queue.cc:1048] T b5f1378980174078b7eeb751b2fed293 P df3c1083e0404efcbc03b47792a4eda4 [LEADER]: Connected to new peer: Peer: permanent_uuid: "31a8ea570aa74214ba3a148b16f2e87d" member_type: VOTER last_known_addr { host: "127.31.226.65" port: 38039 }, Status: LMP_MISMATCH, Last received: 0.0, Next index: 3, Last known committed idx: 2, Time since last communication: 0.000s
I20260713 09:11:17.970389   314 raft_consensus.cc:1275] T 06ac3219f49d4a9499e8978dd9729821 P 31a8ea570aa74214ba3a148b16f2e87d [term 3 FOLLOWER]: Refusing update from remote peer df3c1083e0404efcbc03b47792a4eda4: Log matching property violated. Preceding OpId in replica: term: 2 index: 2. Preceding OpId from leader: term: 3 index: 3. (index mismatch)
I20260713 09:11:17.971925   620 consensus_queue.cc:1048] T 06ac3219f49d4a9499e8978dd9729821 P df3c1083e0404efcbc03b47792a4eda4 [LEADER]: Connected to new peer: Peer: permanent_uuid: "31a8ea570aa74214ba3a148b16f2e87d" member_type: VOTER last_known_addr { host: "127.31.226.65" port: 38039 }, Status: LMP_MISMATCH, Last received: 0.0, Next index: 3, Last known committed idx: 2, Time since last communication: 0.000s
I20260713 09:11:17.990053   463 raft_consensus.cc:1275] T 06ac3219f49d4a9499e8978dd9729821 P ee4736161fab44ce84f96b191698dd02 [term 3 FOLLOWER]: Refusing update from remote peer df3c1083e0404efcbc03b47792a4eda4: Log matching property violated. Preceding OpId in replica: term: 2 index: 2. Preceding OpId from leader: term: 3 index: 3. (index mismatch)
I20260713 09:11:17.991549   620 consensus_queue.cc:1048] T 06ac3219f49d4a9499e8978dd9729821 P df3c1083e0404efcbc03b47792a4eda4 [LEADER]: Connected to new peer: Peer: permanent_uuid: "ee4736161fab44ce84f96b191698dd02" member_type: VOTER last_known_addr { host: "127.31.226.67" port: 32983 }, Status: LMP_MISMATCH, Last received: 0.0, Next index: 3, Last known committed idx: 2, Time since last communication: 0.000s
I20260713 09:11:18.119243   463 raft_consensus.cc:1275] T da0f5c85467d409682e80e629ea489b7 P ee4736161fab44ce84f96b191698dd02 [term 3 FOLLOWER]: Refusing update from remote peer df3c1083e0404efcbc03b47792a4eda4: Log matching property violated. Preceding OpId in replica: term: 2 index: 2. Preceding OpId from leader: term: 3 index: 3. (index mismatch)
I20260713 09:11:18.120625   647 consensus_queue.cc:1048] T da0f5c85467d409682e80e629ea489b7 P df3c1083e0404efcbc03b47792a4eda4 [LEADER]: Connected to new peer: Peer: permanent_uuid: "ee4736161fab44ce84f96b191698dd02" member_type: VOTER last_known_addr { host: "127.31.226.67" port: 32983 }, Status: LMP_MISMATCH, Last received: 0.0, Next index: 3, Last known committed idx: 2, Time since last communication: 0.000s
I20260713 09:11:18.129642   314 raft_consensus.cc:1275] T da0f5c85467d409682e80e629ea489b7 P 31a8ea570aa74214ba3a148b16f2e87d [term 3 FOLLOWER]: Refusing update from remote peer df3c1083e0404efcbc03b47792a4eda4: Log matching property violated. Preceding OpId in replica: term: 2 index: 2. Preceding OpId from leader: term: 3 index: 3. (index mismatch)
I20260713 09:11:18.131938   620 consensus_queue.cc:1048] T da0f5c85467d409682e80e629ea489b7 P df3c1083e0404efcbc03b47792a4eda4 [LEADER]: Connected to new peer: Peer: permanent_uuid: "31a8ea570aa74214ba3a148b16f2e87d" member_type: VOTER last_known_addr { host: "127.31.226.65" port: 38039 }, Status: LMP_MISMATCH, Last received: 0.0, Next index: 3, Last known committed idx: 2, Time since last communication: 0.000s
I20260713 09:11:20.067399 32649 auto_leader_rebalancer.cc:141] leader rebalance for table test-workload
I20260713 09:11:20.075847   388 tablet_service.cc:2072] Received LeaderStepDown RPC: tablet_id: "06ac3219f49d4a9499e8978dd9729821"
dest_uuid: "df3c1083e0404efcbc03b47792a4eda4"
mode: GRACEFUL
new_leader_uuid: "ee4736161fab44ce84f96b191698dd02"
 from {username='slave'} at 127.0.0.1:36828
I20260713 09:11:20.076660   388 raft_consensus.cc:606] T 06ac3219f49d4a9499e8978dd9729821 P df3c1083e0404efcbc03b47792a4eda4 [term 3 LEADER]: Received request to transfer leadership to TS ee4736161fab44ce84f96b191698dd02
I20260713 09:11:20.079555   388 tablet_service.cc:2072] Received LeaderStepDown RPC: tablet_id: "110481063a2d427589c6e833c87aebba"
dest_uuid: "df3c1083e0404efcbc03b47792a4eda4"
mode: GRACEFUL
new_leader_uuid: "31a8ea570aa74214ba3a148b16f2e87d"
 from {username='slave'} at 127.0.0.1:36828
I20260713 09:11:20.080053   388 raft_consensus.cc:606] T 110481063a2d427589c6e833c87aebba P df3c1083e0404efcbc03b47792a4eda4 [term 1 LEADER]: Received request to transfer leadership to TS 31a8ea570aa74214ba3a148b16f2e87d
I20260713 09:11:20.082468   388 tablet_service.cc:2072] Received LeaderStepDown RPC: tablet_id: "9fdb78c07c6349338c5d45a1fd86f9c7"
dest_uuid: "df3c1083e0404efcbc03b47792a4eda4"
mode: GRACEFUL
new_leader_uuid: "31a8ea570aa74214ba3a148b16f2e87d"
 from {username='slave'} at 127.0.0.1:36828
I20260713 09:11:20.082962   388 raft_consensus.cc:606] T 9fdb78c07c6349338c5d45a1fd86f9c7 P df3c1083e0404efcbc03b47792a4eda4 [term 4 LEADER]: Received request to transfer leadership to TS 31a8ea570aa74214ba3a148b16f2e87d
I20260713 09:11:20.085569   388 tablet_service.cc:2072] Received LeaderStepDown RPC: tablet_id: "b5f1378980174078b7eeb751b2fed293"
dest_uuid: "df3c1083e0404efcbc03b47792a4eda4"
mode: GRACEFUL
new_leader_uuid: "ee4736161fab44ce84f96b191698dd02"
 from {username='slave'} at 127.0.0.1:36828
I20260713 09:11:20.086104   388 raft_consensus.cc:606] T b5f1378980174078b7eeb751b2fed293 P df3c1083e0404efcbc03b47792a4eda4 [term 3 LEADER]: Received request to transfer leadership to TS ee4736161fab44ce84f96b191698dd02
I20260713 09:11:20.088562   388 tablet_service.cc:2072] Received LeaderStepDown RPC: tablet_id: "ec13feb520094499881ae4e39d74a0ed"
dest_uuid: "df3c1083e0404efcbc03b47792a4eda4"
mode: GRACEFUL
new_leader_uuid: "31a8ea570aa74214ba3a148b16f2e87d"
 from {username='slave'} at 127.0.0.1:36828
I20260713 09:11:20.089001   388 raft_consensus.cc:606] T ec13feb520094499881ae4e39d74a0ed P df3c1083e0404efcbc03b47792a4eda4 [term 2 LEADER]: Received request to transfer leadership to TS 31a8ea570aa74214ba3a148b16f2e87d
I20260713 09:11:20.090250 32649 auto_leader_rebalancer.cc:479] table: test-workload, leader rebalance finish, leader transfer count: 5
I20260713 09:11:20.090766 32649 auto_leader_rebalancer.cc:554] All tables' leader rebalancing finished this round
I20260713 09:11:20.125232   630 raft_consensus.cc:993] T 110481063a2d427589c6e833c87aebba P df3c1083e0404efcbc03b47792a4eda4: : Instructing follower 31a8ea570aa74214ba3a148b16f2e87d to start an election
I20260713 09:11:20.125730   630 raft_consensus.cc:1081] T 110481063a2d427589c6e833c87aebba P df3c1083e0404efcbc03b47792a4eda4 [term 1 LEADER]: Signalling peer 31a8ea570aa74214ba3a148b16f2e87d to start an election
I20260713 09:11:20.127571   316 tablet_service.cc:2044] Received Run Leader Election RPC: tablet_id: "110481063a2d427589c6e833c87aebba"
dest_uuid: "31a8ea570aa74214ba3a148b16f2e87d"
 from {username='slave'} at 127.0.0.1:53566
I20260713 09:11:20.128166   316 raft_consensus.cc:493] T 110481063a2d427589c6e833c87aebba P 31a8ea570aa74214ba3a148b16f2e87d [term 1 FOLLOWER]: Starting forced leader election (received explicit request)
I20260713 09:11:20.128563   316 raft_consensus.cc:3060] T 110481063a2d427589c6e833c87aebba P 31a8ea570aa74214ba3a148b16f2e87d [term 1 FOLLOWER]: Advancing to term 2
I20260713 09:11:20.133956   316 raft_consensus.cc:515] T 110481063a2d427589c6e833c87aebba P 31a8ea570aa74214ba3a148b16f2e87d [term 2 FOLLOWER]: Starting forced leader election with config: opid_index: -1 OBSOLETE_local: false peers { permanent_uuid: "31a8ea570aa74214ba3a148b16f2e87d" member_type: VOTER last_known_addr { host: "127.31.226.65" port: 38039 } } peers { permanent_uuid: "df3c1083e0404efcbc03b47792a4eda4" member_type: VOTER last_known_addr { host: "127.31.226.66" port: 38167 } } peers { permanent_uuid: "ee4736161fab44ce84f96b191698dd02" member_type: VOTER last_known_addr { host: "127.31.226.67" port: 32983 } }
I20260713 09:11:20.135917   316 leader_election.cc:290] T 110481063a2d427589c6e833c87aebba P 31a8ea570aa74214ba3a148b16f2e87d [CANDIDATE]: Term 2 election: Requested vote from peers df3c1083e0404efcbc03b47792a4eda4 (127.31.226.66:38167), ee4736161fab44ce84f96b191698dd02 (127.31.226.67:32983)
I20260713 09:11:20.137261   388 tablet_service.cc:1917] Received RequestConsensusVote() RPC: tablet_id: "110481063a2d427589c6e833c87aebba" candidate_uuid: "31a8ea570aa74214ba3a148b16f2e87d" candidate_term: 2 candidate_status { last_received { term: 1 index: 1 } } ignore_live_leader: true dest_uuid: "df3c1083e0404efcbc03b47792a4eda4"
I20260713 09:11:20.137411   463 tablet_service.cc:1917] Received RequestConsensusVote() RPC: tablet_id: "110481063a2d427589c6e833c87aebba" candidate_uuid: "31a8ea570aa74214ba3a148b16f2e87d" candidate_term: 2 candidate_status { last_received { term: 1 index: 1 } } ignore_live_leader: true dest_uuid: "ee4736161fab44ce84f96b191698dd02"
I20260713 09:11:20.138149   463 raft_consensus.cc:3060] T 110481063a2d427589c6e833c87aebba P ee4736161fab44ce84f96b191698dd02 [term 1 FOLLOWER]: Advancing to term 2
I20260713 09:11:20.138155   388 raft_consensus.cc:3055] T 110481063a2d427589c6e833c87aebba P df3c1083e0404efcbc03b47792a4eda4 [term 1 LEADER]: Stepping down as leader of term 1
I20260713 09:11:20.138605   388 raft_consensus.cc:740] T 110481063a2d427589c6e833c87aebba P df3c1083e0404efcbc03b47792a4eda4 [term 1 LEADER]: Becoming Follower/Learner. State: Replica: df3c1083e0404efcbc03b47792a4eda4, State: Running, Role: LEADER
I20260713 09:11:20.139418   388 consensus_queue.cc:260] T 110481063a2d427589c6e833c87aebba P df3c1083e0404efcbc03b47792a4eda4 [NON_LEADER]: Queue going to NON_LEADER mode. State: All replicated index: 0, Majority replicated index: 1, Committed index: 1, Last appended: 1.1, Last appended by leader: 1, Current term: 1, Majority size: -1, State: 0, Mode: NON_LEADER, active raft config: opid_index: -1 OBSOLETE_local: false peers { permanent_uuid: "31a8ea570aa74214ba3a148b16f2e87d" member_type: VOTER last_known_addr { host: "127.31.226.65" port: 38039 } } peers { permanent_uuid: "df3c1083e0404efcbc03b47792a4eda4" member_type: VOTER last_known_addr { host: "127.31.226.66" port: 38167 } } peers { permanent_uuid: "ee4736161fab44ce84f96b191698dd02" member_type: VOTER last_known_addr { host: "127.31.226.67" port: 32983 } }
I20260713 09:11:20.140365   388 raft_consensus.cc:3060] T 110481063a2d427589c6e833c87aebba P df3c1083e0404efcbc03b47792a4eda4 [term 1 FOLLOWER]: Advancing to term 2
I20260713 09:11:20.143339   463 raft_consensus.cc:2468] T 110481063a2d427589c6e833c87aebba P ee4736161fab44ce84f96b191698dd02 [term 2 FOLLOWER]: Leader election vote request: Granting yes vote for candidate 31a8ea570aa74214ba3a148b16f2e87d in term 2.
I20260713 09:11:20.144726 32750 leader_election.cc:304] T 110481063a2d427589c6e833c87aebba P 31a8ea570aa74214ba3a148b16f2e87d [CANDIDATE]: Term 2 election: Election decided. Result: candidate won. Election summary: received 2 responses out of 3 voters: 2 yes votes; 0 no votes. yes voters: 31a8ea570aa74214ba3a148b16f2e87d, ee4736161fab44ce84f96b191698dd02; no voters: 
I20260713 09:11:20.145232   388 raft_consensus.cc:2468] T 110481063a2d427589c6e833c87aebba P df3c1083e0404efcbc03b47792a4eda4 [term 2 FOLLOWER]: Leader election vote request: Granting yes vote for candidate 31a8ea570aa74214ba3a148b16f2e87d in term 2.
I20260713 09:11:20.146739   653 raft_consensus.cc:2804] T 110481063a2d427589c6e833c87aebba P 31a8ea570aa74214ba3a148b16f2e87d [term 2 FOLLOWER]: Leader election won for term 2
I20260713 09:11:20.147708   653 raft_consensus.cc:697] T 110481063a2d427589c6e833c87aebba P 31a8ea570aa74214ba3a148b16f2e87d [term 2 LEADER]: Becoming Leader. State: Replica: 31a8ea570aa74214ba3a148b16f2e87d, State: Running, Role: LEADER
I20260713 09:11:20.148999   653 consensus_queue.cc:237] T 110481063a2d427589c6e833c87aebba P 31a8ea570aa74214ba3a148b16f2e87d [LEADER]: Queue going to LEADER mode. State: All replicated index: 0, Majority replicated index: 1, Committed index: 1, Last appended: 1.1, Last appended by leader: 1, Current term: 2, Majority size: 2, State: 0, Mode: LEADER, active raft config: opid_index: -1 OBSOLETE_local: false peers { permanent_uuid: "31a8ea570aa74214ba3a148b16f2e87d" member_type: VOTER last_known_addr { host: "127.31.226.65" port: 38039 } } peers { permanent_uuid: "df3c1083e0404efcbc03b47792a4eda4" member_type: VOTER last_known_addr { host: "127.31.226.66" port: 38167 } } peers { permanent_uuid: "ee4736161fab44ce84f96b191698dd02" member_type: VOTER last_known_addr { host: "127.31.226.67" port: 32983 } }
I20260713 09:11:20.157210 32681 catalog_manager.cc:5697] T 110481063a2d427589c6e833c87aebba P 31a8ea570aa74214ba3a148b16f2e87d reported cstate change: term changed from 1 to 2, leader changed from df3c1083e0404efcbc03b47792a4eda4 (127.31.226.66) to 31a8ea570aa74214ba3a148b16f2e87d (127.31.226.65). New cstate: current_term: 2 leader_uuid: "31a8ea570aa74214ba3a148b16f2e87d" committed_config { opid_index: -1 OBSOLETE_local: false peers { permanent_uuid: "31a8ea570aa74214ba3a148b16f2e87d" member_type: VOTER last_known_addr { host: "127.31.226.65" port: 38039 } health_report { overall_health: HEALTHY } } peers { permanent_uuid: "df3c1083e0404efcbc03b47792a4eda4" member_type: VOTER last_known_addr { host: "127.31.226.66" port: 38167 } health_report { overall_health: UNKNOWN } } peers { permanent_uuid: "ee4736161fab44ce84f96b191698dd02" member_type: VOTER last_known_addr { host: "127.31.226.67" port: 32983 } health_report { overall_health: UNKNOWN } } }
I20260713 09:11:20.253604   652 raft_consensus.cc:993] T ec13feb520094499881ae4e39d74a0ed P df3c1083e0404efcbc03b47792a4eda4: : Instructing follower 31a8ea570aa74214ba3a148b16f2e87d to start an election
I20260713 09:11:20.254168   630 raft_consensus.cc:1081] T ec13feb520094499881ae4e39d74a0ed P df3c1083e0404efcbc03b47792a4eda4 [term 2 LEADER]: Signalling peer 31a8ea570aa74214ba3a148b16f2e87d to start an election
I20260713 09:11:20.255662   316 tablet_service.cc:2044] Received Run Leader Election RPC: tablet_id: "ec13feb520094499881ae4e39d74a0ed"
dest_uuid: "31a8ea570aa74214ba3a148b16f2e87d"
 from {username='slave'} at 127.0.0.1:53566
I20260713 09:11:20.256182   316 raft_consensus.cc:493] T ec13feb520094499881ae4e39d74a0ed P 31a8ea570aa74214ba3a148b16f2e87d [term 2 FOLLOWER]: Starting forced leader election (received explicit request)
I20260713 09:11:20.256579   316 raft_consensus.cc:3060] T ec13feb520094499881ae4e39d74a0ed P 31a8ea570aa74214ba3a148b16f2e87d [term 2 FOLLOWER]: Advancing to term 3
I20260713 09:11:20.260933   316 raft_consensus.cc:515] T ec13feb520094499881ae4e39d74a0ed P 31a8ea570aa74214ba3a148b16f2e87d [term 3 FOLLOWER]: Starting forced leader election with config: opid_index: -1 OBSOLETE_local: false peers { permanent_uuid: "31a8ea570aa74214ba3a148b16f2e87d" member_type: VOTER last_known_addr { host: "127.31.226.65" port: 38039 } } peers { permanent_uuid: "df3c1083e0404efcbc03b47792a4eda4" member_type: VOTER last_known_addr { host: "127.31.226.66" port: 38167 } } peers { permanent_uuid: "ee4736161fab44ce84f96b191698dd02" member_type: VOTER last_known_addr { host: "127.31.226.67" port: 32983 } }
I20260713 09:11:20.262679   316 leader_election.cc:290] T ec13feb520094499881ae4e39d74a0ed P 31a8ea570aa74214ba3a148b16f2e87d [CANDIDATE]: Term 3 election: Requested vote from peers df3c1083e0404efcbc03b47792a4eda4 (127.31.226.66:38167), ee4736161fab44ce84f96b191698dd02 (127.31.226.67:32983)
I20260713 09:11:20.263705   463 tablet_service.cc:1917] Received RequestConsensusVote() RPC: tablet_id: "ec13feb520094499881ae4e39d74a0ed" candidate_uuid: "31a8ea570aa74214ba3a148b16f2e87d" candidate_term: 3 candidate_status { last_received { term: 2 index: 2 } } ignore_live_leader: true dest_uuid: "ee4736161fab44ce84f96b191698dd02"
I20260713 09:11:20.263999   388 tablet_service.cc:1917] Received RequestConsensusVote() RPC: tablet_id: "ec13feb520094499881ae4e39d74a0ed" candidate_uuid: "31a8ea570aa74214ba3a148b16f2e87d" candidate_term: 3 candidate_status { last_received { term: 2 index: 2 } } ignore_live_leader: true dest_uuid: "df3c1083e0404efcbc03b47792a4eda4"
I20260713 09:11:20.264288   463 raft_consensus.cc:3060] T ec13feb520094499881ae4e39d74a0ed P ee4736161fab44ce84f96b191698dd02 [term 2 FOLLOWER]: Advancing to term 3
I20260713 09:11:20.264547   388 raft_consensus.cc:3055] T ec13feb520094499881ae4e39d74a0ed P df3c1083e0404efcbc03b47792a4eda4 [term 2 LEADER]: Stepping down as leader of term 2
I20260713 09:11:20.264868   388 raft_consensus.cc:740] T ec13feb520094499881ae4e39d74a0ed P df3c1083e0404efcbc03b47792a4eda4 [term 2 LEADER]: Becoming Follower/Learner. State: Replica: df3c1083e0404efcbc03b47792a4eda4, State: Running, Role: LEADER
I20260713 09:11:20.265674   388 consensus_queue.cc:260] T ec13feb520094499881ae4e39d74a0ed P df3c1083e0404efcbc03b47792a4eda4 [NON_LEADER]: Queue going to NON_LEADER mode. State: All replicated index: 0, Majority replicated index: 2, Committed index: 2, Last appended: 2.2, Last appended by leader: 2, Current term: 2, Majority size: -1, State: 0, Mode: NON_LEADER, active raft config: opid_index: -1 OBSOLETE_local: false peers { permanent_uuid: "31a8ea570aa74214ba3a148b16f2e87d" member_type: VOTER last_known_addr { host: "127.31.226.65" port: 38039 } } peers { permanent_uuid: "df3c1083e0404efcbc03b47792a4eda4" member_type: VOTER last_known_addr { host: "127.31.226.66" port: 38167 } } peers { permanent_uuid: "ee4736161fab44ce84f96b191698dd02" member_type: VOTER last_known_addr { host: "127.31.226.67" port: 32983 } }
I20260713 09:11:20.266891   388 raft_consensus.cc:3060] T ec13feb520094499881ae4e39d74a0ed P df3c1083e0404efcbc03b47792a4eda4 [term 2 FOLLOWER]: Advancing to term 3
I20260713 09:11:20.271013   463 raft_consensus.cc:2468] T ec13feb520094499881ae4e39d74a0ed P ee4736161fab44ce84f96b191698dd02 [term 3 FOLLOWER]: Leader election vote request: Granting yes vote for candidate 31a8ea570aa74214ba3a148b16f2e87d in term 3.
I20260713 09:11:20.272179 32750 leader_election.cc:304] T ec13feb520094499881ae4e39d74a0ed P 31a8ea570aa74214ba3a148b16f2e87d [CANDIDATE]: Term 3 election: Election decided. Result: candidate won. Election summary: received 2 responses out of 3 voters: 2 yes votes; 0 no votes. yes voters: 31a8ea570aa74214ba3a148b16f2e87d, ee4736161fab44ce84f96b191698dd02; no voters: 
I20260713 09:11:20.273080   653 raft_consensus.cc:2804] T ec13feb520094499881ae4e39d74a0ed P 31a8ea570aa74214ba3a148b16f2e87d [term 3 FOLLOWER]: Leader election won for term 3
I20260713 09:11:20.273434   388 raft_consensus.cc:2468] T ec13feb520094499881ae4e39d74a0ed P df3c1083e0404efcbc03b47792a4eda4 [term 3 FOLLOWER]: Leader election vote request: Granting yes vote for candidate 31a8ea570aa74214ba3a148b16f2e87d in term 3.
I20260713 09:11:20.273648   653 raft_consensus.cc:697] T ec13feb520094499881ae4e39d74a0ed P 31a8ea570aa74214ba3a148b16f2e87d [term 3 LEADER]: Becoming Leader. State: Replica: 31a8ea570aa74214ba3a148b16f2e87d, State: Running, Role: LEADER
I20260713 09:11:20.274636   653 consensus_queue.cc:237] T ec13feb520094499881ae4e39d74a0ed P 31a8ea570aa74214ba3a148b16f2e87d [LEADER]: Queue going to LEADER mode. State: All replicated index: 0, Majority replicated index: 2, Committed index: 2, Last appended: 2.2, Last appended by leader: 2, Current term: 3, Majority size: 2, State: 0, Mode: LEADER, active raft config: opid_index: -1 OBSOLETE_local: false peers { permanent_uuid: "31a8ea570aa74214ba3a148b16f2e87d" member_type: VOTER last_known_addr { host: "127.31.226.65" port: 38039 } } peers { permanent_uuid: "df3c1083e0404efcbc03b47792a4eda4" member_type: VOTER last_known_addr { host: "127.31.226.66" port: 38167 } } peers { permanent_uuid: "ee4736161fab44ce84f96b191698dd02" member_type: VOTER last_known_addr { host: "127.31.226.67" port: 32983 } }
I20260713 09:11:20.281656 32681 catalog_manager.cc:5697] T ec13feb520094499881ae4e39d74a0ed P 31a8ea570aa74214ba3a148b16f2e87d reported cstate change: term changed from 2 to 3, leader changed from df3c1083e0404efcbc03b47792a4eda4 (127.31.226.66) to 31a8ea570aa74214ba3a148b16f2e87d (127.31.226.65). New cstate: current_term: 3 leader_uuid: "31a8ea570aa74214ba3a148b16f2e87d" committed_config { opid_index: -1 OBSOLETE_local: false peers { permanent_uuid: "31a8ea570aa74214ba3a148b16f2e87d" member_type: VOTER last_known_addr { host: "127.31.226.65" port: 38039 } health_report { overall_health: HEALTHY } } peers { permanent_uuid: "df3c1083e0404efcbc03b47792a4eda4" member_type: VOTER last_known_addr { host: "127.31.226.66" port: 38167 } health_report { overall_health: UNKNOWN } } peers { permanent_uuid: "ee4736161fab44ce84f96b191698dd02" member_type: VOTER last_known_addr { host: "127.31.226.67" port: 32983 } health_report { overall_health: UNKNOWN } } }
I20260713 09:11:20.349395   652 raft_consensus.cc:993] T 9fdb78c07c6349338c5d45a1fd86f9c7 P df3c1083e0404efcbc03b47792a4eda4: : Instructing follower 31a8ea570aa74214ba3a148b16f2e87d to start an election
I20260713 09:11:20.349879   652 raft_consensus.cc:1081] T 9fdb78c07c6349338c5d45a1fd86f9c7 P df3c1083e0404efcbc03b47792a4eda4 [term 4 LEADER]: Signalling peer 31a8ea570aa74214ba3a148b16f2e87d to start an election
I20260713 09:11:20.351493   316 tablet_service.cc:2044] Received Run Leader Election RPC: tablet_id: "9fdb78c07c6349338c5d45a1fd86f9c7"
dest_uuid: "31a8ea570aa74214ba3a148b16f2e87d"
 from {username='slave'} at 127.0.0.1:53566
I20260713 09:11:20.351998   316 raft_consensus.cc:493] T 9fdb78c07c6349338c5d45a1fd86f9c7 P 31a8ea570aa74214ba3a148b16f2e87d [term 4 FOLLOWER]: Starting forced leader election (received explicit request)
I20260713 09:11:20.352465   316 raft_consensus.cc:3060] T 9fdb78c07c6349338c5d45a1fd86f9c7 P 31a8ea570aa74214ba3a148b16f2e87d [term 4 FOLLOWER]: Advancing to term 5
I20260713 09:11:20.356818   652 raft_consensus.cc:993] T 06ac3219f49d4a9499e8978dd9729821 P df3c1083e0404efcbc03b47792a4eda4: : Instructing follower ee4736161fab44ce84f96b191698dd02 to start an election
I20260713 09:11:20.357688   630 raft_consensus.cc:1081] T 06ac3219f49d4a9499e8978dd9729821 P df3c1083e0404efcbc03b47792a4eda4 [term 3 LEADER]: Signalling peer ee4736161fab44ce84f96b191698dd02 to start an election
I20260713 09:11:20.358556   316 raft_consensus.cc:515] T 9fdb78c07c6349338c5d45a1fd86f9c7 P 31a8ea570aa74214ba3a148b16f2e87d [term 5 FOLLOWER]: Starting forced leader election with config: opid_index: -1 OBSOLETE_local: false peers { permanent_uuid: "31a8ea570aa74214ba3a148b16f2e87d" member_type: VOTER last_known_addr { host: "127.31.226.65" port: 38039 } } peers { permanent_uuid: "df3c1083e0404efcbc03b47792a4eda4" member_type: VOTER last_known_addr { host: "127.31.226.66" port: 38167 } } peers { permanent_uuid: "ee4736161fab44ce84f96b191698dd02" member_type: VOTER last_known_addr { host: "127.31.226.67" port: 32983 } }
I20260713 09:11:20.359534   463 tablet_service.cc:2044] Received Run Leader Election RPC: tablet_id: "06ac3219f49d4a9499e8978dd9729821"
dest_uuid: "ee4736161fab44ce84f96b191698dd02"
 from {username='slave'} at 127.0.0.1:54240
I20260713 09:11:20.360481   316 leader_election.cc:290] T 9fdb78c07c6349338c5d45a1fd86f9c7 P 31a8ea570aa74214ba3a148b16f2e87d [CANDIDATE]: Term 5 election: Requested vote from peers df3c1083e0404efcbc03b47792a4eda4 (127.31.226.66:38167), ee4736161fab44ce84f96b191698dd02 (127.31.226.67:32983)
I20260713 09:11:20.360138   463 raft_consensus.cc:493] T 06ac3219f49d4a9499e8978dd9729821 P ee4736161fab44ce84f96b191698dd02 [term 3 FOLLOWER]: Starting forced leader election (received explicit request)
I20260713 09:11:20.361128   463 raft_consensus.cc:3060] T 06ac3219f49d4a9499e8978dd9729821 P ee4736161fab44ce84f96b191698dd02 [term 3 FOLLOWER]: Advancing to term 4
I20260713 09:11:20.361096   388 tablet_service.cc:1917] Received RequestConsensusVote() RPC: tablet_id: "9fdb78c07c6349338c5d45a1fd86f9c7" candidate_uuid: "31a8ea570aa74214ba3a148b16f2e87d" candidate_term: 5 candidate_status { last_received { term: 4 index: 4 } } ignore_live_leader: true dest_uuid: "df3c1083e0404efcbc03b47792a4eda4"
I20260713 09:11:20.361811   388 raft_consensus.cc:3055] T 9fdb78c07c6349338c5d45a1fd86f9c7 P df3c1083e0404efcbc03b47792a4eda4 [term 4 LEADER]: Stepping down as leader of term 4
I20260713 09:11:20.361737   466 tablet_service.cc:1917] Received RequestConsensusVote() RPC: tablet_id: "9fdb78c07c6349338c5d45a1fd86f9c7" candidate_uuid: "31a8ea570aa74214ba3a148b16f2e87d" candidate_term: 5 candidate_status { last_received { term: 4 index: 4 } } ignore_live_leader: true dest_uuid: "ee4736161fab44ce84f96b191698dd02"
I20260713 09:11:20.362417   466 raft_consensus.cc:3060] T 9fdb78c07c6349338c5d45a1fd86f9c7 P ee4736161fab44ce84f96b191698dd02 [term 4 FOLLOWER]: Advancing to term 5
I20260713 09:11:20.363283   388 raft_consensus.cc:740] T 9fdb78c07c6349338c5d45a1fd86f9c7 P df3c1083e0404efcbc03b47792a4eda4 [term 4 LEADER]: Becoming Follower/Learner. State: Replica: df3c1083e0404efcbc03b47792a4eda4, State: Running, Role: LEADER
I20260713 09:11:20.364178   388 consensus_queue.cc:260] T 9fdb78c07c6349338c5d45a1fd86f9c7 P df3c1083e0404efcbc03b47792a4eda4 [NON_LEADER]: Queue going to NON_LEADER mode. State: All replicated index: 0, Majority replicated index: 4, Committed index: 4, Last appended: 4.4, Last appended by leader: 4, Current term: 4, Majority size: -1, State: 0, Mode: NON_LEADER, active raft config: opid_index: -1 OBSOLETE_local: false peers { permanent_uuid: "31a8ea570aa74214ba3a148b16f2e87d" member_type: VOTER last_known_addr { host: "127.31.226.65" port: 38039 } } peers { permanent_uuid: "df3c1083e0404efcbc03b47792a4eda4" member_type: VOTER last_known_addr { host: "127.31.226.66" port: 38167 } } peers { permanent_uuid: "ee4736161fab44ce84f96b191698dd02" member_type: VOTER last_known_addr { host: "127.31.226.67" port: 32983 } }
I20260713 09:11:20.365396   388 raft_consensus.cc:3060] T 9fdb78c07c6349338c5d45a1fd86f9c7 P df3c1083e0404efcbc03b47792a4eda4 [term 4 FOLLOWER]: Advancing to term 5
I20260713 09:11:20.368037   463 raft_consensus.cc:515] T 06ac3219f49d4a9499e8978dd9729821 P ee4736161fab44ce84f96b191698dd02 [term 4 FOLLOWER]: Starting forced leader election with config: opid_index: -1 OBSOLETE_local: false peers { permanent_uuid: "ee4736161fab44ce84f96b191698dd02" member_type: VOTER last_known_addr { host: "127.31.226.67" port: 32983 } } peers { permanent_uuid: "31a8ea570aa74214ba3a148b16f2e87d" member_type: VOTER last_known_addr { host: "127.31.226.65" port: 38039 } } peers { permanent_uuid: "df3c1083e0404efcbc03b47792a4eda4" member_type: VOTER last_known_addr { host: "127.31.226.66" port: 38167 } }
I20260713 09:11:20.369382   466 raft_consensus.cc:2468] T 9fdb78c07c6349338c5d45a1fd86f9c7 P ee4736161fab44ce84f96b191698dd02 [term 5 FOLLOWER]: Leader election vote request: Granting yes vote for candidate 31a8ea570aa74214ba3a148b16f2e87d in term 5.
I20260713 09:11:20.369545   388 raft_consensus.cc:2468] T 9fdb78c07c6349338c5d45a1fd86f9c7 P df3c1083e0404efcbc03b47792a4eda4 [term 5 FOLLOWER]: Leader election vote request: Granting yes vote for candidate 31a8ea570aa74214ba3a148b16f2e87d in term 5.
I20260713 09:11:20.370633 32747 leader_election.cc:304] T 9fdb78c07c6349338c5d45a1fd86f9c7 P 31a8ea570aa74214ba3a148b16f2e87d [CANDIDATE]: Term 5 election: Election decided. Result: candidate won. Election summary: received 2 responses out of 3 voters: 2 yes votes; 0 no votes. yes voters: 31a8ea570aa74214ba3a148b16f2e87d, df3c1083e0404efcbc03b47792a4eda4; no voters: 
I20260713 09:11:20.370855   463 leader_election.cc:290] T 06ac3219f49d4a9499e8978dd9729821 P ee4736161fab44ce84f96b191698dd02 [CANDIDATE]: Term 4 election: Requested vote from peers 31a8ea570aa74214ba3a148b16f2e87d (127.31.226.65:38039), df3c1083e0404efcbc03b47792a4eda4 (127.31.226.66:38167)
I20260713 09:11:20.370774   316 tablet_service.cc:1917] Received RequestConsensusVote() RPC: tablet_id: "06ac3219f49d4a9499e8978dd9729821" candidate_uuid: "ee4736161fab44ce84f96b191698dd02" candidate_term: 4 candidate_status { last_received { term: 3 index: 3 } } ignore_live_leader: true dest_uuid: "31a8ea570aa74214ba3a148b16f2e87d"
I20260713 09:11:20.371431   316 raft_consensus.cc:3060] T 06ac3219f49d4a9499e8978dd9729821 P 31a8ea570aa74214ba3a148b16f2e87d [term 3 FOLLOWER]: Advancing to term 4
I20260713 09:11:20.372576   653 raft_consensus.cc:2804] T 9fdb78c07c6349338c5d45a1fd86f9c7 P 31a8ea570aa74214ba3a148b16f2e87d [term 5 FOLLOWER]: Leader election won for term 5
I20260713 09:11:20.372489   388 tablet_service.cc:1917] Received RequestConsensusVote() RPC: tablet_id: "06ac3219f49d4a9499e8978dd9729821" candidate_uuid: "ee4736161fab44ce84f96b191698dd02" candidate_term: 4 candidate_status { last_received { term: 3 index: 3 } } ignore_live_leader: true dest_uuid: "df3c1083e0404efcbc03b47792a4eda4"
I20260713 09:11:20.373108   388 raft_consensus.cc:3055] T 06ac3219f49d4a9499e8978dd9729821 P df3c1083e0404efcbc03b47792a4eda4 [term 3 LEADER]: Stepping down as leader of term 3
I20260713 09:11:20.373056   653 raft_consensus.cc:697] T 9fdb78c07c6349338c5d45a1fd86f9c7 P 31a8ea570aa74214ba3a148b16f2e87d [term 5 LEADER]: Becoming Leader. State: Replica: 31a8ea570aa74214ba3a148b16f2e87d, State: Running, Role: LEADER
I20260713 09:11:20.373533   388 raft_consensus.cc:740] T 06ac3219f49d4a9499e8978dd9729821 P df3c1083e0404efcbc03b47792a4eda4 [term 3 LEADER]: Becoming Follower/Learner. State: Replica: df3c1083e0404efcbc03b47792a4eda4, State: Running, Role: LEADER
I20260713 09:11:20.374140   653 consensus_queue.cc:237] T 9fdb78c07c6349338c5d45a1fd86f9c7 P 31a8ea570aa74214ba3a148b16f2e87d [LEADER]: Queue going to LEADER mode. State: All replicated index: 0, Majority replicated index: 4, Committed index: 4, Last appended: 4.4, Last appended by leader: 4, Current term: 5, Majority size: 2, State: 0, Mode: LEADER, active raft config: opid_index: -1 OBSOLETE_local: false peers { permanent_uuid: "31a8ea570aa74214ba3a148b16f2e87d" member_type: VOTER last_known_addr { host: "127.31.226.65" port: 38039 } } peers { permanent_uuid: "df3c1083e0404efcbc03b47792a4eda4" member_type: VOTER last_known_addr { host: "127.31.226.66" port: 38167 } } peers { permanent_uuid: "ee4736161fab44ce84f96b191698dd02" member_type: VOTER last_known_addr { host: "127.31.226.67" port: 32983 } }
I20260713 09:11:20.374341   388 consensus_queue.cc:260] T 06ac3219f49d4a9499e8978dd9729821 P df3c1083e0404efcbc03b47792a4eda4 [NON_LEADER]: Queue going to NON_LEADER mode. State: All replicated index: 0, Majority replicated index: 3, Committed index: 3, Last appended: 3.3, Last appended by leader: 3, Current term: 3, Majority size: -1, State: 0, Mode: NON_LEADER, active raft config: opid_index: -1 OBSOLETE_local: false peers { permanent_uuid: "ee4736161fab44ce84f96b191698dd02" member_type: VOTER last_known_addr { host: "127.31.226.67" port: 32983 } } peers { permanent_uuid: "31a8ea570aa74214ba3a148b16f2e87d" member_type: VOTER last_known_addr { host: "127.31.226.65" port: 38039 } } peers { permanent_uuid: "df3c1083e0404efcbc03b47792a4eda4" member_type: VOTER last_known_addr { host: "127.31.226.66" port: 38167 } }
I20260713 09:11:20.375415   388 raft_consensus.cc:3060] T 06ac3219f49d4a9499e8978dd9729821 P df3c1083e0404efcbc03b47792a4eda4 [term 3 FOLLOWER]: Advancing to term 4
I20260713 09:11:20.376009   316 raft_consensus.cc:2468] T 06ac3219f49d4a9499e8978dd9729821 P 31a8ea570aa74214ba3a148b16f2e87d [term 4 FOLLOWER]: Leader election vote request: Granting yes vote for candidate ee4736161fab44ce84f96b191698dd02 in term 4.
I20260713 09:11:20.377133   428 leader_election.cc:304] T 06ac3219f49d4a9499e8978dd9729821 P ee4736161fab44ce84f96b191698dd02 [CANDIDATE]: Term 4 election: Election decided. Result: candidate won. Election summary: received 2 responses out of 3 voters: 2 yes votes; 0 no votes. yes voters: 31a8ea570aa74214ba3a148b16f2e87d, ee4736161fab44ce84f96b191698dd02; no voters: 
I20260713 09:11:20.377950   629 raft_consensus.cc:2804] T 06ac3219f49d4a9499e8978dd9729821 P ee4736161fab44ce84f96b191698dd02 [term 4 FOLLOWER]: Leader election won for term 4
I20260713 09:11:20.379228   629 raft_consensus.cc:697] T 06ac3219f49d4a9499e8978dd9729821 P ee4736161fab44ce84f96b191698dd02 [term 4 LEADER]: Becoming Leader. State: Replica: ee4736161fab44ce84f96b191698dd02, State: Running, Role: LEADER
I20260713 09:11:20.380084   629 consensus_queue.cc:237] T 06ac3219f49d4a9499e8978dd9729821 P ee4736161fab44ce84f96b191698dd02 [LEADER]: Queue going to LEADER mode. State: All replicated index: 0, Majority replicated index: 3, Committed index: 3, Last appended: 3.3, Last appended by leader: 3, Current term: 4, Majority size: 2, State: 0, Mode: LEADER, active raft config: opid_index: -1 OBSOLETE_local: false peers { permanent_uuid: "ee4736161fab44ce84f96b191698dd02" member_type: VOTER last_known_addr { host: "127.31.226.67" port: 32983 } } peers { permanent_uuid: "31a8ea570aa74214ba3a148b16f2e87d" member_type: VOTER last_known_addr { host: "127.31.226.65" port: 38039 } } peers { permanent_uuid: "df3c1083e0404efcbc03b47792a4eda4" member_type: VOTER last_known_addr { host: "127.31.226.66" port: 38167 } }
I20260713 09:11:20.381194   388 raft_consensus.cc:2468] T 06ac3219f49d4a9499e8978dd9729821 P df3c1083e0404efcbc03b47792a4eda4 [term 4 FOLLOWER]: Leader election vote request: Granting yes vote for candidate ee4736161fab44ce84f96b191698dd02 in term 4.
I20260713 09:11:20.382663 32681 catalog_manager.cc:5697] T 9fdb78c07c6349338c5d45a1fd86f9c7 P 31a8ea570aa74214ba3a148b16f2e87d reported cstate change: term changed from 4 to 5, leader changed from df3c1083e0404efcbc03b47792a4eda4 (127.31.226.66) to 31a8ea570aa74214ba3a148b16f2e87d (127.31.226.65). New cstate: current_term: 5 leader_uuid: "31a8ea570aa74214ba3a148b16f2e87d" committed_config { opid_index: -1 OBSOLETE_local: false peers { permanent_uuid: "31a8ea570aa74214ba3a148b16f2e87d" member_type: VOTER last_known_addr { host: "127.31.226.65" port: 38039 } health_report { overall_health: HEALTHY } } peers { permanent_uuid: "df3c1083e0404efcbc03b47792a4eda4" member_type: VOTER last_known_addr { host: "127.31.226.66" port: 38167 } health_report { overall_health: UNKNOWN } } peers { permanent_uuid: "ee4736161fab44ce84f96b191698dd02" member_type: VOTER last_known_addr { host: "127.31.226.67" port: 32983 } health_report { overall_health: UNKNOWN } } }
I20260713 09:11:20.388917 32679 catalog_manager.cc:5697] T 06ac3219f49d4a9499e8978dd9729821 P ee4736161fab44ce84f96b191698dd02 reported cstate change: term changed from 3 to 4, leader changed from df3c1083e0404efcbc03b47792a4eda4 (127.31.226.66) to ee4736161fab44ce84f96b191698dd02 (127.31.226.67). New cstate: current_term: 4 leader_uuid: "ee4736161fab44ce84f96b191698dd02" committed_config { opid_index: -1 OBSOLETE_local: false peers { permanent_uuid: "ee4736161fab44ce84f96b191698dd02" member_type: VOTER last_known_addr { host: "127.31.226.67" port: 32983 } health_report { overall_health: HEALTHY } } peers { permanent_uuid: "31a8ea570aa74214ba3a148b16f2e87d" member_type: VOTER last_known_addr { host: "127.31.226.65" port: 38039 } health_report { overall_health: UNKNOWN } } peers { permanent_uuid: "df3c1083e0404efcbc03b47792a4eda4" member_type: VOTER last_known_addr { host: "127.31.226.66" port: 38167 } health_report { overall_health: UNKNOWN } } }
I20260713 09:11:20.444485   652 raft_consensus.cc:993] T b5f1378980174078b7eeb751b2fed293 P df3c1083e0404efcbc03b47792a4eda4: : Instructing follower ee4736161fab44ce84f96b191698dd02 to start an election
I20260713 09:11:20.444978   630 raft_consensus.cc:1081] T b5f1378980174078b7eeb751b2fed293 P df3c1083e0404efcbc03b47792a4eda4 [term 3 LEADER]: Signalling peer ee4736161fab44ce84f96b191698dd02 to start an election
I20260713 09:11:20.446376   463 tablet_service.cc:2044] Received Run Leader Election RPC: tablet_id: "b5f1378980174078b7eeb751b2fed293"
dest_uuid: "ee4736161fab44ce84f96b191698dd02"
 from {username='slave'} at 127.0.0.1:54240
I20260713 09:11:20.446779   463 raft_consensus.cc:493] T b5f1378980174078b7eeb751b2fed293 P ee4736161fab44ce84f96b191698dd02 [term 3 FOLLOWER]: Starting forced leader election (received explicit request)
I20260713 09:11:20.447005   463 raft_consensus.cc:3060] T b5f1378980174078b7eeb751b2fed293 P ee4736161fab44ce84f96b191698dd02 [term 3 FOLLOWER]: Advancing to term 4
I20260713 09:11:20.451009   463 raft_consensus.cc:515] T b5f1378980174078b7eeb751b2fed293 P ee4736161fab44ce84f96b191698dd02 [term 4 FOLLOWER]: Starting forced leader election with config: opid_index: -1 OBSOLETE_local: false peers { permanent_uuid: "31a8ea570aa74214ba3a148b16f2e87d" member_type: VOTER last_known_addr { host: "127.31.226.65" port: 38039 } } peers { permanent_uuid: "df3c1083e0404efcbc03b47792a4eda4" member_type: VOTER last_known_addr { host: "127.31.226.66" port: 38167 } } peers { permanent_uuid: "ee4736161fab44ce84f96b191698dd02" member_type: VOTER last_known_addr { host: "127.31.226.67" port: 32983 } }
I20260713 09:11:20.452270   463 leader_election.cc:290] T b5f1378980174078b7eeb751b2fed293 P ee4736161fab44ce84f96b191698dd02 [CANDIDATE]: Term 4 election: Requested vote from peers 31a8ea570aa74214ba3a148b16f2e87d (127.31.226.65:38039), df3c1083e0404efcbc03b47792a4eda4 (127.31.226.66:38167)
I20260713 09:11:20.453162   316 tablet_service.cc:1917] Received RequestConsensusVote() RPC: tablet_id: "b5f1378980174078b7eeb751b2fed293" candidate_uuid: "ee4736161fab44ce84f96b191698dd02" candidate_term: 4 candidate_status { last_received { term: 3 index: 3 } } ignore_live_leader: true dest_uuid: "31a8ea570aa74214ba3a148b16f2e87d"
I20260713 09:11:20.453403   388 tablet_service.cc:1917] Received RequestConsensusVote() RPC: tablet_id: "b5f1378980174078b7eeb751b2fed293" candidate_uuid: "ee4736161fab44ce84f96b191698dd02" candidate_term: 4 candidate_status { last_received { term: 3 index: 3 } } ignore_live_leader: true dest_uuid: "df3c1083e0404efcbc03b47792a4eda4"
I20260713 09:11:20.453651   316 raft_consensus.cc:3060] T b5f1378980174078b7eeb751b2fed293 P 31a8ea570aa74214ba3a148b16f2e87d [term 3 FOLLOWER]: Advancing to term 4
I20260713 09:11:20.453886   388 raft_consensus.cc:3055] T b5f1378980174078b7eeb751b2fed293 P df3c1083e0404efcbc03b47792a4eda4 [term 3 LEADER]: Stepping down as leader of term 3
