I20260713 09:00:18.208434   759 tablet_bootstrap.cc:654] T a8b3f08a1fc746a495c30320a3eacc62 P 211360b14e0e46828d7722dae81e6dd6: Neither blocks nor log segments found. Creating new log.
I20260713 09:00:18.208901   760 ts_tablet_manager.cc:1434] T 52e734523f7145a28dfa783a0c7211ba P 81cf0b52601f4edb9b9387d7f24b9194: Time spent starting tablet: real 0.005s	user 0.003s	sys 0.000s
I20260713 09:00:18.209769   760 tablet_bootstrap.cc:492] T 49f0affff23546e3b4fc956d4b49fe27 P 81cf0b52601f4edb9b9387d7f24b9194: Bootstrap starting.
I20260713 09:00:18.217825   758 ts_tablet_manager.cc:1434] T 29f6e9285dfe470fbd217529587f057d P 04bb8587553f430786405079456d0a73: Time spent starting tablet: real 0.020s	user 0.006s	sys 0.000s
I20260713 09:00:18.223111   760 tablet_bootstrap.cc:654] T 49f0affff23546e3b4fc956d4b49fe27 P 81cf0b52601f4edb9b9387d7f24b9194: Neither blocks nor log segments found. Creating new log.
I20260713 09:00:18.223476   758 tablet_bootstrap.cc:492] T c12325f183e64e38a861c87bb1c02aa5 P 04bb8587553f430786405079456d0a73: Bootstrap starting.
I20260713 09:00:18.230831   758 tablet_bootstrap.cc:654] T c12325f183e64e38a861c87bb1c02aa5 P 04bb8587553f430786405079456d0a73: Neither blocks nor log segments found. Creating new log.
I20260713 09:00:18.232053   759 tablet_bootstrap.cc:492] T a8b3f08a1fc746a495c30320a3eacc62 P 211360b14e0e46828d7722dae81e6dd6: No bootstrap required, opened a new log
I20260713 09:00:18.232476   759 ts_tablet_manager.cc:1403] T a8b3f08a1fc746a495c30320a3eacc62 P 211360b14e0e46828d7722dae81e6dd6: Time spent bootstrapping tablet: real 0.036s	user 0.009s	sys 0.019s
I20260713 09:00:18.232558   765 raft_consensus.cc:493] T 018f8cdc1680422db1ea8bb01f6d4b5c P 04bb8587553f430786405079456d0a73 [term 0 FOLLOWER]: Starting pre-election (no leader contacted us within the election timeout)
I20260713 09:00:18.232971   765 raft_consensus.cc:515] T 018f8cdc1680422db1ea8bb01f6d4b5c P 04bb8587553f430786405079456d0a73 [term 0 FOLLOWER]: Starting pre-election with config: opid_index: -1 OBSOLETE_local: false peers { permanent_uuid: "211360b14e0e46828d7722dae81e6dd6" member_type: VOTER last_known_addr { host: "127.0.107.193" port: 46279 } } peers { permanent_uuid: "04bb8587553f430786405079456d0a73" member_type: VOTER last_known_addr { host: "127.0.107.194" port: 43371 } } peers { permanent_uuid: "81cf0b52601f4edb9b9387d7f24b9194" member_type: VOTER last_known_addr { host: "127.0.107.195" port: 42699 } }
I20260713 09:00:18.233829   760 tablet_bootstrap.cc:492] T 49f0affff23546e3b4fc956d4b49fe27 P 81cf0b52601f4edb9b9387d7f24b9194: No bootstrap required, opened a new log
I20260713 09:00:18.234258   760 ts_tablet_manager.cc:1403] T 49f0affff23546e3b4fc956d4b49fe27 P 81cf0b52601f4edb9b9387d7f24b9194: Time spent bootstrapping tablet: real 0.025s	user 0.010s	sys 0.002s
I20260713 09:00:18.234877   765 leader_election.cc:290] T 018f8cdc1680422db1ea8bb01f6d4b5c P 04bb8587553f430786405079456d0a73 [CANDIDATE]: Term 1 pre-election: Requested pre-vote from peers 211360b14e0e46828d7722dae81e6dd6 (127.0.107.193:46279), 81cf0b52601f4edb9b9387d7f24b9194 (127.0.107.195:42699)
I20260713 09:00:18.236409   566 tablet_service.cc:1917] Received RequestConsensusVote() RPC: tablet_id: "018f8cdc1680422db1ea8bb01f6d4b5c" candidate_uuid: "04bb8587553f430786405079456d0a73" candidate_term: 1 candidate_status { last_received { term: 0 index: 0 } } ignore_live_leader: false dest_uuid: "211360b14e0e46828d7722dae81e6dd6" is_pre_election: true
I20260713 09:00:18.236850   759 raft_consensus.cc:359] T a8b3f08a1fc746a495c30320a3eacc62 P 211360b14e0e46828d7722dae81e6dd6 [term 0 FOLLOWER]: Replica starting. Triggering 0 pending ops. Active config: opid_index: -1 OBSOLETE_local: false peers { permanent_uuid: "211360b14e0e46828d7722dae81e6dd6" member_type: VOTER last_known_addr { host: "127.0.107.193" port: 46279 } } peers { permanent_uuid: "04bb8587553f430786405079456d0a73" member_type: VOTER last_known_addr { host: "127.0.107.194" port: 43371 } } peers { permanent_uuid: "81cf0b52601f4edb9b9387d7f24b9194" member_type: VOTER last_known_addr { host: "127.0.107.195" port: 42699 } }
I20260713 09:00:18.236996   760 raft_consensus.cc:359] T 49f0affff23546e3b4fc956d4b49fe27 P 81cf0b52601f4edb9b9387d7f24b9194 [term 0 FOLLOWER]: Replica starting. Triggering 0 pending ops. Active config: opid_index: -1 OBSOLETE_local: false peers { permanent_uuid: "211360b14e0e46828d7722dae81e6dd6" member_type: VOTER last_known_addr { host: "127.0.107.193" port: 46279 } } peers { permanent_uuid: "04bb8587553f430786405079456d0a73" member_type: VOTER last_known_addr { host: "127.0.107.194" port: 43371 } } peers { permanent_uuid: "81cf0b52601f4edb9b9387d7f24b9194" member_type: VOTER last_known_addr { host: "127.0.107.195" port: 42699 } }
I20260713 09:00:18.237586   759 raft_consensus.cc:385] T a8b3f08a1fc746a495c30320a3eacc62 P 211360b14e0e46828d7722dae81e6dd6 [term 0 FOLLOWER]: Consensus starting up: Expiring failure detector timer to make a prompt election more likely
I20260713 09:00:18.237763   760 raft_consensus.cc:385] T 49f0affff23546e3b4fc956d4b49fe27 P 81cf0b52601f4edb9b9387d7f24b9194 [term 0 FOLLOWER]: Consensus starting up: Expiring failure detector timer to make a prompt election more likely
I20260713 09:00:18.237965   759 raft_consensus.cc:740] T a8b3f08a1fc746a495c30320a3eacc62 P 211360b14e0e46828d7722dae81e6dd6 [term 0 FOLLOWER]: Becoming Follower/Learner. State: Replica: 211360b14e0e46828d7722dae81e6dd6, State: Initialized, Role: FOLLOWER
I20260713 09:00:18.238085   760 raft_consensus.cc:740] T 49f0affff23546e3b4fc956d4b49fe27 P 81cf0b52601f4edb9b9387d7f24b9194 [term 0 FOLLOWER]: Becoming Follower/Learner. State: Replica: 81cf0b52601f4edb9b9387d7f24b9194, State: Initialized, Role: FOLLOWER
I20260713 09:00:18.238330   714 tablet_service.cc:1917] Received RequestConsensusVote() RPC: tablet_id: "018f8cdc1680422db1ea8bb01f6d4b5c" candidate_uuid: "04bb8587553f430786405079456d0a73" candidate_term: 1 candidate_status { last_received { term: 0 index: 0 } } ignore_live_leader: false dest_uuid: "81cf0b52601f4edb9b9387d7f24b9194" is_pre_election: true
I20260713 09:00:18.237545   566 raft_consensus.cc:2468] T 018f8cdc1680422db1ea8bb01f6d4b5c P 211360b14e0e46828d7722dae81e6dd6 [term 0 FOLLOWER]: Leader pre-election vote request: Granting yes vote for candidate 04bb8587553f430786405079456d0a73 in term 0.
I20260713 09:00:18.238734   759 consensus_queue.cc:260] T a8b3f08a1fc746a495c30320a3eacc62 P 211360b14e0e46828d7722dae81e6dd6 [NON_LEADER]: Queue going to NON_LEADER mode. State: All replicated index: 0, Majority replicated index: 0, Committed index: 0, Last appended: 0.0, Last appended by leader: 0, Current term: 0, Majority size: -1, State: 0, Mode: NON_LEADER, active raft config: opid_index: -1 OBSOLETE_local: false peers { permanent_uuid: "211360b14e0e46828d7722dae81e6dd6" member_type: VOTER last_known_addr { host: "127.0.107.193" port: 46279 } } peers { permanent_uuid: "04bb8587553f430786405079456d0a73" member_type: VOTER last_known_addr { host: "127.0.107.194" port: 43371 } } peers { permanent_uuid: "81cf0b52601f4edb9b9387d7f24b9194" member_type: VOTER last_known_addr { host: "127.0.107.195" port: 42699 } }
I20260713 09:00:18.238750   760 consensus_queue.cc:260] T 49f0affff23546e3b4fc956d4b49fe27 P 81cf0b52601f4edb9b9387d7f24b9194 [NON_LEADER]: Queue going to NON_LEADER mode. State: All replicated index: 0, Majority replicated index: 0, Committed index: 0, Last appended: 0.0, Last appended by leader: 0, Current term: 0, Majority size: -1, State: 0, Mode: NON_LEADER, active raft config: opid_index: -1 OBSOLETE_local: false peers { permanent_uuid: "211360b14e0e46828d7722dae81e6dd6" member_type: VOTER last_known_addr { host: "127.0.107.193" port: 46279 } } peers { permanent_uuid: "04bb8587553f430786405079456d0a73" member_type: VOTER last_known_addr { host: "127.0.107.194" port: 43371 } } peers { permanent_uuid: "81cf0b52601f4edb9b9387d7f24b9194" member_type: VOTER last_known_addr { host: "127.0.107.195" port: 42699 } }
I20260713 09:00:18.240705   606 leader_election.cc:304] T 018f8cdc1680422db1ea8bb01f6d4b5c P 04bb8587553f430786405079456d0a73 [CANDIDATE]: Term 1 pre-election: Election decided. Result: candidate won. Election summary: received 2 responses out of 3 voters: 2 yes votes; 0 no votes. yes voters: 04bb8587553f430786405079456d0a73, 211360b14e0e46828d7722dae81e6dd6; no voters: 
I20260713 09:00:18.240896   760 ts_tablet_manager.cc:1434] T 49f0affff23546e3b4fc956d4b49fe27 P 81cf0b52601f4edb9b9387d7f24b9194: Time spent starting tablet: real 0.006s	user 0.000s	sys 0.005s
I20260713 09:00:18.240908   759 ts_tablet_manager.cc:1434] T a8b3f08a1fc746a495c30320a3eacc62 P 211360b14e0e46828d7722dae81e6dd6: Time spent starting tablet: real 0.008s	user 0.006s	sys 0.001s
I20260713 09:00:18.242336   759 tablet_bootstrap.cc:492] T 29f6e9285dfe470fbd217529587f057d P 211360b14e0e46828d7722dae81e6dd6: Bootstrap starting.
I20260713 09:00:18.248947   765 raft_consensus.cc:2804] T 018f8cdc1680422db1ea8bb01f6d4b5c P 04bb8587553f430786405079456d0a73 [term 0 FOLLOWER]: Leader pre-election won for term 1
I20260713 09:00:18.249344   765 raft_consensus.cc:493] T 018f8cdc1680422db1ea8bb01f6d4b5c P 04bb8587553f430786405079456d0a73 [term 0 FOLLOWER]: Starting leader election (no leader contacted us within the election timeout)
I20260713 09:00:18.251684   759 tablet_bootstrap.cc:654] T 29f6e9285dfe470fbd217529587f057d P 211360b14e0e46828d7722dae81e6dd6: Neither blocks nor log segments found. Creating new log.
I20260713 09:00:18.249712   765 raft_consensus.cc:3060] T 018f8cdc1680422db1ea8bb01f6d4b5c P 04bb8587553f430786405079456d0a73 [term 0 FOLLOWER]: Advancing to term 1
I20260713 09:00:18.238896   714 raft_consensus.cc:2468] T 018f8cdc1680422db1ea8bb01f6d4b5c P 81cf0b52601f4edb9b9387d7f24b9194 [term 0 FOLLOWER]: Leader pre-election vote request: Granting yes vote for candidate 04bb8587553f430786405079456d0a73 in term 0.
I20260713 09:00:18.261125   765 raft_consensus.cc:515] T 018f8cdc1680422db1ea8bb01f6d4b5c P 04bb8587553f430786405079456d0a73 [term 1 FOLLOWER]: Starting leader election with config: opid_index: -1 OBSOLETE_local: false peers { permanent_uuid: "211360b14e0e46828d7722dae81e6dd6" member_type: VOTER last_known_addr { host: "127.0.107.193" port: 46279 } } peers { permanent_uuid: "04bb8587553f430786405079456d0a73" member_type: VOTER last_known_addr { host: "127.0.107.194" port: 43371 } } peers { permanent_uuid: "81cf0b52601f4edb9b9387d7f24b9194" member_type: VOTER last_known_addr { host: "127.0.107.195" port: 42699 } }
I20260713 09:00:18.262686   759 tablet_bootstrap.cc:492] T 29f6e9285dfe470fbd217529587f057d P 211360b14e0e46828d7722dae81e6dd6: No bootstrap required, opened a new log
I20260713 09:00:18.263098   759 ts_tablet_manager.cc:1403] T 29f6e9285dfe470fbd217529587f057d P 211360b14e0e46828d7722dae81e6dd6: Time spent bootstrapping tablet: real 0.021s	user 0.006s	sys 0.010s
I20260713 09:00:18.263967   566 tablet_service.cc:1917] Received RequestConsensusVote() RPC: tablet_id: "018f8cdc1680422db1ea8bb01f6d4b5c" candidate_uuid: "04bb8587553f430786405079456d0a73" candidate_term: 1 candidate_status { last_received { term: 0 index: 0 } } ignore_live_leader: false dest_uuid: "211360b14e0e46828d7722dae81e6dd6"
I20260713 09:00:18.264557   566 raft_consensus.cc:3060] T 018f8cdc1680422db1ea8bb01f6d4b5c P 211360b14e0e46828d7722dae81e6dd6 [term 0 FOLLOWER]: Advancing to term 1
I20260713 09:00:18.265573   759 raft_consensus.cc:359] T 29f6e9285dfe470fbd217529587f057d P 211360b14e0e46828d7722dae81e6dd6 [term 0 FOLLOWER]: Replica starting. Triggering 0 pending ops. Active config: opid_index: -1 OBSOLETE_local: false peers { permanent_uuid: "211360b14e0e46828d7722dae81e6dd6" member_type: VOTER last_known_addr { host: "127.0.107.193" port: 46279 } } peers { permanent_uuid: "04bb8587553f430786405079456d0a73" member_type: VOTER last_known_addr { host: "127.0.107.194" port: 43371 } } peers { permanent_uuid: "81cf0b52601f4edb9b9387d7f24b9194" member_type: VOTER last_known_addr { host: "127.0.107.195" port: 42699 } }
I20260713 09:00:18.266182   759 raft_consensus.cc:385] T 29f6e9285dfe470fbd217529587f057d P 211360b14e0e46828d7722dae81e6dd6 [term 0 FOLLOWER]: Consensus starting up: Expiring failure detector timer to make a prompt election more likely
I20260713 09:00:18.266428   759 raft_consensus.cc:740] T 29f6e9285dfe470fbd217529587f057d P 211360b14e0e46828d7722dae81e6dd6 [term 0 FOLLOWER]: Becoming Follower/Learner. State: Replica: 211360b14e0e46828d7722dae81e6dd6, State: Initialized, Role: FOLLOWER
I20260713 09:00:18.267053   759 consensus_queue.cc:260] T 29f6e9285dfe470fbd217529587f057d P 211360b14e0e46828d7722dae81e6dd6 [NON_LEADER]: Queue going to NON_LEADER mode. State: All replicated index: 0, Majority replicated index: 0, Committed index: 0, Last appended: 0.0, Last appended by leader: 0, Current term: 0, Majority size: -1, State: 0, Mode: NON_LEADER, active raft config: opid_index: -1 OBSOLETE_local: false peers { permanent_uuid: "211360b14e0e46828d7722dae81e6dd6" member_type: VOTER last_known_addr { host: "127.0.107.193" port: 46279 } } peers { permanent_uuid: "04bb8587553f430786405079456d0a73" member_type: VOTER last_known_addr { host: "127.0.107.194" port: 43371 } } peers { permanent_uuid: "81cf0b52601f4edb9b9387d7f24b9194" member_type: VOTER last_known_addr { host: "127.0.107.195" port: 42699 } }
I20260713 09:00:18.268879   759 ts_tablet_manager.cc:1434] T 29f6e9285dfe470fbd217529587f057d P 211360b14e0e46828d7722dae81e6dd6: Time spent starting tablet: real 0.006s	user 0.003s	sys 0.000s
I20260713 09:00:18.276988   766 raft_consensus.cc:493] T 52e734523f7145a28dfa783a0c7211ba P 211360b14e0e46828d7722dae81e6dd6 [term 0 FOLLOWER]: Starting pre-election (no leader contacted us within the election timeout)
I20260713 09:00:18.277504   766 raft_consensus.cc:515] T 52e734523f7145a28dfa783a0c7211ba P 211360b14e0e46828d7722dae81e6dd6 [term 0 FOLLOWER]: Starting pre-election with config: opid_index: -1 OBSOLETE_local: false peers { permanent_uuid: "211360b14e0e46828d7722dae81e6dd6" member_type: VOTER last_known_addr { host: "127.0.107.193" port: 46279 } } peers { permanent_uuid: "04bb8587553f430786405079456d0a73" member_type: VOTER last_known_addr { host: "127.0.107.194" port: 43371 } } peers { permanent_uuid: "81cf0b52601f4edb9b9387d7f24b9194" member_type: VOTER last_known_addr { host: "127.0.107.195" port: 42699 } }
I20260713 09:00:18.279726   566 raft_consensus.cc:2468] T 018f8cdc1680422db1ea8bb01f6d4b5c P 211360b14e0e46828d7722dae81e6dd6 [term 1 FOLLOWER]: Leader election vote request: Granting yes vote for candidate 04bb8587553f430786405079456d0a73 in term 1.
I20260713 09:00:18.280857   641 tablet_service.cc:1917] Received RequestConsensusVote() RPC: tablet_id: "52e734523f7145a28dfa783a0c7211ba" candidate_uuid: "211360b14e0e46828d7722dae81e6dd6" candidate_term: 1 candidate_status { last_received { term: 0 index: 0 } } ignore_live_leader: false dest_uuid: "04bb8587553f430786405079456d0a73" is_pre_election: true
I20260713 09:00:18.281561   765 leader_election.cc:290] T 018f8cdc1680422db1ea8bb01f6d4b5c P 04bb8587553f430786405079456d0a73 [CANDIDATE]: Term 1 election: Requested vote from peers 211360b14e0e46828d7722dae81e6dd6 (127.0.107.193:46279), 81cf0b52601f4edb9b9387d7f24b9194 (127.0.107.195:42699)
I20260713 09:00:18.282099   606 leader_election.cc:304] T 018f8cdc1680422db1ea8bb01f6d4b5c P 04bb8587553f430786405079456d0a73 [CANDIDATE]: Term 1 election: Election decided. Result: candidate won. Election summary: received 2 responses out of 3 voters: 2 yes votes; 0 no votes. yes voters: 04bb8587553f430786405079456d0a73, 211360b14e0e46828d7722dae81e6dd6; no voters: 
I20260713 09:00:18.283135   765 raft_consensus.cc:2804] T 018f8cdc1680422db1ea8bb01f6d4b5c P 04bb8587553f430786405079456d0a73 [term 1 FOLLOWER]: Leader election won for term 1
W20260713 09:00:18.283546   532 leader_election.cc:343] T 52e734523f7145a28dfa783a0c7211ba P 211360b14e0e46828d7722dae81e6dd6 [CANDIDATE]: Term 1 pre-election: Tablet error from VoteRequest() call to peer 04bb8587553f430786405079456d0a73 (127.0.107.194:43371): Illegal state: must be running to vote when last-logged opid is not known
I20260713 09:00:18.285233   758 tablet_bootstrap.cc:492] T c12325f183e64e38a861c87bb1c02aa5 P 04bb8587553f430786405079456d0a73: No bootstrap required, opened a new log
I20260713 09:00:18.285287   714 tablet_service.cc:1917] Received RequestConsensusVote() RPC: tablet_id: "018f8cdc1680422db1ea8bb01f6d4b5c" candidate_uuid: "04bb8587553f430786405079456d0a73" candidate_term: 1 candidate_status { last_received { term: 0 index: 0 } } ignore_live_leader: false dest_uuid: "81cf0b52601f4edb9b9387d7f24b9194"
I20260713 09:00:18.285722   758 ts_tablet_manager.cc:1403] T c12325f183e64e38a861c87bb1c02aa5 P 04bb8587553f430786405079456d0a73: Time spent bootstrapping tablet: real 0.063s	user 0.022s	sys 0.028s
I20260713 09:00:18.285965   766 leader_election.cc:290] T 52e734523f7145a28dfa783a0c7211ba P 211360b14e0e46828d7722dae81e6dd6 [CANDIDATE]: Term 1 pre-election: Requested pre-vote from peers 04bb8587553f430786405079456d0a73 (127.0.107.194:43371), 81cf0b52601f4edb9b9387d7f24b9194 (127.0.107.195:42699)
I20260713 09:00:18.286512   714 raft_consensus.cc:3060] T 018f8cdc1680422db1ea8bb01f6d4b5c P 81cf0b52601f4edb9b9387d7f24b9194 [term 0 FOLLOWER]: Advancing to term 1
I20260713 09:00:18.287047   715 tablet_service.cc:1917] Received RequestConsensusVote() RPC: tablet_id: "52e734523f7145a28dfa783a0c7211ba" candidate_uuid: "211360b14e0e46828d7722dae81e6dd6" candidate_term: 1 candidate_status { last_received { term: 0 index: 0 } } ignore_live_leader: false dest_uuid: "81cf0b52601f4edb9b9387d7f24b9194" is_pre_election: true
I20260713 09:00:18.287593   715 raft_consensus.cc:2468] T 52e734523f7145a28dfa783a0c7211ba P 81cf0b52601f4edb9b9387d7f24b9194 [term 0 FOLLOWER]: Leader pre-election vote request: Granting yes vote for candidate 211360b14e0e46828d7722dae81e6dd6 in term 0.
I20260713 09:00:18.283581   765 raft_consensus.cc:697] T 018f8cdc1680422db1ea8bb01f6d4b5c P 04bb8587553f430786405079456d0a73 [term 1 LEADER]: Becoming Leader. State: Replica: 04bb8587553f430786405079456d0a73, State: Running, Role: LEADER
I20260713 09:00:18.288853   532 leader_election.cc:304] T 52e734523f7145a28dfa783a0c7211ba P 211360b14e0e46828d7722dae81e6dd6 [CANDIDATE]: Term 1 pre-election: Election decided. Result: candidate won. Election summary: received 3 responses out of 3 voters: 2 yes votes; 1 no votes. yes voters: 211360b14e0e46828d7722dae81e6dd6, 81cf0b52601f4edb9b9387d7f24b9194; no voters: 04bb8587553f430786405079456d0a73
I20260713 09:00:18.289058   765 consensus_queue.cc:237] T 018f8cdc1680422db1ea8bb01f6d4b5c P 04bb8587553f430786405079456d0a73 [LEADER]: Queue going to LEADER mode. State: All replicated index: 0, Majority replicated index: 0, Committed index: 0, Last appended: 0.0, Last appended by leader: 0, Current term: 1, Majority size: 2, State: 0, Mode: LEADER, active raft config: opid_index: -1 OBSOLETE_local: false peers { permanent_uuid: "211360b14e0e46828d7722dae81e6dd6" member_type: VOTER last_known_addr { host: "127.0.107.193" port: 46279 } } peers { permanent_uuid: "04bb8587553f430786405079456d0a73" member_type: VOTER last_known_addr { host: "127.0.107.194" port: 43371 } } peers { permanent_uuid: "81cf0b52601f4edb9b9387d7f24b9194" member_type: VOTER last_known_addr { host: "127.0.107.195" port: 42699 } }
I20260713 09:00:18.290488   758 raft_consensus.cc:359] T c12325f183e64e38a861c87bb1c02aa5 P 04bb8587553f430786405079456d0a73 [term 0 FOLLOWER]: Replica starting. Triggering 0 pending ops. Active config: opid_index: -1 OBSOLETE_local: false peers { permanent_uuid: "211360b14e0e46828d7722dae81e6dd6" member_type: VOTER last_known_addr { host: "127.0.107.193" port: 46279 } } peers { permanent_uuid: "04bb8587553f430786405079456d0a73" member_type: VOTER last_known_addr { host: "127.0.107.194" port: 43371 } } peers { permanent_uuid: "81cf0b52601f4edb9b9387d7f24b9194" member_type: VOTER last_known_addr { host: "127.0.107.195" port: 42699 } }
I20260713 09:00:18.291119   758 raft_consensus.cc:385] T c12325f183e64e38a861c87bb1c02aa5 P 04bb8587553f430786405079456d0a73 [term 0 FOLLOWER]: Consensus starting up: Expiring failure detector timer to make a prompt election more likely
I20260713 09:00:18.291371   758 raft_consensus.cc:740] T c12325f183e64e38a861c87bb1c02aa5 P 04bb8587553f430786405079456d0a73 [term 0 FOLLOWER]: Becoming Follower/Learner. State: Replica: 04bb8587553f430786405079456d0a73, State: Initialized, Role: FOLLOWER
I20260713 09:00:18.291621   714 raft_consensus.cc:2468] T 018f8cdc1680422db1ea8bb01f6d4b5c P 81cf0b52601f4edb9b9387d7f24b9194 [term 1 FOLLOWER]: Leader election vote request: Granting yes vote for candidate 04bb8587553f430786405079456d0a73 in term 1.
I20260713 09:00:18.291962   758 consensus_queue.cc:260] T c12325f183e64e38a861c87bb1c02aa5 P 04bb8587553f430786405079456d0a73 [NON_LEADER]: Queue going to NON_LEADER mode. State: All replicated index: 0, Majority replicated index: 0, Committed index: 0, Last appended: 0.0, Last appended by leader: 0, Current term: 0, Majority size: -1, State: 0, Mode: NON_LEADER, active raft config: opid_index: -1 OBSOLETE_local: false peers { permanent_uuid: "211360b14e0e46828d7722dae81e6dd6" member_type: VOTER last_known_addr { host: "127.0.107.193" port: 46279 } } peers { permanent_uuid: "04bb8587553f430786405079456d0a73" member_type: VOTER last_known_addr { host: "127.0.107.194" port: 43371 } } peers { permanent_uuid: "81cf0b52601f4edb9b9387d7f24b9194" member_type: VOTER last_known_addr { host: "127.0.107.195" port: 42699 } }
I20260713 09:00:18.293339   766 raft_consensus.cc:2804] T 52e734523f7145a28dfa783a0c7211ba P 211360b14e0e46828d7722dae81e6dd6 [term 0 FOLLOWER]: Leader pre-election won for term 1
I20260713 09:00:18.293722   766 raft_consensus.cc:493] T 52e734523f7145a28dfa783a0c7211ba P 211360b14e0e46828d7722dae81e6dd6 [term 0 FOLLOWER]: Starting leader election (no leader contacted us within the election timeout)
I20260713 09:00:18.294049   766 raft_consensus.cc:3060] T 52e734523f7145a28dfa783a0c7211ba P 211360b14e0e46828d7722dae81e6dd6 [term 0 FOLLOWER]: Advancing to term 1
I20260713 09:00:18.293967   758 ts_tablet_manager.cc:1434] T c12325f183e64e38a861c87bb1c02aa5 P 04bb8587553f430786405079456d0a73: Time spent starting tablet: real 0.008s	user 0.006s	sys 0.000s
I20260713 09:00:18.299785   758 tablet_bootstrap.cc:492] T 52e734523f7145a28dfa783a0c7211ba P 04bb8587553f430786405079456d0a73: Bootstrap starting.
I20260713 09:00:18.301486   766 raft_consensus.cc:515] T 52e734523f7145a28dfa783a0c7211ba P 211360b14e0e46828d7722dae81e6dd6 [term 1 FOLLOWER]: Starting leader election with config: opid_index: -1 OBSOLETE_local: false peers { permanent_uuid: "211360b14e0e46828d7722dae81e6dd6" member_type: VOTER last_known_addr { host: "127.0.107.193" port: 46279 } } peers { permanent_uuid: "04bb8587553f430786405079456d0a73" member_type: VOTER last_known_addr { host: "127.0.107.194" port: 43371 } } peers { permanent_uuid: "81cf0b52601f4edb9b9387d7f24b9194" member_type: VOTER last_known_addr { host: "127.0.107.195" port: 42699 } }
I20260713 09:00:18.303819   766 leader_election.cc:290] T 52e734523f7145a28dfa783a0c7211ba P 211360b14e0e46828d7722dae81e6dd6 [CANDIDATE]: Term 1 election: Requested vote from peers 04bb8587553f430786405079456d0a73 (127.0.107.194:43371), 81cf0b52601f4edb9b9387d7f24b9194 (127.0.107.195:42699)
I20260713 09:00:18.305212   714 tablet_service.cc:1917] Received RequestConsensusVote() RPC: tablet_id: "52e734523f7145a28dfa783a0c7211ba" candidate_uuid: "211360b14e0e46828d7722dae81e6dd6" candidate_term: 1 candidate_status { last_received { term: 0 index: 0 } } ignore_live_leader: false dest_uuid: "81cf0b52601f4edb9b9387d7f24b9194"
I20260713 09:00:18.305435   641 tablet_service.cc:1917] Received RequestConsensusVote() RPC: tablet_id: "52e734523f7145a28dfa783a0c7211ba" candidate_uuid: "211360b14e0e46828d7722dae81e6dd6" candidate_term: 1 candidate_status { last_received { term: 0 index: 0 } } ignore_live_leader: false dest_uuid: "04bb8587553f430786405079456d0a73"
I20260713 09:00:18.314327   714 raft_consensus.cc:3060] T 52e734523f7145a28dfa783a0c7211ba P 81cf0b52601f4edb9b9387d7f24b9194 [term 0 FOLLOWER]: Advancing to term 1
W20260713 09:00:18.315410   532 leader_election.cc:343] T 52e734523f7145a28dfa783a0c7211ba P 211360b14e0e46828d7722dae81e6dd6 [CANDIDATE]: Term 1 election: Tablet error from VoteRequest() call to peer 04bb8587553f430786405079456d0a73 (127.0.107.194:43371): Illegal state: must be running to vote when last-logged opid is not known
I20260713 09:00:18.305687   758 tablet_bootstrap.cc:654] T 52e734523f7145a28dfa783a0c7211ba P 04bb8587553f430786405079456d0a73: Neither blocks nor log segments found. Creating new log.
I20260713 09:00:18.311306   785 raft_consensus.cc:493] T 49f0affff23546e3b4fc956d4b49fe27 P 81cf0b52601f4edb9b9387d7f24b9194 [term 0 FOLLOWER]: Starting pre-election (no leader contacted us within the election timeout)
I20260713 09:00:18.316195   785 raft_consensus.cc:515] T 49f0affff23546e3b4fc956d4b49fe27 P 81cf0b52601f4edb9b9387d7f24b9194 [term 0 FOLLOWER]: Starting pre-election with config: opid_index: -1 OBSOLETE_local: false peers { permanent_uuid: "211360b14e0e46828d7722dae81e6dd6" member_type: VOTER last_known_addr { host: "127.0.107.193" port: 46279 } } peers { permanent_uuid: "04bb8587553f430786405079456d0a73" member_type: VOTER last_known_addr { host: "127.0.107.194" port: 43371 } } peers { permanent_uuid: "81cf0b52601f4edb9b9387d7f24b9194" member_type: VOTER last_known_addr { host: "127.0.107.195" port: 42699 } }
I20260713 09:00:18.319038   566 tablet_service.cc:1917] Received RequestConsensusVote() RPC: tablet_id: "49f0affff23546e3b4fc956d4b49fe27" candidate_uuid: "81cf0b52601f4edb9b9387d7f24b9194" candidate_term: 1 candidate_status { last_received { term: 0 index: 0 } } ignore_live_leader: false dest_uuid: "211360b14e0e46828d7722dae81e6dd6" is_pre_election: true
I20260713 09:00:18.319607   566 raft_consensus.cc:2468] T 49f0affff23546e3b4fc956d4b49fe27 P 211360b14e0e46828d7722dae81e6dd6 [term 0 FOLLOWER]: Leader pre-election vote request: Granting yes vote for candidate 81cf0b52601f4edb9b9387d7f24b9194 in term 0.
I20260713 09:00:18.320961   680 leader_election.cc:304] T 49f0affff23546e3b4fc956d4b49fe27 P 81cf0b52601f4edb9b9387d7f24b9194 [CANDIDATE]: Term 1 pre-election: Election decided. Result: candidate won. Election summary: received 2 responses out of 3 voters: 2 yes votes; 0 no votes. yes voters: 211360b14e0e46828d7722dae81e6dd6, 81cf0b52601f4edb9b9387d7f24b9194; no voters: 
I20260713 09:00:18.321269   714 raft_consensus.cc:2468] T 52e734523f7145a28dfa783a0c7211ba P 81cf0b52601f4edb9b9387d7f24b9194 [term 1 FOLLOWER]: Leader election vote request: Granting yes vote for candidate 211360b14e0e46828d7722dae81e6dd6 in term 1.
I20260713 09:00:18.321712   764 raft_consensus.cc:2804] T 49f0affff23546e3b4fc956d4b49fe27 P 81cf0b52601f4edb9b9387d7f24b9194 [term 0 FOLLOWER]: Leader pre-election won for term 1
I20260713 09:00:18.322050   764 raft_consensus.cc:493] T 49f0affff23546e3b4fc956d4b49fe27 P 81cf0b52601f4edb9b9387d7f24b9194 [term 0 FOLLOWER]: Starting leader election (no leader contacted us within the election timeout)
I20260713 09:00:18.322377   764 raft_consensus.cc:3060] T 49f0affff23546e3b4fc956d4b49fe27 P 81cf0b52601f4edb9b9387d7f24b9194 [term 0 FOLLOWER]: Advancing to term 1
I20260713 09:00:18.323287   532 leader_election.cc:304] T 52e734523f7145a28dfa783a0c7211ba P 211360b14e0e46828d7722dae81e6dd6 [CANDIDATE]: Term 1 election: Election decided. Result: candidate won. Election summary: received 3 responses out of 3 voters: 2 yes votes; 1 no votes. yes voters: 211360b14e0e46828d7722dae81e6dd6, 81cf0b52601f4edb9b9387d7f24b9194; no voters: 04bb8587553f430786405079456d0a73
I20260713 09:00:18.324016   766 raft_consensus.cc:2804] T 52e734523f7145a28dfa783a0c7211ba P 211360b14e0e46828d7722dae81e6dd6 [term 1 FOLLOWER]: Leader election won for term 1
I20260713 09:00:18.324458   766 raft_consensus.cc:697] T 52e734523f7145a28dfa783a0c7211ba P 211360b14e0e46828d7722dae81e6dd6 [term 1 LEADER]: Becoming Leader. State: Replica: 211360b14e0e46828d7722dae81e6dd6, State: Running, Role: LEADER
I20260713 09:00:18.325028   785 leader_election.cc:290] T 49f0affff23546e3b4fc956d4b49fe27 P 81cf0b52601f4edb9b9387d7f24b9194 [CANDIDATE]: Term 1 pre-election: Requested pre-vote from peers 211360b14e0e46828d7722dae81e6dd6 (127.0.107.193:46279), 04bb8587553f430786405079456d0a73 (127.0.107.194:43371)
I20260713 09:00:18.325201   766 consensus_queue.cc:237] T 52e734523f7145a28dfa783a0c7211ba P 211360b14e0e46828d7722dae81e6dd6 [LEADER]: Queue going to LEADER mode. State: All replicated index: 0, Majority replicated index: 0, Committed index: 0, Last appended: 0.0, Last appended by leader: 0, Current term: 1, Majority size: 2, State: 0, Mode: LEADER, active raft config: opid_index: -1 OBSOLETE_local: false peers { permanent_uuid: "211360b14e0e46828d7722dae81e6dd6" member_type: VOTER last_known_addr { host: "127.0.107.193" port: 46279 } } peers { permanent_uuid: "04bb8587553f430786405079456d0a73" member_type: VOTER last_known_addr { host: "127.0.107.194" port: 43371 } } peers { permanent_uuid: "81cf0b52601f4edb9b9387d7f24b9194" member_type: VOTER last_known_addr { host: "127.0.107.195" port: 42699 } }
I20260713 09:00:18.326143   640 tablet_service.cc:1917] Received RequestConsensusVote() RPC: tablet_id: "49f0affff23546e3b4fc956d4b49fe27" candidate_uuid: "81cf0b52601f4edb9b9387d7f24b9194" candidate_term: 1 candidate_status { last_received { term: 0 index: 0 } } ignore_live_leader: false dest_uuid: "04bb8587553f430786405079456d0a73" is_pre_election: true
I20260713 09:00:18.328451   640 raft_consensus.cc:2468] T 49f0affff23546e3b4fc956d4b49fe27 P 04bb8587553f430786405079456d0a73 [term 0 FOLLOWER]: Leader pre-election vote request: Granting yes vote for candidate 81cf0b52601f4edb9b9387d7f24b9194 in term 0.
I20260713 09:00:18.330060   758 tablet_bootstrap.cc:492] T 52e734523f7145a28dfa783a0c7211ba P 04bb8587553f430786405079456d0a73: No bootstrap required, opened a new log
I20260713 09:00:18.330513   758 ts_tablet_manager.cc:1403] T 52e734523f7145a28dfa783a0c7211ba P 04bb8587553f430786405079456d0a73: Time spent bootstrapping tablet: real 0.031s	user 0.014s	sys 0.008s
I20260713 09:00:18.332223   461 catalog_manager.cc:5697] T 018f8cdc1680422db1ea8bb01f6d4b5c P 04bb8587553f430786405079456d0a73 reported cstate change: term changed from 0 to 1, leader changed from <none> to 04bb8587553f430786405079456d0a73 (127.0.107.194). New cstate: current_term: 1 leader_uuid: "04bb8587553f430786405079456d0a73" committed_config { opid_index: -1 OBSOLETE_local: false peers { permanent_uuid: "211360b14e0e46828d7722dae81e6dd6" member_type: VOTER last_known_addr { host: "127.0.107.193" port: 46279 } health_report { overall_health: UNKNOWN } } peers { permanent_uuid: "04bb8587553f430786405079456d0a73" member_type: VOTER last_known_addr { host: "127.0.107.194" port: 43371 } health_report { overall_health: HEALTHY } } peers { permanent_uuid: "81cf0b52601f4edb9b9387d7f24b9194" member_type: VOTER last_known_addr { host: "127.0.107.195" port: 42699 } health_report { overall_health: UNKNOWN } } }
I20260713 09:00:18.332912   758 raft_consensus.cc:359] T 52e734523f7145a28dfa783a0c7211ba P 04bb8587553f430786405079456d0a73 [term 0 FOLLOWER]: Replica starting. Triggering 0 pending ops. Active config: opid_index: -1 OBSOLETE_local: false peers { permanent_uuid: "211360b14e0e46828d7722dae81e6dd6" member_type: VOTER last_known_addr { host: "127.0.107.193" port: 46279 } } peers { permanent_uuid: "04bb8587553f430786405079456d0a73" member_type: VOTER last_known_addr { host: "127.0.107.194" port: 43371 } } peers { permanent_uuid: "81cf0b52601f4edb9b9387d7f24b9194" member_type: VOTER last_known_addr { host: "127.0.107.195" port: 42699 } }
I20260713 09:00:18.333670   758 raft_consensus.cc:385] T 52e734523f7145a28dfa783a0c7211ba P 04bb8587553f430786405079456d0a73 [term 0 FOLLOWER]: Consensus starting up: Expiring failure detector timer to make a prompt election more likely
I20260713 09:00:18.333968   758 raft_consensus.cc:740] T 52e734523f7145a28dfa783a0c7211ba P 04bb8587553f430786405079456d0a73 [term 0 FOLLOWER]: Becoming Follower/Learner. State: Replica: 04bb8587553f430786405079456d0a73, State: Initialized, Role: FOLLOWER
I20260713 09:00:18.334730   758 consensus_queue.cc:260] T 52e734523f7145a28dfa783a0c7211ba P 04bb8587553f430786405079456d0a73 [NON_LEADER]: Queue going to NON_LEADER mode. State: All replicated index: 0, Majority replicated index: 0, Committed index: 0, Last appended: 0.0, Last appended by leader: 0, Current term: 0, Majority size: -1, State: 0, Mode: NON_LEADER, active raft config: opid_index: -1 OBSOLETE_local: false peers { permanent_uuid: "211360b14e0e46828d7722dae81e6dd6" member_type: VOTER last_known_addr { host: "127.0.107.193" port: 46279 } } peers { permanent_uuid: "04bb8587553f430786405079456d0a73" member_type: VOTER last_known_addr { host: "127.0.107.194" port: 43371 } } peers { permanent_uuid: "81cf0b52601f4edb9b9387d7f24b9194" member_type: VOTER last_known_addr { host: "127.0.107.195" port: 42699 } }
I20260713 09:00:18.336874   758 ts_tablet_manager.cc:1434] T 52e734523f7145a28dfa783a0c7211ba P 04bb8587553f430786405079456d0a73: Time spent starting tablet: real 0.006s	user 0.005s	sys 0.000s
I20260713 09:00:18.337841   764 raft_consensus.cc:515] T 49f0affff23546e3b4fc956d4b49fe27 P 81cf0b52601f4edb9b9387d7f24b9194 [term 1 FOLLOWER]: Starting leader election with config: opid_index: -1 OBSOLETE_local: false peers { permanent_uuid: "211360b14e0e46828d7722dae81e6dd6" member_type: VOTER last_known_addr { host: "127.0.107.193" port: 46279 } } peers { permanent_uuid: "04bb8587553f430786405079456d0a73" member_type: VOTER last_known_addr { host: "127.0.107.194" port: 43371 } } peers { permanent_uuid: "81cf0b52601f4edb9b9387d7f24b9194" member_type: VOTER last_known_addr { host: "127.0.107.195" port: 42699 } }
I20260713 09:00:18.340139   566 tablet_service.cc:1917] Received RequestConsensusVote() RPC: tablet_id: "49f0affff23546e3b4fc956d4b49fe27" candidate_uuid: "81cf0b52601f4edb9b9387d7f24b9194" candidate_term: 1 candidate_status { last_received { term: 0 index: 0 } } ignore_live_leader: false dest_uuid: "211360b14e0e46828d7722dae81e6dd6"
I20260713 09:00:18.340632   566 raft_consensus.cc:3060] T 49f0affff23546e3b4fc956d4b49fe27 P 211360b14e0e46828d7722dae81e6dd6 [term 0 FOLLOWER]: Advancing to term 1
I20260713 09:00:18.345765   764 leader_election.cc:290] T 49f0affff23546e3b4fc956d4b49fe27 P 81cf0b52601f4edb9b9387d7f24b9194 [CANDIDATE]: Term 1 election: Requested vote from peers 211360b14e0e46828d7722dae81e6dd6 (127.0.107.193:46279), 04bb8587553f430786405079456d0a73 (127.0.107.194:43371)
I20260713 09:00:18.347188   463 catalog_manager.cc:5697] T 52e734523f7145a28dfa783a0c7211ba P 211360b14e0e46828d7722dae81e6dd6 reported cstate change: term changed from 0 to 1, leader changed from <none> to 211360b14e0e46828d7722dae81e6dd6 (127.0.107.193). New cstate: current_term: 1 leader_uuid: "211360b14e0e46828d7722dae81e6dd6" committed_config { opid_index: -1 OBSOLETE_local: false peers { permanent_uuid: "211360b14e0e46828d7722dae81e6dd6" member_type: VOTER last_known_addr { host: "127.0.107.193" port: 46279 } health_report { overall_health: HEALTHY } } peers { permanent_uuid: "04bb8587553f430786405079456d0a73" member_type: VOTER last_known_addr { host: "127.0.107.194" port: 43371 } health_report { overall_health: UNKNOWN } } peers { permanent_uuid: "81cf0b52601f4edb9b9387d7f24b9194" member_type: VOTER last_known_addr { host: "127.0.107.195" port: 42699 } health_report { overall_health: UNKNOWN } } }
I20260713 09:00:18.348053   566 raft_consensus.cc:2468] T 49f0affff23546e3b4fc956d4b49fe27 P 211360b14e0e46828d7722dae81e6dd6 [term 1 FOLLOWER]: Leader election vote request: Granting yes vote for candidate 81cf0b52601f4edb9b9387d7f24b9194 in term 1.
I20260713 09:00:18.349380   680 leader_election.cc:304] T 49f0affff23546e3b4fc956d4b49fe27 P 81cf0b52601f4edb9b9387d7f24b9194 [CANDIDATE]: Term 1 election: Election decided. Result: candidate won. Election summary: received 2 responses out of 3 voters: 2 yes votes; 0 no votes. yes voters: 211360b14e0e46828d7722dae81e6dd6, 81cf0b52601f4edb9b9387d7f24b9194; no voters: 
I20260713 09:00:18.350047   640 tablet_service.cc:1917] Received RequestConsensusVote() RPC: tablet_id: "49f0affff23546e3b4fc956d4b49fe27" candidate_uuid: "81cf0b52601f4edb9b9387d7f24b9194" candidate_term: 1 candidate_status { last_received { term: 0 index: 0 } } ignore_live_leader: false dest_uuid: "04bb8587553f430786405079456d0a73"
I20260713 09:00:18.350546   640 raft_consensus.cc:3060] T 49f0affff23546e3b4fc956d4b49fe27 P 04bb8587553f430786405079456d0a73 [term 0 FOLLOWER]: Advancing to term 1
I20260713 09:00:18.351621   764 raft_consensus.cc:2804] T 49f0affff23546e3b4fc956d4b49fe27 P 81cf0b52601f4edb9b9387d7f24b9194 [term 1 FOLLOWER]: Leader election won for term 1
I20260713 09:00:18.352072   764 raft_consensus.cc:697] T 49f0affff23546e3b4fc956d4b49fe27 P 81cf0b52601f4edb9b9387d7f24b9194 [term 1 LEADER]: Becoming Leader. State: Replica: 81cf0b52601f4edb9b9387d7f24b9194, State: Running, Role: LEADER
I20260713 09:00:18.352761   764 consensus_queue.cc:237] T 49f0affff23546e3b4fc956d4b49fe27 P 81cf0b52601f4edb9b9387d7f24b9194 [LEADER]: Queue going to LEADER mode. State: All replicated index: 0, Majority replicated index: 0, Committed index: 0, Last appended: 0.0, Last appended by leader: 0, Current term: 1, Majority size: 2, State: 0, Mode: LEADER, active raft config: opid_index: -1 OBSOLETE_local: false peers { permanent_uuid: "211360b14e0e46828d7722dae81e6dd6" member_type: VOTER last_known_addr { host: "127.0.107.193" port: 46279 } } peers { permanent_uuid: "04bb8587553f430786405079456d0a73" member_type: VOTER last_known_addr { host: "127.0.107.194" port: 43371 } } peers { permanent_uuid: "81cf0b52601f4edb9b9387d7f24b9194" member_type: VOTER last_known_addr { host: "127.0.107.195" port: 42699 } }
I20260713 09:00:18.357045   640 raft_consensus.cc:2468] T 49f0affff23546e3b4fc956d4b49fe27 P 04bb8587553f430786405079456d0a73 [term 1 FOLLOWER]: Leader election vote request: Granting yes vote for candidate 81cf0b52601f4edb9b9387d7f24b9194 in term 1.
I20260713 09:00:18.369096   461 catalog_manager.cc:5697] T 49f0affff23546e3b4fc956d4b49fe27 P 81cf0b52601f4edb9b9387d7f24b9194 reported cstate change: term changed from 0 to 1, leader changed from <none> to 81cf0b52601f4edb9b9387d7f24b9194 (127.0.107.195). New cstate: current_term: 1 leader_uuid: "81cf0b52601f4edb9b9387d7f24b9194" committed_config { opid_index: -1 OBSOLETE_local: false peers { permanent_uuid: "211360b14e0e46828d7722dae81e6dd6" member_type: VOTER last_known_addr { host: "127.0.107.193" port: 46279 } health_report { overall_health: UNKNOWN } } peers { permanent_uuid: "04bb8587553f430786405079456d0a73" member_type: VOTER last_known_addr { host: "127.0.107.194" port: 43371 } health_report { overall_health: UNKNOWN } } peers { permanent_uuid: "81cf0b52601f4edb9b9387d7f24b9194" member_type: VOTER last_known_addr { host: "127.0.107.195" port: 42699 } health_report { overall_health: HEALTHY } } }
I20260713 09:00:18.393939   765 raft_consensus.cc:493] T daab3c561dee491aac85c193afe1a27e P 04bb8587553f430786405079456d0a73 [term 0 FOLLOWER]: Starting pre-election (no leader contacted us within the election timeout)
I20260713 09:00:18.394412   765 raft_consensus.cc:515] T daab3c561dee491aac85c193afe1a27e P 04bb8587553f430786405079456d0a73 [term 0 FOLLOWER]: Starting pre-election with config: opid_index: -1 OBSOLETE_local: false peers { permanent_uuid: "211360b14e0e46828d7722dae81e6dd6" member_type: VOTER last_known_addr { host: "127.0.107.193" port: 46279 } } peers { permanent_uuid: "04bb8587553f430786405079456d0a73" member_type: VOTER last_known_addr { host: "127.0.107.194" port: 43371 } } peers { permanent_uuid: "81cf0b52601f4edb9b9387d7f24b9194" member_type: VOTER last_known_addr { host: "127.0.107.195" port: 42699 } }
I20260713 09:00:18.396164   765 leader_election.cc:290] T daab3c561dee491aac85c193afe1a27e P 04bb8587553f430786405079456d0a73 [CANDIDATE]: Term 1 pre-election: Requested pre-vote from peers 211360b14e0e46828d7722dae81e6dd6 (127.0.107.193:46279), 81cf0b52601f4edb9b9387d7f24b9194 (127.0.107.195:42699)
I20260713 09:00:18.396916   566 tablet_service.cc:1917] Received RequestConsensusVote() RPC: tablet_id: "daab3c561dee491aac85c193afe1a27e" candidate_uuid: "04bb8587553f430786405079456d0a73" candidate_term: 1 candidate_status { last_received { term: 0 index: 0 } } ignore_live_leader: false dest_uuid: "211360b14e0e46828d7722dae81e6dd6" is_pre_election: true
I20260713 09:00:18.397411   714 tablet_service.cc:1917] Received RequestConsensusVote() RPC: tablet_id: "daab3c561dee491aac85c193afe1a27e" candidate_uuid: "04bb8587553f430786405079456d0a73" candidate_term: 1 candidate_status { last_received { term: 0 index: 0 } } ignore_live_leader: false dest_uuid: "81cf0b52601f4edb9b9387d7f24b9194" is_pre_election: true
I20260713 09:00:18.398072   714 raft_consensus.cc:2393] T daab3c561dee491aac85c193afe1a27e P 81cf0b52601f4edb9b9387d7f24b9194 [term 1 FOLLOWER]: Leader pre-election vote request: Denying vote to candidate 04bb8587553f430786405079456d0a73 in current term 1: Already voted for candidate 211360b14e0e46828d7722dae81e6dd6 in this term.
I20260713 09:00:18.399010   607 leader_election.cc:304] T daab3c561dee491aac85c193afe1a27e P 04bb8587553f430786405079456d0a73 [CANDIDATE]: Term 1 pre-election: Election decided. Result: candidate lost. Election summary: received 3 responses out of 3 voters: 1 yes votes; 2 no votes. yes voters: 04bb8587553f430786405079456d0a73; no voters: 211360b14e0e46828d7722dae81e6dd6, 81cf0b52601f4edb9b9387d7f24b9194
I20260713 09:00:18.399675   765 raft_consensus.cc:3060] T daab3c561dee491aac85c193afe1a27e P 04bb8587553f430786405079456d0a73 [term 0 FOLLOWER]: Advancing to term 1
I20260713 09:00:18.405963   765 raft_consensus.cc:2749] T daab3c561dee491aac85c193afe1a27e P 04bb8587553f430786405079456d0a73 [term 1 FOLLOWER]: Leader pre-election lost for term 1. Reason: could not achieve majority
I20260713 09:00:18.409245   764 raft_consensus.cc:493] T c12325f183e64e38a861c87bb1c02aa5 P 81cf0b52601f4edb9b9387d7f24b9194 [term 0 FOLLOWER]: Starting pre-election (no leader contacted us within the election timeout)
I20260713 09:00:18.409690   764 raft_consensus.cc:515] T c12325f183e64e38a861c87bb1c02aa5 P 81cf0b52601f4edb9b9387d7f24b9194 [term 0 FOLLOWER]: Starting pre-election with config: opid_index: -1 OBSOLETE_local: false peers { permanent_uuid: "211360b14e0e46828d7722dae81e6dd6" member_type: VOTER last_known_addr { host: "127.0.107.193" port: 46279 } } peers { permanent_uuid: "04bb8587553f430786405079456d0a73" member_type: VOTER last_known_addr { host: "127.0.107.194" port: 43371 } } peers { permanent_uuid: "81cf0b52601f4edb9b9387d7f24b9194" member_type: VOTER last_known_addr { host: "127.0.107.195" port: 42699 } }
I20260713 09:00:18.411387   566 raft_consensus.cc:3060] T f13455034c8c4f71ace843c838f0ac13 P 211360b14e0e46828d7722dae81e6dd6 [term 0 FOLLOWER]: Advancing to term 1
I20260713 09:00:18.411957   764 leader_election.cc:290] T c12325f183e64e38a861c87bb1c02aa5 P 81cf0b52601f4edb9b9387d7f24b9194 [CANDIDATE]: Term 1 pre-election: Requested pre-vote from peers 211360b14e0e46828d7722dae81e6dd6 (127.0.107.193:46279), 04bb8587553f430786405079456d0a73 (127.0.107.194:43371)
I20260713 09:00:18.412221   565 tablet_service.cc:1917] Received RequestConsensusVote() RPC: tablet_id: "c12325f183e64e38a861c87bb1c02aa5" candidate_uuid: "81cf0b52601f4edb9b9387d7f24b9194" candidate_term: 1 candidate_status { last_received { term: 0 index: 0 } } ignore_live_leader: false dest_uuid: "211360b14e0e46828d7722dae81e6dd6" is_pre_election: true
I20260713 09:00:18.412788   565 raft_consensus.cc:2468] T c12325f183e64e38a861c87bb1c02aa5 P 211360b14e0e46828d7722dae81e6dd6 [term 0 FOLLOWER]: Leader pre-election vote request: Granting yes vote for candidate 81cf0b52601f4edb9b9387d7f24b9194 in term 0.
I20260713 09:00:18.413106   640 tablet_service.cc:1917] Received RequestConsensusVote() RPC: tablet_id: "c12325f183e64e38a861c87bb1c02aa5" candidate_uuid: "81cf0b52601f4edb9b9387d7f24b9194" candidate_term: 1 candidate_status { last_received { term: 0 index: 0 } } ignore_live_leader: false dest_uuid: "04bb8587553f430786405079456d0a73" is_pre_election: true
I20260713 09:00:18.413735   640 raft_consensus.cc:2468] T c12325f183e64e38a861c87bb1c02aa5 P 04bb8587553f430786405079456d0a73 [term 0 FOLLOWER]: Leader pre-election vote request: Granting yes vote for candidate 81cf0b52601f4edb9b9387d7f24b9194 in term 0.
I20260713 09:00:18.413996   680 leader_election.cc:304] T c12325f183e64e38a861c87bb1c02aa5 P 81cf0b52601f4edb9b9387d7f24b9194 [CANDIDATE]: Term 1 pre-election: Election decided. Result: candidate won. Election summary: received 2 responses out of 3 voters: 2 yes votes; 0 no votes. yes voters: 211360b14e0e46828d7722dae81e6dd6, 81cf0b52601f4edb9b9387d7f24b9194; no voters: 
I20260713 09:00:18.414825   764 raft_consensus.cc:2804] T c12325f183e64e38a861c87bb1c02aa5 P 81cf0b52601f4edb9b9387d7f24b9194 [term 0 FOLLOWER]: Leader pre-election won for term 1
I20260713 09:00:18.415201   764 raft_consensus.cc:493] T c12325f183e64e38a861c87bb1c02aa5 P 81cf0b52601f4edb9b9387d7f24b9194 [term 0 FOLLOWER]: Starting leader election (no leader contacted us within the election timeout)
I20260713 09:00:18.415596   764 raft_consensus.cc:3060] T c12325f183e64e38a861c87bb1c02aa5 P 81cf0b52601f4edb9b9387d7f24b9194 [term 0 FOLLOWER]: Advancing to term 1
I20260713 09:00:18.418215   765 consensus_queue.cc:1048] T f13455034c8c4f71ace843c838f0ac13 P 04bb8587553f430786405079456d0a73 [LEADER]: Connected to new peer: Peer: permanent_uuid: "211360b14e0e46828d7722dae81e6dd6" member_type: VOTER last_known_addr { host: "127.0.107.193" port: 46279 }, Status: LMP_MISMATCH, Last received: 0.0, Next index: 1, Last known committed idx: 0, Time since last communication: 0.001s
I20260713 09:00:18.421958   764 raft_consensus.cc:515] T c12325f183e64e38a861c87bb1c02aa5 P 81cf0b52601f4edb9b9387d7f24b9194 [term 1 FOLLOWER]: Starting leader election with config: opid_index: -1 OBSOLETE_local: false peers { permanent_uuid: "211360b14e0e46828d7722dae81e6dd6" member_type: VOTER last_known_addr { host: "127.0.107.193" port: 46279 } } peers { permanent_uuid: "04bb8587553f430786405079456d0a73" member_type: VOTER last_known_addr { host: "127.0.107.194" port: 43371 } } peers { permanent_uuid: "81cf0b52601f4edb9b9387d7f24b9194" member_type: VOTER last_known_addr { host: "127.0.107.195" port: 42699 } }
I20260713 09:00:18.424549   565 tablet_service.cc:1917] Received RequestConsensusVote() RPC: tablet_id: "c12325f183e64e38a861c87bb1c02aa5" candidate_uuid: "81cf0b52601f4edb9b9387d7f24b9194" candidate_term: 1 candidate_status { last_received { term: 0 index: 0 } } ignore_live_leader: false dest_uuid: "211360b14e0e46828d7722dae81e6dd6"
I20260713 09:00:18.425062   565 raft_consensus.cc:3060] T c12325f183e64e38a861c87bb1c02aa5 P 211360b14e0e46828d7722dae81e6dd6 [term 0 FOLLOWER]: Advancing to term 1
I20260713 09:00:18.426159   764 leader_election.cc:290] T c12325f183e64e38a861c87bb1c02aa5 P 81cf0b52601f4edb9b9387d7f24b9194 [CANDIDATE]: Term 1 election: Requested vote from peers 211360b14e0e46828d7722dae81e6dd6 (127.0.107.193:46279), 04bb8587553f430786405079456d0a73 (127.0.107.194:43371)
I20260713 09:00:18.428790   640 tablet_service.cc:1917] Received RequestConsensusVote() RPC: tablet_id: "c12325f183e64e38a861c87bb1c02aa5" candidate_uuid: "81cf0b52601f4edb9b9387d7f24b9194" candidate_term: 1 candidate_status { last_received { term: 0 index: 0 } } ignore_live_leader: false dest_uuid: "04bb8587553f430786405079456d0a73"
I20260713 09:00:18.429332   640 raft_consensus.cc:3060] T c12325f183e64e38a861c87bb1c02aa5 P 04bb8587553f430786405079456d0a73 [term 0 FOLLOWER]: Advancing to term 1
I20260713 09:00:18.433795   565 raft_consensus.cc:2468] T c12325f183e64e38a861c87bb1c02aa5 P 211360b14e0e46828d7722dae81e6dd6 [term 1 FOLLOWER]: Leader election vote request: Granting yes vote for candidate 81cf0b52601f4edb9b9387d7f24b9194 in term 1.
I20260713 09:00:18.433635   765 consensus_queue.cc:1048] T f13455034c8c4f71ace843c838f0ac13 P 04bb8587553f430786405079456d0a73 [LEADER]: Connected to new peer: Peer: permanent_uuid: "81cf0b52601f4edb9b9387d7f24b9194" member_type: VOTER last_known_addr { host: "127.0.107.195" port: 42699 }, Status: LMP_MISMATCH, Last received: 0.0, Next index: 1, Last known committed idx: 0, Time since last communication: 0.000s
I20260713 09:00:18.434572   640 raft_consensus.cc:2468] T c12325f183e64e38a861c87bb1c02aa5 P 04bb8587553f430786405079456d0a73 [term 1 FOLLOWER]: Leader election vote request: Granting yes vote for candidate 81cf0b52601f4edb9b9387d7f24b9194 in term 1.
I20260713 09:00:18.434903   680 leader_election.cc:304] T c12325f183e64e38a861c87bb1c02aa5 P 81cf0b52601f4edb9b9387d7f24b9194 [CANDIDATE]: Term 1 election: Election decided. Result: candidate won. Election summary: received 2 responses out of 3 voters: 2 yes votes; 0 no votes. yes voters: 211360b14e0e46828d7722dae81e6dd6, 81cf0b52601f4edb9b9387d7f24b9194; no voters: 
I20260713 09:00:18.438475   785 raft_consensus.cc:2804] T c12325f183e64e38a861c87bb1c02aa5 P 81cf0b52601f4edb9b9387d7f24b9194 [term 1 FOLLOWER]: Leader election won for term 1
I20260713 09:00:18.467108   785 raft_consensus.cc:697] T c12325f183e64e38a861c87bb1c02aa5 P 81cf0b52601f4edb9b9387d7f24b9194 [term 1 LEADER]: Becoming Leader. State: Replica: 81cf0b52601f4edb9b9387d7f24b9194, State: Running, Role: LEADER
