I20260713 09:11:05.641014 27544 raft_consensus.cc:740] T cba3fd32201048c085de5ef491133c3c P 7a7a060c6368424db8c68812704af11e [term 0 FOLLOWER]: Becoming Follower/Learner. State: Replica: 7a7a060c6368424db8c68812704af11e, State: Initialized, Role: FOLLOWER
I20260713 09:11:05.641892 27542 tablet_bootstrap.cc:654] T 48f344089ffa42b986fdabe0a9ac601f P 41fb8a3dda914770b8eedae8e0baf421: Neither blocks nor log segments found. Creating new log.
I20260713 09:11:05.641844 27375 heartbeater.cc:499] Master 127.26.147.254:38009 was elected leader, sending a full tablet report...
I20260713 09:11:05.641773 27544 consensus_queue.cc:260] T cba3fd32201048c085de5ef491133c3c P 7a7a060c6368424db8c68812704af11e [NON_LEADER]: Queue going to NON_LEADER mode. State: All replicated index: 0, Majority replicated index: 0, Committed index: 0, Last appended: 0.0, Last appended by leader: 0, Current term: 0, Majority size: -1, State: 0, Mode: NON_LEADER, active raft config: opid_index: -1 OBSOLETE_local: false peers { permanent_uuid: "f4e44047517a44dcb873babe5bcfd3d0" member_type: VOTER last_known_addr { host: "127.26.147.193" port: 33467 } } peers { permanent_uuid: "7a7a060c6368424db8c68812704af11e" member_type: VOTER last_known_addr { host: "127.26.147.194" port: 35835 } } peers { permanent_uuid: "41fb8a3dda914770b8eedae8e0baf421" member_type: VOTER last_known_addr { host: "127.26.147.195" port: 43383 } }
I20260713 09:11:05.645191 27545 ts_tablet_manager.cc:1434] T 48f344089ffa42b986fdabe0a9ac601f P f4e44047517a44dcb873babe5bcfd3d0: Time spent starting tablet: real 0.020s	user 0.009s	sys 0.000s
I20260713 09:11:05.646149 27545 tablet_bootstrap.cc:492] T beaa637bc8bb43f0b198a6cd0a349781 P f4e44047517a44dcb873babe5bcfd3d0: Bootstrap starting.
W20260713 09:11:05.650383 27376 tablet.cc:2406] T 48f344089ffa42b986fdabe0a9ac601f P f4e44047517a44dcb873babe5bcfd3d0: Can't schedule compaction. Clean time has not been advanced past its initial value.
I20260713 09:11:05.652871 27545 tablet_bootstrap.cc:654] T beaa637bc8bb43f0b198a6cd0a349781 P f4e44047517a44dcb873babe5bcfd3d0: Neither blocks nor log segments found. Creating new log.
I20260713 09:11:05.657954 27450 heartbeater.cc:499] Master 127.26.147.254:38009 was elected leader, sending a full tablet report...
I20260713 09:11:05.658968 27544 ts_tablet_manager.cc:1434] T cba3fd32201048c085de5ef491133c3c P 7a7a060c6368424db8c68812704af11e: Time spent starting tablet: real 0.022s	user 0.003s	sys 0.004s
I20260713 09:11:05.659965 27544 tablet_bootstrap.cc:492] T 48f344089ffa42b986fdabe0a9ac601f P 7a7a060c6368424db8c68812704af11e: Bootstrap starting.
I20260713 09:11:05.668329 27542 tablet_bootstrap.cc:492] T 48f344089ffa42b986fdabe0a9ac601f P 41fb8a3dda914770b8eedae8e0baf421: No bootstrap required, opened a new log
I20260713 09:11:05.668852 27542 ts_tablet_manager.cc:1403] T 48f344089ffa42b986fdabe0a9ac601f P 41fb8a3dda914770b8eedae8e0baf421: Time spent bootstrapping tablet: real 0.042s	user 0.007s	sys 0.019s
I20260713 09:11:05.671705 27542 raft_consensus.cc:359] T 48f344089ffa42b986fdabe0a9ac601f P 41fb8a3dda914770b8eedae8e0baf421 [term 0 FOLLOWER]: Replica starting. Triggering 0 pending ops. Active config: opid_index: -1 OBSOLETE_local: false peers { permanent_uuid: "41fb8a3dda914770b8eedae8e0baf421" member_type: VOTER last_known_addr { host: "127.26.147.195" port: 43383 } } peers { permanent_uuid: "f4e44047517a44dcb873babe5bcfd3d0" member_type: VOTER last_known_addr { host: "127.26.147.193" port: 33467 } } peers { permanent_uuid: "7a7a060c6368424db8c68812704af11e" member_type: VOTER last_known_addr { host: "127.26.147.194" port: 35835 } }
I20260713 09:11:05.672421 27542 raft_consensus.cc:385] T 48f344089ffa42b986fdabe0a9ac601f P 41fb8a3dda914770b8eedae8e0baf421 [term 0 FOLLOWER]: Consensus starting up: Expiring failure detector timer to make a prompt election more likely
I20260713 09:11:05.672710 27542 raft_consensus.cc:740] T 48f344089ffa42b986fdabe0a9ac601f P 41fb8a3dda914770b8eedae8e0baf421 [term 0 FOLLOWER]: Becoming Follower/Learner. State: Replica: 41fb8a3dda914770b8eedae8e0baf421, State: Initialized, Role: FOLLOWER
I20260713 09:11:05.675995 27545 tablet_bootstrap.cc:492] T beaa637bc8bb43f0b198a6cd0a349781 P f4e44047517a44dcb873babe5bcfd3d0: No bootstrap required, opened a new log
I20260713 09:11:05.676456 27545 ts_tablet_manager.cc:1403] T beaa637bc8bb43f0b198a6cd0a349781 P f4e44047517a44dcb873babe5bcfd3d0: Time spent bootstrapping tablet: real 0.031s	user 0.010s	sys 0.000s
I20260713 09:11:05.679234 27545 raft_consensus.cc:359] T beaa637bc8bb43f0b198a6cd0a349781 P f4e44047517a44dcb873babe5bcfd3d0 [term 0 FOLLOWER]: Replica starting. Triggering 0 pending ops. Active config: opid_index: -1 OBSOLETE_local: false peers { permanent_uuid: "f4e44047517a44dcb873babe5bcfd3d0" member_type: VOTER last_known_addr { host: "127.26.147.193" port: 33467 } } peers { permanent_uuid: "7a7a060c6368424db8c68812704af11e" member_type: VOTER last_known_addr { host: "127.26.147.194" port: 35835 } } peers { permanent_uuid: "41fb8a3dda914770b8eedae8e0baf421" member_type: VOTER last_known_addr { host: "127.26.147.195" port: 43383 } }
I20260713 09:11:05.679914 27545 raft_consensus.cc:385] T beaa637bc8bb43f0b198a6cd0a349781 P f4e44047517a44dcb873babe5bcfd3d0 [term 0 FOLLOWER]: Consensus starting up: Expiring failure detector timer to make a prompt election more likely
I20260713 09:11:05.680212 27545 raft_consensus.cc:740] T beaa637bc8bb43f0b198a6cd0a349781 P f4e44047517a44dcb873babe5bcfd3d0 [term 0 FOLLOWER]: Becoming Follower/Learner. State: Replica: f4e44047517a44dcb873babe5bcfd3d0, State: Initialized, Role: FOLLOWER
I20260713 09:11:05.673434 27542 consensus_queue.cc:260] T 48f344089ffa42b986fdabe0a9ac601f P 41fb8a3dda914770b8eedae8e0baf421 [NON_LEADER]: Queue going to NON_LEADER mode. State: All replicated index: 0, Majority replicated index: 0, Committed index: 0, Last appended: 0.0, Last appended by leader: 0, Current term: 0, Majority size: -1, State: 0, Mode: NON_LEADER, active raft config: opid_index: -1 OBSOLETE_local: false peers { permanent_uuid: "41fb8a3dda914770b8eedae8e0baf421" member_type: VOTER last_known_addr { host: "127.26.147.195" port: 43383 } } peers { permanent_uuid: "f4e44047517a44dcb873babe5bcfd3d0" member_type: VOTER last_known_addr { host: "127.26.147.193" port: 33467 } } peers { permanent_uuid: "7a7a060c6368424db8c68812704af11e" member_type: VOTER last_known_addr { host: "127.26.147.194" port: 35835 } }
I20260713 09:11:05.683442 27544 tablet_bootstrap.cc:654] T 48f344089ffa42b986fdabe0a9ac601f P 7a7a060c6368424db8c68812704af11e: Neither blocks nor log segments found. Creating new log.
I20260713 09:11:05.683552 27542 ts_tablet_manager.cc:1434] T 48f344089ffa42b986fdabe0a9ac601f P 41fb8a3dda914770b8eedae8e0baf421: Time spent starting tablet: real 0.014s	user 0.007s	sys 0.000s
I20260713 09:11:05.685056 27542 tablet_bootstrap.cc:492] T 01fe3b1aeb80438c88a2d0bcf6e16226 P 41fb8a3dda914770b8eedae8e0baf421: Bootstrap starting.
I20260713 09:11:05.691306 27542 tablet_bootstrap.cc:654] T 01fe3b1aeb80438c88a2d0bcf6e16226 P 41fb8a3dda914770b8eedae8e0baf421: Neither blocks nor log segments found. Creating new log.
I20260713 09:11:05.680851 27545 consensus_queue.cc:260] T beaa637bc8bb43f0b198a6cd0a349781 P f4e44047517a44dcb873babe5bcfd3d0 [NON_LEADER]: Queue going to NON_LEADER mode. State: All replicated index: 0, Majority replicated index: 0, Committed index: 0, Last appended: 0.0, Last appended by leader: 0, Current term: 0, Majority size: -1, State: 0, Mode: NON_LEADER, active raft config: opid_index: -1 OBSOLETE_local: false peers { permanent_uuid: "f4e44047517a44dcb873babe5bcfd3d0" member_type: VOTER last_known_addr { host: "127.26.147.193" port: 33467 } } peers { permanent_uuid: "7a7a060c6368424db8c68812704af11e" member_type: VOTER last_known_addr { host: "127.26.147.194" port: 35835 } } peers { permanent_uuid: "41fb8a3dda914770b8eedae8e0baf421" member_type: VOTER last_known_addr { host: "127.26.147.195" port: 43383 } }
I20260713 09:11:05.695055 27545 ts_tablet_manager.cc:1434] T beaa637bc8bb43f0b198a6cd0a349781 P f4e44047517a44dcb873babe5bcfd3d0: Time spent starting tablet: real 0.018s	user 0.007s	sys 0.000s
I20260713 09:11:05.695973 27545 tablet_bootstrap.cc:492] T c8143611ecb24c77a0771078144333e0 P f4e44047517a44dcb873babe5bcfd3d0: Bootstrap starting.
I20260713 09:11:05.696095 27544 tablet_bootstrap.cc:492] T 48f344089ffa42b986fdabe0a9ac601f P 7a7a060c6368424db8c68812704af11e: No bootstrap required, opened a new log
I20260713 09:11:05.696740 27544 ts_tablet_manager.cc:1403] T 48f344089ffa42b986fdabe0a9ac601f P 7a7a060c6368424db8c68812704af11e: Time spent bootstrapping tablet: real 0.037s	user 0.018s	sys 0.000s
I20260713 09:11:05.698179 27546 raft_consensus.cc:493] T 48f344089ffa42b986fdabe0a9ac601f P 41fb8a3dda914770b8eedae8e0baf421 [term 0 FOLLOWER]: Starting pre-election (no leader contacted us within the election timeout)
I20260713 09:11:05.698765 27546 raft_consensus.cc:515] T 48f344089ffa42b986fdabe0a9ac601f P 41fb8a3dda914770b8eedae8e0baf421 [term 0 FOLLOWER]: Starting pre-election with config: opid_index: -1 OBSOLETE_local: false peers { permanent_uuid: "41fb8a3dda914770b8eedae8e0baf421" member_type: VOTER last_known_addr { host: "127.26.147.195" port: 43383 } } peers { permanent_uuid: "f4e44047517a44dcb873babe5bcfd3d0" member_type: VOTER last_known_addr { host: "127.26.147.193" port: 33467 } } peers { permanent_uuid: "7a7a060c6368424db8c68812704af11e" member_type: VOTER last_known_addr { host: "127.26.147.194" port: 35835 } }
I20260713 09:11:05.700182 27544 raft_consensus.cc:359] T 48f344089ffa42b986fdabe0a9ac601f P 7a7a060c6368424db8c68812704af11e [term 0 FOLLOWER]: Replica starting. Triggering 0 pending ops. Active config: opid_index: -1 OBSOLETE_local: false peers { permanent_uuid: "41fb8a3dda914770b8eedae8e0baf421" member_type: VOTER last_known_addr { host: "127.26.147.195" port: 43383 } } peers { permanent_uuid: "f4e44047517a44dcb873babe5bcfd3d0" member_type: VOTER last_known_addr { host: "127.26.147.193" port: 33467 } } peers { permanent_uuid: "7a7a060c6368424db8c68812704af11e" member_type: VOTER last_known_addr { host: "127.26.147.194" port: 35835 } }
I20260713 09:11:05.700927 27544 raft_consensus.cc:385] T 48f344089ffa42b986fdabe0a9ac601f P 7a7a060c6368424db8c68812704af11e [term 0 FOLLOWER]: Consensus starting up: Expiring failure detector timer to make a prompt election more likely
I20260713 09:11:05.701911 27546 leader_election.cc:290] T 48f344089ffa42b986fdabe0a9ac601f P 41fb8a3dda914770b8eedae8e0baf421 [CANDIDATE]: Term 1 pre-election: Requested pre-vote from peers f4e44047517a44dcb873babe5bcfd3d0 (127.26.147.193:33467), 7a7a060c6368424db8c68812704af11e (127.26.147.194:35835)
I20260713 09:11:05.703361 27545 tablet_bootstrap.cc:654] T c8143611ecb24c77a0771078144333e0 P f4e44047517a44dcb873babe5bcfd3d0: Neither blocks nor log segments found. Creating new log.
I20260713 09:11:05.701280 27544 raft_consensus.cc:740] T 48f344089ffa42b986fdabe0a9ac601f P 7a7a060c6368424db8c68812704af11e [term 0 FOLLOWER]: Becoming Follower/Learner. State: Replica: 7a7a060c6368424db8c68812704af11e, State: Initialized, Role: FOLLOWER
I20260713 09:11:05.712410 27544 consensus_queue.cc:260] T 48f344089ffa42b986fdabe0a9ac601f P 7a7a060c6368424db8c68812704af11e [NON_LEADER]: Queue going to NON_LEADER mode. State: All replicated index: 0, Majority replicated index: 0, Committed index: 0, Last appended: 0.0, Last appended by leader: 0, Current term: 0, Majority size: -1, State: 0, Mode: NON_LEADER, active raft config: opid_index: -1 OBSOLETE_local: false peers { permanent_uuid: "41fb8a3dda914770b8eedae8e0baf421" member_type: VOTER last_known_addr { host: "127.26.147.195" port: 43383 } } peers { permanent_uuid: "f4e44047517a44dcb873babe5bcfd3d0" member_type: VOTER last_known_addr { host: "127.26.147.193" port: 33467 } } peers { permanent_uuid: "7a7a060c6368424db8c68812704af11e" member_type: VOTER last_known_addr { host: "127.26.147.194" port: 35835 } }
I20260713 09:11:05.716001 27544 ts_tablet_manager.cc:1434] T 48f344089ffa42b986fdabe0a9ac601f P 7a7a060c6368424db8c68812704af11e: Time spent starting tablet: real 0.019s	user 0.002s	sys 0.005s
I20260713 09:11:05.717375 27550 raft_consensus.cc:493] T cba3fd32201048c085de5ef491133c3c P 7a7a060c6368424db8c68812704af11e [term 0 FOLLOWER]: Starting pre-election (no leader contacted us within the election timeout)
I20260713 09:11:05.719251 27550 raft_consensus.cc:515] T cba3fd32201048c085de5ef491133c3c P 7a7a060c6368424db8c68812704af11e [term 0 FOLLOWER]: Starting pre-election with config: opid_index: -1 OBSOLETE_local: false peers { permanent_uuid: "f4e44047517a44dcb873babe5bcfd3d0" member_type: VOTER last_known_addr { host: "127.26.147.193" port: 33467 } } peers { permanent_uuid: "7a7a060c6368424db8c68812704af11e" member_type: VOTER last_known_addr { host: "127.26.147.194" port: 35835 } } peers { permanent_uuid: "41fb8a3dda914770b8eedae8e0baf421" member_type: VOTER last_known_addr { host: "127.26.147.195" port: 43383 } }
I20260713 09:11:05.723600 27550 leader_election.cc:290] T cba3fd32201048c085de5ef491133c3c P 7a7a060c6368424db8c68812704af11e [CANDIDATE]: Term 1 pre-election: Requested pre-vote from peers f4e44047517a44dcb873babe5bcfd3d0 (127.26.147.193:33467), 41fb8a3dda914770b8eedae8e0baf421 (127.26.147.195:43383)
I20260713 09:11:05.731307 27545 tablet_bootstrap.cc:492] T c8143611ecb24c77a0771078144333e0 P f4e44047517a44dcb873babe5bcfd3d0: No bootstrap required, opened a new log
I20260713 09:11:05.731993 27545 ts_tablet_manager.cc:1403] T c8143611ecb24c77a0771078144333e0 P f4e44047517a44dcb873babe5bcfd3d0: Time spent bootstrapping tablet: real 0.036s	user 0.011s	sys 0.003s
I20260713 09:11:05.716863 27544 tablet_bootstrap.cc:492] T 3b387a4d84dc4c269de067e236b2bcac P 7a7a060c6368424db8c68812704af11e: Bootstrap starting.
I20260713 09:11:05.736160 27545 raft_consensus.cc:359] T c8143611ecb24c77a0771078144333e0 P f4e44047517a44dcb873babe5bcfd3d0 [term 0 FOLLOWER]: Replica starting. Triggering 0 pending ops. Active config: opid_index: -1 OBSOLETE_local: false peers { permanent_uuid: "f4e44047517a44dcb873babe5bcfd3d0" member_type: VOTER last_known_addr { host: "127.26.147.193" port: 33467 } } peers { permanent_uuid: "7a7a060c6368424db8c68812704af11e" member_type: VOTER last_known_addr { host: "127.26.147.194" port: 35835 } } peers { permanent_uuid: "41fb8a3dda914770b8eedae8e0baf421" member_type: VOTER last_known_addr { host: "127.26.147.195" port: 43383 } }
I20260713 09:11:05.736937 27545 raft_consensus.cc:385] T c8143611ecb24c77a0771078144333e0 P f4e44047517a44dcb873babe5bcfd3d0 [term 0 FOLLOWER]: Consensus starting up: Expiring failure detector timer to make a prompt election more likely
I20260713 09:11:05.737278 27545 raft_consensus.cc:740] T c8143611ecb24c77a0771078144333e0 P f4e44047517a44dcb873babe5bcfd3d0 [term 0 FOLLOWER]: Becoming Follower/Learner. State: Replica: f4e44047517a44dcb873babe5bcfd3d0, State: Initialized, Role: FOLLOWER
I20260713 09:11:05.738190 27545 consensus_queue.cc:260] T c8143611ecb24c77a0771078144333e0 P f4e44047517a44dcb873babe5bcfd3d0 [NON_LEADER]: Queue going to NON_LEADER mode. State: All replicated index: 0, Majority replicated index: 0, Committed index: 0, Last appended: 0.0, Last appended by leader: 0, Current term: 0, Majority size: -1, State: 0, Mode: NON_LEADER, active raft config: opid_index: -1 OBSOLETE_local: false peers { permanent_uuid: "f4e44047517a44dcb873babe5bcfd3d0" member_type: VOTER last_known_addr { host: "127.26.147.193" port: 33467 } } peers { permanent_uuid: "7a7a060c6368424db8c68812704af11e" member_type: VOTER last_known_addr { host: "127.26.147.194" port: 35835 } } peers { permanent_uuid: "41fb8a3dda914770b8eedae8e0baf421" member_type: VOTER last_known_addr { host: "127.26.147.195" port: 43383 } }
I20260713 09:11:05.748157 27545 ts_tablet_manager.cc:1434] T c8143611ecb24c77a0771078144333e0 P f4e44047517a44dcb873babe5bcfd3d0: Time spent starting tablet: real 0.016s	user 0.006s	sys 0.000s
I20260713 09:11:05.757136 27545 tablet_bootstrap.cc:492] T 7cb4009e11104867af85bafca62fbaff P f4e44047517a44dcb873babe5bcfd3d0: Bootstrap starting.
I20260713 09:11:05.764825 27545 tablet_bootstrap.cc:654] T 7cb4009e11104867af85bafca62fbaff P f4e44047517a44dcb873babe5bcfd3d0: Neither blocks nor log segments found. Creating new log.
I20260713 09:11:05.800103 27499 tablet_service.cc:1917] Received RequestConsensusVote() RPC: tablet_id: "cba3fd32201048c085de5ef491133c3c" candidate_uuid: "7a7a060c6368424db8c68812704af11e" candidate_term: 1 candidate_status { last_received { term: 0 index: 0 } } ignore_live_leader: false dest_uuid: "41fb8a3dda914770b8eedae8e0baf421" is_pre_election: true
I20260713 09:11:05.800576 27545 tablet_bootstrap.cc:492] T 7cb4009e11104867af85bafca62fbaff P f4e44047517a44dcb873babe5bcfd3d0: No bootstrap required, opened a new log
I20260713 09:11:05.801179 27350 tablet_service.cc:1917] Received RequestConsensusVote() RPC: tablet_id: "48f344089ffa42b986fdabe0a9ac601f" candidate_uuid: "41fb8a3dda914770b8eedae8e0baf421" candidate_term: 1 candidate_status { last_received { term: 0 index: 0 } } ignore_live_leader: false dest_uuid: "f4e44047517a44dcb873babe5bcfd3d0" is_pre_election: true
I20260713 09:11:05.801502 27545 ts_tablet_manager.cc:1403] T 7cb4009e11104867af85bafca62fbaff P f4e44047517a44dcb873babe5bcfd3d0: Time spent bootstrapping tablet: real 0.045s	user 0.006s	sys 0.015s
I20260713 09:11:05.802157 27350 raft_consensus.cc:2468] T 48f344089ffa42b986fdabe0a9ac601f P f4e44047517a44dcb873babe5bcfd3d0 [term 0 FOLLOWER]: Leader pre-election vote request: Granting yes vote for candidate 41fb8a3dda914770b8eedae8e0baf421 in term 0.
W20260713 09:11:05.804410 27391 leader_election.cc:343] T cba3fd32201048c085de5ef491133c3c P 7a7a060c6368424db8c68812704af11e [CANDIDATE]: Term 1 pre-election: Tablet error from VoteRequest() call to peer 41fb8a3dda914770b8eedae8e0baf421 (127.26.147.195:43383): Illegal state: must be running to vote when last-logged opid is not known
I20260713 09:11:05.804898 27465 leader_election.cc:304] T 48f344089ffa42b986fdabe0a9ac601f P 41fb8a3dda914770b8eedae8e0baf421 [CANDIDATE]: Term 1 pre-election: Election decided. Result: candidate won. Election summary: received 2 responses out of 3 voters: 2 yes votes; 0 no votes. yes voters: 41fb8a3dda914770b8eedae8e0baf421, f4e44047517a44dcb873babe5bcfd3d0; no voters: 
I20260713 09:11:05.811154 27350 tablet_service.cc:1917] Received RequestConsensusVote() RPC: tablet_id: "cba3fd32201048c085de5ef491133c3c" candidate_uuid: "7a7a060c6368424db8c68812704af11e" candidate_term: 1 candidate_status { last_received { term: 0 index: 0 } } ignore_live_leader: false dest_uuid: "f4e44047517a44dcb873babe5bcfd3d0" is_pre_election: true
W20260713 09:11:05.813220 27391 leader_election.cc:343] T cba3fd32201048c085de5ef491133c3c P 7a7a060c6368424db8c68812704af11e [CANDIDATE]: Term 1 pre-election: Tablet error from VoteRequest() call to peer f4e44047517a44dcb873babe5bcfd3d0 (127.26.147.193:33467): Illegal state: must be running to vote when last-logged opid is not known
I20260713 09:11:05.812956 27545 raft_consensus.cc:359] T 7cb4009e11104867af85bafca62fbaff P f4e44047517a44dcb873babe5bcfd3d0 [term 0 FOLLOWER]: Replica starting. Triggering 0 pending ops. Active config: opid_index: -1 OBSOLETE_local: false peers { permanent_uuid: "f4e44047517a44dcb873babe5bcfd3d0" member_type: VOTER last_known_addr { host: "127.26.147.193" port: 33467 } } peers { permanent_uuid: "7a7a060c6368424db8c68812704af11e" member_type: VOTER last_known_addr { host: "127.26.147.194" port: 35835 } } peers { permanent_uuid: "41fb8a3dda914770b8eedae8e0baf421" member_type: VOTER last_known_addr { host: "127.26.147.195" port: 43383 } }
I20260713 09:11:05.813786 27545 raft_consensus.cc:385] T 7cb4009e11104867af85bafca62fbaff P f4e44047517a44dcb873babe5bcfd3d0 [term 0 FOLLOWER]: Consensus starting up: Expiring failure detector timer to make a prompt election more likely
I20260713 09:11:05.814272 27545 raft_consensus.cc:740] T 7cb4009e11104867af85bafca62fbaff P f4e44047517a44dcb873babe5bcfd3d0 [term 0 FOLLOWER]: Becoming Follower/Learner. State: Replica: f4e44047517a44dcb873babe5bcfd3d0, State: Initialized, Role: FOLLOWER
I20260713 09:11:05.815093 27545 consensus_queue.cc:260] T 7cb4009e11104867af85bafca62fbaff P f4e44047517a44dcb873babe5bcfd3d0 [NON_LEADER]: Queue going to NON_LEADER mode. State: All replicated index: 0, Majority replicated index: 0, Committed index: 0, Last appended: 0.0, Last appended by leader: 0, Current term: 0, Majority size: -1, State: 0, Mode: NON_LEADER, active raft config: opid_index: -1 OBSOLETE_local: false peers { permanent_uuid: "f4e44047517a44dcb873babe5bcfd3d0" member_type: VOTER last_known_addr { host: "127.26.147.193" port: 33467 } } peers { permanent_uuid: "7a7a060c6368424db8c68812704af11e" member_type: VOTER last_known_addr { host: "127.26.147.194" port: 35835 } } peers { permanent_uuid: "41fb8a3dda914770b8eedae8e0baf421" member_type: VOTER last_known_addr { host: "127.26.147.195" port: 43383 } }
I20260713 09:11:05.819936 27542 tablet_bootstrap.cc:492] T 01fe3b1aeb80438c88a2d0bcf6e16226 P 41fb8a3dda914770b8eedae8e0baf421: No bootstrap required, opened a new log
I20260713 09:11:05.822479 27542 ts_tablet_manager.cc:1403] T 01fe3b1aeb80438c88a2d0bcf6e16226 P 41fb8a3dda914770b8eedae8e0baf421: Time spent bootstrapping tablet: real 0.138s	user 0.028s	sys 0.068s
I20260713 09:11:05.822523 27544 tablet_bootstrap.cc:654] T 3b387a4d84dc4c269de067e236b2bcac P 7a7a060c6368424db8c68812704af11e: Neither blocks nor log segments found. Creating new log.
I20260713 09:11:05.824783 27546 raft_consensus.cc:2804] T 48f344089ffa42b986fdabe0a9ac601f P 41fb8a3dda914770b8eedae8e0baf421 [term 0 FOLLOWER]: Leader pre-election won for term 1
I20260713 09:11:05.813750 27391 leader_election.cc:304] T cba3fd32201048c085de5ef491133c3c P 7a7a060c6368424db8c68812704af11e [CANDIDATE]: Term 1 pre-election: Election decided. Result: candidate lost. Election summary: received 3 responses out of 3 voters: 1 yes votes; 2 no votes. yes voters: 7a7a060c6368424db8c68812704af11e; no voters: 41fb8a3dda914770b8eedae8e0baf421, f4e44047517a44dcb873babe5bcfd3d0
I20260713 09:11:05.825171 27546 raft_consensus.cc:493] T 48f344089ffa42b986fdabe0a9ac601f P 41fb8a3dda914770b8eedae8e0baf421 [term 0 FOLLOWER]: Starting leader election (no leader contacted us within the election timeout)
I20260713 09:11:05.825608 27546 raft_consensus.cc:3060] T 48f344089ffa42b986fdabe0a9ac601f P 41fb8a3dda914770b8eedae8e0baf421 [term 0 FOLLOWER]: Advancing to term 1
I20260713 09:11:05.820499 27545 ts_tablet_manager.cc:1434] T 7cb4009e11104867af85bafca62fbaff P f4e44047517a44dcb873babe5bcfd3d0: Time spent starting tablet: real 0.018s	user 0.004s	sys 0.004s
I20260713 09:11:05.827040 27545 tablet_bootstrap.cc:492] T 9c9821fcf38c49bdbf6c82839df8c462 P f4e44047517a44dcb873babe5bcfd3d0: Bootstrap starting.
I20260713 09:11:05.826818 27425 tablet_service.cc:1917] Received RequestConsensusVote() RPC: tablet_id: "48f344089ffa42b986fdabe0a9ac601f" candidate_uuid: "41fb8a3dda914770b8eedae8e0baf421" candidate_term: 1 candidate_status { last_received { term: 0 index: 0 } } ignore_live_leader: false dest_uuid: "7a7a060c6368424db8c68812704af11e" is_pre_election: true
I20260713 09:11:05.830034 27425 raft_consensus.cc:2468] T 48f344089ffa42b986fdabe0a9ac601f P 7a7a060c6368424db8c68812704af11e [term 0 FOLLOWER]: Leader pre-election vote request: Granting yes vote for candidate 41fb8a3dda914770b8eedae8e0baf421 in term 0.
I20260713 09:11:05.832509 27546 raft_consensus.cc:515] T 48f344089ffa42b986fdabe0a9ac601f P 41fb8a3dda914770b8eedae8e0baf421 [term 1 FOLLOWER]: Starting leader election with config: opid_index: -1 OBSOLETE_local: false peers { permanent_uuid: "41fb8a3dda914770b8eedae8e0baf421" member_type: VOTER last_known_addr { host: "127.26.147.195" port: 43383 } } peers { permanent_uuid: "f4e44047517a44dcb873babe5bcfd3d0" member_type: VOTER last_known_addr { host: "127.26.147.193" port: 33467 } } peers { permanent_uuid: "7a7a060c6368424db8c68812704af11e" member_type: VOTER last_known_addr { host: "127.26.147.194" port: 35835 } }
I20260713 09:11:05.834393 27550 raft_consensus.cc:2749] T cba3fd32201048c085de5ef491133c3c P 7a7a060c6368424db8c68812704af11e [term 0 FOLLOWER]: Leader pre-election lost for term 1. Reason: could not achieve majority
I20260713 09:11:05.835585 27549 raft_consensus.cc:493] T beaa637bc8bb43f0b198a6cd0a349781 P f4e44047517a44dcb873babe5bcfd3d0 [term 0 FOLLOWER]: Starting pre-election (no leader contacted us within the election timeout)
I20260713 09:11:05.836349 27546 leader_election.cc:290] T 48f344089ffa42b986fdabe0a9ac601f P 41fb8a3dda914770b8eedae8e0baf421 [CANDIDATE]: Term 1 election: Requested vote from peers f4e44047517a44dcb873babe5bcfd3d0 (127.26.147.193:33467), 7a7a060c6368424db8c68812704af11e (127.26.147.194:35835)
I20260713 09:11:05.836136 27549 raft_consensus.cc:515] T beaa637bc8bb43f0b198a6cd0a349781 P f4e44047517a44dcb873babe5bcfd3d0 [term 0 FOLLOWER]: Starting pre-election with config: opid_index: -1 OBSOLETE_local: false peers { permanent_uuid: "f4e44047517a44dcb873babe5bcfd3d0" member_type: VOTER last_known_addr { host: "127.26.147.193" port: 33467 } } peers { permanent_uuid: "7a7a060c6368424db8c68812704af11e" member_type: VOTER last_known_addr { host: "127.26.147.194" port: 35835 } } peers { permanent_uuid: "41fb8a3dda914770b8eedae8e0baf421" member_type: VOTER last_known_addr { host: "127.26.147.195" port: 43383 } }
I20260713 09:11:05.839963 27350 tablet_service.cc:1917] Received RequestConsensusVote() RPC: tablet_id: "48f344089ffa42b986fdabe0a9ac601f" candidate_uuid: "41fb8a3dda914770b8eedae8e0baf421" candidate_term: 1 candidate_status { last_received { term: 0 index: 0 } } ignore_live_leader: false dest_uuid: "f4e44047517a44dcb873babe5bcfd3d0"
I20260713 09:11:05.840571 27350 raft_consensus.cc:3060] T 48f344089ffa42b986fdabe0a9ac601f P f4e44047517a44dcb873babe5bcfd3d0 [term 0 FOLLOWER]: Advancing to term 1
I20260713 09:11:05.840587 27549 leader_election.cc:290] T beaa637bc8bb43f0b198a6cd0a349781 P f4e44047517a44dcb873babe5bcfd3d0 [CANDIDATE]: Term 1 pre-election: Requested pre-vote from peers 7a7a060c6368424db8c68812704af11e (127.26.147.194:35835), 41fb8a3dda914770b8eedae8e0baf421 (127.26.147.195:43383)
I20260713 09:11:05.844741 27542 raft_consensus.cc:359] T 01fe3b1aeb80438c88a2d0bcf6e16226 P 41fb8a3dda914770b8eedae8e0baf421 [term 0 FOLLOWER]: Replica starting. Triggering 0 pending ops. Active config: opid_index: -1 OBSOLETE_local: false peers { permanent_uuid: "f4e44047517a44dcb873babe5bcfd3d0" member_type: VOTER last_known_addr { host: "127.26.147.193" port: 33467 } } peers { permanent_uuid: "7a7a060c6368424db8c68812704af11e" member_type: VOTER last_known_addr { host: "127.26.147.194" port: 35835 } } peers { permanent_uuid: "41fb8a3dda914770b8eedae8e0baf421" member_type: VOTER last_known_addr { host: "127.26.147.195" port: 43383 } }
I20260713 09:11:05.847975 27545 tablet_bootstrap.cc:654] T 9c9821fcf38c49bdbf6c82839df8c462 P f4e44047517a44dcb873babe5bcfd3d0: Neither blocks nor log segments found. Creating new log.
I20260713 09:11:05.846431 27542 raft_consensus.cc:385] T 01fe3b1aeb80438c88a2d0bcf6e16226 P 41fb8a3dda914770b8eedae8e0baf421 [term 0 FOLLOWER]: Consensus starting up: Expiring failure detector timer to make a prompt election more likely
I20260713 09:11:05.849512 27542 raft_consensus.cc:740] T 01fe3b1aeb80438c88a2d0bcf6e16226 P 41fb8a3dda914770b8eedae8e0baf421 [term 0 FOLLOWER]: Becoming Follower/Learner. State: Replica: 41fb8a3dda914770b8eedae8e0baf421, State: Initialized, Role: FOLLOWER
I20260713 09:11:05.846321 27425 tablet_service.cc:1917] Received RequestConsensusVote() RPC: tablet_id: "48f344089ffa42b986fdabe0a9ac601f" candidate_uuid: "41fb8a3dda914770b8eedae8e0baf421" candidate_term: 1 candidate_status { last_received { term: 0 index: 0 } } ignore_live_leader: false dest_uuid: "7a7a060c6368424db8c68812704af11e"
I20260713 09:11:05.850361 27542 consensus_queue.cc:260] T 01fe3b1aeb80438c88a2d0bcf6e16226 P 41fb8a3dda914770b8eedae8e0baf421 [NON_LEADER]: Queue going to NON_LEADER mode. State: All replicated index: 0, Majority replicated index: 0, Committed index: 0, Last appended: 0.0, Last appended by leader: 0, Current term: 0, Majority size: -1, State: 0, Mode: NON_LEADER, active raft config: opid_index: -1 OBSOLETE_local: false peers { permanent_uuid: "f4e44047517a44dcb873babe5bcfd3d0" member_type: VOTER last_known_addr { host: "127.26.147.193" port: 33467 } } peers { permanent_uuid: "7a7a060c6368424db8c68812704af11e" member_type: VOTER last_known_addr { host: "127.26.147.194" port: 35835 } } peers { permanent_uuid: "41fb8a3dda914770b8eedae8e0baf421" member_type: VOTER last_known_addr { host: "127.26.147.195" port: 43383 } }
I20260713 09:11:05.851058 27425 raft_consensus.cc:3060] T 48f344089ffa42b986fdabe0a9ac601f P 7a7a060c6368424db8c68812704af11e [term 0 FOLLOWER]: Advancing to term 1
I20260713 09:11:05.853328 27544 tablet_bootstrap.cc:492] T 3b387a4d84dc4c269de067e236b2bcac P 7a7a060c6368424db8c68812704af11e: No bootstrap required, opened a new log
I20260713 09:11:05.855455 27542 ts_tablet_manager.cc:1434] T 01fe3b1aeb80438c88a2d0bcf6e16226 P 41fb8a3dda914770b8eedae8e0baf421: Time spent starting tablet: real 0.032s	user 0.005s	sys 0.001s
I20260713 09:11:05.859845 27350 raft_consensus.cc:2468] T 48f344089ffa42b986fdabe0a9ac601f P f4e44047517a44dcb873babe5bcfd3d0 [term 1 FOLLOWER]: Leader election vote request: Granting yes vote for candidate 41fb8a3dda914770b8eedae8e0baf421 in term 1.
I20260713 09:11:05.863467 27542 tablet_bootstrap.cc:492] T cba3fd32201048c085de5ef491133c3c P 41fb8a3dda914770b8eedae8e0baf421: Bootstrap starting.
I20260713 09:11:05.869654 27542 tablet_bootstrap.cc:654] T cba3fd32201048c085de5ef491133c3c P 41fb8a3dda914770b8eedae8e0baf421: Neither blocks nor log segments found. Creating new log.
I20260713 09:11:05.860038 27425 raft_consensus.cc:2468] T 48f344089ffa42b986fdabe0a9ac601f P 7a7a060c6368424db8c68812704af11e [term 1 FOLLOWER]: Leader election vote request: Granting yes vote for candidate 41fb8a3dda914770b8eedae8e0baf421 in term 1.
I20260713 09:11:05.854251 27544 ts_tablet_manager.cc:1403] T 3b387a4d84dc4c269de067e236b2bcac P 7a7a060c6368424db8c68812704af11e: Time spent bootstrapping tablet: real 0.138s	user 0.019s	sys 0.004s
I20260713 09:11:05.877357 27465 leader_election.cc:304] T 48f344089ffa42b986fdabe0a9ac601f P 41fb8a3dda914770b8eedae8e0baf421 [CANDIDATE]: Term 1 election: Election decided. Result: candidate won. Election summary: received 2 responses out of 3 voters: 2 yes votes; 0 no votes. yes voters: 41fb8a3dda914770b8eedae8e0baf421, 7a7a060c6368424db8c68812704af11e; no voters: 
I20260713 09:11:05.878453 27546 raft_consensus.cc:2804] T 48f344089ffa42b986fdabe0a9ac601f P 41fb8a3dda914770b8eedae8e0baf421 [term 1 FOLLOWER]: Leader election won for term 1
I20260713 09:11:05.879232 27544 raft_consensus.cc:359] T 3b387a4d84dc4c269de067e236b2bcac P 7a7a060c6368424db8c68812704af11e [term 0 FOLLOWER]: Replica starting. Triggering 0 pending ops. Active config: opid_index: -1 OBSOLETE_local: false peers { permanent_uuid: "f4e44047517a44dcb873babe5bcfd3d0" member_type: VOTER last_known_addr { host: "127.26.147.193" port: 33467 } } peers { permanent_uuid: "7a7a060c6368424db8c68812704af11e" member_type: VOTER last_known_addr { host: "127.26.147.194" port: 35835 } } peers { permanent_uuid: "41fb8a3dda914770b8eedae8e0baf421" member_type: VOTER last_known_addr { host: "127.26.147.195" port: 43383 } }
I20260713 09:11:05.879969 27544 raft_consensus.cc:385] T 3b387a4d84dc4c269de067e236b2bcac P 7a7a060c6368424db8c68812704af11e [term 0 FOLLOWER]: Consensus starting up: Expiring failure detector timer to make a prompt election more likely
I20260713 09:11:05.880263 27544 raft_consensus.cc:740] T 3b387a4d84dc4c269de067e236b2bcac P 7a7a060c6368424db8c68812704af11e [term 0 FOLLOWER]: Becoming Follower/Learner. State: Replica: 7a7a060c6368424db8c68812704af11e, State: Initialized, Role: FOLLOWER
I20260713 09:11:05.881062 27544 consensus_queue.cc:260] T 3b387a4d84dc4c269de067e236b2bcac P 7a7a060c6368424db8c68812704af11e [NON_LEADER]: Queue going to NON_LEADER mode. State: All replicated index: 0, Majority replicated index: 0, Committed index: 0, Last appended: 0.0, Last appended by leader: 0, Current term: 0, Majority size: -1, State: 0, Mode: NON_LEADER, active raft config: opid_index: -1 OBSOLETE_local: false peers { permanent_uuid: "f4e44047517a44dcb873babe5bcfd3d0" member_type: VOTER last_known_addr { host: "127.26.147.193" port: 33467 } } peers { permanent_uuid: "7a7a060c6368424db8c68812704af11e" member_type: VOTER last_known_addr { host: "127.26.147.194" port: 35835 } } peers { permanent_uuid: "41fb8a3dda914770b8eedae8e0baf421" member_type: VOTER last_known_addr { host: "127.26.147.195" port: 43383 } }
I20260713 09:11:05.891682 27544 ts_tablet_manager.cc:1434] T 3b387a4d84dc4c269de067e236b2bcac P 7a7a060c6368424db8c68812704af11e: Time spent starting tablet: real 0.015s	user 0.006s	sys 0.000s
I20260713 09:11:05.893371 27545 tablet_bootstrap.cc:492] T 9c9821fcf38c49bdbf6c82839df8c462 P f4e44047517a44dcb873babe5bcfd3d0: No bootstrap required, opened a new log
I20260713 09:11:05.894065 27545 ts_tablet_manager.cc:1403] T 9c9821fcf38c49bdbf6c82839df8c462 P f4e44047517a44dcb873babe5bcfd3d0: Time spent bootstrapping tablet: real 0.067s	user 0.005s	sys 0.010s
I20260713 09:11:05.898747 27544 tablet_bootstrap.cc:492] T 7cb4009e11104867af85bafca62fbaff P 7a7a060c6368424db8c68812704af11e: Bootstrap starting.
I20260713 09:11:05.898382 27545 raft_consensus.cc:359] T 9c9821fcf38c49bdbf6c82839df8c462 P f4e44047517a44dcb873babe5bcfd3d0 [term 0 FOLLOWER]: Replica starting. Triggering 0 pending ops. Active config: opid_index: -1 OBSOLETE_local: false peers { permanent_uuid: "f4e44047517a44dcb873babe5bcfd3d0" member_type: VOTER last_known_addr { host: "127.26.147.193" port: 33467 } } peers { permanent_uuid: "7a7a060c6368424db8c68812704af11e" member_type: VOTER last_known_addr { host: "127.26.147.194" port: 35835 } } peers { permanent_uuid: "41fb8a3dda914770b8eedae8e0baf421" member_type: VOTER last_known_addr { host: "127.26.147.195" port: 43383 } }
I20260713 09:11:05.900144 27545 raft_consensus.cc:385] T 9c9821fcf38c49bdbf6c82839df8c462 P f4e44047517a44dcb873babe5bcfd3d0 [term 0 FOLLOWER]: Consensus starting up: Expiring failure detector timer to make a prompt election more likely
I20260713 09:11:05.900705 27545 raft_consensus.cc:740] T 9c9821fcf38c49bdbf6c82839df8c462 P f4e44047517a44dcb873babe5bcfd3d0 [term 0 FOLLOWER]: Becoming Follower/Learner. State: Replica: f4e44047517a44dcb873babe5bcfd3d0, State: Initialized, Role: FOLLOWER
I20260713 09:11:05.905177 27544 tablet_bootstrap.cc:654] T 7cb4009e11104867af85bafca62fbaff P 7a7a060c6368424db8c68812704af11e: Neither blocks nor log segments found. Creating new log.
I20260713 09:11:05.908946 27545 consensus_queue.cc:260] T 9c9821fcf38c49bdbf6c82839df8c462 P f4e44047517a44dcb873babe5bcfd3d0 [NON_LEADER]: Queue going to NON_LEADER mode. State: All replicated index: 0, Majority replicated index: 0, Committed index: 0, Last appended: 0.0, Last appended by leader: 0, Current term: 0, Majority size: -1, State: 0, Mode: NON_LEADER, active raft config: opid_index: -1 OBSOLETE_local: false peers { permanent_uuid: "f4e44047517a44dcb873babe5bcfd3d0" member_type: VOTER last_known_addr { host: "127.26.147.193" port: 33467 } } peers { permanent_uuid: "7a7a060c6368424db8c68812704af11e" member_type: VOTER last_known_addr { host: "127.26.147.194" port: 35835 } } peers { permanent_uuid: "41fb8a3dda914770b8eedae8e0baf421" member_type: VOTER last_known_addr { host: "127.26.147.195" port: 43383 } }
I20260713 09:11:05.914016 27546 raft_consensus.cc:697] T 48f344089ffa42b986fdabe0a9ac601f P 41fb8a3dda914770b8eedae8e0baf421 [term 1 LEADER]: Becoming Leader. State: Replica: 41fb8a3dda914770b8eedae8e0baf421, State: Running, Role: LEADER
I20260713 09:11:05.914652 27568 raft_consensus.cc:493] T e4590a5279404facbb8359a3b9ca94eb P 41fb8a3dda914770b8eedae8e0baf421 [term 0 FOLLOWER]: Starting pre-election (no leader contacted us within the election timeout)
I20260713 09:11:05.915207 27568 raft_consensus.cc:515] T e4590a5279404facbb8359a3b9ca94eb P 41fb8a3dda914770b8eedae8e0baf421 [term 0 FOLLOWER]: Starting pre-election with config: opid_index: -1 OBSOLETE_local: false peers { permanent_uuid: "f4e44047517a44dcb873babe5bcfd3d0" member_type: VOTER last_known_addr { host: "127.26.147.193" port: 33467 } } peers { permanent_uuid: "7a7a060c6368424db8c68812704af11e" member_type: VOTER last_known_addr { host: "127.26.147.194" port: 35835 } } peers { permanent_uuid: "41fb8a3dda914770b8eedae8e0baf421" member_type: VOTER last_known_addr { host: "127.26.147.195" port: 43383 } }
I20260713 09:11:05.914920 27546 consensus_queue.cc:237] T 48f344089ffa42b986fdabe0a9ac601f P 41fb8a3dda914770b8eedae8e0baf421 [LEADER]: Queue going to LEADER mode. State: All replicated index: 0, Majority replicated index: 0, Committed index: 0, Last appended: 0.0, Last appended by leader: 0, Current term: 1, Majority size: 2, State: 0, Mode: LEADER, active raft config: opid_index: -1 OBSOLETE_local: false peers { permanent_uuid: "41fb8a3dda914770b8eedae8e0baf421" member_type: VOTER last_known_addr { host: "127.26.147.195" port: 43383 } } peers { permanent_uuid: "f4e44047517a44dcb873babe5bcfd3d0" member_type: VOTER last_known_addr { host: "127.26.147.193" port: 33467 } } peers { permanent_uuid: "7a7a060c6368424db8c68812704af11e" member_type: VOTER last_known_addr { host: "127.26.147.194" port: 35835 } }
I20260713 09:11:05.919510 27350 tablet_service.cc:1917] Received RequestConsensusVote() RPC: tablet_id: "e4590a5279404facbb8359a3b9ca94eb" candidate_uuid: "41fb8a3dda914770b8eedae8e0baf421" candidate_term: 1 candidate_status { last_received { term: 0 index: 0 } } ignore_live_leader: false dest_uuid: "f4e44047517a44dcb873babe5bcfd3d0" is_pre_election: true
I20260713 09:11:05.920753 27545 ts_tablet_manager.cc:1434] T 9c9821fcf38c49bdbf6c82839df8c462 P f4e44047517a44dcb873babe5bcfd3d0: Time spent starting tablet: real 0.026s	user 0.009s	sys 0.001s
I20260713 09:11:05.921089 27425 tablet_service.cc:1917] Received RequestConsensusVote() RPC: tablet_id: "e4590a5279404facbb8359a3b9ca94eb" candidate_uuid: "41fb8a3dda914770b8eedae8e0baf421" candidate_term: 1 candidate_status { last_received { term: 0 index: 0 } } ignore_live_leader: false dest_uuid: "7a7a060c6368424db8c68812704af11e" is_pre_election: true
I20260713 09:11:05.921757 27545 tablet_bootstrap.cc:492] T cba3fd32201048c085de5ef491133c3c P f4e44047517a44dcb873babe5bcfd3d0: Bootstrap starting.
W20260713 09:11:05.922375 27465 leader_election.cc:343] T e4590a5279404facbb8359a3b9ca94eb P 41fb8a3dda914770b8eedae8e0baf421 [CANDIDATE]: Term 1 pre-election: Tablet error from VoteRequest() call to peer 7a7a060c6368424db8c68812704af11e (127.26.147.194:35835): Illegal state: must be running to vote when last-logged opid is not known
I20260713 09:11:05.922905 27568 leader_election.cc:290] T e4590a5279404facbb8359a3b9ca94eb P 41fb8a3dda914770b8eedae8e0baf421 [CANDIDATE]: Term 1 pre-election: Requested pre-vote from peers f4e44047517a44dcb873babe5bcfd3d0 (127.26.147.193:33467), 7a7a060c6368424db8c68812704af11e (127.26.147.194:35835)
W20260713 09:11:05.931156 27465 leader_election.cc:343] T e4590a5279404facbb8359a3b9ca94eb P 41fb8a3dda914770b8eedae8e0baf421 [CANDIDATE]: Term 1 pre-election: Tablet error from VoteRequest() call to peer f4e44047517a44dcb873babe5bcfd3d0 (127.26.147.193:33467): Illegal state: must be running to vote when last-logged opid is not known
I20260713 09:11:05.931668 27465 leader_election.cc:304] T e4590a5279404facbb8359a3b9ca94eb P 41fb8a3dda914770b8eedae8e0baf421 [CANDIDATE]: Term 1 pre-election: Election decided. Result: candidate lost. Election summary: received 3 responses out of 3 voters: 1 yes votes; 2 no votes. yes voters: 41fb8a3dda914770b8eedae8e0baf421; no voters: 7a7a060c6368424db8c68812704af11e, f4e44047517a44dcb873babe5bcfd3d0
I20260713 09:11:05.935817 27568 raft_consensus.cc:2749] T e4590a5279404facbb8359a3b9ca94eb P 41fb8a3dda914770b8eedae8e0baf421 [term 0 FOLLOWER]: Leader pre-election lost for term 1. Reason: could not achieve majority
I20260713 09:11:05.937788 27499 tablet_service.cc:1917] Received RequestConsensusVote() RPC: tablet_id: "beaa637bc8bb43f0b198a6cd0a349781" candidate_uuid: "f4e44047517a44dcb873babe5bcfd3d0" candidate_term: 1 candidate_status { last_received { term: 0 index: 0 } } ignore_live_leader: false dest_uuid: "41fb8a3dda914770b8eedae8e0baf421" is_pre_election: true
I20260713 09:11:05.942793 27425 tablet_service.cc:1917] Received RequestConsensusVote() RPC: tablet_id: "beaa637bc8bb43f0b198a6cd0a349781" candidate_uuid: "f4e44047517a44dcb873babe5bcfd3d0" candidate_term: 1 candidate_status { last_received { term: 0 index: 0 } } ignore_live_leader: false dest_uuid: "7a7a060c6368424db8c68812704af11e" is_pre_election: true
W20260713 09:11:05.943667 27316 leader_election.cc:343] T beaa637bc8bb43f0b198a6cd0a349781 P f4e44047517a44dcb873babe5bcfd3d0 [CANDIDATE]: Term 1 pre-election: Tablet error from VoteRequest() call to peer 41fb8a3dda914770b8eedae8e0baf421 (127.26.147.195:43383): Illegal state: must be running to vote when last-logged opid is not known
I20260713 09:11:05.946524 27545 tablet_bootstrap.cc:654] T cba3fd32201048c085de5ef491133c3c P f4e44047517a44dcb873babe5bcfd3d0: Neither blocks nor log segments found. Creating new log.
W20260713 09:11:05.949528 27316 leader_election.cc:343] T beaa637bc8bb43f0b198a6cd0a349781 P f4e44047517a44dcb873babe5bcfd3d0 [CANDIDATE]: Term 1 pre-election: Tablet error from VoteRequest() call to peer 7a7a060c6368424db8c68812704af11e (127.26.147.194:35835): Illegal state: must be running to vote when last-logged opid is not known
I20260713 09:11:05.950318 27316 leader_election.cc:304] T beaa637bc8bb43f0b198a6cd0a349781 P f4e44047517a44dcb873babe5bcfd3d0 [CANDIDATE]: Term 1 pre-election: Election decided. Result: candidate lost. Election summary: received 3 responses out of 3 voters: 1 yes votes; 2 no votes. yes voters: f4e44047517a44dcb873babe5bcfd3d0; no voters: 41fb8a3dda914770b8eedae8e0baf421, 7a7a060c6368424db8c68812704af11e
I20260713 09:11:05.949404 27542 tablet_bootstrap.cc:492] T cba3fd32201048c085de5ef491133c3c P 41fb8a3dda914770b8eedae8e0baf421: No bootstrap required, opened a new log
I20260713 09:11:05.951445 27542 ts_tablet_manager.cc:1403] T cba3fd32201048c085de5ef491133c3c P 41fb8a3dda914770b8eedae8e0baf421: Time spent bootstrapping tablet: real 0.088s	user 0.010s	sys 0.009s
I20260713 09:11:05.951434 27544 tablet_bootstrap.cc:492] T 7cb4009e11104867af85bafca62fbaff P 7a7a060c6368424db8c68812704af11e: No bootstrap required, opened a new log
I20260713 09:11:05.952389 27549 raft_consensus.cc:2749] T beaa637bc8bb43f0b198a6cd0a349781 P f4e44047517a44dcb873babe5bcfd3d0 [term 0 FOLLOWER]: Leader pre-election lost for term 1. Reason: could not achieve majority
I20260713 09:11:05.952188 27544 ts_tablet_manager.cc:1403] T 7cb4009e11104867af85bafca62fbaff P 7a7a060c6368424db8c68812704af11e: Time spent bootstrapping tablet: real 0.054s	user 0.008s	sys 0.004s
I20260713 09:11:05.951205 27246 catalog_manager.cc:5697] T 48f344089ffa42b986fdabe0a9ac601f P 41fb8a3dda914770b8eedae8e0baf421 reported cstate change: term changed from 0 to 1, leader changed from <none> to 41fb8a3dda914770b8eedae8e0baf421 (127.26.147.195). New cstate: current_term: 1 leader_uuid: "41fb8a3dda914770b8eedae8e0baf421" committed_config { opid_index: -1 OBSOLETE_local: false peers { permanent_uuid: "41fb8a3dda914770b8eedae8e0baf421" member_type: VOTER last_known_addr { host: "127.26.147.195" port: 43383 } health_report { overall_health: HEALTHY } } peers { permanent_uuid: "f4e44047517a44dcb873babe5bcfd3d0" member_type: VOTER last_known_addr { host: "127.26.147.193" port: 33467 } health_report { overall_health: UNKNOWN } } peers { permanent_uuid: "7a7a060c6368424db8c68812704af11e" member_type: VOTER last_known_addr { host: "127.26.147.194" port: 35835 } health_report { overall_health: UNKNOWN } } }
I20260713 09:11:05.956629 27544 raft_consensus.cc:359] T 7cb4009e11104867af85bafca62fbaff P 7a7a060c6368424db8c68812704af11e [term 0 FOLLOWER]: Replica starting. Triggering 0 pending ops. Active config: opid_index: -1 OBSOLETE_local: false peers { permanent_uuid: "f4e44047517a44dcb873babe5bcfd3d0" member_type: VOTER last_known_addr { host: "127.26.147.193" port: 33467 } } peers { permanent_uuid: "7a7a060c6368424db8c68812704af11e" member_type: VOTER last_known_addr { host: "127.26.147.194" port: 35835 } } peers { permanent_uuid: "41fb8a3dda914770b8eedae8e0baf421" member_type: VOTER last_known_addr { host: "127.26.147.195" port: 43383 } }
I20260713 09:11:05.957690 27544 raft_consensus.cc:385] T 7cb4009e11104867af85bafca62fbaff P 7a7a060c6368424db8c68812704af11e [term 0 FOLLOWER]: Consensus starting up: Expiring failure detector timer to make a prompt election more likely
I20260713 09:11:05.958099 27544 raft_consensus.cc:740] T 7cb4009e11104867af85bafca62fbaff P 7a7a060c6368424db8c68812704af11e [term 0 FOLLOWER]: Becoming Follower/Learner. State: Replica: 7a7a060c6368424db8c68812704af11e, State: Initialized, Role: FOLLOWER
I20260713 09:11:05.958391 27545 tablet_bootstrap.cc:492] T cba3fd32201048c085de5ef491133c3c P f4e44047517a44dcb873babe5bcfd3d0: No bootstrap required, opened a new log
I20260713 09:11:05.958849 27545 ts_tablet_manager.cc:1403] T cba3fd32201048c085de5ef491133c3c P f4e44047517a44dcb873babe5bcfd3d0: Time spent bootstrapping tablet: real 0.037s	user 0.010s	sys 0.003s
I20260713 09:11:05.958985 27544 consensus_queue.cc:260] T 7cb4009e11104867af85bafca62fbaff P 7a7a060c6368424db8c68812704af11e [NON_LEADER]: Queue going to NON_LEADER mode. State: All replicated index: 0, Majority replicated index: 0, Committed index: 0, Last appended: 0.0, Last appended by leader: 0, Current term: 0, Majority size: -1, State: 0, Mode: NON_LEADER, active raft config: opid_index: -1 OBSOLETE_local: false peers { permanent_uuid: "f4e44047517a44dcb873babe5bcfd3d0" member_type: VOTER last_known_addr { host: "127.26.147.193" port: 33467 } } peers { permanent_uuid: "7a7a060c6368424db8c68812704af11e" member_type: VOTER last_known_addr { host: "127.26.147.194" port: 35835 } } peers { permanent_uuid: "41fb8a3dda914770b8eedae8e0baf421" member_type: VOTER last_known_addr { host: "127.26.147.195" port: 43383 } }
I20260713 09:11:05.961796 27542 raft_consensus.cc:359] T cba3fd32201048c085de5ef491133c3c P 41fb8a3dda914770b8eedae8e0baf421 [term 0 FOLLOWER]: Replica starting. Triggering 0 pending ops. Active config: opid_index: -1 OBSOLETE_local: false peers { permanent_uuid: "f4e44047517a44dcb873babe5bcfd3d0" member_type: VOTER last_known_addr { host: "127.26.147.193" port: 33467 } } peers { permanent_uuid: "7a7a060c6368424db8c68812704af11e" member_type: VOTER last_known_addr { host: "127.26.147.194" port: 35835 } } peers { permanent_uuid: "41fb8a3dda914770b8eedae8e0baf421" member_type: VOTER last_known_addr { host: "127.26.147.195" port: 43383 } }
I20260713 09:11:05.962175 27545 raft_consensus.cc:359] T cba3fd32201048c085de5ef491133c3c P f4e44047517a44dcb873babe5bcfd3d0 [term 0 FOLLOWER]: Replica starting. Triggering 0 pending ops. Active config: opid_index: -1 OBSOLETE_local: false peers { permanent_uuid: "f4e44047517a44dcb873babe5bcfd3d0" member_type: VOTER last_known_addr { host: "127.26.147.193" port: 33467 } } peers { permanent_uuid: "7a7a060c6368424db8c68812704af11e" member_type: VOTER last_known_addr { host: "127.26.147.194" port: 35835 } } peers { permanent_uuid: "41fb8a3dda914770b8eedae8e0baf421" member_type: VOTER last_known_addr { host: "127.26.147.195" port: 43383 } }
I20260713 09:11:05.962735 27542 raft_consensus.cc:385] T cba3fd32201048c085de5ef491133c3c P 41fb8a3dda914770b8eedae8e0baf421 [term 0 FOLLOWER]: Consensus starting up: Expiring failure detector timer to make a prompt election more likely
I20260713 09:11:05.962872 27545 raft_consensus.cc:385] T cba3fd32201048c085de5ef491133c3c P f4e44047517a44dcb873babe5bcfd3d0 [term 0 FOLLOWER]: Consensus starting up: Expiring failure detector timer to make a prompt election more likely
I20260713 09:11:05.963265 27545 raft_consensus.cc:740] T cba3fd32201048c085de5ef491133c3c P f4e44047517a44dcb873babe5bcfd3d0 [term 0 FOLLOWER]: Becoming Follower/Learner. State: Replica: f4e44047517a44dcb873babe5bcfd3d0, State: Initialized, Role: FOLLOWER
I20260713 09:11:05.965770 27544 ts_tablet_manager.cc:1434] T 7cb4009e11104867af85bafca62fbaff P 7a7a060c6368424db8c68812704af11e: Time spent starting tablet: real 0.012s	user 0.008s	sys 0.001s
I20260713 09:11:05.967072 27544 tablet_bootstrap.cc:492] T e4590a5279404facbb8359a3b9ca94eb P 7a7a060c6368424db8c68812704af11e: Bootstrap starting.
I20260713 09:11:05.963210 27542 raft_consensus.cc:740] T cba3fd32201048c085de5ef491133c3c P 41fb8a3dda914770b8eedae8e0baf421 [term 0 FOLLOWER]: Becoming Follower/Learner. State: Replica: 41fb8a3dda914770b8eedae8e0baf421, State: Initialized, Role: FOLLOWER
I20260713 09:11:05.974399 27542 consensus_queue.cc:260] T cba3fd32201048c085de5ef491133c3c P 41fb8a3dda914770b8eedae8e0baf421 [NON_LEADER]: Queue going to NON_LEADER mode. State: All replicated index: 0, Majority replicated index: 0, Committed index: 0, Last appended: 0.0, Last appended by leader: 0, Current term: 0, Majority size: -1, State: 0, Mode: NON_LEADER, active raft config: opid_index: -1 OBSOLETE_local: false peers { permanent_uuid: "f4e44047517a44dcb873babe5bcfd3d0" member_type: VOTER last_known_addr { host: "127.26.147.193" port: 33467 } } peers { permanent_uuid: "7a7a060c6368424db8c68812704af11e" member_type: VOTER last_known_addr { host: "127.26.147.194" port: 35835 } } peers { permanent_uuid: "41fb8a3dda914770b8eedae8e0baf421" member_type: VOTER last_known_addr { host: "127.26.147.195" port: 43383 } }
