I20260713 09:11:38.959884  1972 raft_consensus.cc:2955] T 1e41d1f916504d6d8f7f398e195abbd2 P 4226fa467a4a40239bfa6b50f5a0b87d [term 1 LEADER]: Committing config change with OpId 1.4: config changed from index 3 to 4, VOTER 95b6097cdf5d409baaf72b08b3b1da74 (127.31.229.130) evicted. New config: { opid_index: 4 OBSOLETE_local: false peers { permanent_uuid: "e329a97c4e21422a80d0a84b3f37ed63" member_type: VOTER last_known_addr { host: "127.31.229.129" port: 40319 } } peers { permanent_uuid: "4226fa467a4a40239bfa6b50f5a0b87d" member_type: VOTER last_known_addr { host: "127.31.229.131" port: 46657 } } peers { permanent_uuid: "7bbb155291e64b5c93710940b44694da" member_type: VOTER last_known_addr { host: "127.31.229.132" port: 46207 } attrs { promote: false } } }
I20260713 09:11:38.967391  1750 raft_consensus.cc:2955] T 1e41d1f916504d6d8f7f398e195abbd2 P 7bbb155291e64b5c93710940b44694da [term 1 FOLLOWER]: Committing config change with OpId 1.4: config changed from index 3 to 4, VOTER 95b6097cdf5d409baaf72b08b3b1da74 (127.31.229.130) evicted. New config: { opid_index: 4 OBSOLETE_local: false peers { permanent_uuid: "e329a97c4e21422a80d0a84b3f37ed63" member_type: VOTER last_known_addr { host: "127.31.229.129" port: 40319 } } peers { permanent_uuid: "4226fa467a4a40239bfa6b50f5a0b87d" member_type: VOTER last_known_addr { host: "127.31.229.131" port: 46657 } } peers { permanent_uuid: "7bbb155291e64b5c93710940b44694da" member_type: VOTER last_known_addr { host: "127.31.229.132" port: 46207 } attrs { promote: false } } }
I20260713 09:11:38.975488  1983 tablet_replica.cc:333] T 751af444d434420888e7241ece65020c P 4226fa467a4a40239bfa6b50f5a0b87d: stopping tablet replica
I20260713 09:11:38.978621  1984 tablet_replica.cc:333] T 64952246e1ed4df5b5193f27b28c91c1 P e329a97c4e21422a80d0a84b3f37ed63: stopping tablet replica
I20260713 09:11:38.979727  1984 raft_consensus.cc:2243] T 64952246e1ed4df5b5193f27b28c91c1 P e329a97c4e21422a80d0a84b3f37ed63 [term 1 FOLLOWER]: Raft consensus shutting down.
I20260713 09:11:38.980526  1984 raft_consensus.cc:2272] T 64952246e1ed4df5b5193f27b28c91c1 P e329a97c4e21422a80d0a84b3f37ed63 [term 1 FOLLOWER]: Raft consensus is shut down!
I20260713 09:11:38.981496  1983 raft_consensus.cc:2243] T 751af444d434420888e7241ece65020c P 4226fa467a4a40239bfa6b50f5a0b87d [term 1 FOLLOWER]: Raft consensus shutting down.
I20260713 09:11:38.982436  1312 raft_consensus.cc:2955] T 1e41d1f916504d6d8f7f398e195abbd2 P e329a97c4e21422a80d0a84b3f37ed63 [term 1 FOLLOWER]: Committing config change with OpId 1.4: config changed from index 3 to 4, VOTER 95b6097cdf5d409baaf72b08b3b1da74 (127.31.229.130) evicted. New config: { opid_index: 4 OBSOLETE_local: false peers { permanent_uuid: "e329a97c4e21422a80d0a84b3f37ed63" member_type: VOTER last_known_addr { host: "127.31.229.129" port: 40319 } } peers { permanent_uuid: "4226fa467a4a40239bfa6b50f5a0b87d" member_type: VOTER last_known_addr { host: "127.31.229.131" port: 46657 } } peers { permanent_uuid: "7bbb155291e64b5c93710940b44694da" member_type: VOTER last_known_addr { host: "127.31.229.132" port: 46207 } attrs { promote: false } } }
I20260713 09:11:38.986261  1196 catalog_manager.cc:5210] ChangeConfig:REMOVE_PEER RPC for tablet 1e41d1f916504d6d8f7f398e195abbd2 with cas_config_opid_index 3: ChangeConfig:REMOVE_PEER succeeded (attempt 1)
I20260713 09:11:38.989900  1983 raft_consensus.cc:2272] T 751af444d434420888e7241ece65020c P 4226fa467a4a40239bfa6b50f5a0b87d [term 1 FOLLOWER]: Raft consensus is shut down!
I20260713 09:11:38.993837  1983 ts_tablet_manager.cc:1916] T 751af444d434420888e7241ece65020c P 4226fa467a4a40239bfa6b50f5a0b87d: Deleting tablet data with delete state TABLET_DATA_TOMBSTONED
I20260713 09:11:39.003013  1211 catalog_manager.cc:5697] T 1e41d1f916504d6d8f7f398e195abbd2 P 4226fa467a4a40239bfa6b50f5a0b87d reported cstate change: config changed from index 3 to 4, VOTER 95b6097cdf5d409baaf72b08b3b1da74 (127.31.229.130) evicted. New cstate: current_term: 1 leader_uuid: "4226fa467a4a40239bfa6b50f5a0b87d" committed_config { opid_index: 4 OBSOLETE_local: false peers { permanent_uuid: "e329a97c4e21422a80d0a84b3f37ed63" member_type: VOTER last_known_addr { host: "127.31.229.129" port: 40319 } health_report { overall_health: HEALTHY } } peers { permanent_uuid: "4226fa467a4a40239bfa6b50f5a0b87d" member_type: VOTER last_known_addr { host: "127.31.229.131" port: 46657 } health_report { overall_health: HEALTHY } } peers { permanent_uuid: "7bbb155291e64b5c93710940b44694da" member_type: VOTER last_known_addr { host: "127.31.229.132" port: 46207 } attrs { promote: false } health_report { overall_health: HEALTHY } } }
I20260713 09:11:38.997093  1984 ts_tablet_manager.cc:1916] T 64952246e1ed4df5b5193f27b28c91c1 P e329a97c4e21422a80d0a84b3f37ed63: Deleting tablet data with delete state TABLET_DATA_TOMBSTONED
I20260713 09:11:39.018462  1984 ts_tablet_manager.cc:1929] T 64952246e1ed4df5b5193f27b28c91c1 P e329a97c4e21422a80d0a84b3f37ed63: tablet deleted with delete type TABLET_DATA_TOMBSTONED: last-logged OpId 1.3
I20260713 09:11:39.018986  1984 log.cc:1199] T 64952246e1ed4df5b5193f27b28c91c1 P e329a97c4e21422a80d0a84b3f37ed63: Deleting WAL directory at /tmp/dist-test-task5cZYhI/test-tmp/auto_leader_rebalancer-test.0.LeaderRebalancerTest.AddTserver.1783933860403357-32662-0/minicluster-data/ts-0-root/wals/64952246e1ed4df5b5193f27b28c91c1
I20260713 09:11:39.020239  1373 tablet_service.cc:1558] Processing DeleteTablet for tablet 1e41d1f916504d6d8f7f398e195abbd2 with delete_type TABLET_DATA_TOMBSTONED (TS 95b6097cdf5d409baaf72b08b3b1da74 not found in new config with opid_index 4) from {username='slave'} at 127.0.0.1:50320
I20260713 09:11:39.021103  1967 tablet_replica.cc:333] T 1e41d1f916504d6d8f7f398e195abbd2 P 95b6097cdf5d409baaf72b08b3b1da74: stopping tablet replica
I20260713 09:11:39.022135  1967 raft_consensus.cc:2243] T 1e41d1f916504d6d8f7f398e195abbd2 P 95b6097cdf5d409baaf72b08b3b1da74 [term 1 FOLLOWER]: Raft consensus shutting down.
I20260713 09:11:39.022306  1195 catalog_manager.cc:5028] TS e329a97c4e21422a80d0a84b3f37ed63 (127.31.229.129:40319): tablet 64952246e1ed4df5b5193f27b28c91c1 (table test-workload [id=77876e652079478a890ba8cb8b38a305]) successfully deleted
I20260713 09:11:39.022903  1967 raft_consensus.cc:2272] T 1e41d1f916504d6d8f7f398e195abbd2 P 95b6097cdf5d409baaf72b08b3b1da74 [term 1 FOLLOWER]: Raft consensus is shut down!
I20260713 09:11:39.026340  1967 ts_tablet_manager.cc:1916] T 1e41d1f916504d6d8f7f398e195abbd2 P 95b6097cdf5d409baaf72b08b3b1da74: Deleting tablet data with delete state TABLET_DATA_TOMBSTONED
I20260713 09:11:39.028766  1983 ts_tablet_manager.cc:1929] T 751af444d434420888e7241ece65020c P 4226fa467a4a40239bfa6b50f5a0b87d: tablet deleted with delete type TABLET_DATA_TOMBSTONED: last-logged OpId 1.3
I20260713 09:11:39.029273  1983 log.cc:1199] T 751af444d434420888e7241ece65020c P 4226fa467a4a40239bfa6b50f5a0b87d: Deleting WAL directory at /tmp/dist-test-task5cZYhI/test-tmp/auto_leader_rebalancer-test.0.LeaderRebalancerTest.AddTserver.1783933860403357-32662-0/minicluster-data/ts-2-root/wals/751af444d434420888e7241ece65020c
I20260713 09:11:39.030885  1196 catalog_manager.cc:5028] TS 4226fa467a4a40239bfa6b50f5a0b87d (127.31.229.131:46657): tablet 751af444d434420888e7241ece65020c (table test-workload [id=77876e652079478a890ba8cb8b38a305]) successfully deleted
I20260713 09:11:39.037431  1967 ts_tablet_manager.cc:1929] T 1e41d1f916504d6d8f7f398e195abbd2 P 95b6097cdf5d409baaf72b08b3b1da74: tablet deleted with delete type TABLET_DATA_TOMBSTONED: last-logged OpId 1.3
I20260713 09:11:39.037817  1967 log.cc:1199] T 1e41d1f916504d6d8f7f398e195abbd2 P 95b6097cdf5d409baaf72b08b3b1da74: Deleting WAL directory at /tmp/dist-test-task5cZYhI/test-tmp/auto_leader_rebalancer-test.0.LeaderRebalancerTest.AddTserver.1783933860403357-32662-0/minicluster-data/ts-1-root/wals/1e41d1f916504d6d8f7f398e195abbd2
I20260713 09:11:39.039162  1198 catalog_manager.cc:5028] TS 95b6097cdf5d409baaf72b08b3b1da74 (127.31.229.130:40795): tablet 1e41d1f916504d6d8f7f398e195abbd2 (table test-workload [id=77876e652079478a890ba8cb8b38a305]) successfully deleted
I20260713 09:11:40.049183  1309 consensus_queue.cc:237] T e1b41355bd2942f4bc9139f5c5941647 P e329a97c4e21422a80d0a84b3f37ed63 [LEADER]: Queue going to LEADER mode. State: All replicated index: 0, Majority replicated index: 1, Committed index: 1, Last appended: 1.1, Last appended by leader: 0, Current term: 1, Majority size: 2, State: 0, Mode: LEADER, active raft config: opid_index: 2 OBSOLETE_local: false peers { permanent_uuid: "e329a97c4e21422a80d0a84b3f37ed63" member_type: VOTER last_known_addr { host: "127.31.229.129" port: 40319 } } peers { permanent_uuid: "95b6097cdf5d409baaf72b08b3b1da74" member_type: VOTER last_known_addr { host: "127.31.229.130" port: 40795 } } peers { permanent_uuid: "4226fa467a4a40239bfa6b50f5a0b87d" member_type: VOTER last_known_addr { host: "127.31.229.131" port: 46657 } attrs { replace: true } } peers { permanent_uuid: "7bbb155291e64b5c93710940b44694da" member_type: NON_VOTER last_known_addr { host: "127.31.229.132" port: 46207 } attrs { promote: true } }
W20260713 09:11:40.054924  1276 consensus_peers.cc:597] T e1b41355bd2942f4bc9139f5c5941647 P e329a97c4e21422a80d0a84b3f37ed63 -> Peer 7bbb155291e64b5c93710940b44694da (127.31.229.132:46207): Couldn't send request to peer 7bbb155291e64b5c93710940b44694da. Error code: TABLET_NOT_FOUND (6). Status: Not found: Tablet not found: e1b41355bd2942f4bc9139f5c5941647. This is attempt 1: this message will repeat every 5th retry.
I20260713 09:11:40.054991  1388 raft_consensus.cc:1275] T e1b41355bd2942f4bc9139f5c5941647 P 95b6097cdf5d409baaf72b08b3b1da74 [term 1 FOLLOWER]: Refusing update from remote peer e329a97c4e21422a80d0a84b3f37ed63: Log matching property violated. Preceding OpId in replica: term: 1 index: 1. Preceding OpId from leader: term: 1 index: 2. (index mismatch)
I20260713 09:11:40.055217  1460 raft_consensus.cc:1275] T e1b41355bd2942f4bc9139f5c5941647 P 4226fa467a4a40239bfa6b50f5a0b87d [term 1 FOLLOWER]: Refusing update from remote peer e329a97c4e21422a80d0a84b3f37ed63: Log matching property violated. Preceding OpId in replica: term: 1 index: 1. Preceding OpId from leader: term: 1 index: 2. (index mismatch)
I20260713 09:11:40.056301  1986 consensus_queue.cc:1048] T e1b41355bd2942f4bc9139f5c5941647 P e329a97c4e21422a80d0a84b3f37ed63 [LEADER]: Connected to new peer: Peer: permanent_uuid: "95b6097cdf5d409baaf72b08b3b1da74" member_type: VOTER last_known_addr { host: "127.31.229.130" port: 40795 }, Status: LMP_MISMATCH, Last received: 0.0, Next index: 2, Last known committed idx: 1, Time since last communication: 0.000s
I20260713 09:11:40.057076  1953 consensus_queue.cc:1048] T e1b41355bd2942f4bc9139f5c5941647 P e329a97c4e21422a80d0a84b3f37ed63 [LEADER]: Connected to new peer: Peer: permanent_uuid: "4226fa467a4a40239bfa6b50f5a0b87d" member_type: VOTER last_known_addr { host: "127.31.229.131" port: 46657 } attrs { replace: true }, Status: LMP_MISMATCH, Last received: 0.0, Next index: 2, Last known committed idx: 1, Time since last communication: 0.000s
I20260713 09:11:40.064812  1923 raft_consensus.cc:2955] T e1b41355bd2942f4bc9139f5c5941647 P e329a97c4e21422a80d0a84b3f37ed63 [term 1 LEADER]: Committing config change with OpId 1.2: config changed from index -1 to 2, NON_VOTER 7bbb155291e64b5c93710940b44694da (127.31.229.132) added. New config: { opid_index: 2 OBSOLETE_local: false peers { permanent_uuid: "e329a97c4e21422a80d0a84b3f37ed63" member_type: VOTER last_known_addr { host: "127.31.229.129" port: 40319 } } peers { permanent_uuid: "95b6097cdf5d409baaf72b08b3b1da74" member_type: VOTER last_known_addr { host: "127.31.229.130" port: 40795 } } peers { permanent_uuid: "4226fa467a4a40239bfa6b50f5a0b87d" member_type: VOTER last_known_addr { host: "127.31.229.131" port: 46657 } attrs { replace: true } } peers { permanent_uuid: "7bbb155291e64b5c93710940b44694da" member_type: NON_VOTER last_known_addr { host: "127.31.229.132" port: 46207 } attrs { promote: true } } }
I20260713 09:11:40.066584  1388 raft_consensus.cc:2955] T e1b41355bd2942f4bc9139f5c5941647 P 95b6097cdf5d409baaf72b08b3b1da74 [term 1 FOLLOWER]: Committing config change with OpId 1.2: config changed from index -1 to 2, NON_VOTER 7bbb155291e64b5c93710940b44694da (127.31.229.132) added. New config: { opid_index: 2 OBSOLETE_local: false peers { permanent_uuid: "e329a97c4e21422a80d0a84b3f37ed63" member_type: VOTER last_known_addr { host: "127.31.229.129" port: 40319 } } peers { permanent_uuid: "95b6097cdf5d409baaf72b08b3b1da74" member_type: VOTER last_known_addr { host: "127.31.229.130" port: 40795 } } peers { permanent_uuid: "4226fa467a4a40239bfa6b50f5a0b87d" member_type: VOTER last_known_addr { host: "127.31.229.131" port: 46657 } attrs { replace: true } } peers { permanent_uuid: "7bbb155291e64b5c93710940b44694da" member_type: NON_VOTER last_known_addr { host: "127.31.229.132" port: 46207 } attrs { promote: true } } }
I20260713 09:11:40.069258  1460 raft_consensus.cc:2955] T e1b41355bd2942f4bc9139f5c5941647 P 4226fa467a4a40239bfa6b50f5a0b87d [term 1 FOLLOWER]: Committing config change with OpId 1.2: config changed from index -1 to 2, NON_VOTER 7bbb155291e64b5c93710940b44694da (127.31.229.132) added. New config: { opid_index: 2 OBSOLETE_local: false peers { permanent_uuid: "e329a97c4e21422a80d0a84b3f37ed63" member_type: VOTER last_known_addr { host: "127.31.229.129" port: 40319 } } peers { permanent_uuid: "95b6097cdf5d409baaf72b08b3b1da74" member_type: VOTER last_known_addr { host: "127.31.229.130" port: 40795 } } peers { permanent_uuid: "4226fa467a4a40239bfa6b50f5a0b87d" member_type: VOTER last_known_addr { host: "127.31.229.131" port: 46657 } attrs { replace: true } } peers { permanent_uuid: "7bbb155291e64b5c93710940b44694da" member_type: NON_VOTER last_known_addr { host: "127.31.229.132" port: 46207 } attrs { promote: true } } }
I20260713 09:11:40.088847  1209 catalog_manager.cc:5697] T e1b41355bd2942f4bc9139f5c5941647 P 95b6097cdf5d409baaf72b08b3b1da74 reported cstate change: config changed from index -1 to 2, NON_VOTER 7bbb155291e64b5c93710940b44694da (127.31.229.132) added. New cstate: current_term: 1 leader_uuid: "e329a97c4e21422a80d0a84b3f37ed63" committed_config { opid_index: 2 OBSOLETE_local: false peers { permanent_uuid: "e329a97c4e21422a80d0a84b3f37ed63" member_type: VOTER last_known_addr { host: "127.31.229.129" port: 40319 } } peers { permanent_uuid: "95b6097cdf5d409baaf72b08b3b1da74" member_type: VOTER last_known_addr { host: "127.31.229.130" port: 40795 } } peers { permanent_uuid: "4226fa467a4a40239bfa6b50f5a0b87d" member_type: VOTER last_known_addr { host: "127.31.229.131" port: 46657 } attrs { replace: true } } peers { permanent_uuid: "7bbb155291e64b5c93710940b44694da" member_type: NON_VOTER last_known_addr { host: "127.31.229.132" port: 46207 } attrs { promote: true } } }
I20260713 09:11:40.098839  1309 consensus_queue.cc:237] T 8e7620f8e61149fbaf7de265bc5ac077 P e329a97c4e21422a80d0a84b3f37ed63 [LEADER]: Queue going to LEADER mode. State: All replicated index: 0, Majority replicated index: 1, Committed index: 1, Last appended: 1.1, Last appended by leader: 0, Current term: 1, Majority size: 2, State: 0, Mode: LEADER, active raft config: opid_index: 2 OBSOLETE_local: false peers { permanent_uuid: "e329a97c4e21422a80d0a84b3f37ed63" member_type: VOTER last_known_addr { host: "127.31.229.129" port: 40319 } } peers { permanent_uuid: "95b6097cdf5d409baaf72b08b3b1da74" member_type: VOTER last_known_addr { host: "127.31.229.130" port: 40795 } attrs { replace: true } } peers { permanent_uuid: "4226fa467a4a40239bfa6b50f5a0b87d" member_type: VOTER last_known_addr { host: "127.31.229.131" port: 46657 } } peers { permanent_uuid: "7bbb155291e64b5c93710940b44694da" member_type: NON_VOTER last_known_addr { host: "127.31.229.132" port: 46207 } attrs { promote: true } }
W20260713 09:11:40.116144  1276 consensus_peers.cc:597] T 8e7620f8e61149fbaf7de265bc5ac077 P e329a97c4e21422a80d0a84b3f37ed63 -> Peer 7bbb155291e64b5c93710940b44694da (127.31.229.132:46207): Couldn't send request to peer 7bbb155291e64b5c93710940b44694da. Error code: TABLET_NOT_FOUND (6). Status: Not found: Tablet not found: 8e7620f8e61149fbaf7de265bc5ac077. This is attempt 1: this message will repeat every 5th retry.
I20260713 09:11:40.117532  1460 raft_consensus.cc:1275] T 8e7620f8e61149fbaf7de265bc5ac077 P 4226fa467a4a40239bfa6b50f5a0b87d [term 1 FOLLOWER]: Refusing update from remote peer e329a97c4e21422a80d0a84b3f37ed63: Log matching property violated. Preceding OpId in replica: term: 1 index: 1. Preceding OpId from leader: term: 1 index: 2. (index mismatch)
I20260713 09:11:40.120929  1383 raft_consensus.cc:1275] T 8e7620f8e61149fbaf7de265bc5ac077 P 95b6097cdf5d409baaf72b08b3b1da74 [term 1 FOLLOWER]: Refusing update from remote peer e329a97c4e21422a80d0a84b3f37ed63: Log matching property violated. Preceding OpId in replica: term: 1 index: 1. Preceding OpId from leader: term: 1 index: 2. (index mismatch)
I20260713 09:11:40.121469  1989 consensus_queue.cc:1048] T 8e7620f8e61149fbaf7de265bc5ac077 P e329a97c4e21422a80d0a84b3f37ed63 [LEADER]: Connected to new peer: Peer: permanent_uuid: "4226fa467a4a40239bfa6b50f5a0b87d" member_type: VOTER last_known_addr { host: "127.31.229.131" port: 46657 }, Status: LMP_MISMATCH, Last received: 0.0, Next index: 2, Last known committed idx: 1, Time since last communication: 0.000s
I20260713 09:11:40.123025  1923 consensus_queue.cc:1048] T 8e7620f8e61149fbaf7de265bc5ac077 P e329a97c4e21422a80d0a84b3f37ed63 [LEADER]: Connected to new peer: Peer: permanent_uuid: "95b6097cdf5d409baaf72b08b3b1da74" member_type: VOTER last_known_addr { host: "127.31.229.130" port: 40795 } attrs { replace: true }, Status: LMP_MISMATCH, Last received: 0.0, Next index: 2, Last known committed idx: 1, Time since last communication: 0.000s
I20260713 09:11:40.129783  1989 raft_consensus.cc:2955] T 8e7620f8e61149fbaf7de265bc5ac077 P e329a97c4e21422a80d0a84b3f37ed63 [term 1 LEADER]: Committing config change with OpId 1.2: config changed from index -1 to 2, NON_VOTER 7bbb155291e64b5c93710940b44694da (127.31.229.132) added. New config: { opid_index: 2 OBSOLETE_local: false peers { permanent_uuid: "e329a97c4e21422a80d0a84b3f37ed63" member_type: VOTER last_known_addr { host: "127.31.229.129" port: 40319 } } peers { permanent_uuid: "95b6097cdf5d409baaf72b08b3b1da74" member_type: VOTER last_known_addr { host: "127.31.229.130" port: 40795 } attrs { replace: true } } peers { permanent_uuid: "4226fa467a4a40239bfa6b50f5a0b87d" member_type: VOTER last_known_addr { host: "127.31.229.131" port: 46657 } } peers { permanent_uuid: "7bbb155291e64b5c93710940b44694da" member_type: NON_VOTER last_known_addr { host: "127.31.229.132" port: 46207 } attrs { promote: true } } }
I20260713 09:11:40.131345  1460 raft_consensus.cc:2955] T 8e7620f8e61149fbaf7de265bc5ac077 P 4226fa467a4a40239bfa6b50f5a0b87d [term 1 FOLLOWER]: Committing config change with OpId 1.2: config changed from index -1 to 2, NON_VOTER 7bbb155291e64b5c93710940b44694da (127.31.229.132) added. New config: { opid_index: 2 OBSOLETE_local: false peers { permanent_uuid: "e329a97c4e21422a80d0a84b3f37ed63" member_type: VOTER last_known_addr { host: "127.31.229.129" port: 40319 } } peers { permanent_uuid: "95b6097cdf5d409baaf72b08b3b1da74" member_type: VOTER last_known_addr { host: "127.31.229.130" port: 40795 } attrs { replace: true } } peers { permanent_uuid: "4226fa467a4a40239bfa6b50f5a0b87d" member_type: VOTER last_known_addr { host: "127.31.229.131" port: 46657 } } peers { permanent_uuid: "7bbb155291e64b5c93710940b44694da" member_type: NON_VOTER last_known_addr { host: "127.31.229.132" port: 46207 } attrs { promote: true } } }
I20260713 09:11:40.132822  1383 raft_consensus.cc:2955] T 8e7620f8e61149fbaf7de265bc5ac077 P 95b6097cdf5d409baaf72b08b3b1da74 [term 1 FOLLOWER]: Committing config change with OpId 1.2: config changed from index -1 to 2, NON_VOTER 7bbb155291e64b5c93710940b44694da (127.31.229.132) added. New config: { opid_index: 2 OBSOLETE_local: false peers { permanent_uuid: "e329a97c4e21422a80d0a84b3f37ed63" member_type: VOTER last_known_addr { host: "127.31.229.129" port: 40319 } } peers { permanent_uuid: "95b6097cdf5d409baaf72b08b3b1da74" member_type: VOTER last_known_addr { host: "127.31.229.130" port: 40795 } attrs { replace: true } } peers { permanent_uuid: "4226fa467a4a40239bfa6b50f5a0b87d" member_type: VOTER last_known_addr { host: "127.31.229.131" port: 46657 } } peers { permanent_uuid: "7bbb155291e64b5c93710940b44694da" member_type: NON_VOTER last_known_addr { host: "127.31.229.132" port: 46207 } attrs { promote: true } } }
I20260713 09:11:40.144972  1209 catalog_manager.cc:5697] T 8e7620f8e61149fbaf7de265bc5ac077 P 95b6097cdf5d409baaf72b08b3b1da74 reported cstate change: config changed from index -1 to 2, NON_VOTER 7bbb155291e64b5c93710940b44694da (127.31.229.132) added. New cstate: current_term: 1 leader_uuid: "e329a97c4e21422a80d0a84b3f37ed63" committed_config { opid_index: 2 OBSOLETE_local: false peers { permanent_uuid: "e329a97c4e21422a80d0a84b3f37ed63" member_type: VOTER last_known_addr { host: "127.31.229.129" port: 40319 } } peers { permanent_uuid: "95b6097cdf5d409baaf72b08b3b1da74" member_type: VOTER last_known_addr { host: "127.31.229.130" port: 40795 } attrs { replace: true } } peers { permanent_uuid: "4226fa467a4a40239bfa6b50f5a0b87d" member_type: VOTER last_known_addr { host: "127.31.229.131" port: 46657 } } peers { permanent_uuid: "7bbb155291e64b5c93710940b44694da" member_type: NON_VOTER last_known_addr { host: "127.31.229.132" port: 46207 } attrs { promote: true } } }
I20260713 09:11:40.145305  1460 consensus_queue.cc:237] T 957ce89dba9242538a5171079866bd5b P 4226fa467a4a40239bfa6b50f5a0b87d [LEADER]: Queue going to LEADER mode. State: All replicated index: 0, Majority replicated index: 1, Committed index: 1, Last appended: 1.1, Last appended by leader: 0, Current term: 1, Majority size: 2, State: 0, Mode: LEADER, active raft config: opid_index: 2 OBSOLETE_local: false peers { permanent_uuid: "e329a97c4e21422a80d0a84b3f37ed63" member_type: VOTER last_known_addr { host: "127.31.229.129" port: 40319 } attrs { replace: true } } peers { permanent_uuid: "95b6097cdf5d409baaf72b08b3b1da74" member_type: VOTER last_known_addr { host: "127.31.229.130" port: 40795 } } peers { permanent_uuid: "4226fa467a4a40239bfa6b50f5a0b87d" member_type: VOTER last_known_addr { host: "127.31.229.131" port: 46657 } } peers { permanent_uuid: "7bbb155291e64b5c93710940b44694da" member_type: NON_VOTER last_known_addr { host: "127.31.229.132" port: 46207 } attrs { promote: true } }
W20260713 09:11:40.152727  1425 consensus_peers.cc:597] T 957ce89dba9242538a5171079866bd5b P 4226fa467a4a40239bfa6b50f5a0b87d -> Peer 7bbb155291e64b5c93710940b44694da (127.31.229.132:46207): Couldn't send request to peer 7bbb155291e64b5c93710940b44694da. Error code: TABLET_NOT_FOUND (6). Status: Not found: Tablet not found: 957ce89dba9242538a5171079866bd5b. This is attempt 1: this message will repeat every 5th retry.
I20260713 09:11:40.152755  1383 raft_consensus.cc:1275] T 957ce89dba9242538a5171079866bd5b P 95b6097cdf5d409baaf72b08b3b1da74 [term 1 FOLLOWER]: Refusing update from remote peer 4226fa467a4a40239bfa6b50f5a0b87d: Log matching property violated. Preceding OpId in replica: term: 1 index: 1. Preceding OpId from leader: term: 1 index: 2. (index mismatch)
I20260713 09:11:40.153559  1309 raft_consensus.cc:1275] T 957ce89dba9242538a5171079866bd5b P e329a97c4e21422a80d0a84b3f37ed63 [term 1 FOLLOWER]: Refusing update from remote peer 4226fa467a4a40239bfa6b50f5a0b87d: Log matching property violated. Preceding OpId in replica: term: 1 index: 1. Preceding OpId from leader: term: 1 index: 2. (index mismatch)
I20260713 09:11:40.154377  1972 consensus_queue.cc:1048] T 957ce89dba9242538a5171079866bd5b P 4226fa467a4a40239bfa6b50f5a0b87d [LEADER]: Connected to new peer: Peer: permanent_uuid: "95b6097cdf5d409baaf72b08b3b1da74" member_type: VOTER last_known_addr { host: "127.31.229.130" port: 40795 }, Status: LMP_MISMATCH, Last received: 0.0, Next index: 2, Last known committed idx: 1, Time since last communication: 0.000s
I20260713 09:11:40.155248  1931 consensus_queue.cc:1048] T 957ce89dba9242538a5171079866bd5b P 4226fa467a4a40239bfa6b50f5a0b87d [LEADER]: Connected to new peer: Peer: permanent_uuid: "e329a97c4e21422a80d0a84b3f37ed63" member_type: VOTER last_known_addr { host: "127.31.229.129" port: 40319 } attrs { replace: true }, Status: LMP_MISMATCH, Last received: 0.0, Next index: 2, Last known committed idx: 1, Time since last communication: 0.000s
I20260713 09:11:40.162631  1931 raft_consensus.cc:2955] T 957ce89dba9242538a5171079866bd5b P 4226fa467a4a40239bfa6b50f5a0b87d [term 1 LEADER]: Committing config change with OpId 1.2: config changed from index -1 to 2, NON_VOTER 7bbb155291e64b5c93710940b44694da (127.31.229.132) added. New config: { opid_index: 2 OBSOLETE_local: false peers { permanent_uuid: "e329a97c4e21422a80d0a84b3f37ed63" member_type: VOTER last_known_addr { host: "127.31.229.129" port: 40319 } attrs { replace: true } } peers { permanent_uuid: "95b6097cdf5d409baaf72b08b3b1da74" member_type: VOTER last_known_addr { host: "127.31.229.130" port: 40795 } } peers { permanent_uuid: "4226fa467a4a40239bfa6b50f5a0b87d" member_type: VOTER last_known_addr { host: "127.31.229.131" port: 46657 } } peers { permanent_uuid: "7bbb155291e64b5c93710940b44694da" member_type: NON_VOTER last_known_addr { host: "127.31.229.132" port: 46207 } attrs { promote: true } } }
I20260713 09:11:40.163965  1309 raft_consensus.cc:2955] T 957ce89dba9242538a5171079866bd5b P e329a97c4e21422a80d0a84b3f37ed63 [term 1 FOLLOWER]: Committing config change with OpId 1.2: config changed from index -1 to 2, NON_VOTER 7bbb155291e64b5c93710940b44694da (127.31.229.132) added. New config: { opid_index: 2 OBSOLETE_local: false peers { permanent_uuid: "e329a97c4e21422a80d0a84b3f37ed63" member_type: VOTER last_known_addr { host: "127.31.229.129" port: 40319 } attrs { replace: true } } peers { permanent_uuid: "95b6097cdf5d409baaf72b08b3b1da74" member_type: VOTER last_known_addr { host: "127.31.229.130" port: 40795 } } peers { permanent_uuid: "4226fa467a4a40239bfa6b50f5a0b87d" member_type: VOTER last_known_addr { host: "127.31.229.131" port: 46657 } } peers { permanent_uuid: "7bbb155291e64b5c93710940b44694da" member_type: NON_VOTER last_known_addr { host: "127.31.229.132" port: 46207 } attrs { promote: true } } }
I20260713 09:11:40.175494  1208 catalog_manager.cc:5697] T 957ce89dba9242538a5171079866bd5b P e329a97c4e21422a80d0a84b3f37ed63 reported cstate change: config changed from index -1 to 2, NON_VOTER 7bbb155291e64b5c93710940b44694da (127.31.229.132) added. New cstate: current_term: 1 leader_uuid: "4226fa467a4a40239bfa6b50f5a0b87d" committed_config { opid_index: 2 OBSOLETE_local: false peers { permanent_uuid: "e329a97c4e21422a80d0a84b3f37ed63" member_type: VOTER last_known_addr { host: "127.31.229.129" port: 40319 } attrs { replace: true } } peers { permanent_uuid: "95b6097cdf5d409baaf72b08b3b1da74" member_type: VOTER last_known_addr { host: "127.31.229.130" port: 40795 } } peers { permanent_uuid: "4226fa467a4a40239bfa6b50f5a0b87d" member_type: VOTER last_known_addr { host: "127.31.229.131" port: 46657 } } peers { permanent_uuid: "7bbb155291e64b5c93710940b44694da" member_type: NON_VOTER last_known_addr { host: "127.31.229.132" port: 46207 } attrs { promote: true } } }
I20260713 09:11:40.187680  1383 raft_consensus.cc:2955] T 957ce89dba9242538a5171079866bd5b P 95b6097cdf5d409baaf72b08b3b1da74 [term 1 FOLLOWER]: Committing config change with OpId 1.2: config changed from index -1 to 2, NON_VOTER 7bbb155291e64b5c93710940b44694da (127.31.229.132) added. New config: { opid_index: 2 OBSOLETE_local: false peers { permanent_uuid: "e329a97c4e21422a80d0a84b3f37ed63" member_type: VOTER last_known_addr { host: "127.31.229.129" port: 40319 } attrs { replace: true } } peers { permanent_uuid: "95b6097cdf5d409baaf72b08b3b1da74" member_type: VOTER last_known_addr { host: "127.31.229.130" port: 40795 } } peers { permanent_uuid: "4226fa467a4a40239bfa6b50f5a0b87d" member_type: VOTER last_known_addr { host: "127.31.229.131" port: 46657 } } peers { permanent_uuid: "7bbb155291e64b5c93710940b44694da" member_type: NON_VOTER last_known_addr { host: "127.31.229.132" port: 46207 } attrs { promote: true } } }
I20260713 09:11:40.190845  1388 consensus_queue.cc:237] T 7298f67048e743dab0ae883e97723f75 P 95b6097cdf5d409baaf72b08b3b1da74 [LEADER]: Queue going to LEADER mode. State: All replicated index: 0, Majority replicated index: 1, Committed index: 1, Last appended: 1.1, Last appended by leader: 0, Current term: 1, Majority size: 2, State: 0, Mode: LEADER, active raft config: opid_index: 2 OBSOLETE_local: false peers { permanent_uuid: "e329a97c4e21422a80d0a84b3f37ed63" member_type: VOTER last_known_addr { host: "127.31.229.129" port: 40319 } attrs { replace: true } } peers { permanent_uuid: "95b6097cdf5d409baaf72b08b3b1da74" member_type: VOTER last_known_addr { host: "127.31.229.130" port: 40795 } } peers { permanent_uuid: "4226fa467a4a40239bfa6b50f5a0b87d" member_type: VOTER last_known_addr { host: "127.31.229.131" port: 46657 } } peers { permanent_uuid: "7bbb155291e64b5c93710940b44694da" member_type: NON_VOTER last_known_addr { host: "127.31.229.132" port: 46207 } attrs { promote: true } }
I20260713 09:11:40.198385  1460 raft_consensus.cc:1275] T 7298f67048e743dab0ae883e97723f75 P 4226fa467a4a40239bfa6b50f5a0b87d [term 1 FOLLOWER]: Refusing update from remote peer 95b6097cdf5d409baaf72b08b3b1da74: Log matching property violated. Preceding OpId in replica: term: 1 index: 1. Preceding OpId from leader: term: 1 index: 2. (index mismatch)
W20260713 09:11:40.198577  1351 consensus_peers.cc:597] T 7298f67048e743dab0ae883e97723f75 P 95b6097cdf5d409baaf72b08b3b1da74 -> Peer 7bbb155291e64b5c93710940b44694da (127.31.229.132:46207): Couldn't send request to peer 7bbb155291e64b5c93710940b44694da. Error code: TABLET_NOT_FOUND (6). Status: Not found: Tablet not found: 7298f67048e743dab0ae883e97723f75. This is attempt 1: this message will repeat every 5th retry.
I20260713 09:11:40.199829  1982 consensus_queue.cc:1048] T 7298f67048e743dab0ae883e97723f75 P 95b6097cdf5d409baaf72b08b3b1da74 [LEADER]: Connected to new peer: Peer: permanent_uuid: "4226fa467a4a40239bfa6b50f5a0b87d" member_type: VOTER last_known_addr { host: "127.31.229.131" port: 46657 }, Status: LMP_MISMATCH, Last received: 0.0, Next index: 2, Last known committed idx: 1, Time since last communication: 0.000s
I20260713 09:11:40.200760  1309 raft_consensus.cc:1275] T 7298f67048e743dab0ae883e97723f75 P e329a97c4e21422a80d0a84b3f37ed63 [term 1 FOLLOWER]: Refusing update from remote peer 95b6097cdf5d409baaf72b08b3b1da74: Log matching property violated. Preceding OpId in replica: term: 1 index: 1. Preceding OpId from leader: term: 1 index: 2. (index mismatch)
I20260713 09:11:40.202981  2004 consensus_queue.cc:1048] T 7298f67048e743dab0ae883e97723f75 P 95b6097cdf5d409baaf72b08b3b1da74 [LEADER]: Connected to new peer: Peer: permanent_uuid: "e329a97c4e21422a80d0a84b3f37ed63" member_type: VOTER last_known_addr { host: "127.31.229.129" port: 40319 } attrs { replace: true }, Status: LMP_MISMATCH, Last received: 0.0, Next index: 2, Last known committed idx: 1, Time since last communication: 0.000s
I20260713 09:11:40.207597  1982 raft_consensus.cc:2955] T 7298f67048e743dab0ae883e97723f75 P 95b6097cdf5d409baaf72b08b3b1da74 [term 1 LEADER]: Committing config change with OpId 1.2: config changed from index -1 to 2, NON_VOTER 7bbb155291e64b5c93710940b44694da (127.31.229.132) added. New config: { opid_index: 2 OBSOLETE_local: false peers { permanent_uuid: "e329a97c4e21422a80d0a84b3f37ed63" member_type: VOTER last_known_addr { host: "127.31.229.129" port: 40319 } attrs { replace: true } } peers { permanent_uuid: "95b6097cdf5d409baaf72b08b3b1da74" member_type: VOTER last_known_addr { host: "127.31.229.130" port: 40795 } } peers { permanent_uuid: "4226fa467a4a40239bfa6b50f5a0b87d" member_type: VOTER last_known_addr { host: "127.31.229.131" port: 46657 } } peers { permanent_uuid: "7bbb155291e64b5c93710940b44694da" member_type: NON_VOTER last_known_addr { host: "127.31.229.132" port: 46207 } attrs { promote: true } } }
I20260713 09:11:40.209190  1460 raft_consensus.cc:2955] T 7298f67048e743dab0ae883e97723f75 P 4226fa467a4a40239bfa6b50f5a0b87d [term 1 FOLLOWER]: Committing config change with OpId 1.2: config changed from index -1 to 2, NON_VOTER 7bbb155291e64b5c93710940b44694da (127.31.229.132) added. New config: { opid_index: 2 OBSOLETE_local: false peers { permanent_uuid: "e329a97c4e21422a80d0a84b3f37ed63" member_type: VOTER last_known_addr { host: "127.31.229.129" port: 40319 } attrs { replace: true } } peers { permanent_uuid: "95b6097cdf5d409baaf72b08b3b1da74" member_type: VOTER last_known_addr { host: "127.31.229.130" port: 40795 } } peers { permanent_uuid: "4226fa467a4a40239bfa6b50f5a0b87d" member_type: VOTER last_known_addr { host: "127.31.229.131" port: 46657 } } peers { permanent_uuid: "7bbb155291e64b5c93710940b44694da" member_type: NON_VOTER last_known_addr { host: "127.31.229.132" port: 46207 } attrs { promote: true } } }
I20260713 09:11:40.212318  1309 raft_consensus.cc:2955] T 7298f67048e743dab0ae883e97723f75 P e329a97c4e21422a80d0a84b3f37ed63 [term 1 FOLLOWER]: Committing config change with OpId 1.2: config changed from index -1 to 2, NON_VOTER 7bbb155291e64b5c93710940b44694da (127.31.229.132) added. New config: { opid_index: 2 OBSOLETE_local: false peers { permanent_uuid: "e329a97c4e21422a80d0a84b3f37ed63" member_type: VOTER last_known_addr { host: "127.31.229.129" port: 40319 } attrs { replace: true } } peers { permanent_uuid: "95b6097cdf5d409baaf72b08b3b1da74" member_type: VOTER last_known_addr { host: "127.31.229.130" port: 40795 } } peers { permanent_uuid: "4226fa467a4a40239bfa6b50f5a0b87d" member_type: VOTER last_known_addr { host: "127.31.229.131" port: 46657 } } peers { permanent_uuid: "7bbb155291e64b5c93710940b44694da" member_type: NON_VOTER last_known_addr { host: "127.31.229.132" port: 46207 } attrs { promote: true } } }
I20260713 09:11:40.220714  1211 catalog_manager.cc:5697] T 7298f67048e743dab0ae883e97723f75 P 4226fa467a4a40239bfa6b50f5a0b87d reported cstate change: config changed from index -1 to 2, NON_VOTER 7bbb155291e64b5c93710940b44694da (127.31.229.132) added. New cstate: current_term: 1 leader_uuid: "95b6097cdf5d409baaf72b08b3b1da74" committed_config { opid_index: 2 OBSOLETE_local: false peers { permanent_uuid: "e329a97c4e21422a80d0a84b3f37ed63" member_type: VOTER last_known_addr { host: "127.31.229.129" port: 40319 } attrs { replace: true } } peers { permanent_uuid: "95b6097cdf5d409baaf72b08b3b1da74" member_type: VOTER last_known_addr { host: "127.31.229.130" port: 40795 } } peers { permanent_uuid: "4226fa467a4a40239bfa6b50f5a0b87d" member_type: VOTER last_known_addr { host: "127.31.229.131" port: 46657 } } peers { permanent_uuid: "7bbb155291e64b5c93710940b44694da" member_type: NON_VOTER last_known_addr { host: "127.31.229.132" port: 46207 } attrs { promote: true } } }
I20260713 09:11:40.528434  2007 ts_tablet_manager.cc:933] T e1b41355bd2942f4bc9139f5c5941647 P 7bbb155291e64b5c93710940b44694da: Initiating tablet copy from peer e329a97c4e21422a80d0a84b3f37ed63 (127.31.229.129:40319)
I20260713 09:11:40.530324  2007 tablet_copy_client.cc:323] T e1b41355bd2942f4bc9139f5c5941647 P 7bbb155291e64b5c93710940b44694da: tablet copy: Beginning tablet copy session from remote peer at address 127.31.229.129:40319
I20260713 09:11:40.531903  1323 tablet_copy_service.cc:140] P e329a97c4e21422a80d0a84b3f37ed63: Received BeginTabletCopySession request for tablet e1b41355bd2942f4bc9139f5c5941647 from peer 7bbb155291e64b5c93710940b44694da ({username='slave'} at 127.0.0.1:56896)
I20260713 09:11:40.532367  1323 tablet_copy_service.cc:161] P e329a97c4e21422a80d0a84b3f37ed63: Beginning new tablet copy session on tablet e1b41355bd2942f4bc9139f5c5941647 from peer 7bbb155291e64b5c93710940b44694da at {username='slave'} at 127.0.0.1:56896: session id = 7bbb155291e64b5c93710940b44694da-e1b41355bd2942f4bc9139f5c5941647
I20260713 09:11:40.538870  1323 tablet_copy_source_session.cc:215] T e1b41355bd2942f4bc9139f5c5941647 P e329a97c4e21422a80d0a84b3f37ed63: Tablet Copy: opened 0 blocks and 1 log segments
I20260713 09:11:40.541849  2007 data_dirs.cc:400] Could only allocate 1 dirs of requested 3 for tablet e1b41355bd2942f4bc9139f5c5941647. 1 dirs total, 0 dirs full, 0 dirs failed
I20260713 09:11:40.552404  2007 tablet_copy_client.cc:806] T e1b41355bd2942f4bc9139f5c5941647 P 7bbb155291e64b5c93710940b44694da: tablet copy: Starting download of 0 data blocks...
I20260713 09:11:40.553092  2007 tablet_copy_client.cc:670] T e1b41355bd2942f4bc9139f5c5941647 P 7bbb155291e64b5c93710940b44694da: tablet copy: Starting download of 1 WAL segments...
I20260713 09:11:40.557613  2007 tablet_copy_client.cc:538] T e1b41355bd2942f4bc9139f5c5941647 P 7bbb155291e64b5c93710940b44694da: tablet copy: Tablet Copy complete. Replacing tablet superblock.
I20260713 09:11:40.562968  2007 tablet_bootstrap.cc:492] T e1b41355bd2942f4bc9139f5c5941647 P 7bbb155291e64b5c93710940b44694da: Bootstrap starting.
I20260713 09:11:40.580627  2007 tablet_bootstrap.cc:492] T e1b41355bd2942f4bc9139f5c5941647 P 7bbb155291e64b5c93710940b44694da: Bootstrap replayed 1/1 log segments. Stats: ops{read=2 overwritten=0 applied=2 ignored=0} inserts{seen=0 ignored=0} mutations{seen=0 ignored=0} orphaned_commits=0. Pending: 0 replicates
I20260713 09:11:40.581555  2007 tablet_bootstrap.cc:492] T e1b41355bd2942f4bc9139f5c5941647 P 7bbb155291e64b5c93710940b44694da: Bootstrap complete.
I20260713 09:11:40.582185  2007 ts_tablet_manager.cc:1403] T e1b41355bd2942f4bc9139f5c5941647 P 7bbb155291e64b5c93710940b44694da: Time spent bootstrapping tablet: real 0.019s	user 0.008s	sys 0.011s
I20260713 09:11:40.585063  2007 raft_consensus.cc:359] T e1b41355bd2942f4bc9139f5c5941647 P 7bbb155291e64b5c93710940b44694da [term 1 LEARNER]: Replica starting. Triggering 0 pending ops. Active config: opid_index: 2 OBSOLETE_local: false peers { permanent_uuid: "e329a97c4e21422a80d0a84b3f37ed63" member_type: VOTER last_known_addr { host: "127.31.229.129" port: 40319 } } peers { permanent_uuid: "95b6097cdf5d409baaf72b08b3b1da74" member_type: VOTER last_known_addr { host: "127.31.229.130" port: 40795 } } peers { permanent_uuid: "4226fa467a4a40239bfa6b50f5a0b87d" member_type: VOTER last_known_addr { host: "127.31.229.131" port: 46657 } attrs { replace: true } } peers { permanent_uuid: "7bbb155291e64b5c93710940b44694da" member_type: NON_VOTER last_known_addr { host: "127.31.229.132" port: 46207 } attrs { promote: true } }
I20260713 09:11:40.585986  2007 raft_consensus.cc:740] T e1b41355bd2942f4bc9139f5c5941647 P 7bbb155291e64b5c93710940b44694da [term 1 LEARNER]: Becoming Follower/Learner. State: Replica: 7bbb155291e64b5c93710940b44694da, State: Initialized, Role: LEARNER
I20260713 09:11:40.586699  2007 consensus_queue.cc:260] T e1b41355bd2942f4bc9139f5c5941647 P 7bbb155291e64b5c93710940b44694da [NON_LEADER]: Queue going to NON_LEADER mode. State: All replicated index: 0, Majority replicated index: 0, Committed index: 2, Last appended: 1.2, Last appended by leader: 2, Current term: 0, Majority size: -1, State: 0, Mode: NON_LEADER, active raft config: opid_index: 2 OBSOLETE_local: false peers { permanent_uuid: "e329a97c4e21422a80d0a84b3f37ed63" member_type: VOTER last_known_addr { host: "127.31.229.129" port: 40319 } } peers { permanent_uuid: "95b6097cdf5d409baaf72b08b3b1da74" member_type: VOTER last_known_addr { host: "127.31.229.130" port: 40795 } } peers { permanent_uuid: "4226fa467a4a40239bfa6b50f5a0b87d" member_type: VOTER last_known_addr { host: "127.31.229.131" port: 46657 } attrs { replace: true } } peers { permanent_uuid: "7bbb155291e64b5c93710940b44694da" member_type: NON_VOTER last_known_addr { host: "127.31.229.132" port: 46207 } attrs { promote: true } }
I20260713 09:11:40.590047  2007 ts_tablet_manager.cc:1434] T e1b41355bd2942f4bc9139f5c5941647 P 7bbb155291e64b5c93710940b44694da: Time spent starting tablet: real 0.008s	user 0.007s	sys 0.001s
I20260713 09:11:40.591089  2011 ts_tablet_manager.cc:933] T 8e7620f8e61149fbaf7de265bc5ac077 P 7bbb155291e64b5c93710940b44694da: Initiating tablet copy from peer e329a97c4e21422a80d0a84b3f37ed63 (127.31.229.129:40319)
I20260713 09:11:40.594694  1323 tablet_copy_service.cc:342] P e329a97c4e21422a80d0a84b3f37ed63: Request end of tablet copy session 7bbb155291e64b5c93710940b44694da-e1b41355bd2942f4bc9139f5c5941647 received from {username='slave'} at 127.0.0.1:56896
I20260713 09:11:40.595201  1323 tablet_copy_service.cc:434] P e329a97c4e21422a80d0a84b3f37ed63: ending tablet copy session 7bbb155291e64b5c93710940b44694da-e1b41355bd2942f4bc9139f5c5941647 on tablet e1b41355bd2942f4bc9139f5c5941647 with peer 7bbb155291e64b5c93710940b44694da
I20260713 09:11:40.599807  2011 tablet_copy_client.cc:323] T 8e7620f8e61149fbaf7de265bc5ac077 P 7bbb155291e64b5c93710940b44694da: tablet copy: Beginning tablet copy session from remote peer at address 127.31.229.129:40319
I20260713 09:11:40.601576  1323 tablet_copy_service.cc:140] P e329a97c4e21422a80d0a84b3f37ed63: Received BeginTabletCopySession request for tablet 8e7620f8e61149fbaf7de265bc5ac077 from peer 7bbb155291e64b5c93710940b44694da ({username='slave'} at 127.0.0.1:56896)
I20260713 09:11:40.602169  1323 tablet_copy_service.cc:161] P e329a97c4e21422a80d0a84b3f37ed63: Beginning new tablet copy session on tablet 8e7620f8e61149fbaf7de265bc5ac077 from peer 7bbb155291e64b5c93710940b44694da at {username='slave'} at 127.0.0.1:56896: session id = 7bbb155291e64b5c93710940b44694da-8e7620f8e61149fbaf7de265bc5ac077
I20260713 09:11:40.610460  1323 tablet_copy_source_session.cc:215] T 8e7620f8e61149fbaf7de265bc5ac077 P e329a97c4e21422a80d0a84b3f37ed63: Tablet Copy: opened 0 blocks and 1 log segments
I20260713 09:11:40.614148  2011 data_dirs.cc:400] Could only allocate 1 dirs of requested 3 for tablet 8e7620f8e61149fbaf7de265bc5ac077. 1 dirs total, 0 dirs full, 0 dirs failed
I20260713 09:11:40.629390  2011 tablet_copy_client.cc:806] T 8e7620f8e61149fbaf7de265bc5ac077 P 7bbb155291e64b5c93710940b44694da: tablet copy: Starting download of 0 data blocks...
I20260713 09:11:40.629925  2011 tablet_copy_client.cc:670] T 8e7620f8e61149fbaf7de265bc5ac077 P 7bbb155291e64b5c93710940b44694da: tablet copy: Starting download of 1 WAL segments...
I20260713 09:11:40.633005  2011 tablet_copy_client.cc:538] T 8e7620f8e61149fbaf7de265bc5ac077 P 7bbb155291e64b5c93710940b44694da: tablet copy: Tablet Copy complete. Replacing tablet superblock.
I20260713 09:11:40.638624  2011 tablet_bootstrap.cc:492] T 8e7620f8e61149fbaf7de265bc5ac077 P 7bbb155291e64b5c93710940b44694da: Bootstrap starting.
I20260713 09:11:40.655246  2011 tablet_bootstrap.cc:492] T 8e7620f8e61149fbaf7de265bc5ac077 P 7bbb155291e64b5c93710940b44694da: Bootstrap replayed 1/1 log segments. Stats: ops{read=2 overwritten=0 applied=2 ignored=0} inserts{seen=0 ignored=0} mutations{seen=0 ignored=0} orphaned_commits=0. Pending: 0 replicates
I20260713 09:11:40.655951  2011 tablet_bootstrap.cc:492] T 8e7620f8e61149fbaf7de265bc5ac077 P 7bbb155291e64b5c93710940b44694da: Bootstrap complete.
I20260713 09:11:40.656534  2011 ts_tablet_manager.cc:1403] T 8e7620f8e61149fbaf7de265bc5ac077 P 7bbb155291e64b5c93710940b44694da: Time spent bootstrapping tablet: real 0.018s	user 0.011s	sys 0.005s
I20260713 09:11:40.659068  2011 raft_consensus.cc:359] T 8e7620f8e61149fbaf7de265bc5ac077 P 7bbb155291e64b5c93710940b44694da [term 1 LEARNER]: Replica starting. Triggering 0 pending ops. Active config: opid_index: 2 OBSOLETE_local: false peers { permanent_uuid: "e329a97c4e21422a80d0a84b3f37ed63" member_type: VOTER last_known_addr { host: "127.31.229.129" port: 40319 } } peers { permanent_uuid: "95b6097cdf5d409baaf72b08b3b1da74" member_type: VOTER last_known_addr { host: "127.31.229.130" port: 40795 } attrs { replace: true } } peers { permanent_uuid: "4226fa467a4a40239bfa6b50f5a0b87d" member_type: VOTER last_known_addr { host: "127.31.229.131" port: 46657 } } peers { permanent_uuid: "7bbb155291e64b5c93710940b44694da" member_type: NON_VOTER last_known_addr { host: "127.31.229.132" port: 46207 } attrs { promote: true } }
I20260713 09:11:40.659897  2011 raft_consensus.cc:740] T 8e7620f8e61149fbaf7de265bc5ac077 P 7bbb155291e64b5c93710940b44694da [term 1 LEARNER]: Becoming Follower/Learner. State: Replica: 7bbb155291e64b5c93710940b44694da, State: Initialized, Role: LEARNER
I20260713 09:11:40.660476  2011 consensus_queue.cc:260] T 8e7620f8e61149fbaf7de265bc5ac077 P 7bbb155291e64b5c93710940b44694da [NON_LEADER]: Queue going to NON_LEADER mode. State: All replicated index: 0, Majority replicated index: 0, Committed index: 2, Last appended: 1.2, Last appended by leader: 2, Current term: 0, Majority size: -1, State: 0, Mode: NON_LEADER, active raft config: opid_index: 2 OBSOLETE_local: false peers { permanent_uuid: "e329a97c4e21422a80d0a84b3f37ed63" member_type: VOTER last_known_addr { host: "127.31.229.129" port: 40319 } } peers { permanent_uuid: "95b6097cdf5d409baaf72b08b3b1da74" member_type: VOTER last_known_addr { host: "127.31.229.130" port: 40795 } attrs { replace: true } } peers { permanent_uuid: "4226fa467a4a40239bfa6b50f5a0b87d" member_type: VOTER last_known_addr { host: "127.31.229.131" port: 46657 } } peers { permanent_uuid: "7bbb155291e64b5c93710940b44694da" member_type: NON_VOTER last_known_addr { host: "127.31.229.132" port: 46207 } attrs { promote: true } }
I20260713 09:11:40.663196  2007 ts_tablet_manager.cc:933] T 957ce89dba9242538a5171079866bd5b P 7bbb155291e64b5c93710940b44694da: Initiating tablet copy from peer 4226fa467a4a40239bfa6b50f5a0b87d (127.31.229.131:46657)
I20260713 09:11:40.665066  2011 ts_tablet_manager.cc:1434] T 8e7620f8e61149fbaf7de265bc5ac077 P 7bbb155291e64b5c93710940b44694da: Time spent starting tablet: real 0.008s	user 0.007s	sys 0.001s
I20260713 09:11:40.668129  1323 tablet_copy_service.cc:342] P e329a97c4e21422a80d0a84b3f37ed63: Request end of tablet copy session 7bbb155291e64b5c93710940b44694da-8e7620f8e61149fbaf7de265bc5ac077 received from {username='slave'} at 127.0.0.1:56896
I20260713 09:11:40.668545  1323 tablet_copy_service.cc:434] P e329a97c4e21422a80d0a84b3f37ed63: ending tablet copy session 7bbb155291e64b5c93710940b44694da-8e7620f8e61149fbaf7de265bc5ac077 on tablet 8e7620f8e61149fbaf7de265bc5ac077 with peer 7bbb155291e64b5c93710940b44694da
I20260713 09:11:40.675199  2007 tablet_copy_client.cc:323] T 957ce89dba9242538a5171079866bd5b P 7bbb155291e64b5c93710940b44694da: tablet copy: Beginning tablet copy session from remote peer at address 127.31.229.131:46657
I20260713 09:11:40.676800  1472 tablet_copy_service.cc:140] P 4226fa467a4a40239bfa6b50f5a0b87d: Received BeginTabletCopySession request for tablet 957ce89dba9242538a5171079866bd5b from peer 7bbb155291e64b5c93710940b44694da ({username='slave'} at 127.0.0.1:52434)
I20260713 09:11:40.677304  1472 tablet_copy_service.cc:161] P 4226fa467a4a40239bfa6b50f5a0b87d: Beginning new tablet copy session on tablet 957ce89dba9242538a5171079866bd5b from peer 7bbb155291e64b5c93710940b44694da at {username='slave'} at 127.0.0.1:52434: session id = 7bbb155291e64b5c93710940b44694da-957ce89dba9242538a5171079866bd5b
I20260713 09:11:40.682617  1472 tablet_copy_source_session.cc:215] T 957ce89dba9242538a5171079866bd5b P 4226fa467a4a40239bfa6b50f5a0b87d: Tablet Copy: opened 0 blocks and 1 log segments
I20260713 09:11:40.686480  2007 data_dirs.cc:400] Could only allocate 1 dirs of requested 3 for tablet 957ce89dba9242538a5171079866bd5b. 1 dirs total, 0 dirs full, 0 dirs failed
I20260713 09:11:40.699056  2007 tablet_copy_client.cc:806] T 957ce89dba9242538a5171079866bd5b P 7bbb155291e64b5c93710940b44694da: tablet copy: Starting download of 0 data blocks...
I20260713 09:11:40.699582  2007 tablet_copy_client.cc:670] T 957ce89dba9242538a5171079866bd5b P 7bbb155291e64b5c93710940b44694da: tablet copy: Starting download of 1 WAL segments...
I20260713 09:11:40.703039  2007 tablet_copy_client.cc:538] T 957ce89dba9242538a5171079866bd5b P 7bbb155291e64b5c93710940b44694da: tablet copy: Tablet Copy complete. Replacing tablet superblock.
I20260713 09:11:40.708709  2007 tablet_bootstrap.cc:492] T 957ce89dba9242538a5171079866bd5b P 7bbb155291e64b5c93710940b44694da: Bootstrap starting.
I20260713 09:11:40.724187  2007 tablet_bootstrap.cc:492] T 957ce89dba9242538a5171079866bd5b P 7bbb155291e64b5c93710940b44694da: Bootstrap replayed 1/1 log segments. Stats: ops{read=2 overwritten=0 applied=2 ignored=0} inserts{seen=0 ignored=0} mutations{seen=0 ignored=0} orphaned_commits=0. Pending: 0 replicates
I20260713 09:11:40.724854  2007 tablet_bootstrap.cc:492] T 957ce89dba9242538a5171079866bd5b P 7bbb155291e64b5c93710940b44694da: Bootstrap complete.
I20260713 09:11:40.725417  2007 ts_tablet_manager.cc:1403] T 957ce89dba9242538a5171079866bd5b P 7bbb155291e64b5c93710940b44694da: Time spent bootstrapping tablet: real 0.017s	user 0.011s	sys 0.008s
I20260713 09:11:40.727536  2007 raft_consensus.cc:359] T 957ce89dba9242538a5171079866bd5b P 7bbb155291e64b5c93710940b44694da [term 1 LEARNER]: Replica starting. Triggering 0 pending ops. Active config: opid_index: 2 OBSOLETE_local: false peers { permanent_uuid: "e329a97c4e21422a80d0a84b3f37ed63" member_type: VOTER last_known_addr { host: "127.31.229.129" port: 40319 } attrs { replace: true } } peers { permanent_uuid: "95b6097cdf5d409baaf72b08b3b1da74" member_type: VOTER last_known_addr { host: "127.31.229.130" port: 40795 } } peers { permanent_uuid: "4226fa467a4a40239bfa6b50f5a0b87d" member_type: VOTER last_known_addr { host: "127.31.229.131" port: 46657 } } peers { permanent_uuid: "7bbb155291e64b5c93710940b44694da" member_type: NON_VOTER last_known_addr { host: "127.31.229.132" port: 46207 } attrs { promote: true } }
