I20260713 09:11:26.464206  1152 tablet_service.cc:1917] Received RequestConsensusVote() RPC: tablet_id: "30b67196f4914324a3347d0e25e65eba" candidate_uuid: "356ea64ff0e843649ffccf186b67308b" candidate_term: 1 candidate_status { last_received { term: 0 index: 0 } } ignore_live_leader: false dest_uuid: "0cfa04be3440446eab8db5aa6cec842b" is_pre_election: true
I20260713 09:11:26.470263  1152 raft_consensus.cc:2468] T 30b67196f4914324a3347d0e25e65eba P 0cfa04be3440446eab8db5aa6cec842b [term 0 FOLLOWER]: Leader pre-election vote request: Granting yes vote for candidate 356ea64ff0e843649ffccf186b67308b in term 0.
I20260713 09:11:26.470890  1266 leader_election.cc:304] T 30b67196f4914324a3347d0e25e65eba P 356ea64ff0e843649ffccf186b67308b [CANDIDATE]: Term 1 pre-election: Election decided. Result: candidate won. Election summary: received 2 responses out of 3 voters: 2 yes votes; 0 no votes. yes voters: 356ea64ff0e843649ffccf186b67308b, ee7eaf2324a84b088be29e002ef53249; no voters: 
I20260713 09:11:26.471956  1385 raft_consensus.cc:2804] T 30b67196f4914324a3347d0e25e65eba P 356ea64ff0e843649ffccf186b67308b [term 0 FOLLOWER]: Leader pre-election won for term 1
I20260713 09:11:26.472285  1385 raft_consensus.cc:493] T 30b67196f4914324a3347d0e25e65eba P 356ea64ff0e843649ffccf186b67308b [term 0 FOLLOWER]: Starting leader election (no leader contacted us within the election timeout)
I20260713 09:11:26.472635  1406 raft_consensus.cc:493] T c8b293151e954697b14d7e9288cfb360 P ee7eaf2324a84b088be29e002ef53249 [term 0 FOLLOWER]: Starting pre-election (no leader contacted us within the election timeout)
I20260713 09:11:26.473057  1378 raft_consensus.cc:515] T 8cd54d83c0464e11bcbead6bde28a266 P 0cfa04be3440446eab8db5aa6cec842b [term 1 FOLLOWER]: Starting leader election with config: opid_index: -1 OBSOLETE_local: false peers { permanent_uuid: "0cfa04be3440446eab8db5aa6cec842b" member_type: VOTER last_known_addr { host: "127.31.194.193" port: 43715 } } peers { permanent_uuid: "ee7eaf2324a84b088be29e002ef53249" member_type: VOTER last_known_addr { host: "127.31.194.194" port: 37769 } } peers { permanent_uuid: "356ea64ff0e843649ffccf186b67308b" member_type: VOTER last_known_addr { host: "127.31.194.195" port: 37713 } }
I20260713 09:11:26.472630  1385 raft_consensus.cc:3060] T 30b67196f4914324a3347d0e25e65eba P 356ea64ff0e843649ffccf186b67308b [term 0 FOLLOWER]: Advancing to term 1
I20260713 09:11:26.475059  1378 leader_election.cc:290] T 8cd54d83c0464e11bcbead6bde28a266 P 0cfa04be3440446eab8db5aa6cec842b [CANDIDATE]: Term 1 election: Requested vote from peers ee7eaf2324a84b088be29e002ef53249 (127.31.194.194:37769), 356ea64ff0e843649ffccf186b67308b (127.31.194.195:37713)
I20260713 09:11:26.451540  1377 leader_election.cc:290] T e813959db7d941eab926113bdb76443e P 0cfa04be3440446eab8db5aa6cec842b [CANDIDATE]: Term 1 election: Requested vote from peers ee7eaf2324a84b088be29e002ef53249 (127.31.194.194:37769), 356ea64ff0e843649ffccf186b67308b (127.31.194.195:37713)
I20260713 09:11:26.473115  1406 raft_consensus.cc:515] T c8b293151e954697b14d7e9288cfb360 P ee7eaf2324a84b088be29e002ef53249 [term 0 FOLLOWER]: Starting pre-election with config: opid_index: -1 OBSOLETE_local: false peers { permanent_uuid: "0cfa04be3440446eab8db5aa6cec842b" member_type: VOTER last_known_addr { host: "127.31.194.193" port: 43715 } } peers { permanent_uuid: "ee7eaf2324a84b088be29e002ef53249" member_type: VOTER last_known_addr { host: "127.31.194.194" port: 37769 } } peers { permanent_uuid: "356ea64ff0e843649ffccf186b67308b" member_type: VOTER last_known_addr { host: "127.31.194.195" port: 37713 } }
I20260713 09:11:26.478943  1152 tablet_service.cc:1917] Received RequestConsensusVote() RPC: tablet_id: "c8b293151e954697b14d7e9288cfb360" candidate_uuid: "ee7eaf2324a84b088be29e002ef53249" candidate_term: 1 candidate_status { last_received { term: 0 index: 0 } } ignore_live_leader: false dest_uuid: "0cfa04be3440446eab8db5aa6cec842b" is_pre_election: true
I20260713 09:11:26.479082  1406 leader_election.cc:290] T c8b293151e954697b14d7e9288cfb360 P ee7eaf2324a84b088be29e002ef53249 [CANDIDATE]: Term 1 pre-election: Requested pre-vote from peers 0cfa04be3440446eab8db5aa6cec842b (127.31.194.193:43715), 356ea64ff0e843649ffccf186b67308b (127.31.194.195:37713)
I20260713 09:11:26.480877  1300 tablet_service.cc:1917] Received RequestConsensusVote() RPC: tablet_id: "c8b293151e954697b14d7e9288cfb360" candidate_uuid: "ee7eaf2324a84b088be29e002ef53249" candidate_term: 1 candidate_status { last_received { term: 0 index: 0 } } ignore_live_leader: false dest_uuid: "356ea64ff0e843649ffccf186b67308b" is_pre_election: true
I20260713 09:11:26.481366  1229 tablet_service.cc:1917] Received RequestConsensusVote() RPC: tablet_id: "8cd54d83c0464e11bcbead6bde28a266" candidate_uuid: "0cfa04be3440446eab8db5aa6cec842b" candidate_term: 1 candidate_status { last_received { term: 0 index: 0 } } ignore_live_leader: false dest_uuid: "ee7eaf2324a84b088be29e002ef53249"
I20260713 09:11:26.481599  1300 raft_consensus.cc:2393] T c8b293151e954697b14d7e9288cfb360 P 356ea64ff0e843649ffccf186b67308b [term 1 FOLLOWER]: Leader pre-election vote request: Denying vote to candidate ee7eaf2324a84b088be29e002ef53249 in current term 1: Already voted for candidate 0cfa04be3440446eab8db5aa6cec842b in this term.
I20260713 09:11:26.481916  1229 raft_consensus.cc:3060] T 8cd54d83c0464e11bcbead6bde28a266 P ee7eaf2324a84b088be29e002ef53249 [term 0 FOLLOWER]: Advancing to term 1
I20260713 09:11:26.482606  1194 leader_election.cc:304] T c8b293151e954697b14d7e9288cfb360 P ee7eaf2324a84b088be29e002ef53249 [CANDIDATE]: Term 1 pre-election: Election decided. Result: candidate lost. Election summary: received 3 responses out of 3 voters: 1 yes votes; 2 no votes. yes voters: ee7eaf2324a84b088be29e002ef53249; no voters: 0cfa04be3440446eab8db5aa6cec842b, 356ea64ff0e843649ffccf186b67308b
I20260713 09:11:26.483644  1406 raft_consensus.cc:3060] T c8b293151e954697b14d7e9288cfb360 P ee7eaf2324a84b088be29e002ef53249 [term 0 FOLLOWER]: Advancing to term 1
I20260713 09:11:26.487394  1301 tablet_service.cc:1917] Received RequestConsensusVote() RPC: tablet_id: "8cd54d83c0464e11bcbead6bde28a266" candidate_uuid: "0cfa04be3440446eab8db5aa6cec842b" candidate_term: 1 candidate_status { last_received { term: 0 index: 0 } } ignore_live_leader: false dest_uuid: "356ea64ff0e843649ffccf186b67308b"
I20260713 09:11:26.488056  1301 raft_consensus.cc:3060] T 8cd54d83c0464e11bcbead6bde28a266 P 356ea64ff0e843649ffccf186b67308b [term 0 FOLLOWER]: Advancing to term 1
I20260713 09:11:26.489308  1385 raft_consensus.cc:515] T 30b67196f4914324a3347d0e25e65eba P 356ea64ff0e843649ffccf186b67308b [term 1 FOLLOWER]: Starting leader election with config: opid_index: -1 OBSOLETE_local: false peers { permanent_uuid: "0cfa04be3440446eab8db5aa6cec842b" member_type: VOTER last_known_addr { host: "127.31.194.193" port: 43715 } } peers { permanent_uuid: "ee7eaf2324a84b088be29e002ef53249" member_type: VOTER last_known_addr { host: "127.31.194.194" port: 37769 } } peers { permanent_uuid: "356ea64ff0e843649ffccf186b67308b" member_type: VOTER last_known_addr { host: "127.31.194.195" port: 37713 } }
I20260713 09:11:26.491818  1152 tablet_service.cc:1917] Received RequestConsensusVote() RPC: tablet_id: "30b67196f4914324a3347d0e25e65eba" candidate_uuid: "356ea64ff0e843649ffccf186b67308b" candidate_term: 1 candidate_status { last_received { term: 0 index: 0 } } ignore_live_leader: false dest_uuid: "0cfa04be3440446eab8db5aa6cec842b"
I20260713 09:11:26.492359  1152 raft_consensus.cc:3060] T 30b67196f4914324a3347d0e25e65eba P 0cfa04be3440446eab8db5aa6cec842b [term 0 FOLLOWER]: Advancing to term 1
I20260713 09:11:26.492731  1383 consensus_queue.cc:1048] T a6734415258048bdb6a359644b40eab9 P 0cfa04be3440446eab8db5aa6cec842b [LEADER]: Connected to new peer: Peer: permanent_uuid: "ee7eaf2324a84b088be29e002ef53249" member_type: VOTER last_known_addr { host: "127.31.194.194" port: 37769 }, Status: LMP_MISMATCH, Last received: 0.0, Next index: 1, Last known committed idx: 0, Time since last communication: 0.000s
I20260713 09:11:26.494859  1301 raft_consensus.cc:2468] T 8cd54d83c0464e11bcbead6bde28a266 P 356ea64ff0e843649ffccf186b67308b [term 1 FOLLOWER]: Leader election vote request: Granting yes vote for candidate 0cfa04be3440446eab8db5aa6cec842b in term 1.
I20260713 09:11:26.494980  1406 raft_consensus.cc:2749] T c8b293151e954697b14d7e9288cfb360 P ee7eaf2324a84b088be29e002ef53249 [term 1 FOLLOWER]: Leader pre-election lost for term 1. Reason: could not achieve majority
I20260713 09:11:26.496652  1119 leader_election.cc:304] T 8cd54d83c0464e11bcbead6bde28a266 P 0cfa04be3440446eab8db5aa6cec842b [CANDIDATE]: Term 1 election: Election decided. Result: candidate won. Election summary: received 2 responses out of 3 voters: 2 yes votes; 0 no votes. yes voters: 0cfa04be3440446eab8db5aa6cec842b, 356ea64ff0e843649ffccf186b67308b; no voters: 
I20260713 09:11:26.498431  1152 raft_consensus.cc:2468] T 30b67196f4914324a3347d0e25e65eba P 0cfa04be3440446eab8db5aa6cec842b [term 1 FOLLOWER]: Leader election vote request: Granting yes vote for candidate 356ea64ff0e843649ffccf186b67308b in term 1.
I20260713 09:11:26.498605  1378 raft_consensus.cc:2804] T 8cd54d83c0464e11bcbead6bde28a266 P 0cfa04be3440446eab8db5aa6cec842b [term 1 FOLLOWER]: Leader election won for term 1
I20260713 09:11:26.499135  1378 raft_consensus.cc:697] T 8cd54d83c0464e11bcbead6bde28a266 P 0cfa04be3440446eab8db5aa6cec842b [term 1 LEADER]: Becoming Leader. State: Replica: 0cfa04be3440446eab8db5aa6cec842b, State: Running, Role: LEADER
I20260713 09:11:26.499526  1268 leader_election.cc:304] T 30b67196f4914324a3347d0e25e65eba P 356ea64ff0e843649ffccf186b67308b [CANDIDATE]: Term 1 election: Election decided. Result: candidate won. Election summary: received 2 responses out of 3 voters: 2 yes votes; 0 no votes. yes voters: 0cfa04be3440446eab8db5aa6cec842b, 356ea64ff0e843649ffccf186b67308b; no voters: 
I20260713 09:11:26.500363  1483 raft_consensus.cc:2804] T 30b67196f4914324a3347d0e25e65eba P 356ea64ff0e843649ffccf186b67308b [term 1 FOLLOWER]: Leader election won for term 1
I20260713 09:11:26.499917  1378 consensus_queue.cc:237] T 8cd54d83c0464e11bcbead6bde28a266 P 0cfa04be3440446eab8db5aa6cec842b [LEADER]: Queue going to LEADER mode. State: All replicated index: 0, Majority replicated index: 0, Committed index: 0, Last appended: 0.0, Last appended by leader: 0, Current term: 1, Majority size: 2, State: 0, Mode: LEADER, active raft config: opid_index: -1 OBSOLETE_local: false peers { permanent_uuid: "0cfa04be3440446eab8db5aa6cec842b" member_type: VOTER last_known_addr { host: "127.31.194.193" port: 43715 } } peers { permanent_uuid: "ee7eaf2324a84b088be29e002ef53249" member_type: VOTER last_known_addr { host: "127.31.194.194" port: 37769 } } peers { permanent_uuid: "356ea64ff0e843649ffccf186b67308b" member_type: VOTER last_known_addr { host: "127.31.194.195" port: 37713 } }
I20260713 09:11:26.500836  1483 raft_consensus.cc:697] T 30b67196f4914324a3347d0e25e65eba P 356ea64ff0e843649ffccf186b67308b [term 1 LEADER]: Becoming Leader. State: Replica: 356ea64ff0e843649ffccf186b67308b, State: Running, Role: LEADER
I20260713 09:11:26.501688  1483 consensus_queue.cc:237] T 30b67196f4914324a3347d0e25e65eba P 356ea64ff0e843649ffccf186b67308b [LEADER]: Queue going to LEADER mode. State: All replicated index: 0, Majority replicated index: 0, Committed index: 0, Last appended: 0.0, Last appended by leader: 0, Current term: 1, Majority size: 2, State: 0, Mode: LEADER, active raft config: opid_index: -1 OBSOLETE_local: false peers { permanent_uuid: "0cfa04be3440446eab8db5aa6cec842b" member_type: VOTER last_known_addr { host: "127.31.194.193" port: 43715 } } peers { permanent_uuid: "ee7eaf2324a84b088be29e002ef53249" member_type: VOTER last_known_addr { host: "127.31.194.194" port: 37769 } } peers { permanent_uuid: "356ea64ff0e843649ffccf186b67308b" member_type: VOTER last_known_addr { host: "127.31.194.195" port: 37713 } }
I20260713 09:11:26.505016  1227 tablet_service.cc:1917] Received RequestConsensusVote() RPC: tablet_id: "30b67196f4914324a3347d0e25e65eba" candidate_uuid: "356ea64ff0e843649ffccf186b67308b" candidate_term: 1 candidate_status { last_received { term: 0 index: 0 } } ignore_live_leader: false dest_uuid: "ee7eaf2324a84b088be29e002ef53249"
I20260713 09:11:26.505774  1227 raft_consensus.cc:3060] T 30b67196f4914324a3347d0e25e65eba P ee7eaf2324a84b088be29e002ef53249 [term 0 FOLLOWER]: Advancing to term 1
I20260713 09:11:26.499660  1229 raft_consensus.cc:2468] T 8cd54d83c0464e11bcbead6bde28a266 P ee7eaf2324a84b088be29e002ef53249 [term 1 FOLLOWER]: Leader election vote request: Granting yes vote for candidate 0cfa04be3440446eab8db5aa6cec842b in term 1.
I20260713 09:11:26.516659  1385 leader_election.cc:290] T 30b67196f4914324a3347d0e25e65eba P 356ea64ff0e843649ffccf186b67308b [CANDIDATE]: Term 1 election: Requested vote from peers 0cfa04be3440446eab8db5aa6cec842b (127.31.194.193:43715), ee7eaf2324a84b088be29e002ef53249 (127.31.194.194:37769)
I20260713 09:11:26.517372  1227 raft_consensus.cc:2468] T 30b67196f4914324a3347d0e25e65eba P ee7eaf2324a84b088be29e002ef53249 [term 1 FOLLOWER]: Leader election vote request: Granting yes vote for candidate 356ea64ff0e843649ffccf186b67308b in term 1.
I20260713 09:11:26.518738  1050 catalog_manager.cc:5697] T 30b67196f4914324a3347d0e25e65eba P 356ea64ff0e843649ffccf186b67308b reported cstate change: term changed from 0 to 1, leader changed from <none> to 356ea64ff0e843649ffccf186b67308b (127.31.194.195). New cstate: current_term: 1 leader_uuid: "356ea64ff0e843649ffccf186b67308b" committed_config { opid_index: -1 OBSOLETE_local: false peers { permanent_uuid: "0cfa04be3440446eab8db5aa6cec842b" member_type: VOTER last_known_addr { host: "127.31.194.193" port: 43715 } health_report { overall_health: UNKNOWN } } peers { permanent_uuid: "ee7eaf2324a84b088be29e002ef53249" member_type: VOTER last_known_addr { host: "127.31.194.194" port: 37769 } health_report { overall_health: UNKNOWN } } peers { permanent_uuid: "356ea64ff0e843649ffccf186b67308b" member_type: VOTER last_known_addr { host: "127.31.194.195" port: 37713 } health_report { overall_health: HEALTHY } } }
I20260713 09:11:26.508405  1049 catalog_manager.cc:5697] T e813959db7d941eab926113bdb76443e P 0cfa04be3440446eab8db5aa6cec842b reported cstate change: term changed from 0 to 1, leader changed from <none> to 0cfa04be3440446eab8db5aa6cec842b (127.31.194.193). New cstate: current_term: 1 leader_uuid: "0cfa04be3440446eab8db5aa6cec842b" committed_config { opid_index: -1 OBSOLETE_local: false peers { permanent_uuid: "0cfa04be3440446eab8db5aa6cec842b" member_type: VOTER last_known_addr { host: "127.31.194.193" port: 43715 } health_report { overall_health: HEALTHY } } peers { permanent_uuid: "ee7eaf2324a84b088be29e002ef53249" member_type: VOTER last_known_addr { host: "127.31.194.194" port: 37769 } health_report { overall_health: UNKNOWN } } peers { permanent_uuid: "356ea64ff0e843649ffccf186b67308b" member_type: VOTER last_known_addr { host: "127.31.194.195" port: 37713 } health_report { overall_health: UNKNOWN } } }
I20260713 09:11:26.526641  1228 raft_consensus.cc:3060] T 793c13b3330a48de8067ebc1501f1636 P ee7eaf2324a84b088be29e002ef53249 [term 0 FOLLOWER]: Advancing to term 1
I20260713 09:11:26.531251  1385 raft_consensus.cc:493] T 7d3b2db7aaf244718f212c5979ce3ae4 P 356ea64ff0e843649ffccf186b67308b [term 0 FOLLOWER]: Starting pre-election (no leader contacted us within the election timeout)
I20260713 09:11:26.531700  1385 raft_consensus.cc:515] T 7d3b2db7aaf244718f212c5979ce3ae4 P 356ea64ff0e843649ffccf186b67308b [term 0 FOLLOWER]: Starting pre-election with config: opid_index: -1 OBSOLETE_local: false peers { permanent_uuid: "0cfa04be3440446eab8db5aa6cec842b" member_type: VOTER last_known_addr { host: "127.31.194.193" port: 43715 } } peers { permanent_uuid: "ee7eaf2324a84b088be29e002ef53249" member_type: VOTER last_known_addr { host: "127.31.194.194" port: 37769 } } peers { permanent_uuid: "356ea64ff0e843649ffccf186b67308b" member_type: VOTER last_known_addr { host: "127.31.194.195" port: 37713 } }
I20260713 09:11:26.535673  1392 raft_consensus.cc:493] T 793c13b3330a48de8067ebc1501f1636 P ee7eaf2324a84b088be29e002ef53249 [term 1 FOLLOWER]: Starting pre-election (detected failure of leader 356ea64ff0e843649ffccf186b67308b)
I20260713 09:11:26.536222  1392 raft_consensus.cc:515] T 793c13b3330a48de8067ebc1501f1636 P ee7eaf2324a84b088be29e002ef53249 [term 1 FOLLOWER]: Starting pre-election with config: opid_index: -1 OBSOLETE_local: false peers { permanent_uuid: "0cfa04be3440446eab8db5aa6cec842b" member_type: VOTER last_known_addr { host: "127.31.194.193" port: 43715 } } peers { permanent_uuid: "ee7eaf2324a84b088be29e002ef53249" member_type: VOTER last_known_addr { host: "127.31.194.194" port: 37769 } } peers { permanent_uuid: "356ea64ff0e843649ffccf186b67308b" member_type: VOTER last_known_addr { host: "127.31.194.195" port: 37713 } }
I20260713 09:11:26.537266  1152 tablet_service.cc:1917] Received RequestConsensusVote() RPC: tablet_id: "7d3b2db7aaf244718f212c5979ce3ae4" candidate_uuid: "356ea64ff0e843649ffccf186b67308b" candidate_term: 1 candidate_status { last_received { term: 0 index: 0 } } ignore_live_leader: false dest_uuid: "0cfa04be3440446eab8db5aa6cec842b" is_pre_election: true
I20260713 09:11:26.537853  1152 raft_consensus.cc:2468] T 7d3b2db7aaf244718f212c5979ce3ae4 P 0cfa04be3440446eab8db5aa6cec842b [term 0 FOLLOWER]: Leader pre-election vote request: Granting yes vote for candidate 356ea64ff0e843649ffccf186b67308b in term 0.
I20260713 09:11:26.538847  1385 leader_election.cc:290] T 7d3b2db7aaf244718f212c5979ce3ae4 P 356ea64ff0e843649ffccf186b67308b [CANDIDATE]: Term 1 pre-election: Requested pre-vote from peers 0cfa04be3440446eab8db5aa6cec842b (127.31.194.193:43715), ee7eaf2324a84b088be29e002ef53249 (127.31.194.194:37769)
I20260713 09:11:26.539052  1268 leader_election.cc:304] T 7d3b2db7aaf244718f212c5979ce3ae4 P 356ea64ff0e843649ffccf186b67308b [CANDIDATE]: Term 1 pre-election: Election decided. Result: candidate won. Election summary: received 2 responses out of 3 voters: 2 yes votes; 0 no votes. yes voters: 0cfa04be3440446eab8db5aa6cec842b, 356ea64ff0e843649ffccf186b67308b; no voters: 
I20260713 09:11:26.539866  1392 leader_election.cc:290] T 793c13b3330a48de8067ebc1501f1636 P ee7eaf2324a84b088be29e002ef53249 [CANDIDATE]: Term 2 pre-election: Requested pre-vote from peers 0cfa04be3440446eab8db5aa6cec842b (127.31.194.193:43715), 356ea64ff0e843649ffccf186b67308b (127.31.194.195:37713)
I20260713 09:11:26.540161  1483 raft_consensus.cc:2804] T 7d3b2db7aaf244718f212c5979ce3ae4 P 356ea64ff0e843649ffccf186b67308b [term 0 FOLLOWER]: Leader pre-election won for term 1
I20260713 09:11:26.540511  1483 raft_consensus.cc:493] T 7d3b2db7aaf244718f212c5979ce3ae4 P 356ea64ff0e843649ffccf186b67308b [term 0 FOLLOWER]: Starting leader election (no leader contacted us within the election timeout)
I20260713 09:11:26.540882  1483 raft_consensus.cc:3060] T 7d3b2db7aaf244718f212c5979ce3ae4 P 356ea64ff0e843649ffccf186b67308b [term 0 FOLLOWER]: Advancing to term 1
I20260713 09:11:26.540966  1301 tablet_service.cc:1917] Received RequestConsensusVote() RPC: tablet_id: "793c13b3330a48de8067ebc1501f1636" candidate_uuid: "ee7eaf2324a84b088be29e002ef53249" candidate_term: 2 candidate_status { last_received { term: 1 index: 1 } } ignore_live_leader: false dest_uuid: "356ea64ff0e843649ffccf186b67308b" is_pre_election: true
I20260713 09:11:26.539878  1152 tablet_service.cc:1917] Received RequestConsensusVote() RPC: tablet_id: "793c13b3330a48de8067ebc1501f1636" candidate_uuid: "ee7eaf2324a84b088be29e002ef53249" candidate_term: 2 candidate_status { last_received { term: 1 index: 1 } } ignore_live_leader: false dest_uuid: "0cfa04be3440446eab8db5aa6cec842b" is_pre_election: true
I20260713 09:11:26.542385  1050 catalog_manager.cc:5697] T 8cd54d83c0464e11bcbead6bde28a266 P 0cfa04be3440446eab8db5aa6cec842b reported cstate change: term changed from 0 to 1, leader changed from <none> to 0cfa04be3440446eab8db5aa6cec842b (127.31.194.193). New cstate: current_term: 1 leader_uuid: "0cfa04be3440446eab8db5aa6cec842b" committed_config { opid_index: -1 OBSOLETE_local: false peers { permanent_uuid: "0cfa04be3440446eab8db5aa6cec842b" member_type: VOTER last_known_addr { host: "127.31.194.193" port: 43715 } health_report { overall_health: HEALTHY } } peers { permanent_uuid: "ee7eaf2324a84b088be29e002ef53249" member_type: VOTER last_known_addr { host: "127.31.194.194" port: 37769 } health_report { overall_health: UNKNOWN } } peers { permanent_uuid: "356ea64ff0e843649ffccf186b67308b" member_type: VOTER last_known_addr { host: "127.31.194.195" port: 37713 } health_report { overall_health: UNKNOWN } } }
I20260713 09:11:26.541049  1228 tablet_service.cc:1917] Received RequestConsensusVote() RPC: tablet_id: "7d3b2db7aaf244718f212c5979ce3ae4" candidate_uuid: "356ea64ff0e843649ffccf186b67308b" candidate_term: 1 candidate_status { last_received { term: 0 index: 0 } } ignore_live_leader: false dest_uuid: "ee7eaf2324a84b088be29e002ef53249" is_pre_election: true
I20260713 09:11:26.543959  1194 leader_election.cc:304] T 793c13b3330a48de8067ebc1501f1636 P ee7eaf2324a84b088be29e002ef53249 [CANDIDATE]: Term 2 pre-election: Election decided. Result: candidate lost. Election summary: received 3 responses out of 3 voters: 1 yes votes; 2 no votes. yes voters: ee7eaf2324a84b088be29e002ef53249; no voters: 0cfa04be3440446eab8db5aa6cec842b, 356ea64ff0e843649ffccf186b67308b
I20260713 09:11:26.544310  1228 raft_consensus.cc:2468] T 7d3b2db7aaf244718f212c5979ce3ae4 P ee7eaf2324a84b088be29e002ef53249 [term 0 FOLLOWER]: Leader pre-election vote request: Granting yes vote for candidate 356ea64ff0e843649ffccf186b67308b in term 0.
I20260713 09:11:26.545003  1392 raft_consensus.cc:2749] T 793c13b3330a48de8067ebc1501f1636 P ee7eaf2324a84b088be29e002ef53249 [term 1 FOLLOWER]: Leader pre-election lost for term 2. Reason: could not achieve majority
I20260713 09:11:26.548446  1483 raft_consensus.cc:515] T 7d3b2db7aaf244718f212c5979ce3ae4 P 356ea64ff0e843649ffccf186b67308b [term 1 FOLLOWER]: Starting leader election with config: opid_index: -1 OBSOLETE_local: false peers { permanent_uuid: "0cfa04be3440446eab8db5aa6cec842b" member_type: VOTER last_known_addr { host: "127.31.194.193" port: 43715 } } peers { permanent_uuid: "ee7eaf2324a84b088be29e002ef53249" member_type: VOTER last_known_addr { host: "127.31.194.194" port: 37769 } } peers { permanent_uuid: "356ea64ff0e843649ffccf186b67308b" member_type: VOTER last_known_addr { host: "127.31.194.195" port: 37713 } }
I20260713 09:11:26.551277  1152 tablet_service.cc:1917] Received RequestConsensusVote() RPC: tablet_id: "7d3b2db7aaf244718f212c5979ce3ae4" candidate_uuid: "356ea64ff0e843649ffccf186b67308b" candidate_term: 1 candidate_status { last_received { term: 0 index: 0 } } ignore_live_leader: false dest_uuid: "0cfa04be3440446eab8db5aa6cec842b"
I20260713 09:11:26.551553  1228 tablet_service.cc:1917] Received RequestConsensusVote() RPC: tablet_id: "7d3b2db7aaf244718f212c5979ce3ae4" candidate_uuid: "356ea64ff0e843649ffccf186b67308b" candidate_term: 1 candidate_status { last_received { term: 0 index: 0 } } ignore_live_leader: false dest_uuid: "ee7eaf2324a84b088be29e002ef53249"
I20260713 09:11:26.552300  1152 raft_consensus.cc:3060] T 7d3b2db7aaf244718f212c5979ce3ae4 P 0cfa04be3440446eab8db5aa6cec842b [term 0 FOLLOWER]: Advancing to term 1
I20260713 09:11:26.552393  1228 raft_consensus.cc:3060] T 7d3b2db7aaf244718f212c5979ce3ae4 P ee7eaf2324a84b088be29e002ef53249 [term 0 FOLLOWER]: Advancing to term 1
I20260713 09:11:26.554327  1483 leader_election.cc:290] T 7d3b2db7aaf244718f212c5979ce3ae4 P 356ea64ff0e843649ffccf186b67308b [CANDIDATE]: Term 1 election: Requested vote from peers 0cfa04be3440446eab8db5aa6cec842b (127.31.194.193:43715), ee7eaf2324a84b088be29e002ef53249 (127.31.194.194:37769)
I20260713 09:11:26.557384  1152 raft_consensus.cc:2468] T 7d3b2db7aaf244718f212c5979ce3ae4 P 0cfa04be3440446eab8db5aa6cec842b [term 1 FOLLOWER]: Leader election vote request: Granting yes vote for candidate 356ea64ff0e843649ffccf186b67308b in term 1.
I20260713 09:11:26.557770  1228 raft_consensus.cc:2468] T 7d3b2db7aaf244718f212c5979ce3ae4 P ee7eaf2324a84b088be29e002ef53249 [term 1 FOLLOWER]: Leader election vote request: Granting yes vote for candidate 356ea64ff0e843649ffccf186b67308b in term 1.
I20260713 09:11:26.558315  1268 leader_election.cc:304] T 7d3b2db7aaf244718f212c5979ce3ae4 P 356ea64ff0e843649ffccf186b67308b [CANDIDATE]: Term 1 election: Election decided. Result: candidate won. Election summary: received 2 responses out of 3 voters: 2 yes votes; 0 no votes. yes voters: 0cfa04be3440446eab8db5aa6cec842b, 356ea64ff0e843649ffccf186b67308b; no voters: 
I20260713 09:11:26.559016  1483 raft_consensus.cc:2804] T 7d3b2db7aaf244718f212c5979ce3ae4 P 356ea64ff0e843649ffccf186b67308b [term 1 FOLLOWER]: Leader election won for term 1
I20260713 09:11:26.559387  1483 raft_consensus.cc:697] T 7d3b2db7aaf244718f212c5979ce3ae4 P 356ea64ff0e843649ffccf186b67308b [term 1 LEADER]: Becoming Leader. State: Replica: 356ea64ff0e843649ffccf186b67308b, State: Running, Role: LEADER
I20260713 09:11:26.560058  1483 consensus_queue.cc:237] T 7d3b2db7aaf244718f212c5979ce3ae4 P 356ea64ff0e843649ffccf186b67308b [LEADER]: Queue going to LEADER mode. State: All replicated index: 0, Majority replicated index: 0, Committed index: 0, Last appended: 0.0, Last appended by leader: 0, Current term: 1, Majority size: 2, State: 0, Mode: LEADER, active raft config: opid_index: -1 OBSOLETE_local: false peers { permanent_uuid: "0cfa04be3440446eab8db5aa6cec842b" member_type: VOTER last_known_addr { host: "127.31.194.193" port: 43715 } } peers { permanent_uuid: "ee7eaf2324a84b088be29e002ef53249" member_type: VOTER last_known_addr { host: "127.31.194.194" port: 37769 } } peers { permanent_uuid: "356ea64ff0e843649ffccf186b67308b" member_type: VOTER last_known_addr { host: "127.31.194.195" port: 37713 } }
I20260713 09:11:26.566229  1050 catalog_manager.cc:5697] T 7d3b2db7aaf244718f212c5979ce3ae4 P 356ea64ff0e843649ffccf186b67308b reported cstate change: term changed from 0 to 1, leader changed from <none> to 356ea64ff0e843649ffccf186b67308b (127.31.194.195). New cstate: current_term: 1 leader_uuid: "356ea64ff0e843649ffccf186b67308b" committed_config { opid_index: -1 OBSOLETE_local: false peers { permanent_uuid: "0cfa04be3440446eab8db5aa6cec842b" member_type: VOTER last_known_addr { host: "127.31.194.193" port: 43715 } health_report { overall_health: UNKNOWN } } peers { permanent_uuid: "ee7eaf2324a84b088be29e002ef53249" member_type: VOTER last_known_addr { host: "127.31.194.194" port: 37769 } health_report { overall_health: UNKNOWN } } peers { permanent_uuid: "356ea64ff0e843649ffccf186b67308b" member_type: VOTER last_known_addr { host: "127.31.194.195" port: 37713 } health_report { overall_health: HEALTHY } } }
I20260713 09:11:26.615841  1383 consensus_queue.cc:1048] T c8b293151e954697b14d7e9288cfb360 P 0cfa04be3440446eab8db5aa6cec842b [LEADER]: Connected to new peer: Peer: permanent_uuid: "356ea64ff0e843649ffccf186b67308b" member_type: VOTER last_known_addr { host: "127.31.194.195" port: 37713 }, Status: LMP_MISMATCH, Last received: 0.0, Next index: 1, Last known committed idx: 0, Time since last communication: 0.000s
I20260713 09:11:26.625877  1377 consensus_queue.cc:1048] T c8b293151e954697b14d7e9288cfb360 P 0cfa04be3440446eab8db5aa6cec842b [LEADER]: Connected to new peer: Peer: permanent_uuid: "ee7eaf2324a84b088be29e002ef53249" member_type: VOTER last_known_addr { host: "127.31.194.194" port: 37769 }, Status: LMP_MISMATCH, Last received: 0.0, Next index: 1, Last known committed idx: 0, Time since last communication: 0.000s
I20260713 09:11:26.630112  1392 raft_consensus.cc:493] T 9baae89a1546470e8d7918339fc8d583 P ee7eaf2324a84b088be29e002ef53249 [term 0 FOLLOWER]: Starting pre-election (no leader contacted us within the election timeout)
I20260713 09:11:26.630576  1392 raft_consensus.cc:515] T 9baae89a1546470e8d7918339fc8d583 P ee7eaf2324a84b088be29e002ef53249 [term 0 FOLLOWER]: Starting pre-election with config: opid_index: -1 OBSOLETE_local: false peers { permanent_uuid: "0cfa04be3440446eab8db5aa6cec842b" member_type: VOTER last_known_addr { host: "127.31.194.193" port: 43715 } } peers { permanent_uuid: "ee7eaf2324a84b088be29e002ef53249" member_type: VOTER last_known_addr { host: "127.31.194.194" port: 37769 } } peers { permanent_uuid: "356ea64ff0e843649ffccf186b67308b" member_type: VOTER last_known_addr { host: "127.31.194.195" port: 37713 } }
I20260713 09:11:26.631760  1377 consensus_queue.cc:1048] T 7bc4fdf74a3845e2bc669e4ab153d034 P 0cfa04be3440446eab8db5aa6cec842b [LEADER]: Connected to new peer: Peer: permanent_uuid: "356ea64ff0e843649ffccf186b67308b" member_type: VOTER last_known_addr { host: "127.31.194.195" port: 37713 }, Status: LMP_MISMATCH, Last received: 0.0, Next index: 1, Last known committed idx: 0, Time since last communication: 0.000s
I20260713 09:11:26.632489  1392 leader_election.cc:290] T 9baae89a1546470e8d7918339fc8d583 P ee7eaf2324a84b088be29e002ef53249 [CANDIDATE]: Term 1 pre-election: Requested pre-vote from peers 0cfa04be3440446eab8db5aa6cec842b (127.31.194.193:43715), 356ea64ff0e843649ffccf186b67308b (127.31.194.195:37713)
I20260713 09:11:26.634295  1301 tablet_service.cc:1917] Received RequestConsensusVote() RPC: tablet_id: "9baae89a1546470e8d7918339fc8d583" candidate_uuid: "ee7eaf2324a84b088be29e002ef53249" candidate_term: 1 candidate_status { last_received { term: 0 index: 0 } } ignore_live_leader: false dest_uuid: "356ea64ff0e843649ffccf186b67308b" is_pre_election: true
I20260713 09:11:26.634310  1152 tablet_service.cc:1917] Received RequestConsensusVote() RPC: tablet_id: "9baae89a1546470e8d7918339fc8d583" candidate_uuid: "ee7eaf2324a84b088be29e002ef53249" candidate_term: 1 candidate_status { last_received { term: 0 index: 0 } } ignore_live_leader: false dest_uuid: "0cfa04be3440446eab8db5aa6cec842b" is_pre_election: true
I20260713 09:11:26.637212  1152 raft_consensus.cc:2393] T 9baae89a1546470e8d7918339fc8d583 P 0cfa04be3440446eab8db5aa6cec842b [term 1 FOLLOWER]: Leader pre-election vote request: Denying vote to candidate ee7eaf2324a84b088be29e002ef53249 in current term 1: Already voted for candidate 356ea64ff0e843649ffccf186b67308b in this term.
I20260713 09:11:26.638075  1194 leader_election.cc:304] T 9baae89a1546470e8d7918339fc8d583 P ee7eaf2324a84b088be29e002ef53249 [CANDIDATE]: Term 1 pre-election: Election decided. Result: candidate lost. Election summary: received 3 responses out of 3 voters: 1 yes votes; 2 no votes. yes voters: ee7eaf2324a84b088be29e002ef53249; no voters: 0cfa04be3440446eab8db5aa6cec842b, 356ea64ff0e843649ffccf186b67308b
I20260713 09:11:26.638850  1392 raft_consensus.cc:3060] T 9baae89a1546470e8d7918339fc8d583 P ee7eaf2324a84b088be29e002ef53249 [term 0 FOLLOWER]: Advancing to term 1
I20260713 09:11:26.645413  1392 raft_consensus.cc:2749] T 9baae89a1546470e8d7918339fc8d583 P ee7eaf2324a84b088be29e002ef53249 [term 1 FOLLOWER]: Leader pre-election lost for term 1. Reason: could not achieve majority
I20260713 09:11:26.654672  1378 consensus_queue.cc:1048] T 7bc4fdf74a3845e2bc669e4ab153d034 P 0cfa04be3440446eab8db5aa6cec842b [LEADER]: Connected to new peer: Peer: permanent_uuid: "ee7eaf2324a84b088be29e002ef53249" member_type: VOTER last_known_addr { host: "127.31.194.194" port: 37769 }, Status: LMP_MISMATCH, Last received: 0.0, Next index: 1, Last known committed idx: 0, Time since last communication: 0.000s
I20260713 09:11:26.676877 32523 file_cache.cc:504] Constructed file cache file cache with capacity 419430
W20260713 09:11:26.683845  1508 instance_detector.cc:116] could not retrieve AWS instance metadata: Network error: curl error: HTTP response code said error: The requested URL returned error: 404
W20260713 09:11:26.685997  1509 instance_detector.cc:116] could not retrieve Azure instance metadata: Network error: curl error: HTTP response code said error: The requested URL returned error: 404
W20260713 09:11:26.686769  1511 instance_detector.cc:116] could not retrieve OpenStack instance metadata: Network error: curl error: HTTP response code said error: The requested URL returned error: 404
I20260713 09:11:26.688436 32523 server_base.cc:1061] running on GCE node
I20260713 09:11:26.689379 32523 hybrid_clock.cc:584] initializing the hybrid clock with 'system_unsync' time source
W20260713 09:11:26.689625 32523 system_unsync_time.cc:38] NTP support is disabled. Clock error bounds will not be accurate. This configuration is not suitable for distributed clusters.
I20260713 09:11:26.689822 32523 hybrid_clock.cc:648] HybridClock initialized: now 1783933886689804 us; error 0 us; skew 500 ppm
I20260713 09:11:26.690538 32523 server_base.cc:861] Flag tcmalloc_max_total_thread_cache_bytes is not working since tcmalloc is not enabled.
I20260713 09:11:26.692308  1385 consensus_queue.cc:1048] T 9baae89a1546470e8d7918339fc8d583 P 356ea64ff0e843649ffccf186b67308b [LEADER]: Connected to new peer: Peer: permanent_uuid: "0cfa04be3440446eab8db5aa6cec842b" member_type: VOTER last_known_addr { host: "127.31.194.193" port: 43715 }, Status: LMP_MISMATCH, Last received: 0.0, Next index: 1, Last known committed idx: 0, Time since last communication: 0.000s
I20260713 09:11:26.693384 32523 webserver.cc:533] Webserver started at http://127.31.194.196:39217/ using document root <none> and password file <none>
I20260713 09:11:26.694031 32523 fs_manager.cc:362] Metadata directory not provided
I20260713 09:11:26.694260 32523 fs_manager.cc:368] Using write-ahead log directory (fs_wal_dir) as metadata directory
I20260713 09:11:26.694571 32523 server_base.cc:909] This appears to be a new deployment of Kudu; creating new FS layout
I20260713 09:11:26.695971 32523 fs_manager.cc:1068] Generated new instance metadata in path /tmp/dist-test-task2nSEyB/test-tmp/auto_leader_rebalancer-test.0.LeaderRebalancerTest.AddTserver.1783933860163546-32523-0/minicluster-data/ts-3-root/instance:
uuid: "4c9b57202f2f422a8fd96c1797d65f77"
format_stamp: "Formatted at 2026-07-13 09:11:26 on dist-test-slave-0k13"
I20260713 09:11:26.700304  1228 raft_consensus.cc:3060] T 67943a60b2e44f6db303278224b46512 P ee7eaf2324a84b088be29e002ef53249 [term 0 FOLLOWER]: Advancing to term 1
I20260713 09:11:26.701915 32523 fs_manager.cc:696] Time spent creating directory manager: real 0.005s	user 0.005s	sys 0.000s
I20260713 09:11:26.709246  1517 log_block_manager.cc:4127] Time spent loading block containers with low live blocks: real 0.000s	user 0.000s	sys 0.000s
I20260713 09:11:26.710304 32523 fs_manager.cc:730] Time spent opening block manager: real 0.007s	user 0.007s	sys 0.000s
I20260713 09:11:26.710695 32523 fs_manager.cc:647] Opened local filesystem: /tmp/dist-test-task2nSEyB/test-tmp/auto_leader_rebalancer-test.0.LeaderRebalancerTest.AddTserver.1783933860163546-32523-0/minicluster-data/ts-3-root
uuid: "4c9b57202f2f422a8fd96c1797d65f77"
format_stamp: "Formatted at 2026-07-13 09:11:26 on dist-test-slave-0k13"
I20260713 09:11:26.711124 32523 fs_report.cc:389] FS layout report
--------------------
wal directory: /tmp/dist-test-task2nSEyB/test-tmp/auto_leader_rebalancer-test.0.LeaderRebalancerTest.AddTserver.1783933860163546-32523-0/minicluster-data/ts-3-root
metadata directory: /tmp/dist-test-task2nSEyB/test-tmp/auto_leader_rebalancer-test.0.LeaderRebalancerTest.AddTserver.1783933860163546-32523-0/minicluster-data/ts-3-root
1 data directories: /tmp/dist-test-task2nSEyB/test-tmp/auto_leader_rebalancer-test.0.LeaderRebalancerTest.AddTserver.1783933860163546-32523-0/minicluster-data/ts-3-root/data
Total live blocks: 0
Total live bytes: 0
Total live bytes (after alignment): 0
Total number of LBM containers: 0 (0 full)
Did not check for missing blocks
Did not check for orphaned blocks
Total full LBM containers with extra space: 0 (0 repaired)
Total full LBM container extra space in bytes: 0 (0 repaired)
Total incomplete LBM containers: 0 (0 repaired)
Total LBM partial records: 0 (0 repaired)
Total corrupted LBM metadata records in RocksDB: 0 (0 repaired)
I20260713 09:11:26.715627  1482 consensus_queue.cc:1048] T 9baae89a1546470e8d7918339fc8d583 P 356ea64ff0e843649ffccf186b67308b [LEADER]: Connected to new peer: Peer: permanent_uuid: "ee7eaf2324a84b088be29e002ef53249" member_type: VOTER last_known_addr { host: "127.31.194.194" port: 37769 }, Status: LMP_MISMATCH, Last received: 0.0, Next index: 1, Last known committed idx: 0, Time since last communication: 0.001s
I20260713 09:11:26.715824  1385 consensus_queue.cc:1048] T 67943a60b2e44f6db303278224b46512 P 356ea64ff0e843649ffccf186b67308b [LEADER]: Connected to new peer: Peer: permanent_uuid: "ee7eaf2324a84b088be29e002ef53249" member_type: VOTER last_known_addr { host: "127.31.194.194" port: 37769 }, Status: LMP_MISMATCH, Last received: 0.0, Next index: 1, Last known committed idx: 0, Time since last communication: 0.000s
I20260713 09:11:26.743300 32523 rpc_server.cc:225] running with OpenSSL 1.1.1  11 Sep 2018
I20260713 09:11:26.745270 32523 kserver.cc:163] Server-wide thread pool size limit: 3276
I20260713 09:11:26.747382 32523 txn_system_client.cc:432] TxnSystemClient initialization is disabled...
I20260713 09:11:26.757156 32523 ts_tablet_manager.cc:585] Loaded tablet metadata (0 total tablets, 0 live tablets)
I20260713 09:11:26.757136  1385 consensus_queue.cc:1048] T 67943a60b2e44f6db303278224b46512 P 356ea64ff0e843649ffccf186b67308b [LEADER]: Connected to new peer: Peer: permanent_uuid: "0cfa04be3440446eab8db5aa6cec842b" member_type: VOTER last_known_addr { host: "127.31.194.193" port: 43715 }, Status: LMP_MISMATCH, Last received: 0.0, Next index: 1, Last known committed idx: 0, Time since last communication: 0.001s
I20260713 09:11:26.757632 32523 ts_tablet_manager.cc:531] Time spent load tablet metadata: real 0.001s	user 0.000s	sys 0.000s
I20260713 09:11:26.758049 32523 ts_tablet_manager.cc:616] Registered 0 tablets
I20260713 09:11:26.758283 32523 ts_tablet_manager.cc:595] Time spent register tablets: real 0.000s	user 0.000s	sys 0.000s
I20260713 09:11:26.809401  1392 consensus_queue.cc:1048] T 4fbaf08966b2492591507806ea431b02 P ee7eaf2324a84b088be29e002ef53249 [LEADER]: Connected to new peer: Peer: permanent_uuid: "0cfa04be3440446eab8db5aa6cec842b" member_type: VOTER last_known_addr { host: "127.31.194.193" port: 43715 }, Status: LMP_MISMATCH, Last received: 0.0, Next index: 1, Last known committed idx: 0, Time since last communication: 0.001s
I20260713 09:11:26.816742  1392 consensus_queue.cc:1048] T 4fbaf08966b2492591507806ea431b02 P ee7eaf2324a84b088be29e002ef53249 [LEADER]: Connected to new peer: Peer: permanent_uuid: "356ea64ff0e843649ffccf186b67308b" member_type: VOTER last_known_addr { host: "127.31.194.195" port: 37713 }, Status: LMP_MISMATCH, Last received: 0.0, Next index: 1, Last known committed idx: 0, Time since last communication: 0.000s
I20260713 09:11:26.872347 32523 rpc_server.cc:307] RPC server started. Bound to: 127.31.194.196:36197
I20260713 09:11:26.872409  1584 acceptor_pool.cc:272] collecting diagnostics on the listening RPC socket 127.31.194.196:36197 every 8 connection(s)
I20260713 09:11:26.878063 32523 auto_leader_rebalancer-test.cc:392] add a tserver: 4c9b57202f2f422a8fd96c1797d65f77
I20260713 09:11:26.892175  1585 heartbeater.cc:344] Connected to a master server at 127.31.194.254:44607
I20260713 09:11:26.892653  1585 heartbeater.cc:461] Registering TS with master...
I20260713 09:11:26.893354  1585 heartbeater.cc:507] Master 127.31.194.254:44607 requested a full tablet report, sending...
I20260713 09:11:26.895071  1052 ts_manager.cc:194] Registered new tserver with Master: 4c9b57202f2f422a8fd96c1797d65f77 (127.31.194.196:36197)
I20260713 09:11:26.896256  1052 master_service.cc:502] Signed X509 certificate for tserver {username='slave'} at 127.0.0.1:52990
I20260713 09:11:26.919034  1378 consensus_queue.cc:1048] T 8cd54d83c0464e11bcbead6bde28a266 P 0cfa04be3440446eab8db5aa6cec842b [LEADER]: Connected to new peer: Peer: permanent_uuid: "ee7eaf2324a84b088be29e002ef53249" member_type: VOTER last_known_addr { host: "127.31.194.194" port: 37769 }, Status: LMP_MISMATCH, Last received: 0.0, Next index: 1, Last known committed idx: 0, Time since last communication: 0.000s
I20260713 09:11:26.929486  1378 consensus_queue.cc:1048] T 8cd54d83c0464e11bcbead6bde28a266 P 0cfa04be3440446eab8db5aa6cec842b [LEADER]: Connected to new peer: Peer: permanent_uuid: "356ea64ff0e843649ffccf186b67308b" member_type: VOTER last_known_addr { host: "127.31.194.195" port: 37713 }, Status: LMP_MISMATCH, Last received: 0.0, Next index: 1, Last known committed idx: 0, Time since last communication: 0.000s
I20260713 09:11:26.932152  1378 consensus_queue.cc:1048] T e813959db7d941eab926113bdb76443e P 0cfa04be3440446eab8db5aa6cec842b [LEADER]: Connected to new peer: Peer: permanent_uuid: "ee7eaf2324a84b088be29e002ef53249" member_type: VOTER last_known_addr { host: "127.31.194.194" port: 37769 }, Status: LMP_MISMATCH, Last received: 0.0, Next index: 1, Last known committed idx: 0, Time since last communication: 0.000s
I20260713 09:11:26.946520  1347 consensus_queue.cc:1048] T e813959db7d941eab926113bdb76443e P 0cfa04be3440446eab8db5aa6cec842b [LEADER]: Connected to new peer: Peer: permanent_uuid: "356ea64ff0e843649ffccf186b67308b" member_type: VOTER last_known_addr { host: "127.31.194.195" port: 37713 }, Status: LMP_MISMATCH, Last received: 0.0, Next index: 1, Last known committed idx: 0, Time since last communication: 0.001s
I20260713 09:11:26.960292  1482 consensus_queue.cc:1048] T 7d3b2db7aaf244718f212c5979ce3ae4 P 356ea64ff0e843649ffccf186b67308b [LEADER]: Connected to new peer: Peer: permanent_uuid: "ee7eaf2324a84b088be29e002ef53249" member_type: VOTER last_known_addr { host: "127.31.194.194" port: 37769 }, Status: LMP_MISMATCH, Last received: 0.0, Next index: 1, Last known committed idx: 0, Time since last communication: 0.000s
I20260713 09:11:26.969769  1385 consensus_queue.cc:1048] T 7d3b2db7aaf244718f212c5979ce3ae4 P 356ea64ff0e843649ffccf186b67308b [LEADER]: Connected to new peer: Peer: permanent_uuid: "0cfa04be3440446eab8db5aa6cec842b" member_type: VOTER last_known_addr { host: "127.31.194.193" port: 43715 }, Status: LMP_MISMATCH, Last received: 0.0, Next index: 1, Last known committed idx: 0, Time since last communication: 0.000s
I20260713 09:11:27.099623  1385 consensus_queue.cc:1048] T 30b67196f4914324a3347d0e25e65eba P 356ea64ff0e843649ffccf186b67308b [LEADER]: Connected to new peer: Peer: permanent_uuid: "ee7eaf2324a84b088be29e002ef53249" member_type: VOTER last_known_addr { host: "127.31.194.194" port: 37769 }, Status: LMP_MISMATCH, Last received: 0.0, Next index: 1, Last known committed idx: 0, Time since last communication: 0.000s
I20260713 09:11:27.109319  1435 consensus_queue.cc:1048] T 30b67196f4914324a3347d0e25e65eba P 356ea64ff0e843649ffccf186b67308b [LEADER]: Connected to new peer: Peer: permanent_uuid: "0cfa04be3440446eab8db5aa6cec842b" member_type: VOTER last_known_addr { host: "127.31.194.193" port: 43715 }, Status: LMP_MISMATCH, Last received: 0.0, Next index: 1, Last known committed idx: 0, Time since last communication: 0.000s
I20260713 09:11:27.728312  1152 consensus_queue.cc:237] T 7bc4fdf74a3845e2bc669e4ab153d034 P 0cfa04be3440446eab8db5aa6cec842b [LEADER]: Queue going to LEADER mode. State: All replicated index: 0, Majority replicated index: 1, Committed index: 1, Last appended: 1.1, Last appended by leader: 0, Current term: 1, Majority size: 2, State: 0, Mode: LEADER, active raft config: opid_index: 2 OBSOLETE_local: false peers { permanent_uuid: "0cfa04be3440446eab8db5aa6cec842b" member_type: VOTER last_known_addr { host: "127.31.194.193" port: 43715 } } peers { permanent_uuid: "ee7eaf2324a84b088be29e002ef53249" member_type: VOTER last_known_addr { host: "127.31.194.194" port: 37769 } } peers { permanent_uuid: "356ea64ff0e843649ffccf186b67308b" member_type: VOTER last_known_addr { host: "127.31.194.195" port: 37713 } attrs { replace: true } } peers { permanent_uuid: "4c9b57202f2f422a8fd96c1797d65f77" member_type: NON_VOTER last_known_addr { host: "127.31.194.196" port: 36197 } attrs { promote: true } }
I20260713 09:11:27.735134  1300 raft_consensus.cc:1275] T 7bc4fdf74a3845e2bc669e4ab153d034 P 356ea64ff0e843649ffccf186b67308b [term 1 FOLLOWER]: Refusing update from remote peer 0cfa04be3440446eab8db5aa6cec842b: Log matching property violated. Preceding OpId in replica: term: 1 index: 1. Preceding OpId from leader: term: 1 index: 2. (index mismatch)
I20260713 09:11:27.735841  1227 raft_consensus.cc:1275] T 7bc4fdf74a3845e2bc669e4ab153d034 P ee7eaf2324a84b088be29e002ef53249 [term 1 FOLLOWER]: Refusing update from remote peer 0cfa04be3440446eab8db5aa6cec842b: Log matching property violated. Preceding OpId in replica: term: 1 index: 1. Preceding OpId from leader: term: 1 index: 2. (index mismatch)
I20260713 09:11:27.736456  1378 consensus_queue.cc:1048] T 7bc4fdf74a3845e2bc669e4ab153d034 P 0cfa04be3440446eab8db5aa6cec842b [LEADER]: Connected to new peer: Peer: permanent_uuid: "356ea64ff0e843649ffccf186b67308b" member_type: VOTER last_known_addr { host: "127.31.194.195" port: 37713 } attrs { replace: true }, Status: LMP_MISMATCH, Last received: 0.0, Next index: 2, Last known committed idx: 1, Time since last communication: 0.000s
I20260713 09:11:27.737504  1347 consensus_queue.cc:1048] T 7bc4fdf74a3845e2bc669e4ab153d034 P 0cfa04be3440446eab8db5aa6cec842b [LEADER]: Connected to new peer: Peer: permanent_uuid: "ee7eaf2324a84b088be29e002ef53249" member_type: VOTER last_known_addr { host: "127.31.194.194" port: 37769 }, Status: LMP_MISMATCH, Last received: 0.0, Next index: 2, Last known committed idx: 1, Time since last communication: 0.000s
I20260713 09:11:27.745126  1378 raft_consensus.cc:2955] T 7bc4fdf74a3845e2bc669e4ab153d034 P 0cfa04be3440446eab8db5aa6cec842b [term 1 LEADER]: Committing config change with OpId 1.2: config changed from index -1 to 2, NON_VOTER 4c9b57202f2f422a8fd96c1797d65f77 (127.31.194.196) added. New config: { opid_index: 2 OBSOLETE_local: false peers { permanent_uuid: "0cfa04be3440446eab8db5aa6cec842b" member_type: VOTER last_known_addr { host: "127.31.194.193" port: 43715 } } peers { permanent_uuid: "ee7eaf2324a84b088be29e002ef53249" member_type: VOTER last_known_addr { host: "127.31.194.194" port: 37769 } } peers { permanent_uuid: "356ea64ff0e843649ffccf186b67308b" member_type: VOTER last_known_addr { host: "127.31.194.195" port: 37713 } attrs { replace: true } } peers { permanent_uuid: "4c9b57202f2f422a8fd96c1797d65f77" member_type: NON_VOTER last_known_addr { host: "127.31.194.196" port: 36197 } attrs { promote: true } } }
W20260713 09:11:27.749032  1120 consensus_peers.cc:597] T 7bc4fdf74a3845e2bc669e4ab153d034 P 0cfa04be3440446eab8db5aa6cec842b -> Peer 4c9b57202f2f422a8fd96c1797d65f77 (127.31.194.196:36197): Couldn't send request to peer 4c9b57202f2f422a8fd96c1797d65f77. Error code: TABLET_NOT_FOUND (6). Status: Not found: Tablet not found: 7bc4fdf74a3845e2bc669e4ab153d034. This is attempt 1: this message will repeat every 5th retry.
I20260713 09:11:27.748072  1300 raft_consensus.cc:2955] T 7bc4fdf74a3845e2bc669e4ab153d034 P 356ea64ff0e843649ffccf186b67308b [term 1 FOLLOWER]: Committing config change with OpId 1.2: config changed from index -1 to 2, NON_VOTER 4c9b57202f2f422a8fd96c1797d65f77 (127.31.194.196) added. New config: { opid_index: 2 OBSOLETE_local: false peers { permanent_uuid: "0cfa04be3440446eab8db5aa6cec842b" member_type: VOTER last_known_addr { host: "127.31.194.193" port: 43715 } } peers { permanent_uuid: "ee7eaf2324a84b088be29e002ef53249" member_type: VOTER last_known_addr { host: "127.31.194.194" port: 37769 } } peers { permanent_uuid: "356ea64ff0e843649ffccf186b67308b" member_type: VOTER last_known_addr { host: "127.31.194.195" port: 37713 } attrs { replace: true } } peers { permanent_uuid: "4c9b57202f2f422a8fd96c1797d65f77" member_type: NON_VOTER last_known_addr { host: "127.31.194.196" port: 36197 } attrs { promote: true } } }
I20260713 09:11:27.759676  1052 catalog_manager.cc:5697] T 7bc4fdf74a3845e2bc669e4ab153d034 P 0cfa04be3440446eab8db5aa6cec842b reported cstate change: config changed from index -1 to 2, NON_VOTER 4c9b57202f2f422a8fd96c1797d65f77 (127.31.194.196) added. New cstate: current_term: 1 leader_uuid: "0cfa04be3440446eab8db5aa6cec842b" committed_config { opid_index: 2 OBSOLETE_local: false peers { permanent_uuid: "0cfa04be3440446eab8db5aa6cec842b" member_type: VOTER last_known_addr { host: "127.31.194.193" port: 43715 } health_report { overall_health: HEALTHY } } peers { permanent_uuid: "ee7eaf2324a84b088be29e002ef53249" member_type: VOTER last_known_addr { host: "127.31.194.194" port: 37769 } health_report { overall_health: UNKNOWN } } peers { permanent_uuid: "356ea64ff0e843649ffccf186b67308b" member_type: VOTER last_known_addr { host: "127.31.194.195" port: 37713 } attrs { replace: true } health_report { overall_health: HEALTHY } } peers { permanent_uuid: "4c9b57202f2f422a8fd96c1797d65f77" member_type: NON_VOTER last_known_addr { host: "127.31.194.196" port: 36197 } attrs { promote: true } health_report { overall_health: UNKNOWN } } }
