I20260713 08:58:58.399501  1618 tablet_service.cc:1917] Received RequestConsensusVote() RPC: tablet_id: "f36ee4cc7d8c48dd8ceba07e63327028" candidate_uuid: "1cb57462b921497590d51748dad57a66" candidate_term: 2 candidate_status { last_received { term: 1 index: 1 } } ignore_live_leader: false dest_uuid: "c823faa375e54918877b077afe0bbb2a" is_pre_election: true
I20260713 08:58:58.391181  2011 consensus_queue.cc:1048] T 09ae69111af4463daf517fb295073997 P cbee3cf4dade4cf680bce9b1251d3265 [LEADER]: Connected to new peer: Peer: permanent_uuid: "1cb57462b921497590d51748dad57a66" member_type: VOTER last_known_addr { host: "127.0.107.195" port: 45719 } attrs { replace: true }, Status: LMP_MISMATCH, Last received: 0.0, Next index: 3, Last known committed idx: 2, Time since last communication: 0.000s
I20260713 08:58:58.408553  1616 raft_consensus.cc:1275] T 0050158da925452f813296dc1f63860f P c823faa375e54918877b077afe0bbb2a [term 1 FOLLOWER]: Refusing update from remote peer 1cb57462b921497590d51748dad57a66: Log matching property violated. Preceding OpId in replica: term: 1 index: 2. Preceding OpId from leader: term: 1 index: 3. (index mismatch)
I20260713 08:58:58.416625  1657 leader_election.cc:304] T f36ee4cc7d8c48dd8ceba07e63327028 P 1cb57462b921497590d51748dad57a66 [CANDIDATE]: Term 2 pre-election: Election decided. Result: candidate lost. Election summary: received 3 responses out of 3 voters: 1 yes votes; 2 no votes. yes voters: 1cb57462b921497590d51748dad57a66; no voters: c823faa375e54918877b077afe0bbb2a, cbee3cf4dade4cf680bce9b1251d3265
I20260713 08:58:58.417044  2040 consensus_queue.cc:1048] T 0050158da925452f813296dc1f63860f P 1cb57462b921497590d51748dad57a66 [LEADER]: Connected to new peer: Peer: permanent_uuid: "c823faa375e54918877b077afe0bbb2a" member_type: VOTER last_known_addr { host: "127.0.107.194" port: 36019 }, Status: LMP_MISMATCH, Last received: 0.0, Next index: 3, Last known committed idx: 2, Time since last communication: 0.001s
I20260713 08:58:58.419203  2061 raft_consensus.cc:2749] T f36ee4cc7d8c48dd8ceba07e63327028 P 1cb57462b921497590d51748dad57a66 [term 1 FOLLOWER]: Leader pre-election lost for term 2. Reason: could not achieve majority
I20260713 08:58:58.450188  2061 raft_consensus.cc:2955] T 0050158da925452f813296dc1f63860f P 1cb57462b921497590d51748dad57a66 [term 1 LEADER]: Committing config change with OpId 1.3: config changed from index 2 to 3, a54ad2613c1445458618ba843689bb4c (127.0.107.196) changed from NON_VOTER to VOTER. New config: { opid_index: 3 OBSOLETE_local: false peers { permanent_uuid: "cbee3cf4dade4cf680bce9b1251d3265" member_type: VOTER last_known_addr { host: "127.0.107.193" port: 45317 } attrs { replace: true } } peers { permanent_uuid: "c823faa375e54918877b077afe0bbb2a" member_type: VOTER last_known_addr { host: "127.0.107.194" port: 36019 } } peers { permanent_uuid: "1cb57462b921497590d51748dad57a66" member_type: VOTER last_known_addr { host: "127.0.107.195" port: 45719 } } peers { permanent_uuid: "a54ad2613c1445458618ba843689bb4c" member_type: VOTER last_known_addr { host: "127.0.107.196" port: 43285 } attrs { promote: false } } }
I20260713 08:58:58.454684  2052 raft_consensus.cc:2955] T 0c26fb7616684557913e70ba412224df P cbee3cf4dade4cf680bce9b1251d3265 [term 1 LEADER]: Committing config change with OpId 1.3: config changed from index 2 to 3, a54ad2613c1445458618ba843689bb4c (127.0.107.196) changed from NON_VOTER to VOTER. New config: { opid_index: 3 OBSOLETE_local: false peers { permanent_uuid: "cbee3cf4dade4cf680bce9b1251d3265" member_type: VOTER last_known_addr { host: "127.0.107.193" port: 45317 } } peers { permanent_uuid: "c823faa375e54918877b077afe0bbb2a" member_type: VOTER last_known_addr { host: "127.0.107.194" port: 36019 } } peers { permanent_uuid: "1cb57462b921497590d51748dad57a66" member_type: VOTER last_known_addr { host: "127.0.107.195" port: 45719 } attrs { replace: true } } peers { permanent_uuid: "a54ad2613c1445458618ba843689bb4c" member_type: VOTER last_known_addr { host: "127.0.107.196" port: 43285 } attrs { promote: false } } }
I20260713 08:58:58.482612  1976 raft_consensus.cc:2955] T 0050158da925452f813296dc1f63860f P a54ad2613c1445458618ba843689bb4c [term 1 FOLLOWER]: Committing config change with OpId 1.3: config changed from index 2 to 3, a54ad2613c1445458618ba843689bb4c (127.0.107.196) changed from NON_VOTER to VOTER. New config: { opid_index: 3 OBSOLETE_local: false peers { permanent_uuid: "cbee3cf4dade4cf680bce9b1251d3265" member_type: VOTER last_known_addr { host: "127.0.107.193" port: 45317 } attrs { replace: true } } peers { permanent_uuid: "c823faa375e54918877b077afe0bbb2a" member_type: VOTER last_known_addr { host: "127.0.107.194" port: 36019 } } peers { permanent_uuid: "1cb57462b921497590d51748dad57a66" member_type: VOTER last_known_addr { host: "127.0.107.195" port: 45719 } } peers { permanent_uuid: "a54ad2613c1445458618ba843689bb4c" member_type: VOTER last_known_addr { host: "127.0.107.196" port: 43285 } attrs { promote: false } } }
I20260713 08:58:58.483137  1691 raft_consensus.cc:2955] T 0c26fb7616684557913e70ba412224df P 1cb57462b921497590d51748dad57a66 [term 1 FOLLOWER]: Committing config change with OpId 1.3: config changed from index 2 to 3, a54ad2613c1445458618ba843689bb4c (127.0.107.196) changed from NON_VOTER to VOTER. New config: { opid_index: 3 OBSOLETE_local: false peers { permanent_uuid: "cbee3cf4dade4cf680bce9b1251d3265" member_type: VOTER last_known_addr { host: "127.0.107.193" port: 45317 } } peers { permanent_uuid: "c823faa375e54918877b077afe0bbb2a" member_type: VOTER last_known_addr { host: "127.0.107.194" port: 36019 } } peers { permanent_uuid: "1cb57462b921497590d51748dad57a66" member_type: VOTER last_known_addr { host: "127.0.107.195" port: 45719 } attrs { replace: true } } peers { permanent_uuid: "a54ad2613c1445458618ba843689bb4c" member_type: VOTER last_known_addr { host: "127.0.107.196" port: 43285 } attrs { promote: false } } }
I20260713 08:58:58.488691  2046 raft_consensus.cc:2955] T 116f3701f12c45aba13394b6801ffc8a P cbee3cf4dade4cf680bce9b1251d3265 [term 1 LEADER]: Committing config change with OpId 1.3: config changed from index 2 to 3, a54ad2613c1445458618ba843689bb4c (127.0.107.196) changed from NON_VOTER to VOTER. New config: { opid_index: 3 OBSOLETE_local: false peers { permanent_uuid: "cbee3cf4dade4cf680bce9b1251d3265" member_type: VOTER last_known_addr { host: "127.0.107.193" port: 45317 } } peers { permanent_uuid: "c823faa375e54918877b077afe0bbb2a" member_type: VOTER last_known_addr { host: "127.0.107.194" port: 36019 } attrs { replace: true } } peers { permanent_uuid: "1cb57462b921497590d51748dad57a66" member_type: VOTER last_known_addr { host: "127.0.107.195" port: 45719 } } peers { permanent_uuid: "a54ad2613c1445458618ba843689bb4c" member_type: VOTER last_known_addr { host: "127.0.107.196" port: 43285 } attrs { promote: false } } }
I20260713 08:58:58.492942  1618 raft_consensus.cc:2955] T 0c26fb7616684557913e70ba412224df P c823faa375e54918877b077afe0bbb2a [term 1 FOLLOWER]: Committing config change with OpId 1.3: config changed from index 2 to 3, a54ad2613c1445458618ba843689bb4c (127.0.107.196) changed from NON_VOTER to VOTER. New config: { opid_index: 3 OBSOLETE_local: false peers { permanent_uuid: "cbee3cf4dade4cf680bce9b1251d3265" member_type: VOTER last_known_addr { host: "127.0.107.193" port: 45317 } } peers { permanent_uuid: "c823faa375e54918877b077afe0bbb2a" member_type: VOTER last_known_addr { host: "127.0.107.194" port: 36019 } } peers { permanent_uuid: "1cb57462b921497590d51748dad57a66" member_type: VOTER last_known_addr { host: "127.0.107.195" port: 45719 } attrs { replace: true } } peers { permanent_uuid: "a54ad2613c1445458618ba843689bb4c" member_type: VOTER last_known_addr { host: "127.0.107.196" port: 43285 } attrs { promote: false } } }
I20260713 08:58:58.501775  1977 raft_consensus.cc:2955] T 0c26fb7616684557913e70ba412224df P a54ad2613c1445458618ba843689bb4c [term 1 FOLLOWER]: Committing config change with OpId 1.3: config changed from index 2 to 3, a54ad2613c1445458618ba843689bb4c (127.0.107.196) changed from NON_VOTER to VOTER. New config: { opid_index: 3 OBSOLETE_local: false peers { permanent_uuid: "cbee3cf4dade4cf680bce9b1251d3265" member_type: VOTER last_known_addr { host: "127.0.107.193" port: 45317 } } peers { permanent_uuid: "c823faa375e54918877b077afe0bbb2a" member_type: VOTER last_known_addr { host: "127.0.107.194" port: 36019 } } peers { permanent_uuid: "1cb57462b921497590d51748dad57a66" member_type: VOTER last_known_addr { host: "127.0.107.195" port: 45719 } attrs { replace: true } } peers { permanent_uuid: "a54ad2613c1445458618ba843689bb4c" member_type: VOTER last_known_addr { host: "127.0.107.196" port: 43285 } attrs { promote: false } } }
I20260713 08:58:58.522528  1541 raft_consensus.cc:2955] T 0050158da925452f813296dc1f63860f P cbee3cf4dade4cf680bce9b1251d3265 [term 1 FOLLOWER]: Committing config change with OpId 1.3: config changed from index 2 to 3, a54ad2613c1445458618ba843689bb4c (127.0.107.196) changed from NON_VOTER to VOTER. New config: { opid_index: 3 OBSOLETE_local: false peers { permanent_uuid: "cbee3cf4dade4cf680bce9b1251d3265" member_type: VOTER last_known_addr { host: "127.0.107.193" port: 45317 } attrs { replace: true } } peers { permanent_uuid: "c823faa375e54918877b077afe0bbb2a" member_type: VOTER last_known_addr { host: "127.0.107.194" port: 36019 } } peers { permanent_uuid: "1cb57462b921497590d51748dad57a66" member_type: VOTER last_known_addr { host: "127.0.107.195" port: 45719 } } peers { permanent_uuid: "a54ad2613c1445458618ba843689bb4c" member_type: VOTER last_known_addr { host: "127.0.107.196" port: 43285 } attrs { promote: false } } }
I20260713 08:58:58.528438  1618 raft_consensus.cc:2955] T 116f3701f12c45aba13394b6801ffc8a P c823faa375e54918877b077afe0bbb2a [term 1 FOLLOWER]: Committing config change with OpId 1.3: config changed from index 2 to 3, a54ad2613c1445458618ba843689bb4c (127.0.107.196) changed from NON_VOTER to VOTER. New config: { opid_index: 3 OBSOLETE_local: false peers { permanent_uuid: "cbee3cf4dade4cf680bce9b1251d3265" member_type: VOTER last_known_addr { host: "127.0.107.193" port: 45317 } } peers { permanent_uuid: "c823faa375e54918877b077afe0bbb2a" member_type: VOTER last_known_addr { host: "127.0.107.194" port: 36019 } attrs { replace: true } } peers { permanent_uuid: "1cb57462b921497590d51748dad57a66" member_type: VOTER last_known_addr { host: "127.0.107.195" port: 45719 } } peers { permanent_uuid: "a54ad2613c1445458618ba843689bb4c" member_type: VOTER last_known_addr { host: "127.0.107.196" port: 43285 } attrs { promote: false } } }
I20260713 08:58:58.490696  1616 raft_consensus.cc:2955] T 0050158da925452f813296dc1f63860f P c823faa375e54918877b077afe0bbb2a [term 1 FOLLOWER]: Committing config change with OpId 1.3: config changed from index 2 to 3, a54ad2613c1445458618ba843689bb4c (127.0.107.196) changed from NON_VOTER to VOTER. New config: { opid_index: 3 OBSOLETE_local: false peers { permanent_uuid: "cbee3cf4dade4cf680bce9b1251d3265" member_type: VOTER last_known_addr { host: "127.0.107.193" port: 45317 } attrs { replace: true } } peers { permanent_uuid: "c823faa375e54918877b077afe0bbb2a" member_type: VOTER last_known_addr { host: "127.0.107.194" port: 36019 } } peers { permanent_uuid: "1cb57462b921497590d51748dad57a66" member_type: VOTER last_known_addr { host: "127.0.107.195" port: 45719 } } peers { permanent_uuid: "a54ad2613c1445458618ba843689bb4c" member_type: VOTER last_known_addr { host: "127.0.107.196" port: 43285 } attrs { promote: false } } }
I20260713 08:58:58.537009  1438 catalog_manager.cc:5697] T 0c26fb7616684557913e70ba412224df P c823faa375e54918877b077afe0bbb2a reported cstate change: config changed from index 2 to 3, a54ad2613c1445458618ba843689bb4c (127.0.107.196) changed from NON_VOTER to VOTER. New cstate: current_term: 1 leader_uuid: "cbee3cf4dade4cf680bce9b1251d3265" committed_config { opid_index: 3 OBSOLETE_local: false peers { permanent_uuid: "cbee3cf4dade4cf680bce9b1251d3265" member_type: VOTER last_known_addr { host: "127.0.107.193" port: 45317 } } peers { permanent_uuid: "c823faa375e54918877b077afe0bbb2a" member_type: VOTER last_known_addr { host: "127.0.107.194" port: 36019 } } peers { permanent_uuid: "1cb57462b921497590d51748dad57a66" member_type: VOTER last_known_addr { host: "127.0.107.195" port: 45719 } attrs { replace: true } } peers { permanent_uuid: "a54ad2613c1445458618ba843689bb4c" member_type: VOTER last_known_addr { host: "127.0.107.196" port: 43285 } attrs { promote: false } } }
I20260713 08:58:58.539616  1442 catalog_manager.cc:5697] T 0050158da925452f813296dc1f63860f P 1cb57462b921497590d51748dad57a66 reported cstate change: config changed from index 2 to 3, a54ad2613c1445458618ba843689bb4c (127.0.107.196) changed from NON_VOTER to VOTER. New cstate: current_term: 1 leader_uuid: "1cb57462b921497590d51748dad57a66" committed_config { opid_index: 3 OBSOLETE_local: false peers { permanent_uuid: "cbee3cf4dade4cf680bce9b1251d3265" member_type: VOTER last_known_addr { host: "127.0.107.193" port: 45317 } attrs { replace: true } health_report { overall_health: HEALTHY } } peers { permanent_uuid: "c823faa375e54918877b077afe0bbb2a" member_type: VOTER last_known_addr { host: "127.0.107.194" port: 36019 } health_report { overall_health: HEALTHY } } peers { permanent_uuid: "1cb57462b921497590d51748dad57a66" member_type: VOTER last_known_addr { host: "127.0.107.195" port: 45719 } health_report { overall_health: HEALTHY } } peers { permanent_uuid: "a54ad2613c1445458618ba843689bb4c" member_type: VOTER last_known_addr { host: "127.0.107.196" port: 43285 } attrs { promote: false } health_report { overall_health: HEALTHY } } }
I20260713 08:58:58.539460  2011 raft_consensus.cc:2955] T 09ae69111af4463daf517fb295073997 P cbee3cf4dade4cf680bce9b1251d3265 [term 1 LEADER]: Committing config change with OpId 1.3: config changed from index 2 to 3, a54ad2613c1445458618ba843689bb4c (127.0.107.196) changed from NON_VOTER to VOTER. New config: { opid_index: 3 OBSOLETE_local: false peers { permanent_uuid: "cbee3cf4dade4cf680bce9b1251d3265" member_type: VOTER last_known_addr { host: "127.0.107.193" port: 45317 } } peers { permanent_uuid: "c823faa375e54918877b077afe0bbb2a" member_type: VOTER last_known_addr { host: "127.0.107.194" port: 36019 } } peers { permanent_uuid: "1cb57462b921497590d51748dad57a66" member_type: VOTER last_known_addr { host: "127.0.107.195" port: 45719 } attrs { replace: true } } peers { permanent_uuid: "a54ad2613c1445458618ba843689bb4c" member_type: VOTER last_known_addr { host: "127.0.107.196" port: 43285 } attrs { promote: false } } }
I20260713 08:58:58.549960  1615 raft_consensus.cc:2955] T 09ae69111af4463daf517fb295073997 P c823faa375e54918877b077afe0bbb2a [term 1 FOLLOWER]: Committing config change with OpId 1.3: config changed from index 2 to 3, a54ad2613c1445458618ba843689bb4c (127.0.107.196) changed from NON_VOTER to VOTER. New config: { opid_index: 3 OBSOLETE_local: false peers { permanent_uuid: "cbee3cf4dade4cf680bce9b1251d3265" member_type: VOTER last_known_addr { host: "127.0.107.193" port: 45317 } } peers { permanent_uuid: "c823faa375e54918877b077afe0bbb2a" member_type: VOTER last_known_addr { host: "127.0.107.194" port: 36019 } } peers { permanent_uuid: "1cb57462b921497590d51748dad57a66" member_type: VOTER last_known_addr { host: "127.0.107.195" port: 45719 } attrs { replace: true } } peers { permanent_uuid: "a54ad2613c1445458618ba843689bb4c" member_type: VOTER last_known_addr { host: "127.0.107.196" port: 43285 } attrs { promote: false } } }
I20260713 08:58:58.574738  1978 raft_consensus.cc:2955] T 116f3701f12c45aba13394b6801ffc8a P a54ad2613c1445458618ba843689bb4c [term 1 FOLLOWER]: Committing config change with OpId 1.3: config changed from index 2 to 3, a54ad2613c1445458618ba843689bb4c (127.0.107.196) changed from NON_VOTER to VOTER. New config: { opid_index: 3 OBSOLETE_local: false peers { permanent_uuid: "cbee3cf4dade4cf680bce9b1251d3265" member_type: VOTER last_known_addr { host: "127.0.107.193" port: 45317 } } peers { permanent_uuid: "c823faa375e54918877b077afe0bbb2a" member_type: VOTER last_known_addr { host: "127.0.107.194" port: 36019 } attrs { replace: true } } peers { permanent_uuid: "1cb57462b921497590d51748dad57a66" member_type: VOTER last_known_addr { host: "127.0.107.195" port: 45719 } } peers { permanent_uuid: "a54ad2613c1445458618ba843689bb4c" member_type: VOTER last_known_addr { host: "127.0.107.196" port: 43285 } attrs { promote: false } } }
I20260713 08:58:58.601173  1692 raft_consensus.cc:2955] T 09ae69111af4463daf517fb295073997 P 1cb57462b921497590d51748dad57a66 [term 1 FOLLOWER]: Committing config change with OpId 1.3: config changed from index 2 to 3, a54ad2613c1445458618ba843689bb4c (127.0.107.196) changed from NON_VOTER to VOTER. New config: { opid_index: 3 OBSOLETE_local: false peers { permanent_uuid: "cbee3cf4dade4cf680bce9b1251d3265" member_type: VOTER last_known_addr { host: "127.0.107.193" port: 45317 } } peers { permanent_uuid: "c823faa375e54918877b077afe0bbb2a" member_type: VOTER last_known_addr { host: "127.0.107.194" port: 36019 } } peers { permanent_uuid: "1cb57462b921497590d51748dad57a66" member_type: VOTER last_known_addr { host: "127.0.107.195" port: 45719 } attrs { replace: true } } peers { permanent_uuid: "a54ad2613c1445458618ba843689bb4c" member_type: VOTER last_known_addr { host: "127.0.107.196" port: 43285 } attrs { promote: false } } }
I20260713 08:58:58.611419  1975 raft_consensus.cc:2955] T 09ae69111af4463daf517fb295073997 P a54ad2613c1445458618ba843689bb4c [term 1 FOLLOWER]: Committing config change with OpId 1.3: config changed from index 2 to 3, a54ad2613c1445458618ba843689bb4c (127.0.107.196) changed from NON_VOTER to VOTER. New config: { opid_index: 3 OBSOLETE_local: false peers { permanent_uuid: "cbee3cf4dade4cf680bce9b1251d3265" member_type: VOTER last_known_addr { host: "127.0.107.193" port: 45317 } } peers { permanent_uuid: "c823faa375e54918877b077afe0bbb2a" member_type: VOTER last_known_addr { host: "127.0.107.194" port: 36019 } } peers { permanent_uuid: "1cb57462b921497590d51748dad57a66" member_type: VOTER last_known_addr { host: "127.0.107.195" port: 45719 } attrs { replace: true } } peers { permanent_uuid: "a54ad2613c1445458618ba843689bb4c" member_type: VOTER last_known_addr { host: "127.0.107.196" port: 43285 } attrs { promote: false } } }
I20260713 08:58:58.616076  1689 raft_consensus.cc:2955] T 116f3701f12c45aba13394b6801ffc8a P 1cb57462b921497590d51748dad57a66 [term 1 FOLLOWER]: Committing config change with OpId 1.3: config changed from index 2 to 3, a54ad2613c1445458618ba843689bb4c (127.0.107.196) changed from NON_VOTER to VOTER. New config: { opid_index: 3 OBSOLETE_local: false peers { permanent_uuid: "cbee3cf4dade4cf680bce9b1251d3265" member_type: VOTER last_known_addr { host: "127.0.107.193" port: 45317 } } peers { permanent_uuid: "c823faa375e54918877b077afe0bbb2a" member_type: VOTER last_known_addr { host: "127.0.107.194" port: 36019 } attrs { replace: true } } peers { permanent_uuid: "1cb57462b921497590d51748dad57a66" member_type: VOTER last_known_addr { host: "127.0.107.195" port: 45719 } } peers { permanent_uuid: "a54ad2613c1445458618ba843689bb4c" member_type: VOTER last_known_addr { host: "127.0.107.196" port: 43285 } attrs { promote: false } } }
I20260713 08:58:58.683868  1542 consensus_queue.cc:237] T 0c26fb7616684557913e70ba412224df P cbee3cf4dade4cf680bce9b1251d3265 [LEADER]: Queue going to LEADER mode. State: All replicated index: 0, Majority replicated index: 3, Committed index: 3, Last appended: 1.3, Last appended by leader: 0, Current term: 1, Majority size: 2, State: 0, Mode: LEADER, active raft config: opid_index: 4 OBSOLETE_local: false peers { permanent_uuid: "cbee3cf4dade4cf680bce9b1251d3265" member_type: VOTER last_known_addr { host: "127.0.107.193" port: 45317 } } peers { permanent_uuid: "c823faa375e54918877b077afe0bbb2a" member_type: VOTER last_known_addr { host: "127.0.107.194" port: 36019 } } peers { permanent_uuid: "a54ad2613c1445458618ba843689bb4c" member_type: VOTER last_known_addr { host: "127.0.107.196" port: 43285 } attrs { promote: false } }
I20260713 08:58:58.700636  1976 raft_consensus.cc:1275] T 0c26fb7616684557913e70ba412224df P a54ad2613c1445458618ba843689bb4c [term 1 FOLLOWER]: Refusing update from remote peer cbee3cf4dade4cf680bce9b1251d3265: Log matching property violated. Preceding OpId in replica: term: 1 index: 3. Preceding OpId from leader: term: 1 index: 4. (index mismatch)
I20260713 08:58:58.702864  2011 consensus_queue.cc:1048] T 0c26fb7616684557913e70ba412224df P cbee3cf4dade4cf680bce9b1251d3265 [LEADER]: Connected to new peer: Peer: permanent_uuid: "a54ad2613c1445458618ba843689bb4c" member_type: VOTER last_known_addr { host: "127.0.107.196" port: 43285 } attrs { promote: false }, Status: LMP_MISMATCH, Last received: 0.0, Next index: 4, Last known committed idx: 3, Time since last communication: 0.001s
I20260713 08:58:58.712572  1440 catalog_manager.cc:5697] T 116f3701f12c45aba13394b6801ffc8a P a54ad2613c1445458618ba843689bb4c reported cstate change: config changed from index 2 to 3, a54ad2613c1445458618ba843689bb4c (127.0.107.196) changed from NON_VOTER to VOTER. New cstate: current_term: 1 leader_uuid: "cbee3cf4dade4cf680bce9b1251d3265" committed_config { opid_index: 3 OBSOLETE_local: false peers { permanent_uuid: "cbee3cf4dade4cf680bce9b1251d3265" member_type: VOTER last_known_addr { host: "127.0.107.193" port: 45317 } } peers { permanent_uuid: "c823faa375e54918877b077afe0bbb2a" member_type: VOTER last_known_addr { host: "127.0.107.194" port: 36019 } attrs { replace: true } } peers { permanent_uuid: "1cb57462b921497590d51748dad57a66" member_type: VOTER last_known_addr { host: "127.0.107.195" port: 45719 } } peers { permanent_uuid: "a54ad2613c1445458618ba843689bb4c" member_type: VOTER last_known_addr { host: "127.0.107.196" port: 43285 } attrs { promote: false } } }
I20260713 08:58:58.713635  1616 raft_consensus.cc:1275] T 0c26fb7616684557913e70ba412224df P c823faa375e54918877b077afe0bbb2a [term 1 FOLLOWER]: Refusing update from remote peer cbee3cf4dade4cf680bce9b1251d3265: Log matching property violated. Preceding OpId in replica: term: 1 index: 3. Preceding OpId from leader: term: 1 index: 4. (index mismatch)
I20260713 08:58:58.717126  2011 consensus_queue.cc:1048] T 0c26fb7616684557913e70ba412224df P cbee3cf4dade4cf680bce9b1251d3265 [LEADER]: Connected to new peer: Peer: permanent_uuid: "c823faa375e54918877b077afe0bbb2a" member_type: VOTER last_known_addr { host: "127.0.107.194" port: 36019 }, Status: LMP_MISMATCH, Last received: 0.0, Next index: 4, Last known committed idx: 3, Time since last communication: 0.000s
I20260713 08:58:58.719617  1440 catalog_manager.cc:5697] T 09ae69111af4463daf517fb295073997 P a54ad2613c1445458618ba843689bb4c reported cstate change: config changed from index 2 to 3, a54ad2613c1445458618ba843689bb4c (127.0.107.196) changed from NON_VOTER to VOTER. New cstate: current_term: 1 leader_uuid: "cbee3cf4dade4cf680bce9b1251d3265" committed_config { opid_index: 3 OBSOLETE_local: false peers { permanent_uuid: "cbee3cf4dade4cf680bce9b1251d3265" member_type: VOTER last_known_addr { host: "127.0.107.193" port: 45317 } } peers { permanent_uuid: "c823faa375e54918877b077afe0bbb2a" member_type: VOTER last_known_addr { host: "127.0.107.194" port: 36019 } } peers { permanent_uuid: "1cb57462b921497590d51748dad57a66" member_type: VOTER last_known_addr { host: "127.0.107.195" port: 45719 } attrs { replace: true } } peers { permanent_uuid: "a54ad2613c1445458618ba843689bb4c" member_type: VOTER last_known_addr { host: "127.0.107.196" port: 43285 } attrs { promote: false } } }
I20260713 08:58:58.720057  1689 consensus_queue.cc:237] T 0050158da925452f813296dc1f63860f P 1cb57462b921497590d51748dad57a66 [LEADER]: Queue going to LEADER mode. State: All replicated index: 0, Majority replicated index: 3, Committed index: 3, Last appended: 1.3, Last appended by leader: 0, Current term: 1, Majority size: 2, State: 0, Mode: LEADER, active raft config: opid_index: 4 OBSOLETE_local: false peers { permanent_uuid: "c823faa375e54918877b077afe0bbb2a" member_type: VOTER last_known_addr { host: "127.0.107.194" port: 36019 } } peers { permanent_uuid: "1cb57462b921497590d51748dad57a66" member_type: VOTER last_known_addr { host: "127.0.107.195" port: 45719 } } peers { permanent_uuid: "a54ad2613c1445458618ba843689bb4c" member_type: VOTER last_known_addr { host: "127.0.107.196" port: 43285 } attrs { promote: false } }
I20260713 08:58:58.725284  2051 raft_consensus.cc:2955] T 0c26fb7616684557913e70ba412224df P cbee3cf4dade4cf680bce9b1251d3265 [term 1 LEADER]: Committing config change with OpId 1.4: config changed from index 3 to 4, VOTER 1cb57462b921497590d51748dad57a66 (127.0.107.195) evicted. New config: { opid_index: 4 OBSOLETE_local: false peers { permanent_uuid: "cbee3cf4dade4cf680bce9b1251d3265" member_type: VOTER last_known_addr { host: "127.0.107.193" port: 45317 } } peers { permanent_uuid: "c823faa375e54918877b077afe0bbb2a" member_type: VOTER last_known_addr { host: "127.0.107.194" port: 36019 } } peers { permanent_uuid: "a54ad2613c1445458618ba843689bb4c" member_type: VOTER last_known_addr { host: "127.0.107.196" port: 43285 } attrs { promote: false } } }
I20260713 08:58:58.728855  1975 raft_consensus.cc:1275] T 0050158da925452f813296dc1f63860f P a54ad2613c1445458618ba843689bb4c [term 1 FOLLOWER]: Refusing update from remote peer 1cb57462b921497590d51748dad57a66: Log matching property violated. Preceding OpId in replica: term: 1 index: 3. Preceding OpId from leader: term: 1 index: 4. (index mismatch)
I20260713 08:58:58.731549  1975 raft_consensus.cc:2955] T 0c26fb7616684557913e70ba412224df P a54ad2613c1445458618ba843689bb4c [term 1 FOLLOWER]: Committing config change with OpId 1.4: config changed from index 3 to 4, VOTER 1cb57462b921497590d51748dad57a66 (127.0.107.195) evicted. New config: { opid_index: 4 OBSOLETE_local: false peers { permanent_uuid: "cbee3cf4dade4cf680bce9b1251d3265" member_type: VOTER last_known_addr { host: "127.0.107.193" port: 45317 } } peers { permanent_uuid: "c823faa375e54918877b077afe0bbb2a" member_type: VOTER last_known_addr { host: "127.0.107.194" port: 36019 } } peers { permanent_uuid: "a54ad2613c1445458618ba843689bb4c" member_type: VOTER last_known_addr { host: "127.0.107.196" port: 43285 } attrs { promote: false } } }
I20260713 08:58:58.734453  1616 raft_consensus.cc:1275] T 0050158da925452f813296dc1f63860f P c823faa375e54918877b077afe0bbb2a [term 1 FOLLOWER]: Refusing update from remote peer 1cb57462b921497590d51748dad57a66: Log matching property violated. Preceding OpId in replica: term: 1 index: 3. Preceding OpId from leader: term: 1 index: 4. (index mismatch)
I20260713 08:58:58.737498  2061 consensus_queue.cc:1048] T 0050158da925452f813296dc1f63860f P 1cb57462b921497590d51748dad57a66 [LEADER]: Connected to new peer: Peer: permanent_uuid: "a54ad2613c1445458618ba843689bb4c" member_type: VOTER last_known_addr { host: "127.0.107.196" port: 43285 } attrs { promote: false }, Status: LMP_MISMATCH, Last received: 0.0, Next index: 4, Last known committed idx: 3, Time since last communication: 0.000s
I20260713 08:58:58.739328  2061 consensus_queue.cc:1048] T 0050158da925452f813296dc1f63860f P 1cb57462b921497590d51748dad57a66 [LEADER]: Connected to new peer: Peer: permanent_uuid: "c823faa375e54918877b077afe0bbb2a" member_type: VOTER last_known_addr { host: "127.0.107.194" port: 36019 }, Status: LMP_MISMATCH, Last received: 0.0, Next index: 4, Last known committed idx: 3, Time since last communication: 0.000s
I20260713 08:58:58.741158  1618 raft_consensus.cc:2955] T 0c26fb7616684557913e70ba412224df P c823faa375e54918877b077afe0bbb2a [term 1 FOLLOWER]: Committing config change with OpId 1.4: config changed from index 3 to 4, VOTER 1cb57462b921497590d51748dad57a66 (127.0.107.195) evicted. New config: { opid_index: 4 OBSOLETE_local: false peers { permanent_uuid: "cbee3cf4dade4cf680bce9b1251d3265" member_type: VOTER last_known_addr { host: "127.0.107.193" port: 45317 } } peers { permanent_uuid: "c823faa375e54918877b077afe0bbb2a" member_type: VOTER last_known_addr { host: "127.0.107.194" port: 36019 } } peers { permanent_uuid: "a54ad2613c1445458618ba843689bb4c" member_type: VOTER last_known_addr { host: "127.0.107.196" port: 43285 } attrs { promote: false } } }
I20260713 08:58:58.746675  2040 raft_consensus.cc:2955] T 0050158da925452f813296dc1f63860f P 1cb57462b921497590d51748dad57a66 [term 1 LEADER]: Committing config change with OpId 1.4: config changed from index 3 to 4, VOTER cbee3cf4dade4cf680bce9b1251d3265 (127.0.107.193) evicted. New config: { opid_index: 4 OBSOLETE_local: false peers { permanent_uuid: "c823faa375e54918877b077afe0bbb2a" member_type: VOTER last_known_addr { host: "127.0.107.194" port: 36019 } } peers { permanent_uuid: "1cb57462b921497590d51748dad57a66" member_type: VOTER last_known_addr { host: "127.0.107.195" port: 45719 } } peers { permanent_uuid: "a54ad2613c1445458618ba843689bb4c" member_type: VOTER last_known_addr { host: "127.0.107.196" port: 43285 } attrs { promote: false } } }
I20260713 08:58:58.755292  1976 raft_consensus.cc:2955] T 0050158da925452f813296dc1f63860f P a54ad2613c1445458618ba843689bb4c [term 1 FOLLOWER]: Committing config change with OpId 1.4: config changed from index 3 to 4, VOTER cbee3cf4dade4cf680bce9b1251d3265 (127.0.107.193) evicted. New config: { opid_index: 4 OBSOLETE_local: false peers { permanent_uuid: "c823faa375e54918877b077afe0bbb2a" member_type: VOTER last_known_addr { host: "127.0.107.194" port: 36019 } } peers { permanent_uuid: "1cb57462b921497590d51748dad57a66" member_type: VOTER last_known_addr { host: "127.0.107.195" port: 45719 } } peers { permanent_uuid: "a54ad2613c1445458618ba843689bb4c" member_type: VOTER last_known_addr { host: "127.0.107.196" port: 43285 } attrs { promote: false } } }
I20260713 08:58:58.760916  1615 raft_consensus.cc:2955] T 0050158da925452f813296dc1f63860f P c823faa375e54918877b077afe0bbb2a [term 1 FOLLOWER]: Committing config change with OpId 1.4: config changed from index 3 to 4, VOTER cbee3cf4dade4cf680bce9b1251d3265 (127.0.107.193) evicted. New config: { opid_index: 4 OBSOLETE_local: false peers { permanent_uuid: "c823faa375e54918877b077afe0bbb2a" member_type: VOTER last_known_addr { host: "127.0.107.194" port: 36019 } } peers { permanent_uuid: "1cb57462b921497590d51748dad57a66" member_type: VOTER last_known_addr { host: "127.0.107.195" port: 45719 } } peers { permanent_uuid: "a54ad2613c1445458618ba843689bb4c" member_type: VOTER last_known_addr { host: "127.0.107.196" port: 43285 } attrs { promote: false } } }
I20260713 08:58:58.767266  1542 consensus_queue.cc:237] T 116f3701f12c45aba13394b6801ffc8a P cbee3cf4dade4cf680bce9b1251d3265 [LEADER]: Queue going to LEADER mode. State: All replicated index: 0, Majority replicated index: 3, Committed index: 3, Last appended: 1.3, Last appended by leader: 0, Current term: 1, Majority size: 2, State: 0, Mode: LEADER, active raft config: opid_index: 4 OBSOLETE_local: false peers { permanent_uuid: "cbee3cf4dade4cf680bce9b1251d3265" member_type: VOTER last_known_addr { host: "127.0.107.193" port: 45317 } } peers { permanent_uuid: "1cb57462b921497590d51748dad57a66" member_type: VOTER last_known_addr { host: "127.0.107.195" port: 45719 } } peers { permanent_uuid: "a54ad2613c1445458618ba843689bb4c" member_type: VOTER last_known_addr { host: "127.0.107.196" port: 43285 } attrs { promote: false } }
I20260713 08:58:58.775597  1978 raft_consensus.cc:1275] T 116f3701f12c45aba13394b6801ffc8a P a54ad2613c1445458618ba843689bb4c [term 1 FOLLOWER]: Refusing update from remote peer cbee3cf4dade4cf680bce9b1251d3265: Log matching property violated. Preceding OpId in replica: term: 1 index: 3. Preceding OpId from leader: term: 1 index: 4. (index mismatch)
I20260713 08:58:58.776165  1689 raft_consensus.cc:1275] T 116f3701f12c45aba13394b6801ffc8a P 1cb57462b921497590d51748dad57a66 [term 1 FOLLOWER]: Refusing update from remote peer cbee3cf4dade4cf680bce9b1251d3265: Log matching property violated. Preceding OpId in replica: term: 1 index: 3. Preceding OpId from leader: term: 1 index: 4. (index mismatch)
I20260713 08:58:58.777799  2046 consensus_queue.cc:1048] T 116f3701f12c45aba13394b6801ffc8a P cbee3cf4dade4cf680bce9b1251d3265 [LEADER]: Connected to new peer: Peer: permanent_uuid: "a54ad2613c1445458618ba843689bb4c" member_type: VOTER last_known_addr { host: "127.0.107.196" port: 43285 } attrs { promote: false }, Status: LMP_MISMATCH, Last received: 0.0, Next index: 4, Last known committed idx: 3, Time since last communication: 0.000s
I20260713 08:58:58.779322  2011 consensus_queue.cc:1048] T 116f3701f12c45aba13394b6801ffc8a P cbee3cf4dade4cf680bce9b1251d3265 [LEADER]: Connected to new peer: Peer: permanent_uuid: "1cb57462b921497590d51748dad57a66" member_type: VOTER last_known_addr { host: "127.0.107.195" port: 45719 }, Status: LMP_MISMATCH, Last received: 0.0, Next index: 4, Last known committed idx: 3, Time since last communication: 0.000s
I20260713 08:58:58.788427  1541 consensus_queue.cc:237] T 09ae69111af4463daf517fb295073997 P cbee3cf4dade4cf680bce9b1251d3265 [LEADER]: Queue going to LEADER mode. State: All replicated index: 0, Majority replicated index: 3, Committed index: 3, Last appended: 1.3, Last appended by leader: 0, Current term: 1, Majority size: 2, State: 0, Mode: LEADER, active raft config: opid_index: 4 OBSOLETE_local: false peers { permanent_uuid: "cbee3cf4dade4cf680bce9b1251d3265" member_type: VOTER last_known_addr { host: "127.0.107.193" port: 45317 } } peers { permanent_uuid: "c823faa375e54918877b077afe0bbb2a" member_type: VOTER last_known_addr { host: "127.0.107.194" port: 36019 } } peers { permanent_uuid: "a54ad2613c1445458618ba843689bb4c" member_type: VOTER last_known_addr { host: "127.0.107.196" port: 43285 } attrs { promote: false } }
I20260713 08:58:58.794858  1912 raft_consensus.cc:2955] T 116f3701f12c45aba13394b6801ffc8a P cbee3cf4dade4cf680bce9b1251d3265 [term 1 LEADER]: Committing config change with OpId 1.4: config changed from index 3 to 4, VOTER c823faa375e54918877b077afe0bbb2a (127.0.107.194) evicted. New config: { opid_index: 4 OBSOLETE_local: false peers { permanent_uuid: "cbee3cf4dade4cf680bce9b1251d3265" member_type: VOTER last_known_addr { host: "127.0.107.193" port: 45317 } } peers { permanent_uuid: "1cb57462b921497590d51748dad57a66" member_type: VOTER last_known_addr { host: "127.0.107.195" port: 45719 } } peers { permanent_uuid: "a54ad2613c1445458618ba843689bb4c" member_type: VOTER last_known_addr { host: "127.0.107.196" port: 43285 } attrs { promote: false } } }
I20260713 08:58:58.796669  1975 raft_consensus.cc:2955] T 116f3701f12c45aba13394b6801ffc8a P a54ad2613c1445458618ba843689bb4c [term 1 FOLLOWER]: Committing config change with OpId 1.4: config changed from index 3 to 4, VOTER c823faa375e54918877b077afe0bbb2a (127.0.107.194) evicted. New config: { opid_index: 4 OBSOLETE_local: false peers { permanent_uuid: "cbee3cf4dade4cf680bce9b1251d3265" member_type: VOTER last_known_addr { host: "127.0.107.193" port: 45317 } } peers { permanent_uuid: "1cb57462b921497590d51748dad57a66" member_type: VOTER last_known_addr { host: "127.0.107.195" port: 45719 } } peers { permanent_uuid: "a54ad2613c1445458618ba843689bb4c" member_type: VOTER last_known_addr { host: "127.0.107.196" port: 43285 } attrs { promote: false } } }
I20260713 08:58:58.802975  1429 catalog_manager.cc:5210] ChangeConfig:REMOVE_PEER RPC for tablet 0c26fb7616684557913e70ba412224df with cas_config_opid_index 3: ChangeConfig:REMOVE_PEER succeeded (attempt 1)
I20260713 08:58:58.802158  1438 catalog_manager.cc:5697] T 0c26fb7616684557913e70ba412224df P a54ad2613c1445458618ba843689bb4c reported cstate change: config changed from index 3 to 4, VOTER 1cb57462b921497590d51748dad57a66 (127.0.107.195) evicted. New cstate: current_term: 1 leader_uuid: "cbee3cf4dade4cf680bce9b1251d3265" committed_config { opid_index: 4 OBSOLETE_local: false peers { permanent_uuid: "cbee3cf4dade4cf680bce9b1251d3265" member_type: VOTER last_known_addr { host: "127.0.107.193" port: 45317 } } peers { permanent_uuid: "c823faa375e54918877b077afe0bbb2a" member_type: VOTER last_known_addr { host: "127.0.107.194" port: 36019 } } peers { permanent_uuid: "a54ad2613c1445458618ba843689bb4c" member_type: VOTER last_known_addr { host: "127.0.107.196" port: 43285 } attrs { promote: false } } }
I20260713 08:58:58.833068  1689 raft_consensus.cc:2955] T 116f3701f12c45aba13394b6801ffc8a P 1cb57462b921497590d51748dad57a66 [term 1 FOLLOWER]: Committing config change with OpId 1.4: config changed from index 3 to 4, VOTER c823faa375e54918877b077afe0bbb2a (127.0.107.194) evicted. New config: { opid_index: 4 OBSOLETE_local: false peers { permanent_uuid: "cbee3cf4dade4cf680bce9b1251d3265" member_type: VOTER last_known_addr { host: "127.0.107.193" port: 45317 } } peers { permanent_uuid: "1cb57462b921497590d51748dad57a66" member_type: VOTER last_known_addr { host: "127.0.107.195" port: 45719 } } peers { permanent_uuid: "a54ad2613c1445458618ba843689bb4c" member_type: VOTER last_known_addr { host: "127.0.107.196" port: 43285 } attrs { promote: false } } }
I20260713 08:58:58.837307  1978 raft_consensus.cc:1275] T 09ae69111af4463daf517fb295073997 P a54ad2613c1445458618ba843689bb4c [term 1 FOLLOWER]: Refusing update from remote peer cbee3cf4dade4cf680bce9b1251d3265: Log matching property violated. Preceding OpId in replica: term: 1 index: 3. Preceding OpId from leader: term: 1 index: 4. (index mismatch)
I20260713 08:58:58.841473  1427 catalog_manager.cc:5210] ChangeConfig:REMOVE_PEER RPC for tablet 0050158da925452f813296dc1f63860f with cas_config_opid_index 3: ChangeConfig:REMOVE_PEER succeeded (attempt 1)
I20260713 08:58:58.844406  1676 tablet_service.cc:1558] Processing DeleteTablet for tablet 0c26fb7616684557913e70ba412224df with delete_type TABLET_DATA_TOMBSTONED (TS 1cb57462b921497590d51748dad57a66 not found in new config with opid_index 4) from {username='slave'} at 127.0.0.1:45938
I20260713 08:58:58.837157  1440 catalog_manager.cc:5697] T 0050158da925452f813296dc1f63860f P c823faa375e54918877b077afe0bbb2a reported cstate change: config changed from index 3 to 4, VOTER cbee3cf4dade4cf680bce9b1251d3265 (127.0.107.193) evicted. New cstate: current_term: 1 leader_uuid: "1cb57462b921497590d51748dad57a66" committed_config { opid_index: 4 OBSOLETE_local: false peers { permanent_uuid: "c823faa375e54918877b077afe0bbb2a" member_type: VOTER last_known_addr { host: "127.0.107.194" port: 36019 } } peers { permanent_uuid: "1cb57462b921497590d51748dad57a66" member_type: VOTER last_known_addr { host: "127.0.107.195" port: 45719 } } peers { permanent_uuid: "a54ad2613c1445458618ba843689bb4c" member_type: VOTER last_known_addr { host: "127.0.107.196" port: 43285 } attrs { promote: false } } }
I20260713 08:58:58.856086  2068 consensus_queue.cc:1048] T 09ae69111af4463daf517fb295073997 P cbee3cf4dade4cf680bce9b1251d3265 [LEADER]: Connected to new peer: Peer: permanent_uuid: "a54ad2613c1445458618ba843689bb4c" member_type: VOTER last_known_addr { host: "127.0.107.196" port: 43285 } attrs { promote: false }, Status: LMP_MISMATCH, Last received: 0.0, Next index: 4, Last known committed idx: 3, Time since last communication: 0.003s
W20260713 08:58:58.861899  1714 debug-util.cc:398] Leaking SignalData structure 0x7b08001a00e0 after lost signal to thread 434
W20260713 08:58:58.863626  1714 debug-util.cc:398] Leaking SignalData structure 0x7b0800158f00 after lost signal to thread 1476
W20260713 08:58:58.865988  1714 debug-util.cc:398] Leaking SignalData structure 0x7b08002683e0 after lost signal to thread 1568
W20260713 08:58:58.867635  1714 debug-util.cc:398] Leaking SignalData structure 0x7b08000d6e80 after lost signal to thread 1643
I20260713 08:58:58.862803  1615 raft_consensus.cc:1275] T 09ae69111af4463daf517fb295073997 P c823faa375e54918877b077afe0bbb2a [term 1 FOLLOWER]: Refusing update from remote peer cbee3cf4dade4cf680bce9b1251d3265: Log matching property violated. Preceding OpId in replica: term: 1 index: 3. Preceding OpId from leader: term: 1 index: 4. (index mismatch)
I20260713 08:58:58.869081  2046 raft_consensus.cc:2955] T 09ae69111af4463daf517fb295073997 P cbee3cf4dade4cf680bce9b1251d3265 [term 1 LEADER]: Committing config change with OpId 1.4: config changed from index 3 to 4, VOTER 1cb57462b921497590d51748dad57a66 (127.0.107.195) evicted. New config: { opid_index: 4 OBSOLETE_local: false peers { permanent_uuid: "cbee3cf4dade4cf680bce9b1251d3265" member_type: VOTER last_known_addr { host: "127.0.107.193" port: 45317 } } peers { permanent_uuid: "c823faa375e54918877b077afe0bbb2a" member_type: VOTER last_known_addr { host: "127.0.107.194" port: 36019 } } peers { permanent_uuid: "a54ad2613c1445458618ba843689bb4c" member_type: VOTER last_known_addr { host: "127.0.107.196" port: 43285 } attrs { promote: false } } }
W20260713 08:58:58.870445  1714 debug-util.cc:398] Leaking SignalData structure 0x7b0800211680 after lost signal to thread 1717
W20260713 08:58:58.871507  1714 debug-util.cc:398] Leaking SignalData structure 0x7b08001e5220 after lost signal to thread 2002
I20260713 08:58:58.871301  1976 raft_consensus.cc:2955] T 09ae69111af4463daf517fb295073997 P a54ad2613c1445458618ba843689bb4c [term 1 FOLLOWER]: Committing config change with OpId 1.4: config changed from index 3 to 4, VOTER 1cb57462b921497590d51748dad57a66 (127.0.107.195) evicted. New config: { opid_index: 4 OBSOLETE_local: false peers { permanent_uuid: "cbee3cf4dade4cf680bce9b1251d3265" member_type: VOTER last_known_addr { host: "127.0.107.193" port: 45317 } } peers { permanent_uuid: "c823faa375e54918877b077afe0bbb2a" member_type: VOTER last_known_addr { host: "127.0.107.194" port: 36019 } } peers { permanent_uuid: "a54ad2613c1445458618ba843689bb4c" member_type: VOTER last_known_addr { host: "127.0.107.196" port: 43285 } attrs { promote: false } } }
I20260713 08:58:58.877339  2052 consensus_queue.cc:1048] T 09ae69111af4463daf517fb295073997 P cbee3cf4dade4cf680bce9b1251d3265 [LEADER]: Connected to new peer: Peer: permanent_uuid: "c823faa375e54918877b077afe0bbb2a" member_type: VOTER last_known_addr { host: "127.0.107.194" port: 36019 }, Status: LMP_MISMATCH, Last received: 0.0, Next index: 4, Last known committed idx: 3, Time since last communication: 0.000s
I20260713 08:58:58.881609  1429 catalog_manager.cc:5210] ChangeConfig:REMOVE_PEER RPC for tablet 116f3701f12c45aba13394b6801ffc8a with cas_config_opid_index 3: ChangeConfig:REMOVE_PEER succeeded (attempt 1)
I20260713 08:58:58.885794  1618 raft_consensus.cc:2955] T 09ae69111af4463daf517fb295073997 P c823faa375e54918877b077afe0bbb2a [term 1 FOLLOWER]: Committing config change with OpId 1.4: config changed from index 3 to 4, VOTER 1cb57462b921497590d51748dad57a66 (127.0.107.195) evicted. New config: { opid_index: 4 OBSOLETE_local: false peers { permanent_uuid: "cbee3cf4dade4cf680bce9b1251d3265" member_type: VOTER last_known_addr { host: "127.0.107.193" port: 45317 } } peers { permanent_uuid: "c823faa375e54918877b077afe0bbb2a" member_type: VOTER last_known_addr { host: "127.0.107.194" port: 36019 } } peers { permanent_uuid: "a54ad2613c1445458618ba843689bb4c" member_type: VOTER last_known_addr { host: "127.0.107.196" port: 43285 } attrs { promote: false } } }
I20260713 08:58:58.892413  1441 catalog_manager.cc:5697] T 116f3701f12c45aba13394b6801ffc8a P cbee3cf4dade4cf680bce9b1251d3265 reported cstate change: config changed from index 3 to 4, VOTER c823faa375e54918877b077afe0bbb2a (127.0.107.194) evicted. New cstate: current_term: 1 leader_uuid: "cbee3cf4dade4cf680bce9b1251d3265" committed_config { opid_index: 4 OBSOLETE_local: false peers { permanent_uuid: "cbee3cf4dade4cf680bce9b1251d3265" member_type: VOTER last_known_addr { host: "127.0.107.193" port: 45317 } health_report { overall_health: HEALTHY } } peers { permanent_uuid: "1cb57462b921497590d51748dad57a66" member_type: VOTER last_known_addr { host: "127.0.107.195" port: 45719 } health_report { overall_health: HEALTHY } } peers { permanent_uuid: "a54ad2613c1445458618ba843689bb4c" member_type: VOTER last_known_addr { host: "127.0.107.196" port: 43285 } attrs { promote: false } health_report { overall_health: HEALTHY } } }
I20260713 08:58:58.898914  1429 catalog_manager.cc:5210] ChangeConfig:REMOVE_PEER RPC for tablet 09ae69111af4463daf517fb295073997 with cas_config_opid_index 3: ChangeConfig:REMOVE_PEER succeeded (attempt 1)
I20260713 08:58:58.901448  1526 tablet_service.cc:1558] Processing DeleteTablet for tablet 0050158da925452f813296dc1f63860f with delete_type TABLET_DATA_TOMBSTONED (TS cbee3cf4dade4cf680bce9b1251d3265 not found in new config with opid_index 4) from {username='slave'} at 127.0.0.1:52520
I20260713 08:58:58.909178  1440 catalog_manager.cc:5697] T 09ae69111af4463daf517fb295073997 P c823faa375e54918877b077afe0bbb2a reported cstate change: config changed from index 3 to 4, VOTER 1cb57462b921497590d51748dad57a66 (127.0.107.195) evicted. New cstate: current_term: 1 leader_uuid: "cbee3cf4dade4cf680bce9b1251d3265" committed_config { opid_index: 4 OBSOLETE_local: false peers { permanent_uuid: "cbee3cf4dade4cf680bce9b1251d3265" member_type: VOTER last_known_addr { host: "127.0.107.193" port: 45317 } } peers { permanent_uuid: "c823faa375e54918877b077afe0bbb2a" member_type: VOTER last_known_addr { host: "127.0.107.194" port: 36019 } } peers { permanent_uuid: "a54ad2613c1445458618ba843689bb4c" member_type: VOTER last_known_addr { host: "127.0.107.196" port: 43285 } attrs { promote: false } } }
I20260713 08:58:58.922796  1606 tablet_service.cc:1558] Processing DeleteTablet for tablet 116f3701f12c45aba13394b6801ffc8a with delete_type TABLET_DATA_TOMBSTONED (TS c823faa375e54918877b077afe0bbb2a not found in new config with opid_index 4) from {username='slave'} at 127.0.0.1:46978
I20260713 08:58:58.930054  2082 tablet_replica.cc:333] T 0c26fb7616684557913e70ba412224df P 1cb57462b921497590d51748dad57a66: stopping tablet replica
I20260713 08:58:58.931367  2082 raft_consensus.cc:2243] T 0c26fb7616684557913e70ba412224df P 1cb57462b921497590d51748dad57a66 [term 1 FOLLOWER]: Raft consensus shutting down.
I20260713 08:58:58.932185  2082 raft_consensus.cc:2272] T 0c26fb7616684557913e70ba412224df P 1cb57462b921497590d51748dad57a66 [term 1 FOLLOWER]: Raft consensus is shut down!
I20260713 08:58:58.936515  2082 ts_tablet_manager.cc:1916] T 0c26fb7616684557913e70ba412224df P 1cb57462b921497590d51748dad57a66: Deleting tablet data with delete state TABLET_DATA_TOMBSTONED
I20260713 08:58:58.937040  1676 tablet_service.cc:1558] Processing DeleteTablet for tablet 09ae69111af4463daf517fb295073997 with delete_type TABLET_DATA_TOMBSTONED (TS 1cb57462b921497590d51748dad57a66 not found in new config with opid_index 4) from {username='slave'} at 127.0.0.1:45938
I20260713 08:58:58.940981  2083 tablet_replica.cc:333] T 0050158da925452f813296dc1f63860f P cbee3cf4dade4cf680bce9b1251d3265: stopping tablet replica
I20260713 08:58:58.947279  2083 raft_consensus.cc:2243] T 0050158da925452f813296dc1f63860f P cbee3cf4dade4cf680bce9b1251d3265 [term 1 FOLLOWER]: Raft consensus shutting down.
I20260713 08:58:58.948156  2083 raft_consensus.cc:2272] T 0050158da925452f813296dc1f63860f P cbee3cf4dade4cf680bce9b1251d3265 [term 1 FOLLOWER]: Raft consensus is shut down!
I20260713 08:58:58.949389  2084 tablet_replica.cc:333] T 116f3701f12c45aba13394b6801ffc8a P c823faa375e54918877b077afe0bbb2a: stopping tablet replica
I20260713 08:58:58.950750  2084 raft_consensus.cc:2243] T 116f3701f12c45aba13394b6801ffc8a P c823faa375e54918877b077afe0bbb2a [term 1 FOLLOWER]: Raft consensus shutting down.
I20260713 08:58:58.956455  2084 raft_consensus.cc:2272] T 116f3701f12c45aba13394b6801ffc8a P c823faa375e54918877b077afe0bbb2a [term 1 FOLLOWER]: Raft consensus is shut down!
I20260713 08:58:58.961761  2084 ts_tablet_manager.cc:1916] T 116f3701f12c45aba13394b6801ffc8a P c823faa375e54918877b077afe0bbb2a: Deleting tablet data with delete state TABLET_DATA_TOMBSTONED
I20260713 08:58:58.965415  2082 ts_tablet_manager.cc:1929] T 0c26fb7616684557913e70ba412224df P 1cb57462b921497590d51748dad57a66: tablet deleted with delete type TABLET_DATA_TOMBSTONED: last-logged OpId 1.3
I20260713 08:58:58.955721  2083 ts_tablet_manager.cc:1916] T 0050158da925452f813296dc1f63860f P cbee3cf4dade4cf680bce9b1251d3265: Deleting tablet data with delete state TABLET_DATA_TOMBSTONED
I20260713 08:58:58.970726  2082 log.cc:1199] T 0c26fb7616684557913e70ba412224df P 1cb57462b921497590d51748dad57a66: Deleting WAL directory at /tmp/dist-test-taskTcKRkq/test-tmp/auto_leader_rebalancer-test.0.LeaderRebalancerTest.AddTserver.1783933105040710-431-0/minicluster-data/ts-2-root/wals/0c26fb7616684557913e70ba412224df
I20260713 08:58:58.972494  1427 catalog_manager.cc:5028] TS 1cb57462b921497590d51748dad57a66 (127.0.107.195:45719): tablet 0c26fb7616684557913e70ba412224df (table test-workload [id=9e3e405d6a874e4585e4a4b73c8000a6]) successfully deleted
I20260713 08:58:58.972643  2082 tablet_replica.cc:333] T 09ae69111af4463daf517fb295073997 P 1cb57462b921497590d51748dad57a66: stopping tablet replica
I20260713 08:58:58.973780  2082 raft_consensus.cc:2243] T 09ae69111af4463daf517fb295073997 P 1cb57462b921497590d51748dad57a66 [term 1 FOLLOWER]: Raft consensus shutting down.
I20260713 08:58:58.974560  2082 raft_consensus.cc:2272] T 09ae69111af4463daf517fb295073997 P 1cb57462b921497590d51748dad57a66 [term 1 FOLLOWER]: Raft consensus is shut down!
I20260713 08:58:58.978977  2082 ts_tablet_manager.cc:1916] T 09ae69111af4463daf517fb295073997 P 1cb57462b921497590d51748dad57a66: Deleting tablet data with delete state TABLET_DATA_TOMBSTONED
I20260713 08:58:58.993525  2082 ts_tablet_manager.cc:1929] T 09ae69111af4463daf517fb295073997 P 1cb57462b921497590d51748dad57a66: tablet deleted with delete type TABLET_DATA_TOMBSTONED: last-logged OpId 1.3
