I20260713 09:11:38.316366  1501 catalog_manager.cc:5697] T d1bdb7b918dc437391a279e2e051dc59 P 6dbc05b61f374da390cdcc1fc9ae489f reported cstate change: config changed from index 3 to 4, VOTER 5ded22eda1ba46c1b8f96942a900fe8c (127.0.114.66) evicted. New cstate: current_term: 1 leader_uuid: "e4e4630402b342beb6dd87777915e463" committed_config { opid_index: 4 OBSOLETE_local: false peers { permanent_uuid: "6dbc05b61f374da390cdcc1fc9ae489f" member_type: VOTER last_known_addr { host: "127.0.114.65" port: 44199 } } peers { permanent_uuid: "e4e4630402b342beb6dd87777915e463" member_type: VOTER last_known_addr { host: "127.0.114.67" port: 35933 } } peers { permanent_uuid: "a745d518f268400f917e3014b6416177" member_type: VOTER last_known_addr { host: "127.0.114.68" port: 40459 } attrs { promote: false } } }
I20260713 09:11:38.319378  1594 tablet_service.cc:1558] Processing DeleteTablet for tablet 64f420d4b6c941beb5017d512f161a78 with delete_type TABLET_DATA_TOMBSTONED (TS 6dbc05b61f374da390cdcc1fc9ae489f not found in new config with opid_index 4) from {username='slave'} at 127.0.0.1:49316
I20260713 09:11:38.322790  1681 raft_consensus.cc:2955] T 92a796def39044f380bd23eec58589e0 P 5ded22eda1ba46c1b8f96942a900fe8c [term 1 FOLLOWER]: Committing config change with OpId 1.4: config changed from index 3 to 4, VOTER 6dbc05b61f374da390cdcc1fc9ae489f (127.0.114.65) evicted. New config: { opid_index: 4 OBSOLETE_local: false peers { permanent_uuid: "5ded22eda1ba46c1b8f96942a900fe8c" member_type: VOTER last_known_addr { host: "127.0.114.66" port: 34349 } } peers { permanent_uuid: "e4e4630402b342beb6dd87777915e463" member_type: VOTER last_known_addr { host: "127.0.114.67" port: 35933 } } peers { permanent_uuid: "a745d518f268400f917e3014b6416177" member_type: VOTER last_known_addr { host: "127.0.114.68" port: 40459 } attrs { promote: false } } }
I20260713 09:11:38.323326  1753 raft_consensus.cc:2955] T 64f420d4b6c941beb5017d512f161a78 P e4e4630402b342beb6dd87777915e463 [term 1 FOLLOWER]: Committing config change with OpId 1.4: config changed from index 3 to 4, VOTER 6dbc05b61f374da390cdcc1fc9ae489f (127.0.114.65) evicted. New config: { opid_index: 4 OBSOLETE_local: false peers { permanent_uuid: "5ded22eda1ba46c1b8f96942a900fe8c" member_type: VOTER last_known_addr { host: "127.0.114.66" port: 34349 } } peers { permanent_uuid: "e4e4630402b342beb6dd87777915e463" member_type: VOTER last_known_addr { host: "127.0.114.67" port: 35933 } } peers { permanent_uuid: "a745d518f268400f917e3014b6416177" member_type: VOTER last_known_addr { host: "127.0.114.68" port: 40459 } attrs { promote: false } } }
I20260713 09:11:38.323642  1680 raft_consensus.cc:2955] T 9f2ca194d3074ad6be9cbedf11c1b520 P 5ded22eda1ba46c1b8f96942a900fe8c [term 1 FOLLOWER]: Committing config change with OpId 1.4: config changed from index 3 to 4, VOTER e4e4630402b342beb6dd87777915e463 (127.0.114.67) evicted. New config: { opid_index: 4 OBSOLETE_local: false peers { permanent_uuid: "6dbc05b61f374da390cdcc1fc9ae489f" member_type: VOTER last_known_addr { host: "127.0.114.65" port: 44199 } } peers { permanent_uuid: "5ded22eda1ba46c1b8f96942a900fe8c" member_type: VOTER last_known_addr { host: "127.0.114.66" port: 34349 } } peers { permanent_uuid: "a745d518f268400f917e3014b6416177" member_type: VOTER last_known_addr { host: "127.0.114.68" port: 40459 } attrs { promote: false } } }
I20260713 09:11:38.326355  2029 raft_consensus.cc:2955] T 9f2ca194d3074ad6be9cbedf11c1b520 P a745d518f268400f917e3014b6416177 [term 1 FOLLOWER]: Committing config change with OpId 1.4: config changed from index 3 to 4, VOTER e4e4630402b342beb6dd87777915e463 (127.0.114.67) evicted. New config: { opid_index: 4 OBSOLETE_local: false peers { permanent_uuid: "6dbc05b61f374da390cdcc1fc9ae489f" member_type: VOTER last_known_addr { host: "127.0.114.65" port: 44199 } } peers { permanent_uuid: "5ded22eda1ba46c1b8f96942a900fe8c" member_type: VOTER last_known_addr { host: "127.0.114.66" port: 34349 } } peers { permanent_uuid: "a745d518f268400f917e3014b6416177" member_type: VOTER last_known_addr { host: "127.0.114.68" port: 40459 } attrs { promote: false } } }
I20260713 09:11:38.339130  2279 tablet_replica.cc:333] T 64f420d4b6c941beb5017d512f161a78 P 6dbc05b61f374da390cdcc1fc9ae489f: stopping tablet replica
I20260713 09:11:38.340420  2279 raft_consensus.cc:2243] T 64f420d4b6c941beb5017d512f161a78 P 6dbc05b61f374da390cdcc1fc9ae489f [term 1 FOLLOWER]: Raft consensus shutting down.
I20260713 09:11:38.339600  2031 raft_consensus.cc:2955] T 92a796def39044f380bd23eec58589e0 P a745d518f268400f917e3014b6416177 [term 1 FOLLOWER]: Committing config change with OpId 1.4: config changed from index 3 to 4, VOTER 6dbc05b61f374da390cdcc1fc9ae489f (127.0.114.65) evicted. New config: { opid_index: 4 OBSOLETE_local: false peers { permanent_uuid: "5ded22eda1ba46c1b8f96942a900fe8c" member_type: VOTER last_known_addr { host: "127.0.114.66" port: 34349 } } peers { permanent_uuid: "e4e4630402b342beb6dd87777915e463" member_type: VOTER last_known_addr { host: "127.0.114.67" port: 35933 } } peers { permanent_uuid: "a745d518f268400f917e3014b6416177" member_type: VOTER last_known_addr { host: "127.0.114.68" port: 40459 } attrs { promote: false } } }
I20260713 09:11:38.341084  2279 raft_consensus.cc:2272] T 64f420d4b6c941beb5017d512f161a78 P 6dbc05b61f374da390cdcc1fc9ae489f [term 1 FOLLOWER]: Raft consensus is shut down!
I20260713 09:11:38.347970  1662 tablet_service.cc:1558] Processing DeleteTablet for tablet d1bdb7b918dc437391a279e2e051dc59 with delete_type TABLET_DATA_TOMBSTONED (TS 5ded22eda1ba46c1b8f96942a900fe8c not found in new config with opid_index 4) from {username='slave'} at 127.0.0.1:34188
I20260713 09:11:38.375298  2279 ts_tablet_manager.cc:1916] T 64f420d4b6c941beb5017d512f161a78 P 6dbc05b61f374da390cdcc1fc9ae489f: Deleting tablet data with delete state TABLET_DATA_TOMBSTONED
I20260713 09:11:38.392226  2280 tablet_replica.cc:333] T d1bdb7b918dc437391a279e2e051dc59 P 5ded22eda1ba46c1b8f96942a900fe8c: stopping tablet replica
I20260713 09:11:38.403692  2280 raft_consensus.cc:2243] T d1bdb7b918dc437391a279e2e051dc59 P 5ded22eda1ba46c1b8f96942a900fe8c [term 1 FOLLOWER]: Raft consensus shutting down.
I20260713 09:11:38.408142  2280 raft_consensus.cc:2272] T d1bdb7b918dc437391a279e2e051dc59 P 5ded22eda1ba46c1b8f96942a900fe8c [term 1 FOLLOWER]: Raft consensus is shut down!
I20260713 09:11:38.413208  1490 catalog_manager.cc:5210] ChangeConfig:REMOVE_PEER RPC for tablet 9f2ca194d3074ad6be9cbedf11c1b520 with cas_config_opid_index 3: ChangeConfig:REMOVE_PEER succeeded (attempt 1)
I20260713 09:11:38.414494  2280 ts_tablet_manager.cc:1916] T d1bdb7b918dc437391a279e2e051dc59 P 5ded22eda1ba46c1b8f96942a900fe8c: Deleting tablet data with delete state TABLET_DATA_TOMBSTONED
I20260713 09:11:38.424770  1490 catalog_manager.cc:5210] ChangeConfig:REMOVE_PEER RPC for tablet 92a796def39044f380bd23eec58589e0 with cas_config_opid_index 3: ChangeConfig:REMOVE_PEER succeeded (attempt 1)
I20260713 09:11:38.424206  1504 catalog_manager.cc:5697] T 9f2ca194d3074ad6be9cbedf11c1b520 P a745d518f268400f917e3014b6416177 reported cstate change: config changed from index 3 to 4, VOTER e4e4630402b342beb6dd87777915e463 (127.0.114.67) evicted. New cstate: current_term: 1 leader_uuid: "6dbc05b61f374da390cdcc1fc9ae489f" committed_config { opid_index: 4 OBSOLETE_local: false peers { permanent_uuid: "6dbc05b61f374da390cdcc1fc9ae489f" member_type: VOTER last_known_addr { host: "127.0.114.65" port: 44199 } } peers { permanent_uuid: "5ded22eda1ba46c1b8f96942a900fe8c" member_type: VOTER last_known_addr { host: "127.0.114.66" port: 34349 } } peers { permanent_uuid: "a745d518f268400f917e3014b6416177" member_type: VOTER last_known_addr { host: "127.0.114.68" port: 40459 } attrs { promote: false } } }
I20260713 09:11:38.442060  1736 tablet_service.cc:1558] Processing DeleteTablet for tablet 9f2ca194d3074ad6be9cbedf11c1b520 with delete_type TABLET_DATA_TOMBSTONED (TS e4e4630402b342beb6dd87777915e463 not found in new config with opid_index 4) from {username='slave'} at 127.0.0.1:37396
I20260713 09:11:38.443817  1501 catalog_manager.cc:5697] T 92a796def39044f380bd23eec58589e0 P e4e4630402b342beb6dd87777915e463 reported cstate change: config changed from index 3 to 4, VOTER 6dbc05b61f374da390cdcc1fc9ae489f (127.0.114.65) evicted. New cstate: current_term: 1 leader_uuid: "e4e4630402b342beb6dd87777915e463" committed_config { opid_index: 4 OBSOLETE_local: false peers { permanent_uuid: "5ded22eda1ba46c1b8f96942a900fe8c" member_type: VOTER last_known_addr { host: "127.0.114.66" port: 34349 } health_report { overall_health: HEALTHY } } peers { permanent_uuid: "e4e4630402b342beb6dd87777915e463" member_type: VOTER last_known_addr { host: "127.0.114.67" port: 35933 } health_report { overall_health: HEALTHY } } peers { permanent_uuid: "a745d518f268400f917e3014b6416177" member_type: VOTER last_known_addr { host: "127.0.114.68" port: 40459 } attrs { promote: false } health_report { overall_health: UNKNOWN } } }
I20260713 09:11:38.444437  2279 ts_tablet_manager.cc:1929] T 64f420d4b6c941beb5017d512f161a78 P 6dbc05b61f374da390cdcc1fc9ae489f: tablet deleted with delete type TABLET_DATA_TOMBSTONED: last-logged OpId 1.3
I20260713 09:11:38.454646  2279 log.cc:1199] T 64f420d4b6c941beb5017d512f161a78 P 6dbc05b61f374da390cdcc1fc9ae489f: Deleting WAL directory at /tmp/dist-test-taskblMtAX/test-tmp/auto_leader_rebalancer-test.0.LeaderRebalancerTest.AddTserver.1783933856520540-457-0/minicluster-data/ts-0-root/wals/64f420d4b6c941beb5017d512f161a78
I20260713 09:11:38.458232  2281 tablet_replica.cc:333] T 9f2ca194d3074ad6be9cbedf11c1b520 P e4e4630402b342beb6dd87777915e463: stopping tablet replica
I20260713 09:11:38.457311  1490 catalog_manager.cc:5028] TS 6dbc05b61f374da390cdcc1fc9ae489f (127.0.114.65:44199): tablet 64f420d4b6c941beb5017d512f161a78 (table test-workload [id=ebec5e1907604330ac413fb878ddfd67]) successfully deleted
I20260713 09:11:38.459527  2281 raft_consensus.cc:2243] T 9f2ca194d3074ad6be9cbedf11c1b520 P e4e4630402b342beb6dd87777915e463 [term 1 FOLLOWER]: Raft consensus shutting down.
I20260713 09:11:38.460372  2281 raft_consensus.cc:2272] T 9f2ca194d3074ad6be9cbedf11c1b520 P e4e4630402b342beb6dd87777915e463 [term 1 FOLLOWER]: Raft consensus is shut down!
I20260713 09:11:38.462436  2280 ts_tablet_manager.cc:1929] T d1bdb7b918dc437391a279e2e051dc59 P 5ded22eda1ba46c1b8f96942a900fe8c: tablet deleted with delete type TABLET_DATA_TOMBSTONED: last-logged OpId 1.3
I20260713 09:11:38.462988  2280 log.cc:1199] T d1bdb7b918dc437391a279e2e051dc59 P 5ded22eda1ba46c1b8f96942a900fe8c: Deleting WAL directory at /tmp/dist-test-taskblMtAX/test-tmp/auto_leader_rebalancer-test.0.LeaderRebalancerTest.AddTserver.1783933856520540-457-0/minicluster-data/ts-1-root/wals/d1bdb7b918dc437391a279e2e051dc59
I20260713 09:11:38.464562  2281 ts_tablet_manager.cc:1916] T 9f2ca194d3074ad6be9cbedf11c1b520 P e4e4630402b342beb6dd87777915e463: Deleting tablet data with delete state TABLET_DATA_TOMBSTONED
I20260713 09:11:38.464900  1489 catalog_manager.cc:5028] TS 5ded22eda1ba46c1b8f96942a900fe8c (127.0.114.66:34349): tablet d1bdb7b918dc437391a279e2e051dc59 (table test-workload [id=ebec5e1907604330ac413fb878ddfd67]) successfully deleted
I20260713 09:11:38.471276  1594 tablet_service.cc:1558] Processing DeleteTablet for tablet 92a796def39044f380bd23eec58589e0 with delete_type TABLET_DATA_TOMBSTONED (TS 6dbc05b61f374da390cdcc1fc9ae489f not found in new config with opid_index 4) from {username='slave'} at 127.0.0.1:49316
I20260713 09:11:38.472440  2279 tablet_replica.cc:333] T 92a796def39044f380bd23eec58589e0 P 6dbc05b61f374da390cdcc1fc9ae489f: stopping tablet replica
I20260713 09:11:38.473330  2279 raft_consensus.cc:2243] T 92a796def39044f380bd23eec58589e0 P 6dbc05b61f374da390cdcc1fc9ae489f [term 1 FOLLOWER]: Raft consensus shutting down.
I20260713 09:11:38.474113  2279 raft_consensus.cc:2272] T 92a796def39044f380bd23eec58589e0 P 6dbc05b61f374da390cdcc1fc9ae489f [term 1 FOLLOWER]: Raft consensus is shut down!
I20260713 09:11:38.477396  2279 ts_tablet_manager.cc:1916] T 92a796def39044f380bd23eec58589e0 P 6dbc05b61f374da390cdcc1fc9ae489f: Deleting tablet data with delete state TABLET_DATA_TOMBSTONED
I20260713 09:11:38.483340  2281 ts_tablet_manager.cc:1929] T 9f2ca194d3074ad6be9cbedf11c1b520 P e4e4630402b342beb6dd87777915e463: tablet deleted with delete type TABLET_DATA_TOMBSTONED: last-logged OpId 1.3
I20260713 09:11:38.483920  2281 log.cc:1199] T 9f2ca194d3074ad6be9cbedf11c1b520 P e4e4630402b342beb6dd87777915e463: Deleting WAL directory at /tmp/dist-test-taskblMtAX/test-tmp/auto_leader_rebalancer-test.0.LeaderRebalancerTest.AddTserver.1783933856520540-457-0/minicluster-data/ts-2-root/wals/9f2ca194d3074ad6be9cbedf11c1b520
I20260713 09:11:38.485715  1490 catalog_manager.cc:5028] TS e4e4630402b342beb6dd87777915e463 (127.0.114.67:35933): tablet 9f2ca194d3074ad6be9cbedf11c1b520 (table test-workload [id=ebec5e1907604330ac413fb878ddfd67]) successfully deleted
I20260713 09:11:38.489425  2279 ts_tablet_manager.cc:1929] T 92a796def39044f380bd23eec58589e0 P 6dbc05b61f374da390cdcc1fc9ae489f: tablet deleted with delete type TABLET_DATA_TOMBSTONED: last-logged OpId 1.3
I20260713 09:11:38.489768  2279 log.cc:1199] T 92a796def39044f380bd23eec58589e0 P 6dbc05b61f374da390cdcc1fc9ae489f: Deleting WAL directory at /tmp/dist-test-taskblMtAX/test-tmp/auto_leader_rebalancer-test.0.LeaderRebalancerTest.AddTserver.1783933856520540-457-0/minicluster-data/ts-0-root/wals/92a796def39044f380bd23eec58589e0
I20260713 09:11:38.491346  1490 catalog_manager.cc:5028] TS 6dbc05b61f374da390cdcc1fc9ae489f (127.0.114.65:44199): tablet 92a796def39044f380bd23eec58589e0 (table test-workload [id=ebec5e1907604330ac413fb878ddfd67]) successfully deleted
I20260713 09:11:39.495888  1606 consensus_queue.cc:237] T 46ff948cc63b425da6f4f19a820265de P 6dbc05b61f374da390cdcc1fc9ae489f [LEADER]: Queue going to LEADER mode. State: All replicated index: 0, Majority replicated index: 2, Committed index: 2, Last appended: 4.2, Last appended by leader: 1, Current term: 4, Majority size: 2, State: 0, Mode: LEADER, active raft config: opid_index: 3 OBSOLETE_local: false peers { permanent_uuid: "6dbc05b61f374da390cdcc1fc9ae489f" member_type: VOTER last_known_addr { host: "127.0.114.65" port: 44199 } } peers { permanent_uuid: "5ded22eda1ba46c1b8f96942a900fe8c" member_type: VOTER last_known_addr { host: "127.0.114.66" port: 34349 } } peers { permanent_uuid: "e4e4630402b342beb6dd87777915e463" member_type: VOTER last_known_addr { host: "127.0.114.67" port: 35933 } attrs { replace: true } } peers { permanent_uuid: "a745d518f268400f917e3014b6416177" member_type: NON_VOTER last_known_addr { host: "127.0.114.68" port: 40459 } attrs { promote: true } }
I20260713 09:11:39.503217  1755 raft_consensus.cc:1275] T 46ff948cc63b425da6f4f19a820265de P e4e4630402b342beb6dd87777915e463 [term 4 FOLLOWER]: Refusing update from remote peer 6dbc05b61f374da390cdcc1fc9ae489f: Log matching property violated. Preceding OpId in replica: term: 4 index: 2. Preceding OpId from leader: term: 4 index: 3. (index mismatch)
I20260713 09:11:39.503556  1681 raft_consensus.cc:1275] T 46ff948cc63b425da6f4f19a820265de P 5ded22eda1ba46c1b8f96942a900fe8c [term 4 FOLLOWER]: Refusing update from remote peer 6dbc05b61f374da390cdcc1fc9ae489f: Log matching property violated. Preceding OpId in replica: term: 4 index: 2. Preceding OpId from leader: term: 4 index: 3. (index mismatch)
W20260713 09:11:39.503933  1569 consensus_peers.cc:597] T 46ff948cc63b425da6f4f19a820265de P 6dbc05b61f374da390cdcc1fc9ae489f -> Peer a745d518f268400f917e3014b6416177 (127.0.114.68:40459): Couldn't send request to peer a745d518f268400f917e3014b6416177. Error code: TABLET_NOT_FOUND (6). Status: Not found: Tablet not found: 46ff948cc63b425da6f4f19a820265de. This is attempt 1: this message will repeat every 5th retry.
I20260713 09:11:39.504884  2283 consensus_queue.cc:1048] T 46ff948cc63b425da6f4f19a820265de P 6dbc05b61f374da390cdcc1fc9ae489f [LEADER]: Connected to new peer: Peer: permanent_uuid: "e4e4630402b342beb6dd87777915e463" member_type: VOTER last_known_addr { host: "127.0.114.67" port: 35933 } attrs { replace: true }, Status: LMP_MISMATCH, Last received: 0.0, Next index: 3, Last known committed idx: 2, Time since last communication: 0.000s
I20260713 09:11:39.505872  2267 consensus_queue.cc:1048] T 46ff948cc63b425da6f4f19a820265de P 6dbc05b61f374da390cdcc1fc9ae489f [LEADER]: Connected to new peer: Peer: permanent_uuid: "5ded22eda1ba46c1b8f96942a900fe8c" member_type: VOTER last_known_addr { host: "127.0.114.66" port: 34349 }, Status: LMP_MISMATCH, Last received: 0.0, Next index: 3, Last known committed idx: 2, Time since last communication: 0.000s
I20260713 09:11:39.519112  2267 raft_consensus.cc:2955] T 46ff948cc63b425da6f4f19a820265de P 6dbc05b61f374da390cdcc1fc9ae489f [term 4 LEADER]: Committing config change with OpId 4.3: config changed from index -1 to 3, NON_VOTER a745d518f268400f917e3014b6416177 (127.0.114.68) added. New config: { opid_index: 3 OBSOLETE_local: false peers { permanent_uuid: "6dbc05b61f374da390cdcc1fc9ae489f" member_type: VOTER last_known_addr { host: "127.0.114.65" port: 44199 } } peers { permanent_uuid: "5ded22eda1ba46c1b8f96942a900fe8c" member_type: VOTER last_known_addr { host: "127.0.114.66" port: 34349 } } peers { permanent_uuid: "e4e4630402b342beb6dd87777915e463" member_type: VOTER last_known_addr { host: "127.0.114.67" port: 35933 } attrs { replace: true } } peers { permanent_uuid: "a745d518f268400f917e3014b6416177" member_type: NON_VOTER last_known_addr { host: "127.0.114.68" port: 40459 } attrs { promote: true } } }
I20260713 09:11:39.520314  1681 raft_consensus.cc:2955] T 46ff948cc63b425da6f4f19a820265de P 5ded22eda1ba46c1b8f96942a900fe8c [term 4 FOLLOWER]: Committing config change with OpId 4.3: config changed from index -1 to 3, NON_VOTER a745d518f268400f917e3014b6416177 (127.0.114.68) added. New config: { opid_index: 3 OBSOLETE_local: false peers { permanent_uuid: "6dbc05b61f374da390cdcc1fc9ae489f" member_type: VOTER last_known_addr { host: "127.0.114.65" port: 44199 } } peers { permanent_uuid: "5ded22eda1ba46c1b8f96942a900fe8c" member_type: VOTER last_known_addr { host: "127.0.114.66" port: 34349 } } peers { permanent_uuid: "e4e4630402b342beb6dd87777915e463" member_type: VOTER last_known_addr { host: "127.0.114.67" port: 35933 } attrs { replace: true } } peers { permanent_uuid: "a745d518f268400f917e3014b6416177" member_type: NON_VOTER last_known_addr { host: "127.0.114.68" port: 40459 } attrs { promote: true } } }
I20260713 09:11:39.524503  1755 raft_consensus.cc:2955] T 46ff948cc63b425da6f4f19a820265de P e4e4630402b342beb6dd87777915e463 [term 4 FOLLOWER]: Committing config change with OpId 4.3: config changed from index -1 to 3, NON_VOTER a745d518f268400f917e3014b6416177 (127.0.114.68) added. New config: { opid_index: 3 OBSOLETE_local: false peers { permanent_uuid: "6dbc05b61f374da390cdcc1fc9ae489f" member_type: VOTER last_known_addr { host: "127.0.114.65" port: 44199 } } peers { permanent_uuid: "5ded22eda1ba46c1b8f96942a900fe8c" member_type: VOTER last_known_addr { host: "127.0.114.66" port: 34349 } } peers { permanent_uuid: "e4e4630402b342beb6dd87777915e463" member_type: VOTER last_known_addr { host: "127.0.114.67" port: 35933 } attrs { replace: true } } peers { permanent_uuid: "a745d518f268400f917e3014b6416177" member_type: NON_VOTER last_known_addr { host: "127.0.114.68" port: 40459 } attrs { promote: true } } }
I20260713 09:11:39.534283  1606 consensus_queue.cc:237] T 0fe49f6caca9438c903ed82a8741adfc P 6dbc05b61f374da390cdcc1fc9ae489f [LEADER]: Queue going to LEADER mode. State: All replicated index: 0, Majority replicated index: 1, Committed index: 1, Last appended: 1.1, Last appended by leader: 0, Current term: 1, Majority size: 2, State: 0, Mode: LEADER, active raft config: opid_index: 2 OBSOLETE_local: false peers { permanent_uuid: "6dbc05b61f374da390cdcc1fc9ae489f" member_type: VOTER last_known_addr { host: "127.0.114.65" port: 44199 } } peers { permanent_uuid: "5ded22eda1ba46c1b8f96942a900fe8c" member_type: VOTER last_known_addr { host: "127.0.114.66" port: 34349 } attrs { replace: true } } peers { permanent_uuid: "e4e4630402b342beb6dd87777915e463" member_type: VOTER last_known_addr { host: "127.0.114.67" port: 35933 } } peers { permanent_uuid: "a745d518f268400f917e3014b6416177" member_type: NON_VOTER last_known_addr { host: "127.0.114.68" port: 40459 } attrs { promote: true } }
I20260713 09:11:39.534484  1501 catalog_manager.cc:5697] T 46ff948cc63b425da6f4f19a820265de P 6dbc05b61f374da390cdcc1fc9ae489f reported cstate change: config changed from index -1 to 3, NON_VOTER a745d518f268400f917e3014b6416177 (127.0.114.68) added. New cstate: current_term: 4 leader_uuid: "6dbc05b61f374da390cdcc1fc9ae489f" committed_config { opid_index: 3 OBSOLETE_local: false peers { permanent_uuid: "6dbc05b61f374da390cdcc1fc9ae489f" member_type: VOTER last_known_addr { host: "127.0.114.65" port: 44199 } health_report { overall_health: HEALTHY } } peers { permanent_uuid: "5ded22eda1ba46c1b8f96942a900fe8c" member_type: VOTER last_known_addr { host: "127.0.114.66" port: 34349 } health_report { overall_health: HEALTHY } } peers { permanent_uuid: "e4e4630402b342beb6dd87777915e463" member_type: VOTER last_known_addr { host: "127.0.114.67" port: 35933 } attrs { replace: true } health_report { overall_health: HEALTHY } } peers { permanent_uuid: "a745d518f268400f917e3014b6416177" member_type: NON_VOTER last_known_addr { host: "127.0.114.68" port: 40459 } attrs { promote: true } health_report { overall_health: UNKNOWN } } }
W20260713 09:11:39.545246  1569 consensus_peers.cc:597] T 0fe49f6caca9438c903ed82a8741adfc P 6dbc05b61f374da390cdcc1fc9ae489f -> Peer a745d518f268400f917e3014b6416177 (127.0.114.68:40459): Couldn't send request to peer a745d518f268400f917e3014b6416177. Error code: TABLET_NOT_FOUND (6). Status: Not found: Tablet not found: 0fe49f6caca9438c903ed82a8741adfc. This is attempt 1: this message will repeat every 5th retry.
I20260713 09:11:39.545512  1755 raft_consensus.cc:1275] T 0fe49f6caca9438c903ed82a8741adfc P e4e4630402b342beb6dd87777915e463 [term 1 FOLLOWER]: Refusing update from remote peer 6dbc05b61f374da390cdcc1fc9ae489f: Log matching property violated. Preceding OpId in replica: term: 1 index: 1. Preceding OpId from leader: term: 1 index: 2. (index mismatch)
I20260713 09:11:39.546947  2287 consensus_queue.cc:1048] T 0fe49f6caca9438c903ed82a8741adfc P 6dbc05b61f374da390cdcc1fc9ae489f [LEADER]: Connected to new peer: Peer: permanent_uuid: "e4e4630402b342beb6dd87777915e463" member_type: VOTER last_known_addr { host: "127.0.114.67" port: 35933 }, Status: LMP_MISMATCH, Last received: 0.0, Next index: 2, Last known committed idx: 1, Time since last communication: 0.000s
I20260713 09:11:39.547636  1681 raft_consensus.cc:1275] T 0fe49f6caca9438c903ed82a8741adfc P 5ded22eda1ba46c1b8f96942a900fe8c [term 1 FOLLOWER]: Refusing update from remote peer 6dbc05b61f374da390cdcc1fc9ae489f: Log matching property violated. Preceding OpId in replica: term: 1 index: 1. Preceding OpId from leader: term: 1 index: 2. (index mismatch)
I20260713 09:11:39.548838  2267 consensus_queue.cc:1048] T 0fe49f6caca9438c903ed82a8741adfc P 6dbc05b61f374da390cdcc1fc9ae489f [LEADER]: Connected to new peer: Peer: permanent_uuid: "5ded22eda1ba46c1b8f96942a900fe8c" member_type: VOTER last_known_addr { host: "127.0.114.66" port: 34349 } attrs { replace: true }, Status: LMP_MISMATCH, Last received: 0.0, Next index: 2, Last known committed idx: 1, Time since last communication: 0.000s
I20260713 09:11:39.559836  2283 raft_consensus.cc:2955] T 0fe49f6caca9438c903ed82a8741adfc P 6dbc05b61f374da390cdcc1fc9ae489f [term 1 LEADER]: Committing config change with OpId 1.2: config changed from index -1 to 2, NON_VOTER a745d518f268400f917e3014b6416177 (127.0.114.68) added. New config: { opid_index: 2 OBSOLETE_local: false peers { permanent_uuid: "6dbc05b61f374da390cdcc1fc9ae489f" member_type: VOTER last_known_addr { host: "127.0.114.65" port: 44199 } } peers { permanent_uuid: "5ded22eda1ba46c1b8f96942a900fe8c" member_type: VOTER last_known_addr { host: "127.0.114.66" port: 34349 } attrs { replace: true } } peers { permanent_uuid: "e4e4630402b342beb6dd87777915e463" member_type: VOTER last_known_addr { host: "127.0.114.67" port: 35933 } } peers { permanent_uuid: "a745d518f268400f917e3014b6416177" member_type: NON_VOTER last_known_addr { host: "127.0.114.68" port: 40459 } attrs { promote: true } } }
I20260713 09:11:39.561774  1755 raft_consensus.cc:2955] T 0fe49f6caca9438c903ed82a8741adfc P e4e4630402b342beb6dd87777915e463 [term 1 FOLLOWER]: Committing config change with OpId 1.2: config changed from index -1 to 2, NON_VOTER a745d518f268400f917e3014b6416177 (127.0.114.68) added. New config: { opid_index: 2 OBSOLETE_local: false peers { permanent_uuid: "6dbc05b61f374da390cdcc1fc9ae489f" member_type: VOTER last_known_addr { host: "127.0.114.65" port: 44199 } } peers { permanent_uuid: "5ded22eda1ba46c1b8f96942a900fe8c" member_type: VOTER last_known_addr { host: "127.0.114.66" port: 34349 } attrs { replace: true } } peers { permanent_uuid: "e4e4630402b342beb6dd87777915e463" member_type: VOTER last_known_addr { host: "127.0.114.67" port: 35933 } } peers { permanent_uuid: "a745d518f268400f917e3014b6416177" member_type: NON_VOTER last_known_addr { host: "127.0.114.68" port: 40459 } attrs { promote: true } } }
I20260713 09:11:39.565209  1680 raft_consensus.cc:2955] T 0fe49f6caca9438c903ed82a8741adfc P 5ded22eda1ba46c1b8f96942a900fe8c [term 1 FOLLOWER]: Committing config change with OpId 1.2: config changed from index -1 to 2, NON_VOTER a745d518f268400f917e3014b6416177 (127.0.114.68) added. New config: { opid_index: 2 OBSOLETE_local: false peers { permanent_uuid: "6dbc05b61f374da390cdcc1fc9ae489f" member_type: VOTER last_known_addr { host: "127.0.114.65" port: 44199 } } peers { permanent_uuid: "5ded22eda1ba46c1b8f96942a900fe8c" member_type: VOTER last_known_addr { host: "127.0.114.66" port: 34349 } attrs { replace: true } } peers { permanent_uuid: "e4e4630402b342beb6dd87777915e463" member_type: VOTER last_known_addr { host: "127.0.114.67" port: 35933 } } peers { permanent_uuid: "a745d518f268400f917e3014b6416177" member_type: NON_VOTER last_known_addr { host: "127.0.114.68" port: 40459 } attrs { promote: true } } }
I20260713 09:11:39.584125  1681 consensus_queue.cc:237] T 16f8ab457a074ad7809a048b67c1c365 P 5ded22eda1ba46c1b8f96942a900fe8c [LEADER]: Queue going to LEADER mode. State: All replicated index: 0, Majority replicated index: 1, Committed index: 1, Last appended: 1.1, Last appended by leader: 0, Current term: 1, Majority size: 2, State: 0, Mode: LEADER, active raft config: opid_index: 2 OBSOLETE_local: false peers { permanent_uuid: "6dbc05b61f374da390cdcc1fc9ae489f" member_type: VOTER last_known_addr { host: "127.0.114.65" port: 44199 } attrs { replace: true } } peers { permanent_uuid: "5ded22eda1ba46c1b8f96942a900fe8c" member_type: VOTER last_known_addr { host: "127.0.114.66" port: 34349 } } peers { permanent_uuid: "e4e4630402b342beb6dd87777915e463" member_type: VOTER last_known_addr { host: "127.0.114.67" port: 35933 } } peers { permanent_uuid: "a745d518f268400f917e3014b6416177" member_type: NON_VOTER last_known_addr { host: "127.0.114.68" port: 40459 } attrs { promote: true } }
I20260713 09:11:39.592051  1755 raft_consensus.cc:1275] T 16f8ab457a074ad7809a048b67c1c365 P e4e4630402b342beb6dd87777915e463 [term 1 FOLLOWER]: Refusing update from remote peer 5ded22eda1ba46c1b8f96942a900fe8c: Log matching property violated. Preceding OpId in replica: term: 1 index: 1. Preceding OpId from leader: term: 1 index: 2. (index mismatch)
W20260713 09:11:39.592859  1644 consensus_peers.cc:597] T 16f8ab457a074ad7809a048b67c1c365 P 5ded22eda1ba46c1b8f96942a900fe8c -> Peer a745d518f268400f917e3014b6416177 (127.0.114.68:40459): Couldn't send request to peer a745d518f268400f917e3014b6416177. Error code: TABLET_NOT_FOUND (6). Status: Not found: Tablet not found: 16f8ab457a074ad7809a048b67c1c365. This is attempt 1: this message will repeat every 5th retry.
I20260713 09:11:39.593633  1606 raft_consensus.cc:1275] T 16f8ab457a074ad7809a048b67c1c365 P 6dbc05b61f374da390cdcc1fc9ae489f [term 1 FOLLOWER]: Refusing update from remote peer 5ded22eda1ba46c1b8f96942a900fe8c: Log matching property violated. Preceding OpId in replica: term: 1 index: 1. Preceding OpId from leader: term: 1 index: 2. (index mismatch)
I20260713 09:11:39.594533  2285 consensus_queue.cc:1048] T 16f8ab457a074ad7809a048b67c1c365 P 5ded22eda1ba46c1b8f96942a900fe8c [LEADER]: Connected to new peer: Peer: permanent_uuid: "e4e4630402b342beb6dd87777915e463" member_type: VOTER last_known_addr { host: "127.0.114.67" port: 35933 }, Status: LMP_MISMATCH, Last received: 0.0, Next index: 2, Last known committed idx: 1, Time since last communication: 0.000s
I20260713 09:11:39.596232  2211 consensus_queue.cc:1048] T 16f8ab457a074ad7809a048b67c1c365 P 5ded22eda1ba46c1b8f96942a900fe8c [LEADER]: Connected to new peer: Peer: permanent_uuid: "6dbc05b61f374da390cdcc1fc9ae489f" member_type: VOTER last_known_addr { host: "127.0.114.65" port: 44199 } attrs { replace: true }, Status: LMP_MISMATCH, Last received: 0.0, Next index: 2, Last known committed idx: 1, Time since last communication: 0.000s
I20260713 09:11:39.610333  1503 catalog_manager.cc:5697] T 0fe49f6caca9438c903ed82a8741adfc P 6dbc05b61f374da390cdcc1fc9ae489f reported cstate change: config changed from index -1 to 2, NON_VOTER a745d518f268400f917e3014b6416177 (127.0.114.68) added. New cstate: current_term: 1 leader_uuid: "6dbc05b61f374da390cdcc1fc9ae489f" committed_config { opid_index: 2 OBSOLETE_local: false peers { permanent_uuid: "6dbc05b61f374da390cdcc1fc9ae489f" member_type: VOTER last_known_addr { host: "127.0.114.65" port: 44199 } health_report { overall_health: HEALTHY } } peers { permanent_uuid: "5ded22eda1ba46c1b8f96942a900fe8c" member_type: VOTER last_known_addr { host: "127.0.114.66" port: 34349 } attrs { replace: true } health_report { overall_health: HEALTHY } } peers { permanent_uuid: "e4e4630402b342beb6dd87777915e463" member_type: VOTER last_known_addr { host: "127.0.114.67" port: 35933 } health_report { overall_health: HEALTHY } } peers { permanent_uuid: "a745d518f268400f917e3014b6416177" member_type: NON_VOTER last_known_addr { host: "127.0.114.68" port: 40459 } attrs { promote: true } health_report { overall_health: UNKNOWN } } }
I20260713 09:11:39.614324  2211 raft_consensus.cc:2955] T 16f8ab457a074ad7809a048b67c1c365 P 5ded22eda1ba46c1b8f96942a900fe8c [term 1 LEADER]: Committing config change with OpId 1.2: config changed from index -1 to 2, NON_VOTER a745d518f268400f917e3014b6416177 (127.0.114.68) added. New config: { opid_index: 2 OBSOLETE_local: false peers { permanent_uuid: "6dbc05b61f374da390cdcc1fc9ae489f" member_type: VOTER last_known_addr { host: "127.0.114.65" port: 44199 } attrs { replace: true } } peers { permanent_uuid: "5ded22eda1ba46c1b8f96942a900fe8c" member_type: VOTER last_known_addr { host: "127.0.114.66" port: 34349 } } peers { permanent_uuid: "e4e4630402b342beb6dd87777915e463" member_type: VOTER last_known_addr { host: "127.0.114.67" port: 35933 } } peers { permanent_uuid: "a745d518f268400f917e3014b6416177" member_type: NON_VOTER last_known_addr { host: "127.0.114.68" port: 40459 } attrs { promote: true } } }
I20260713 09:11:39.615785  1606 raft_consensus.cc:2955] T 16f8ab457a074ad7809a048b67c1c365 P 6dbc05b61f374da390cdcc1fc9ae489f [term 1 FOLLOWER]: Committing config change with OpId 1.2: config changed from index -1 to 2, NON_VOTER a745d518f268400f917e3014b6416177 (127.0.114.68) added. New config: { opid_index: 2 OBSOLETE_local: false peers { permanent_uuid: "6dbc05b61f374da390cdcc1fc9ae489f" member_type: VOTER last_known_addr { host: "127.0.114.65" port: 44199 } attrs { replace: true } } peers { permanent_uuid: "5ded22eda1ba46c1b8f96942a900fe8c" member_type: VOTER last_known_addr { host: "127.0.114.66" port: 34349 } } peers { permanent_uuid: "e4e4630402b342beb6dd87777915e463" member_type: VOTER last_known_addr { host: "127.0.114.67" port: 35933 } } peers { permanent_uuid: "a745d518f268400f917e3014b6416177" member_type: NON_VOTER last_known_addr { host: "127.0.114.68" port: 40459 } attrs { promote: true } } }
I20260713 09:11:39.617424  1755 raft_consensus.cc:2955] T 16f8ab457a074ad7809a048b67c1c365 P e4e4630402b342beb6dd87777915e463 [term 1 FOLLOWER]: Committing config change with OpId 1.2: config changed from index -1 to 2, NON_VOTER a745d518f268400f917e3014b6416177 (127.0.114.68) added. New config: { opid_index: 2 OBSOLETE_local: false peers { permanent_uuid: "6dbc05b61f374da390cdcc1fc9ae489f" member_type: VOTER last_known_addr { host: "127.0.114.65" port: 44199 } attrs { replace: true } } peers { permanent_uuid: "5ded22eda1ba46c1b8f96942a900fe8c" member_type: VOTER last_known_addr { host: "127.0.114.66" port: 34349 } } peers { permanent_uuid: "e4e4630402b342beb6dd87777915e463" member_type: VOTER last_known_addr { host: "127.0.114.67" port: 35933 } } peers { permanent_uuid: "a745d518f268400f917e3014b6416177" member_type: NON_VOTER last_known_addr { host: "127.0.114.68" port: 40459 } attrs { promote: true } } }
I20260713 09:11:39.637020  1501 catalog_manager.cc:5697] T 16f8ab457a074ad7809a048b67c1c365 P 5ded22eda1ba46c1b8f96942a900fe8c reported cstate change: config changed from index -1 to 2, NON_VOTER a745d518f268400f917e3014b6416177 (127.0.114.68) added. New cstate: current_term: 1 leader_uuid: "5ded22eda1ba46c1b8f96942a900fe8c" committed_config { opid_index: 2 OBSOLETE_local: false peers { permanent_uuid: "6dbc05b61f374da390cdcc1fc9ae489f" member_type: VOTER last_known_addr { host: "127.0.114.65" port: 44199 } attrs { replace: true } health_report { overall_health: HEALTHY } } peers { permanent_uuid: "5ded22eda1ba46c1b8f96942a900fe8c" member_type: VOTER last_known_addr { host: "127.0.114.66" port: 34349 } health_report { overall_health: HEALTHY } } peers { permanent_uuid: "e4e4630402b342beb6dd87777915e463" member_type: VOTER last_known_addr { host: "127.0.114.67" port: 35933 } health_report { overall_health: HEALTHY } } peers { permanent_uuid: "a745d518f268400f917e3014b6416177" member_type: NON_VOTER last_known_addr { host: "127.0.114.68" port: 40459 } attrs { promote: true } health_report { overall_health: UNKNOWN } } }
I20260713 09:11:39.639514  1755 consensus_queue.cc:237] T 4d9eeee491dc458bb9c83be93f0aaa3a P e4e4630402b342beb6dd87777915e463 [LEADER]: Queue going to LEADER mode. State: All replicated index: 0, Majority replicated index: 1, Committed index: 1, Last appended: 1.1, Last appended by leader: 0, Current term: 1, Majority size: 2, State: 0, Mode: LEADER, active raft config: opid_index: 2 OBSOLETE_local: false peers { permanent_uuid: "6dbc05b61f374da390cdcc1fc9ae489f" member_type: VOTER last_known_addr { host: "127.0.114.65" port: 44199 } } peers { permanent_uuid: "5ded22eda1ba46c1b8f96942a900fe8c" member_type: VOTER last_known_addr { host: "127.0.114.66" port: 34349 } attrs { replace: true } } peers { permanent_uuid: "e4e4630402b342beb6dd87777915e463" member_type: VOTER last_known_addr { host: "127.0.114.67" port: 35933 } } peers { permanent_uuid: "a745d518f268400f917e3014b6416177" member_type: NON_VOTER last_known_addr { host: "127.0.114.68" port: 40459 } attrs { promote: true } }
I20260713 09:11:39.647270  1606 raft_consensus.cc:1275] T 4d9eeee491dc458bb9c83be93f0aaa3a P 6dbc05b61f374da390cdcc1fc9ae489f [term 1 FOLLOWER]: Refusing update from remote peer e4e4630402b342beb6dd87777915e463: Log matching property violated. Preceding OpId in replica: term: 1 index: 1. Preceding OpId from leader: term: 1 index: 2. (index mismatch)
I20260713 09:11:39.648602  1681 raft_consensus.cc:1275] T 4d9eeee491dc458bb9c83be93f0aaa3a P 5ded22eda1ba46c1b8f96942a900fe8c [term 1 FOLLOWER]: Refusing update from remote peer e4e4630402b342beb6dd87777915e463: Log matching property violated. Preceding OpId in replica: term: 1 index: 1. Preceding OpId from leader: term: 1 index: 2. (index mismatch)
I20260713 09:11:39.648871  2271 consensus_queue.cc:1048] T 4d9eeee491dc458bb9c83be93f0aaa3a P e4e4630402b342beb6dd87777915e463 [LEADER]: Connected to new peer: Peer: permanent_uuid: "6dbc05b61f374da390cdcc1fc9ae489f" member_type: VOTER last_known_addr { host: "127.0.114.65" port: 44199 }, Status: LMP_MISMATCH, Last received: 0.0, Next index: 2, Last known committed idx: 1, Time since last communication: 0.000s
I20260713 09:11:39.654412  2269 consensus_queue.cc:1048] T 4d9eeee491dc458bb9c83be93f0aaa3a P e4e4630402b342beb6dd87777915e463 [LEADER]: Connected to new peer: Peer: permanent_uuid: "5ded22eda1ba46c1b8f96942a900fe8c" member_type: VOTER last_known_addr { host: "127.0.114.66" port: 34349 } attrs { replace: true }, Status: LMP_MISMATCH, Last received: 0.0, Next index: 2, Last known committed idx: 1, Time since last communication: 0.000s
W20260713 09:11:39.654444  1718 consensus_peers.cc:597] T 4d9eeee491dc458bb9c83be93f0aaa3a P e4e4630402b342beb6dd87777915e463 -> Peer a745d518f268400f917e3014b6416177 (127.0.114.68:40459): Couldn't send request to peer a745d518f268400f917e3014b6416177. Error code: TABLET_NOT_FOUND (6). Status: Not found: Tablet not found: 4d9eeee491dc458bb9c83be93f0aaa3a. This is attempt 1: this message will repeat every 5th retry.
I20260713 09:11:39.669404  2269 raft_consensus.cc:2955] T 4d9eeee491dc458bb9c83be93f0aaa3a P e4e4630402b342beb6dd87777915e463 [term 1 LEADER]: Committing config change with OpId 1.2: config changed from index -1 to 2, NON_VOTER a745d518f268400f917e3014b6416177 (127.0.114.68) added. New config: { opid_index: 2 OBSOLETE_local: false peers { permanent_uuid: "6dbc05b61f374da390cdcc1fc9ae489f" member_type: VOTER last_known_addr { host: "127.0.114.65" port: 44199 } } peers { permanent_uuid: "5ded22eda1ba46c1b8f96942a900fe8c" member_type: VOTER last_known_addr { host: "127.0.114.66" port: 34349 } attrs { replace: true } } peers { permanent_uuid: "e4e4630402b342beb6dd87777915e463" member_type: VOTER last_known_addr { host: "127.0.114.67" port: 35933 } } peers { permanent_uuid: "a745d518f268400f917e3014b6416177" member_type: NON_VOTER last_known_addr { host: "127.0.114.68" port: 40459 } attrs { promote: true } } }
I20260713 09:11:39.671227  1681 raft_consensus.cc:2955] T 4d9eeee491dc458bb9c83be93f0aaa3a P 5ded22eda1ba46c1b8f96942a900fe8c [term 1 FOLLOWER]: Committing config change with OpId 1.2: config changed from index -1 to 2, NON_VOTER a745d518f268400f917e3014b6416177 (127.0.114.68) added. New config: { opid_index: 2 OBSOLETE_local: false peers { permanent_uuid: "6dbc05b61f374da390cdcc1fc9ae489f" member_type: VOTER last_known_addr { host: "127.0.114.65" port: 44199 } } peers { permanent_uuid: "5ded22eda1ba46c1b8f96942a900fe8c" member_type: VOTER last_known_addr { host: "127.0.114.66" port: 34349 } attrs { replace: true } } peers { permanent_uuid: "e4e4630402b342beb6dd87777915e463" member_type: VOTER last_known_addr { host: "127.0.114.67" port: 35933 } } peers { permanent_uuid: "a745d518f268400f917e3014b6416177" member_type: NON_VOTER last_known_addr { host: "127.0.114.68" port: 40459 } attrs { promote: true } } }
I20260713 09:11:39.677314  1606 raft_consensus.cc:2955] T 4d9eeee491dc458bb9c83be93f0aaa3a P 6dbc05b61f374da390cdcc1fc9ae489f [term 1 FOLLOWER]: Committing config change with OpId 1.2: config changed from index -1 to 2, NON_VOTER a745d518f268400f917e3014b6416177 (127.0.114.68) added. New config: { opid_index: 2 OBSOLETE_local: false peers { permanent_uuid: "6dbc05b61f374da390cdcc1fc9ae489f" member_type: VOTER last_known_addr { host: "127.0.114.65" port: 44199 } } peers { permanent_uuid: "5ded22eda1ba46c1b8f96942a900fe8c" member_type: VOTER last_known_addr { host: "127.0.114.66" port: 34349 } attrs { replace: true } } peers { permanent_uuid: "e4e4630402b342beb6dd87777915e463" member_type: VOTER last_known_addr { host: "127.0.114.67" port: 35933 } } peers { permanent_uuid: "a745d518f268400f917e3014b6416177" member_type: NON_VOTER last_known_addr { host: "127.0.114.68" port: 40459 } attrs { promote: true } } }
I20260713 09:11:39.688160  1503 catalog_manager.cc:5697] T 4d9eeee491dc458bb9c83be93f0aaa3a P 5ded22eda1ba46c1b8f96942a900fe8c reported cstate change: config changed from index -1 to 2, NON_VOTER a745d518f268400f917e3014b6416177 (127.0.114.68) added. New cstate: current_term: 1 leader_uuid: "e4e4630402b342beb6dd87777915e463" committed_config { opid_index: 2 OBSOLETE_local: false peers { permanent_uuid: "6dbc05b61f374da390cdcc1fc9ae489f" member_type: VOTER last_known_addr { host: "127.0.114.65" port: 44199 } } peers { permanent_uuid: "5ded22eda1ba46c1b8f96942a900fe8c" member_type: VOTER last_known_addr { host: "127.0.114.66" port: 34349 } attrs { replace: true } } peers { permanent_uuid: "e4e4630402b342beb6dd87777915e463" member_type: VOTER last_known_addr { host: "127.0.114.67" port: 35933 } } peers { permanent_uuid: "a745d518f268400f917e3014b6416177" member_type: NON_VOTER last_known_addr { host: "127.0.114.68" port: 40459 } attrs { promote: true } } }
I20260713 09:11:39.972002  2302 ts_tablet_manager.cc:933] T 46ff948cc63b425da6f4f19a820265de P a745d518f268400f917e3014b6416177: Initiating tablet copy from peer 6dbc05b61f374da390cdcc1fc9ae489f (127.0.114.65:44199)
I20260713 09:11:39.974325  2302 tablet_copy_client.cc:323] T 46ff948cc63b425da6f4f19a820265de P a745d518f268400f917e3014b6416177: tablet copy: Beginning tablet copy session from remote peer at address 127.0.114.65:44199
I20260713 09:11:39.976101  1616 tablet_copy_service.cc:140] P 6dbc05b61f374da390cdcc1fc9ae489f: Received BeginTabletCopySession request for tablet 46ff948cc63b425da6f4f19a820265de from peer a745d518f268400f917e3014b6416177 ({username='slave'} at 127.0.0.1:35948)
I20260713 09:11:39.976711  1616 tablet_copy_service.cc:161] P 6dbc05b61f374da390cdcc1fc9ae489f: Beginning new tablet copy session on tablet 46ff948cc63b425da6f4f19a820265de from peer a745d518f268400f917e3014b6416177 at {username='slave'} at 127.0.0.1:35948: session id = a745d518f268400f917e3014b6416177-46ff948cc63b425da6f4f19a820265de
I20260713 09:11:39.982836  1616 tablet_copy_source_session.cc:215] T 46ff948cc63b425da6f4f19a820265de P 6dbc05b61f374da390cdcc1fc9ae489f: Tablet Copy: opened 0 blocks and 1 log segments
I20260713 09:11:39.986241  2302 data_dirs.cc:400] Could only allocate 1 dirs of requested 3 for tablet 46ff948cc63b425da6f4f19a820265de. 1 dirs total, 0 dirs full, 0 dirs failed
I20260713 09:11:40.006517  2302 tablet_copy_client.cc:806] T 46ff948cc63b425da6f4f19a820265de P a745d518f268400f917e3014b6416177: tablet copy: Starting download of 0 data blocks...
I20260713 09:11:40.007520  2302 tablet_copy_client.cc:670] T 46ff948cc63b425da6f4f19a820265de P a745d518f268400f917e3014b6416177: tablet copy: Starting download of 1 WAL segments...
I20260713 09:11:40.013302  2302 tablet_copy_client.cc:538] T 46ff948cc63b425da6f4f19a820265de P a745d518f268400f917e3014b6416177: tablet copy: Tablet Copy complete. Replacing tablet superblock.
I20260713 09:11:40.028564  2302 tablet_bootstrap.cc:492] T 46ff948cc63b425da6f4f19a820265de P a745d518f268400f917e3014b6416177: Bootstrap starting.
I20260713 09:11:40.068219  2305 ts_tablet_manager.cc:933] T 4d9eeee491dc458bb9c83be93f0aaa3a P a745d518f268400f917e3014b6416177: Initiating tablet copy from peer e4e4630402b342beb6dd87777915e463 (127.0.114.67:35933)
I20260713 09:11:40.070261  2302 tablet_bootstrap.cc:492] T 46ff948cc63b425da6f4f19a820265de P a745d518f268400f917e3014b6416177: Bootstrap replayed 1/1 log segments. Stats: ops{read=3 overwritten=0 applied=3 ignored=0} inserts{seen=0 ignored=0} mutations{seen=0 ignored=0} orphaned_commits=0. Pending: 0 replicates
I20260713 09:11:40.071271  2302 tablet_bootstrap.cc:492] T 46ff948cc63b425da6f4f19a820265de P a745d518f268400f917e3014b6416177: Bootstrap complete.
I20260713 09:11:40.072196  2302 ts_tablet_manager.cc:1403] T 46ff948cc63b425da6f4f19a820265de P a745d518f268400f917e3014b6416177: Time spent bootstrapping tablet: real 0.044s	user 0.027s	sys 0.005s
I20260713 09:11:40.072460  2305 tablet_copy_client.cc:323] T 4d9eeee491dc458bb9c83be93f0aaa3a P a745d518f268400f917e3014b6416177: tablet copy: Beginning tablet copy session from remote peer at address 127.0.114.67:35933
I20260713 09:11:40.074820  1765 tablet_copy_service.cc:140] P e4e4630402b342beb6dd87777915e463: Received BeginTabletCopySession request for tablet 4d9eeee491dc458bb9c83be93f0aaa3a from peer a745d518f268400f917e3014b6416177 ({username='slave'} at 127.0.0.1:36204)
I20260713 09:11:40.075506  1765 tablet_copy_service.cc:161] P e4e4630402b342beb6dd87777915e463: Beginning new tablet copy session on tablet 4d9eeee491dc458bb9c83be93f0aaa3a from peer a745d518f268400f917e3014b6416177 at {username='slave'} at 127.0.0.1:36204: session id = a745d518f268400f917e3014b6416177-4d9eeee491dc458bb9c83be93f0aaa3a
I20260713 09:11:40.076566  2302 raft_consensus.cc:359] T 46ff948cc63b425da6f4f19a820265de P a745d518f268400f917e3014b6416177 [term 4 LEARNER]: Replica starting. Triggering 0 pending ops. Active config: opid_index: 3 OBSOLETE_local: false peers { permanent_uuid: "6dbc05b61f374da390cdcc1fc9ae489f" member_type: VOTER last_known_addr { host: "127.0.114.65" port: 44199 } } peers { permanent_uuid: "5ded22eda1ba46c1b8f96942a900fe8c" member_type: VOTER last_known_addr { host: "127.0.114.66" port: 34349 } } peers { permanent_uuid: "e4e4630402b342beb6dd87777915e463" member_type: VOTER last_known_addr { host: "127.0.114.67" port: 35933 } attrs { replace: true } } peers { permanent_uuid: "a745d518f268400f917e3014b6416177" member_type: NON_VOTER last_known_addr { host: "127.0.114.68" port: 40459 } attrs { promote: true } }
I20260713 09:11:40.077615  2302 raft_consensus.cc:740] T 46ff948cc63b425da6f4f19a820265de P a745d518f268400f917e3014b6416177 [term 4 LEARNER]: Becoming Follower/Learner. State: Replica: a745d518f268400f917e3014b6416177, State: Initialized, Role: LEARNER
I20260713 09:11:40.078689  2302 consensus_queue.cc:260] T 46ff948cc63b425da6f4f19a820265de P a745d518f268400f917e3014b6416177 [NON_LEADER]: Queue going to NON_LEADER mode. State: All replicated index: 0, Majority replicated index: 0, Committed index: 3, Last appended: 4.3, Last appended by leader: 3, Current term: 0, Majority size: -1, State: 0, Mode: NON_LEADER, active raft config: opid_index: 3 OBSOLETE_local: false peers { permanent_uuid: "6dbc05b61f374da390cdcc1fc9ae489f" member_type: VOTER last_known_addr { host: "127.0.114.65" port: 44199 } } peers { permanent_uuid: "5ded22eda1ba46c1b8f96942a900fe8c" member_type: VOTER last_known_addr { host: "127.0.114.66" port: 34349 } } peers { permanent_uuid: "e4e4630402b342beb6dd87777915e463" member_type: VOTER last_known_addr { host: "127.0.114.67" port: 35933 } attrs { replace: true } } peers { permanent_uuid: "a745d518f268400f917e3014b6416177" member_type: NON_VOTER last_known_addr { host: "127.0.114.68" port: 40459 } attrs { promote: true } }
I20260713 09:11:40.087877  2302 ts_tablet_manager.cc:1434] T 46ff948cc63b425da6f4f19a820265de P a745d518f268400f917e3014b6416177: Time spent starting tablet: real 0.015s	user 0.009s	sys 0.005s
I20260713 09:11:40.095220  1765 tablet_copy_source_session.cc:215] T 4d9eeee491dc458bb9c83be93f0aaa3a P e4e4630402b342beb6dd87777915e463: Tablet Copy: opened 0 blocks and 1 log segments
I20260713 09:11:40.189767  1616 tablet_copy_service.cc:342] P 6dbc05b61f374da390cdcc1fc9ae489f: Request end of tablet copy session a745d518f268400f917e3014b6416177-46ff948cc63b425da6f4f19a820265de received from {username='slave'} at 127.0.0.1:35948
I20260713 09:11:40.190306  1616 tablet_copy_service.cc:434] P 6dbc05b61f374da390cdcc1fc9ae489f: ending tablet copy session a745d518f268400f917e3014b6416177-46ff948cc63b425da6f4f19a820265de on tablet 46ff948cc63b425da6f4f19a820265de with peer a745d518f268400f917e3014b6416177
I20260713 09:11:40.230808  2310 ts_tablet_manager.cc:933] T 0fe49f6caca9438c903ed82a8741adfc P a745d518f268400f917e3014b6416177: Initiating tablet copy from peer 6dbc05b61f374da390cdcc1fc9ae489f (127.0.114.65:44199)
I20260713 09:11:40.248705  2310 tablet_copy_client.cc:323] T 0fe49f6caca9438c903ed82a8741adfc P a745d518f268400f917e3014b6416177: tablet copy: Beginning tablet copy session from remote peer at address 127.0.114.65:44199
I20260713 09:11:40.262811  1616 tablet_copy_service.cc:140] P 6dbc05b61f374da390cdcc1fc9ae489f: Received BeginTabletCopySession request for tablet 0fe49f6caca9438c903ed82a8741adfc from peer a745d518f268400f917e3014b6416177 ({username='slave'} at 127.0.0.1:35948)
I20260713 09:11:40.263542  1616 tablet_copy_service.cc:161] P 6dbc05b61f374da390cdcc1fc9ae489f: Beginning new tablet copy session on tablet 0fe49f6caca9438c903ed82a8741adfc from peer a745d518f268400f917e3014b6416177 at {username='slave'} at 127.0.0.1:35948: session id = a745d518f268400f917e3014b6416177-0fe49f6caca9438c903ed82a8741adfc
I20260713 09:11:40.265754  2305 data_dirs.cc:400] Could only allocate 1 dirs of requested 3 for tablet 4d9eeee491dc458bb9c83be93f0aaa3a. 1 dirs total, 0 dirs full, 0 dirs failed
I20260713 09:11:40.294415  1616 tablet_copy_source_session.cc:215] T 0fe49f6caca9438c903ed82a8741adfc P 6dbc05b61f374da390cdcc1fc9ae489f: Tablet Copy: opened 0 blocks and 1 log segments
I20260713 09:11:40.306280  2310 data_dirs.cc:400] Could only allocate 1 dirs of requested 3 for tablet 0fe49f6caca9438c903ed82a8741adfc. 1 dirs total, 0 dirs full, 0 dirs failed
I20260713 09:11:40.314365  2302 ts_tablet_manager.cc:933] T 16f8ab457a074ad7809a048b67c1c365 P a745d518f268400f917e3014b6416177: Initiating tablet copy from peer 5ded22eda1ba46c1b8f96942a900fe8c (127.0.114.66:34349)
I20260713 09:11:40.325032  2302 tablet_copy_client.cc:323] T 16f8ab457a074ad7809a048b67c1c365 P a745d518f268400f917e3014b6416177: tablet copy: Beginning tablet copy session from remote peer at address 127.0.114.66:34349
