I20260713 09:11:16.234853  1008 catalog_manager.cc:5697] T 1aed176dde774129b0b4f1216277f9e0 P 624951ff9ef548299232c38bf23cf523 reported cstate change: term changed from 1 to 2, leader changed from acc105452f554566b563d094a625682e (127.0.114.65) to 624951ff9ef548299232c38bf23cf523 (127.0.114.66). New cstate: current_term: 2 leader_uuid: "624951ff9ef548299232c38bf23cf523" committed_config { opid_index: -1 OBSOLETE_local: false peers { permanent_uuid: "acc105452f554566b563d094a625682e" member_type: VOTER last_known_addr { host: "127.0.114.65" port: 38317 } health_report { overall_health: UNKNOWN } } peers { permanent_uuid: "624951ff9ef548299232c38bf23cf523" member_type: VOTER last_known_addr { host: "127.0.114.66" port: 37083 } health_report { overall_health: HEALTHY } } peers { permanent_uuid: "06e290a63e284f1c85605f8c4a2606c0" member_type: VOTER last_known_addr { host: "127.0.114.67" port: 45401 } health_report { overall_health: UNKNOWN } } }
I20260713 09:11:16.236459  1107 raft_consensus.cc:493] T f764053157bd460eb4eae97820eabe63 P acc105452f554566b563d094a625682e [term 1 FOLLOWER]: Starting forced leader election (received explicit request)
I20260713 09:11:16.236874  1107 raft_consensus.cc:3060] T f764053157bd460eb4eae97820eabe63 P acc105452f554566b563d094a625682e [term 1 FOLLOWER]: Advancing to term 2
I20260713 09:11:16.244213  1107 raft_consensus.cc:515] T f764053157bd460eb4eae97820eabe63 P acc105452f554566b563d094a625682e [term 2 FOLLOWER]: Starting forced leader election with config: opid_index: -1 OBSOLETE_local: false peers { permanent_uuid: "acc105452f554566b563d094a625682e" member_type: VOTER last_known_addr { host: "127.0.114.65" port: 38317 } } peers { permanent_uuid: "624951ff9ef548299232c38bf23cf523" member_type: VOTER last_known_addr { host: "127.0.114.66" port: 37083 } } peers { permanent_uuid: "06e290a63e284f1c85605f8c4a2606c0" member_type: VOTER last_known_addr { host: "127.0.114.67" port: 45401 } }
I20260713 09:11:16.246510  1107 leader_election.cc:290] T f764053157bd460eb4eae97820eabe63 P acc105452f554566b563d094a625682e [CANDIDATE]: Term 2 election: Requested vote from peers 624951ff9ef548299232c38bf23cf523 (127.0.114.66:37083), 06e290a63e284f1c85605f8c4a2606c0 (127.0.114.67:45401)
I20260713 09:11:16.247445  1184 tablet_service.cc:1917] Received RequestConsensusVote() RPC: tablet_id: "f764053157bd460eb4eae97820eabe63" candidate_uuid: "acc105452f554566b563d094a625682e" candidate_term: 2 candidate_status { last_received { term: 1 index: 1 } } ignore_live_leader: true dest_uuid: "624951ff9ef548299232c38bf23cf523"
I20260713 09:11:16.247722  1257 tablet_service.cc:1917] Received RequestConsensusVote() RPC: tablet_id: "f764053157bd460eb4eae97820eabe63" candidate_uuid: "acc105452f554566b563d094a625682e" candidate_term: 2 candidate_status { last_received { term: 1 index: 1 } } ignore_live_leader: true dest_uuid: "06e290a63e284f1c85605f8c4a2606c0"
I20260713 09:11:16.248186  1184 raft_consensus.cc:3055] T f764053157bd460eb4eae97820eabe63 P 624951ff9ef548299232c38bf23cf523 [term 1 LEADER]: Stepping down as leader of term 1
I20260713 09:11:16.248397  1257 raft_consensus.cc:3060] T f764053157bd460eb4eae97820eabe63 P 06e290a63e284f1c85605f8c4a2606c0 [term 1 FOLLOWER]: Advancing to term 2
I20260713 09:11:16.248594  1184 raft_consensus.cc:740] T f764053157bd460eb4eae97820eabe63 P 624951ff9ef548299232c38bf23cf523 [term 1 LEADER]: Becoming Follower/Learner. State: Replica: 624951ff9ef548299232c38bf23cf523, State: Running, Role: LEADER
I20260713 09:11:16.249542  1184 consensus_queue.cc:260] T f764053157bd460eb4eae97820eabe63 P 624951ff9ef548299232c38bf23cf523 [NON_LEADER]: Queue going to NON_LEADER mode. State: All replicated index: 0, Majority replicated index: 1, Committed index: 1, Last appended: 1.1, Last appended by leader: 1, Current term: 1, Majority size: -1, State: 0, Mode: NON_LEADER, active raft config: opid_index: -1 OBSOLETE_local: false peers { permanent_uuid: "acc105452f554566b563d094a625682e" member_type: VOTER last_known_addr { host: "127.0.114.65" port: 38317 } } peers { permanent_uuid: "624951ff9ef548299232c38bf23cf523" member_type: VOTER last_known_addr { host: "127.0.114.66" port: 37083 } } peers { permanent_uuid: "06e290a63e284f1c85605f8c4a2606c0" member_type: VOTER last_known_addr { host: "127.0.114.67" port: 45401 } }
I20260713 09:11:16.250983  1184 raft_consensus.cc:3060] T f764053157bd460eb4eae97820eabe63 P 624951ff9ef548299232c38bf23cf523 [term 1 FOLLOWER]: Advancing to term 2
I20260713 09:11:16.255075  1257 raft_consensus.cc:2468] T f764053157bd460eb4eae97820eabe63 P 06e290a63e284f1c85605f8c4a2606c0 [term 2 FOLLOWER]: Leader election vote request: Granting yes vote for candidate acc105452f554566b563d094a625682e in term 2.
I20260713 09:11:16.256289  1076 leader_election.cc:304] T f764053157bd460eb4eae97820eabe63 P acc105452f554566b563d094a625682e [CANDIDATE]: Term 2 election: Election decided. Result: candidate won. Election summary: received 2 responses out of 3 voters: 2 yes votes; 0 no votes. yes voters: 06e290a63e284f1c85605f8c4a2606c0, acc105452f554566b563d094a625682e; no voters: 
I20260713 09:11:16.257126  1357 raft_consensus.cc:2804] T f764053157bd460eb4eae97820eabe63 P acc105452f554566b563d094a625682e [term 2 FOLLOWER]: Leader election won for term 2
I20260713 09:11:16.257603  1357 raft_consensus.cc:697] T f764053157bd460eb4eae97820eabe63 P acc105452f554566b563d094a625682e [term 2 LEADER]: Becoming Leader. State: Replica: acc105452f554566b563d094a625682e, State: Running, Role: LEADER
I20260713 09:11:16.257766  1184 raft_consensus.cc:2468] T f764053157bd460eb4eae97820eabe63 P 624951ff9ef548299232c38bf23cf523 [term 2 FOLLOWER]: Leader election vote request: Granting yes vote for candidate acc105452f554566b563d094a625682e in term 2.
I20260713 09:11:16.258569  1357 consensus_queue.cc:237] T f764053157bd460eb4eae97820eabe63 P acc105452f554566b563d094a625682e [LEADER]: Queue going to LEADER mode. State: All replicated index: 0, Majority replicated index: 1, Committed index: 1, Last appended: 1.1, Last appended by leader: 1, Current term: 2, Majority size: 2, State: 0, Mode: LEADER, active raft config: opid_index: -1 OBSOLETE_local: false peers { permanent_uuid: "acc105452f554566b563d094a625682e" member_type: VOTER last_known_addr { host: "127.0.114.65" port: 38317 } } peers { permanent_uuid: "624951ff9ef548299232c38bf23cf523" member_type: VOTER last_known_addr { host: "127.0.114.66" port: 37083 } } peers { permanent_uuid: "06e290a63e284f1c85605f8c4a2606c0" member_type: VOTER last_known_addr { host: "127.0.114.67" port: 45401 } }
I20260713 09:11:16.266414  1008 catalog_manager.cc:5697] T f764053157bd460eb4eae97820eabe63 P acc105452f554566b563d094a625682e reported cstate change: term changed from 1 to 2, leader changed from 624951ff9ef548299232c38bf23cf523 (127.0.114.66) to acc105452f554566b563d094a625682e (127.0.114.65). New cstate: current_term: 2 leader_uuid: "acc105452f554566b563d094a625682e" committed_config { opid_index: -1 OBSOLETE_local: false peers { permanent_uuid: "acc105452f554566b563d094a625682e" member_type: VOTER last_known_addr { host: "127.0.114.65" port: 38317 } health_report { overall_health: HEALTHY } } peers { permanent_uuid: "624951ff9ef548299232c38bf23cf523" member_type: VOTER last_known_addr { host: "127.0.114.66" port: 37083 } health_report { overall_health: UNKNOWN } } peers { permanent_uuid: "06e290a63e284f1c85605f8c4a2606c0" member_type: VOTER last_known_addr { host: "127.0.114.67" port: 45401 } health_report { overall_health: UNKNOWN } } }
I20260713 09:11:16.270824  1343 consensus_queue.cc:1048] T b666ea8ad71e4c03abb6121081b3a22f P 624951ff9ef548299232c38bf23cf523 [LEADER]: Connected to new peer: Peer: permanent_uuid: "06e290a63e284f1c85605f8c4a2606c0" member_type: VOTER last_known_addr { host: "127.0.114.67" port: 45401 }, Status: LMP_MISMATCH, Last received: 0.0, Next index: 1, Last known committed idx: 0, Time since last communication: 0.000s
I20260713 09:11:16.275995  1343 consensus_queue.cc:1048] T b666ea8ad71e4c03abb6121081b3a22f P 624951ff9ef548299232c38bf23cf523 [LEADER]: Connected to new peer: Peer: permanent_uuid: "acc105452f554566b563d094a625682e" member_type: VOTER last_known_addr { host: "127.0.114.65" port: 38317 }, Status: LMP_MISMATCH, Last received: 0.0, Next index: 1, Last known committed idx: 0, Time since last communication: 0.000s
I20260713 09:11:16.280551  1347 raft_consensus.cc:993] T b666ea8ad71e4c03abb6121081b3a22f P 624951ff9ef548299232c38bf23cf523: : Instructing follower 06e290a63e284f1c85605f8c4a2606c0 to start an election
I20260713 09:11:16.281024  1336 raft_consensus.cc:1081] T b666ea8ad71e4c03abb6121081b3a22f P 624951ff9ef548299232c38bf23cf523 [term 1 LEADER]: Signalling peer 06e290a63e284f1c85605f8c4a2606c0 to start an election
I20260713 09:11:16.286001  1258 tablet_service.cc:2044] Received Run Leader Election RPC: tablet_id: "b666ea8ad71e4c03abb6121081b3a22f"
dest_uuid: "06e290a63e284f1c85605f8c4a2606c0"
 from {username='slave'} at 127.0.0.1:45030
I20260713 09:11:16.287797  1258 raft_consensus.cc:493] T b666ea8ad71e4c03abb6121081b3a22f P 06e290a63e284f1c85605f8c4a2606c0 [term 1 FOLLOWER]: Starting forced leader election (received explicit request)
I20260713 09:11:16.288278  1258 raft_consensus.cc:3060] T b666ea8ad71e4c03abb6121081b3a22f P 06e290a63e284f1c85605f8c4a2606c0 [term 1 FOLLOWER]: Advancing to term 2
I20260713 09:11:16.296234  1258 raft_consensus.cc:515] T b666ea8ad71e4c03abb6121081b3a22f P 06e290a63e284f1c85605f8c4a2606c0 [term 2 FOLLOWER]: Starting forced leader election with config: opid_index: -1 OBSOLETE_local: false peers { permanent_uuid: "acc105452f554566b563d094a625682e" member_type: VOTER last_known_addr { host: "127.0.114.65" port: 38317 } } peers { permanent_uuid: "624951ff9ef548299232c38bf23cf523" member_type: VOTER last_known_addr { host: "127.0.114.66" port: 37083 } } peers { permanent_uuid: "06e290a63e284f1c85605f8c4a2606c0" member_type: VOTER last_known_addr { host: "127.0.114.67" port: 45401 } }
I20260713 09:11:16.301756  1107 tablet_service.cc:1917] Received RequestConsensusVote() RPC: tablet_id: "b666ea8ad71e4c03abb6121081b3a22f" candidate_uuid: "06e290a63e284f1c85605f8c4a2606c0" candidate_term: 2 candidate_status { last_received { term: 1 index: 1 } } ignore_live_leader: true dest_uuid: "acc105452f554566b563d094a625682e"
I20260713 09:11:16.302587  1107 raft_consensus.cc:3060] T b666ea8ad71e4c03abb6121081b3a22f P acc105452f554566b563d094a625682e [term 1 FOLLOWER]: Advancing to term 2
I20260713 09:11:16.302824  1258 leader_election.cc:290] T b666ea8ad71e4c03abb6121081b3a22f P 06e290a63e284f1c85605f8c4a2606c0 [CANDIDATE]: Term 2 election: Requested vote from peers acc105452f554566b563d094a625682e (127.0.114.65:38317), 624951ff9ef548299232c38bf23cf523 (127.0.114.66:37083)
I20260713 09:11:16.303107  1184 tablet_service.cc:1917] Received RequestConsensusVote() RPC: tablet_id: "b666ea8ad71e4c03abb6121081b3a22f" candidate_uuid: "06e290a63e284f1c85605f8c4a2606c0" candidate_term: 2 candidate_status { last_received { term: 1 index: 1 } } ignore_live_leader: true dest_uuid: "624951ff9ef548299232c38bf23cf523"
I20260713 09:11:16.303809  1184 raft_consensus.cc:3055] T b666ea8ad71e4c03abb6121081b3a22f P 624951ff9ef548299232c38bf23cf523 [term 1 LEADER]: Stepping down as leader of term 1
I20260713 09:11:16.304163  1184 raft_consensus.cc:740] T b666ea8ad71e4c03abb6121081b3a22f P 624951ff9ef548299232c38bf23cf523 [term 1 LEADER]: Becoming Follower/Learner. State: Replica: 624951ff9ef548299232c38bf23cf523, State: Running, Role: LEADER
I20260713 09:11:16.305083  1184 consensus_queue.cc:260] T b666ea8ad71e4c03abb6121081b3a22f P 624951ff9ef548299232c38bf23cf523 [NON_LEADER]: Queue going to NON_LEADER mode. State: All replicated index: 0, Majority replicated index: 1, Committed index: 1, Last appended: 1.1, Last appended by leader: 1, Current term: 1, Majority size: -1, State: 0, Mode: NON_LEADER, active raft config: opid_index: -1 OBSOLETE_local: false peers { permanent_uuid: "acc105452f554566b563d094a625682e" member_type: VOTER last_known_addr { host: "127.0.114.65" port: 38317 } } peers { permanent_uuid: "624951ff9ef548299232c38bf23cf523" member_type: VOTER last_known_addr { host: "127.0.114.66" port: 37083 } } peers { permanent_uuid: "06e290a63e284f1c85605f8c4a2606c0" member_type: VOTER last_known_addr { host: "127.0.114.67" port: 45401 } }
I20260713 09:11:16.306429  1184 raft_consensus.cc:3060] T b666ea8ad71e4c03abb6121081b3a22f P 624951ff9ef548299232c38bf23cf523 [term 1 FOLLOWER]: Advancing to term 2
I20260713 09:11:16.309679  1107 raft_consensus.cc:2468] T b666ea8ad71e4c03abb6121081b3a22f P acc105452f554566b563d094a625682e [term 2 FOLLOWER]: Leader election vote request: Granting yes vote for candidate 06e290a63e284f1c85605f8c4a2606c0 in term 2.
I20260713 09:11:16.310747  1224 leader_election.cc:304] T b666ea8ad71e4c03abb6121081b3a22f P 06e290a63e284f1c85605f8c4a2606c0 [CANDIDATE]: Term 2 election: Election decided. Result: candidate won. Election summary: received 2 responses out of 3 voters: 2 yes votes; 0 no votes. yes voters: 06e290a63e284f1c85605f8c4a2606c0, acc105452f554566b563d094a625682e; no voters: 
I20260713 09:11:16.311512  1321 raft_consensus.cc:2804] T b666ea8ad71e4c03abb6121081b3a22f P 06e290a63e284f1c85605f8c4a2606c0 [term 2 FOLLOWER]: Leader election won for term 2
I20260713 09:11:16.311944  1321 raft_consensus.cc:697] T b666ea8ad71e4c03abb6121081b3a22f P 06e290a63e284f1c85605f8c4a2606c0 [term 2 LEADER]: Becoming Leader. State: Replica: 06e290a63e284f1c85605f8c4a2606c0, State: Running, Role: LEADER
I20260713 09:11:16.312117  1184 raft_consensus.cc:2468] T b666ea8ad71e4c03abb6121081b3a22f P 624951ff9ef548299232c38bf23cf523 [term 2 FOLLOWER]: Leader election vote request: Granting yes vote for candidate 06e290a63e284f1c85605f8c4a2606c0 in term 2.
I20260713 09:11:16.312911  1321 consensus_queue.cc:237] T b666ea8ad71e4c03abb6121081b3a22f P 06e290a63e284f1c85605f8c4a2606c0 [LEADER]: Queue going to LEADER mode. State: All replicated index: 0, Majority replicated index: 1, Committed index: 1, Last appended: 1.1, Last appended by leader: 1, Current term: 2, Majority size: 2, State: 0, Mode: LEADER, active raft config: opid_index: -1 OBSOLETE_local: false peers { permanent_uuid: "acc105452f554566b563d094a625682e" member_type: VOTER last_known_addr { host: "127.0.114.65" port: 38317 } } peers { permanent_uuid: "624951ff9ef548299232c38bf23cf523" member_type: VOTER last_known_addr { host: "127.0.114.66" port: 37083 } } peers { permanent_uuid: "06e290a63e284f1c85605f8c4a2606c0" member_type: VOTER last_known_addr { host: "127.0.114.67" port: 45401 } }
I20260713 09:11:16.317698  1321 consensus_queue.cc:1048] T 00e3a6c1f46943afbbbaa0bde34438ed P 06e290a63e284f1c85605f8c4a2606c0 [LEADER]: Connected to new peer: Peer: permanent_uuid: "624951ff9ef548299232c38bf23cf523" member_type: VOTER last_known_addr { host: "127.0.114.66" port: 37083 }, Status: LMP_MISMATCH, Last received: 0.0, Next index: 1, Last known committed idx: 0, Time since last communication: 0.000s
I20260713 09:11:16.320559  1006 catalog_manager.cc:5697] T b666ea8ad71e4c03abb6121081b3a22f P 06e290a63e284f1c85605f8c4a2606c0 reported cstate change: term changed from 1 to 2, leader changed from 624951ff9ef548299232c38bf23cf523 (127.0.114.66) to 06e290a63e284f1c85605f8c4a2606c0 (127.0.114.67). New cstate: current_term: 2 leader_uuid: "06e290a63e284f1c85605f8c4a2606c0" committed_config { opid_index: -1 OBSOLETE_local: false peers { permanent_uuid: "acc105452f554566b563d094a625682e" member_type: VOTER last_known_addr { host: "127.0.114.65" port: 38317 } health_report { overall_health: UNKNOWN } } peers { permanent_uuid: "624951ff9ef548299232c38bf23cf523" member_type: VOTER last_known_addr { host: "127.0.114.66" port: 37083 } health_report { overall_health: UNKNOWN } } peers { permanent_uuid: "06e290a63e284f1c85605f8c4a2606c0" member_type: VOTER last_known_addr { host: "127.0.114.67" port: 45401 } health_report { overall_health: HEALTHY } } }
I20260713 09:11:16.325398  1305 raft_consensus.cc:993] T 00e3a6c1f46943afbbbaa0bde34438ed P 06e290a63e284f1c85605f8c4a2606c0: : Instructing follower 624951ff9ef548299232c38bf23cf523 to start an election
I20260713 09:11:16.325870  1305 raft_consensus.cc:1081] T 00e3a6c1f46943afbbbaa0bde34438ed P 06e290a63e284f1c85605f8c4a2606c0 [term 1 LEADER]: Signalling peer 624951ff9ef548299232c38bf23cf523 to start an election
I20260713 09:11:16.330186  1185 tablet_service.cc:2044] Received Run Leader Election RPC: tablet_id: "00e3a6c1f46943afbbbaa0bde34438ed"
dest_uuid: "624951ff9ef548299232c38bf23cf523"
 from {username='slave'} at 127.0.0.1:34606
I20260713 09:11:16.330822  1185 raft_consensus.cc:493] T 00e3a6c1f46943afbbbaa0bde34438ed P 624951ff9ef548299232c38bf23cf523 [term 1 FOLLOWER]: Starting forced leader election (received explicit request)
I20260713 09:11:16.331233  1185 raft_consensus.cc:3060] T 00e3a6c1f46943afbbbaa0bde34438ed P 624951ff9ef548299232c38bf23cf523 [term 1 FOLLOWER]: Advancing to term 2
I20260713 09:11:16.331230  1340 consensus_queue.cc:1048] T 00e3a6c1f46943afbbbaa0bde34438ed P 06e290a63e284f1c85605f8c4a2606c0 [LEADER]: Connected to new peer: Peer: permanent_uuid: "acc105452f554566b563d094a625682e" member_type: VOTER last_known_addr { host: "127.0.114.65" port: 38317 }, Status: LMP_MISMATCH, Last received: 0.0, Next index: 1, Last known committed idx: 0, Time since last communication: 0.001s
I20260713 09:11:16.337554  1185 raft_consensus.cc:515] T 00e3a6c1f46943afbbbaa0bde34438ed P 624951ff9ef548299232c38bf23cf523 [term 2 FOLLOWER]: Starting forced leader election with config: opid_index: -1 OBSOLETE_local: false peers { permanent_uuid: "acc105452f554566b563d094a625682e" member_type: VOTER last_known_addr { host: "127.0.114.65" port: 38317 } } peers { permanent_uuid: "624951ff9ef548299232c38bf23cf523" member_type: VOTER last_known_addr { host: "127.0.114.66" port: 37083 } } peers { permanent_uuid: "06e290a63e284f1c85605f8c4a2606c0" member_type: VOTER last_known_addr { host: "127.0.114.67" port: 45401 } }
I20260713 09:11:16.340394  1184 raft_consensus.cc:1240] T 00e3a6c1f46943afbbbaa0bde34438ed P 624951ff9ef548299232c38bf23cf523 [term 2 FOLLOWER]: Rejecting Update request from peer 06e290a63e284f1c85605f8c4a2606c0 for earlier term 1. Current term is 2. Ops: []
I20260713 09:11:16.340696  1110 tablet_service.cc:1917] Received RequestConsensusVote() RPC: tablet_id: "00e3a6c1f46943afbbbaa0bde34438ed" candidate_uuid: "624951ff9ef548299232c38bf23cf523" candidate_term: 2 candidate_status { last_received { term: 1 index: 1 } } ignore_live_leader: true dest_uuid: "acc105452f554566b563d094a625682e"
I20260713 09:11:16.340747  1258 tablet_service.cc:1917] Received RequestConsensusVote() RPC: tablet_id: "00e3a6c1f46943afbbbaa0bde34438ed" candidate_uuid: "624951ff9ef548299232c38bf23cf523" candidate_term: 2 candidate_status { last_received { term: 1 index: 1 } } ignore_live_leader: true dest_uuid: "06e290a63e284f1c85605f8c4a2606c0"
I20260713 09:11:16.342428  1258 raft_consensus.cc:3055] T 00e3a6c1f46943afbbbaa0bde34438ed P 06e290a63e284f1c85605f8c4a2606c0 [term 1 LEADER]: Stepping down as leader of term 1
I20260713 09:11:16.342697  1258 raft_consensus.cc:740] T 00e3a6c1f46943afbbbaa0bde34438ed P 06e290a63e284f1c85605f8c4a2606c0 [term 1 LEADER]: Becoming Follower/Learner. State: Replica: 06e290a63e284f1c85605f8c4a2606c0, State: Running, Role: LEADER
I20260713 09:11:16.343600  1258 consensus_queue.cc:260] T 00e3a6c1f46943afbbbaa0bde34438ed P 06e290a63e284f1c85605f8c4a2606c0 [NON_LEADER]: Queue going to NON_LEADER mode. State: All replicated index: 0, Majority replicated index: 1, Committed index: 1, Last appended: 1.1, Last appended by leader: 1, Current term: 1, Majority size: -1, State: 0, Mode: NON_LEADER, active raft config: opid_index: -1 OBSOLETE_local: false peers { permanent_uuid: "acc105452f554566b563d094a625682e" member_type: VOTER last_known_addr { host: "127.0.114.65" port: 38317 } } peers { permanent_uuid: "624951ff9ef548299232c38bf23cf523" member_type: VOTER last_known_addr { host: "127.0.114.66" port: 37083 } } peers { permanent_uuid: "06e290a63e284f1c85605f8c4a2606c0" member_type: VOTER last_known_addr { host: "127.0.114.67" port: 45401 } }
I20260713 09:11:16.344125  1185 leader_election.cc:290] T 00e3a6c1f46943afbbbaa0bde34438ed P 624951ff9ef548299232c38bf23cf523 [CANDIDATE]: Term 2 election: Requested vote from peers acc105452f554566b563d094a625682e (127.0.114.65:38317), 06e290a63e284f1c85605f8c4a2606c0 (127.0.114.67:45401)
I20260713 09:11:16.344463  1340 consensus_queue.cc:1059] T 00e3a6c1f46943afbbbaa0bde34438ed P 06e290a63e284f1c85605f8c4a2606c0 [NON_LEADER]: Peer responded invalid term: Peer: permanent_uuid: "624951ff9ef548299232c38bf23cf523" member_type: VOTER last_known_addr { host: "127.0.114.66" port: 37083 }, Status: INVALID_TERM, Last received: 1.1, Next index: 2, Last known committed idx: 0, Time since last communication: 0.000s
I20260713 09:11:16.345510  1258 raft_consensus.cc:3060] T 00e3a6c1f46943afbbbaa0bde34438ed P 06e290a63e284f1c85605f8c4a2606c0 [term 1 FOLLOWER]: Advancing to term 2
I20260713 09:11:16.351284  1258 raft_consensus.cc:2468] T 00e3a6c1f46943afbbbaa0bde34438ed P 06e290a63e284f1c85605f8c4a2606c0 [term 2 FOLLOWER]: Leader election vote request: Granting yes vote for candidate 624951ff9ef548299232c38bf23cf523 in term 2.
I20260713 09:11:16.352314  1151 leader_election.cc:304] T 00e3a6c1f46943afbbbaa0bde34438ed P 624951ff9ef548299232c38bf23cf523 [CANDIDATE]: Term 2 election: Election decided. Result: candidate won. Election summary: received 3 responses out of 3 voters: 2 yes votes; 1 no votes. yes voters: 06e290a63e284f1c85605f8c4a2606c0, 624951ff9ef548299232c38bf23cf523; no voters: acc105452f554566b563d094a625682e
I20260713 09:11:16.353065  1343 raft_consensus.cc:2804] T 00e3a6c1f46943afbbbaa0bde34438ed P 624951ff9ef548299232c38bf23cf523 [term 2 FOLLOWER]: Leader election won for term 2
I20260713 09:11:16.353560  1343 raft_consensus.cc:697] T 00e3a6c1f46943afbbbaa0bde34438ed P 624951ff9ef548299232c38bf23cf523 [term 2 LEADER]: Becoming Leader. State: Replica: 624951ff9ef548299232c38bf23cf523, State: Running, Role: LEADER
I20260713 09:11:16.354395  1343 consensus_queue.cc:237] T 00e3a6c1f46943afbbbaa0bde34438ed P 624951ff9ef548299232c38bf23cf523 [LEADER]: Queue going to LEADER mode. State: All replicated index: 0, Majority replicated index: 0, Committed index: 0, Last appended: 1.1, Last appended by leader: 1, Current term: 2, Majority size: 2, State: 0, Mode: LEADER, active raft config: opid_index: -1 OBSOLETE_local: false peers { permanent_uuid: "acc105452f554566b563d094a625682e" member_type: VOTER last_known_addr { host: "127.0.114.65" port: 38317 } } peers { permanent_uuid: "624951ff9ef548299232c38bf23cf523" member_type: VOTER last_known_addr { host: "127.0.114.66" port: 37083 } } peers { permanent_uuid: "06e290a63e284f1c85605f8c4a2606c0" member_type: VOTER last_known_addr { host: "127.0.114.67" port: 45401 } }
I20260713 09:11:16.361261  1005 catalog_manager.cc:5697] T 00e3a6c1f46943afbbbaa0bde34438ed P 624951ff9ef548299232c38bf23cf523 reported cstate change: term changed from 1 to 2, leader changed from 06e290a63e284f1c85605f8c4a2606c0 (127.0.114.67) to 624951ff9ef548299232c38bf23cf523 (127.0.114.66). New cstate: current_term: 2 leader_uuid: "624951ff9ef548299232c38bf23cf523" committed_config { opid_index: -1 OBSOLETE_local: false peers { permanent_uuid: "acc105452f554566b563d094a625682e" member_type: VOTER last_known_addr { host: "127.0.114.65" port: 38317 } health_report { overall_health: UNKNOWN } } peers { permanent_uuid: "624951ff9ef548299232c38bf23cf523" member_type: VOTER last_known_addr { host: "127.0.114.66" port: 37083 } health_report { overall_health: HEALTHY } } peers { permanent_uuid: "06e290a63e284f1c85605f8c4a2606c0" member_type: VOTER last_known_addr { host: "127.0.114.67" port: 45401 } health_report { overall_health: UNKNOWN } } }
I20260713 09:11:16.364630  1340 consensus_queue.cc:1048] T a43d924e3d4847108771200218f3220f P 06e290a63e284f1c85605f8c4a2606c0 [LEADER]: Connected to new peer: Peer: permanent_uuid: "acc105452f554566b563d094a625682e" member_type: VOTER last_known_addr { host: "127.0.114.65" port: 38317 }, Status: LMP_MISMATCH, Last received: 0.0, Next index: 1, Last known committed idx: 0, Time since last communication: 0.000s
I20260713 09:11:16.375113  1305 consensus_queue.cc:1048] T a43d924e3d4847108771200218f3220f P 06e290a63e284f1c85605f8c4a2606c0 [LEADER]: Connected to new peer: Peer: permanent_uuid: "624951ff9ef548299232c38bf23cf523" member_type: VOTER last_known_addr { host: "127.0.114.66" port: 37083 }, Status: LMP_MISMATCH, Last received: 0.0, Next index: 1, Last known committed idx: 0, Time since last communication: 0.000s
I20260713 09:11:16.383530  1345 raft_consensus.cc:993] T a43d924e3d4847108771200218f3220f P 06e290a63e284f1c85605f8c4a2606c0: : Instructing follower 624951ff9ef548299232c38bf23cf523 to start an election
I20260713 09:11:16.384054  1345 raft_consensus.cc:1081] T a43d924e3d4847108771200218f3220f P 06e290a63e284f1c85605f8c4a2606c0 [term 1 LEADER]: Signalling peer 624951ff9ef548299232c38bf23cf523 to start an election
I20260713 09:11:16.385758  1184 tablet_service.cc:2044] Received Run Leader Election RPC: tablet_id: "a43d924e3d4847108771200218f3220f"
dest_uuid: "624951ff9ef548299232c38bf23cf523"
 from {username='slave'} at 127.0.0.1:34606
I20260713 09:11:16.386411  1184 raft_consensus.cc:493] T a43d924e3d4847108771200218f3220f P 624951ff9ef548299232c38bf23cf523 [term 1 FOLLOWER]: Starting forced leader election (received explicit request)
I20260713 09:11:16.386832  1184 raft_consensus.cc:3060] T a43d924e3d4847108771200218f3220f P 624951ff9ef548299232c38bf23cf523 [term 1 FOLLOWER]: Advancing to term 2
I20260713 09:11:16.393004  1184 raft_consensus.cc:515] T a43d924e3d4847108771200218f3220f P 624951ff9ef548299232c38bf23cf523 [term 2 FOLLOWER]: Starting forced leader election with config: opid_index: -1 OBSOLETE_local: false peers { permanent_uuid: "acc105452f554566b563d094a625682e" member_type: VOTER last_known_addr { host: "127.0.114.65" port: 38317 } } peers { permanent_uuid: "624951ff9ef548299232c38bf23cf523" member_type: VOTER last_known_addr { host: "127.0.114.66" port: 37083 } } peers { permanent_uuid: "06e290a63e284f1c85605f8c4a2606c0" member_type: VOTER last_known_addr { host: "127.0.114.67" port: 45401 } }
I20260713 09:11:16.395608  1184 leader_election.cc:290] T a43d924e3d4847108771200218f3220f P 624951ff9ef548299232c38bf23cf523 [CANDIDATE]: Term 2 election: Requested vote from peers acc105452f554566b563d094a625682e (127.0.114.65:38317), 06e290a63e284f1c85605f8c4a2606c0 (127.0.114.67:45401)
I20260713 09:11:16.395989  1107 tablet_service.cc:1917] Received RequestConsensusVote() RPC: tablet_id: "a43d924e3d4847108771200218f3220f" candidate_uuid: "624951ff9ef548299232c38bf23cf523" candidate_term: 2 candidate_status { last_received { term: 1 index: 1 } } ignore_live_leader: true dest_uuid: "acc105452f554566b563d094a625682e"
I20260713 09:11:16.396255  1258 tablet_service.cc:1917] Received RequestConsensusVote() RPC: tablet_id: "a43d924e3d4847108771200218f3220f" candidate_uuid: "624951ff9ef548299232c38bf23cf523" candidate_term: 2 candidate_status { last_received { term: 1 index: 1 } } ignore_live_leader: true dest_uuid: "06e290a63e284f1c85605f8c4a2606c0"
I20260713 09:11:16.396692  1107 raft_consensus.cc:3060] T a43d924e3d4847108771200218f3220f P acc105452f554566b563d094a625682e [term 1 FOLLOWER]: Advancing to term 2
I20260713 09:11:16.396790  1258 raft_consensus.cc:3055] T a43d924e3d4847108771200218f3220f P 06e290a63e284f1c85605f8c4a2606c0 [term 1 LEADER]: Stepping down as leader of term 1
I20260713 09:11:16.397157  1258 raft_consensus.cc:740] T a43d924e3d4847108771200218f3220f P 06e290a63e284f1c85605f8c4a2606c0 [term 1 LEADER]: Becoming Follower/Learner. State: Replica: 06e290a63e284f1c85605f8c4a2606c0, State: Running, Role: LEADER
I20260713 09:11:16.398036  1258 consensus_queue.cc:260] T a43d924e3d4847108771200218f3220f P 06e290a63e284f1c85605f8c4a2606c0 [NON_LEADER]: Queue going to NON_LEADER mode. State: All replicated index: 0, Majority replicated index: 1, Committed index: 1, Last appended: 1.1, Last appended by leader: 1, Current term: 1, Majority size: -1, State: 0, Mode: NON_LEADER, active raft config: opid_index: -1 OBSOLETE_local: false peers { permanent_uuid: "acc105452f554566b563d094a625682e" member_type: VOTER last_known_addr { host: "127.0.114.65" port: 38317 } } peers { permanent_uuid: "624951ff9ef548299232c38bf23cf523" member_type: VOTER last_known_addr { host: "127.0.114.66" port: 37083 } } peers { permanent_uuid: "06e290a63e284f1c85605f8c4a2606c0" member_type: VOTER last_known_addr { host: "127.0.114.67" port: 45401 } }
I20260713 09:11:16.399309  1258 raft_consensus.cc:3060] T a43d924e3d4847108771200218f3220f P 06e290a63e284f1c85605f8c4a2606c0 [term 1 FOLLOWER]: Advancing to term 2
I20260713 09:11:16.404140  1107 raft_consensus.cc:2468] T a43d924e3d4847108771200218f3220f P acc105452f554566b563d094a625682e [term 2 FOLLOWER]: Leader election vote request: Granting yes vote for candidate 624951ff9ef548299232c38bf23cf523 in term 2.
I20260713 09:11:16.405294  1150 leader_election.cc:304] T a43d924e3d4847108771200218f3220f P 624951ff9ef548299232c38bf23cf523 [CANDIDATE]: Term 2 election: Election decided. Result: candidate won. Election summary: received 2 responses out of 3 voters: 2 yes votes; 0 no votes. yes voters: 624951ff9ef548299232c38bf23cf523, acc105452f554566b563d094a625682e; no voters: 
I20260713 09:11:16.406015  1343 raft_consensus.cc:2804] T a43d924e3d4847108771200218f3220f P 624951ff9ef548299232c38bf23cf523 [term 2 FOLLOWER]: Leader election won for term 2
I20260713 09:11:16.406342  1258 raft_consensus.cc:2468] T a43d924e3d4847108771200218f3220f P 06e290a63e284f1c85605f8c4a2606c0 [term 2 FOLLOWER]: Leader election vote request: Granting yes vote for candidate 624951ff9ef548299232c38bf23cf523 in term 2.
I20260713 09:11:16.406536  1343 raft_consensus.cc:697] T a43d924e3d4847108771200218f3220f P 624951ff9ef548299232c38bf23cf523 [term 2 LEADER]: Becoming Leader. State: Replica: 624951ff9ef548299232c38bf23cf523, State: Running, Role: LEADER
I20260713 09:11:16.407538  1343 consensus_queue.cc:237] T a43d924e3d4847108771200218f3220f P 624951ff9ef548299232c38bf23cf523 [LEADER]: Queue going to LEADER mode. State: All replicated index: 0, Majority replicated index: 1, Committed index: 1, Last appended: 1.1, Last appended by leader: 1, Current term: 2, Majority size: 2, State: 0, Mode: LEADER, active raft config: opid_index: -1 OBSOLETE_local: false peers { permanent_uuid: "acc105452f554566b563d094a625682e" member_type: VOTER last_known_addr { host: "127.0.114.65" port: 38317 } } peers { permanent_uuid: "624951ff9ef548299232c38bf23cf523" member_type: VOTER last_known_addr { host: "127.0.114.66" port: 37083 } } peers { permanent_uuid: "06e290a63e284f1c85605f8c4a2606c0" member_type: VOTER last_known_addr { host: "127.0.114.67" port: 45401 } }
I20260713 09:11:16.414011  1006 catalog_manager.cc:5697] T a43d924e3d4847108771200218f3220f P 624951ff9ef548299232c38bf23cf523 reported cstate change: term changed from 1 to 2, leader changed from 06e290a63e284f1c85605f8c4a2606c0 (127.0.114.67) to 624951ff9ef548299232c38bf23cf523 (127.0.114.66). New cstate: current_term: 2 leader_uuid: "624951ff9ef548299232c38bf23cf523" committed_config { opid_index: -1 OBSOLETE_local: false peers { permanent_uuid: "acc105452f554566b563d094a625682e" member_type: VOTER last_known_addr { host: "127.0.114.65" port: 38317 } health_report { overall_health: UNKNOWN } } peers { permanent_uuid: "624951ff9ef548299232c38bf23cf523" member_type: VOTER last_known_addr { host: "127.0.114.66" port: 37083 } health_report { overall_health: HEALTHY } } peers { permanent_uuid: "06e290a63e284f1c85605f8c4a2606c0" member_type: VOTER last_known_addr { host: "127.0.114.67" port: 45401 } health_report { overall_health: UNKNOWN } } }
I20260713 09:11:16.421779  1305 raft_consensus.cc:993] T be65c20322da4ba4ae384877dc7d5d43 P 06e290a63e284f1c85605f8c4a2606c0: : Instructing follower acc105452f554566b563d094a625682e to start an election
I20260713 09:11:16.422338  1345 raft_consensus.cc:1081] T be65c20322da4ba4ae384877dc7d5d43 P 06e290a63e284f1c85605f8c4a2606c0 [term 1 LEADER]: Signalling peer acc105452f554566b563d094a625682e to start an election
I20260713 09:11:16.423823  1107 tablet_service.cc:2044] Received Run Leader Election RPC: tablet_id: "be65c20322da4ba4ae384877dc7d5d43"
dest_uuid: "acc105452f554566b563d094a625682e"
 from {username='slave'} at 127.0.0.1:60932
I20260713 09:11:16.424381  1107 raft_consensus.cc:493] T be65c20322da4ba4ae384877dc7d5d43 P acc105452f554566b563d094a625682e [term 1 FOLLOWER]: Starting forced leader election (received explicit request)
I20260713 09:11:16.424674  1107 raft_consensus.cc:3060] T be65c20322da4ba4ae384877dc7d5d43 P acc105452f554566b563d094a625682e [term 1 FOLLOWER]: Advancing to term 2
I20260713 09:11:16.429680  1107 raft_consensus.cc:515] T be65c20322da4ba4ae384877dc7d5d43 P acc105452f554566b563d094a625682e [term 2 FOLLOWER]: Starting forced leader election with config: opid_index: -1 OBSOLETE_local: false peers { permanent_uuid: "acc105452f554566b563d094a625682e" member_type: VOTER last_known_addr { host: "127.0.114.65" port: 38317 } } peers { permanent_uuid: "624951ff9ef548299232c38bf23cf523" member_type: VOTER last_known_addr { host: "127.0.114.66" port: 37083 } } peers { permanent_uuid: "06e290a63e284f1c85605f8c4a2606c0" member_type: VOTER last_known_addr { host: "127.0.114.67" port: 45401 } }
I20260713 09:11:16.431581  1107 leader_election.cc:290] T be65c20322da4ba4ae384877dc7d5d43 P acc105452f554566b563d094a625682e [CANDIDATE]: Term 2 election: Requested vote from peers 624951ff9ef548299232c38bf23cf523 (127.0.114.66:37083), 06e290a63e284f1c85605f8c4a2606c0 (127.0.114.67:45401)
I20260713 09:11:16.432433  1184 tablet_service.cc:1917] Received RequestConsensusVote() RPC: tablet_id: "be65c20322da4ba4ae384877dc7d5d43" candidate_uuid: "acc105452f554566b563d094a625682e" candidate_term: 2 candidate_status { last_received { term: 1 index: 1 } } ignore_live_leader: true dest_uuid: "624951ff9ef548299232c38bf23cf523"
I20260713 09:11:16.432780  1258 tablet_service.cc:1917] Received RequestConsensusVote() RPC: tablet_id: "be65c20322da4ba4ae384877dc7d5d43" candidate_uuid: "acc105452f554566b563d094a625682e" candidate_term: 2 candidate_status { last_received { term: 1 index: 1 } } ignore_live_leader: true dest_uuid: "06e290a63e284f1c85605f8c4a2606c0"
I20260713 09:11:16.433074  1184 raft_consensus.cc:3060] T be65c20322da4ba4ae384877dc7d5d43 P 624951ff9ef548299232c38bf23cf523 [term 1 FOLLOWER]: Advancing to term 2
I20260713 09:11:16.433362  1258 raft_consensus.cc:3055] T be65c20322da4ba4ae384877dc7d5d43 P 06e290a63e284f1c85605f8c4a2606c0 [term 1 LEADER]: Stepping down as leader of term 1
I20260713 09:11:16.433671  1258 raft_consensus.cc:740] T be65c20322da4ba4ae384877dc7d5d43 P 06e290a63e284f1c85605f8c4a2606c0 [term 1 LEADER]: Becoming Follower/Learner. State: Replica: 06e290a63e284f1c85605f8c4a2606c0, State: Running, Role: LEADER
I20260713 09:11:16.434510  1258 consensus_queue.cc:260] T be65c20322da4ba4ae384877dc7d5d43 P 06e290a63e284f1c85605f8c4a2606c0 [NON_LEADER]: Queue going to NON_LEADER mode. State: All replicated index: 0, Majority replicated index: 1, Committed index: 1, Last appended: 1.1, Last appended by leader: 1, Current term: 1, Majority size: -1, State: 0, Mode: NON_LEADER, active raft config: opid_index: -1 OBSOLETE_local: false peers { permanent_uuid: "acc105452f554566b563d094a625682e" member_type: VOTER last_known_addr { host: "127.0.114.65" port: 38317 } } peers { permanent_uuid: "624951ff9ef548299232c38bf23cf523" member_type: VOTER last_known_addr { host: "127.0.114.66" port: 37083 } } peers { permanent_uuid: "06e290a63e284f1c85605f8c4a2606c0" member_type: VOTER last_known_addr { host: "127.0.114.67" port: 45401 } }
I20260713 09:11:16.435760  1258 raft_consensus.cc:3060] T be65c20322da4ba4ae384877dc7d5d43 P 06e290a63e284f1c85605f8c4a2606c0 [term 1 FOLLOWER]: Advancing to term 2
I20260713 09:11:16.440340  1184 raft_consensus.cc:2468] T be65c20322da4ba4ae384877dc7d5d43 P 624951ff9ef548299232c38bf23cf523 [term 2 FOLLOWER]: Leader election vote request: Granting yes vote for candidate acc105452f554566b563d094a625682e in term 2.
I20260713 09:11:16.441654  1074 leader_election.cc:304] T be65c20322da4ba4ae384877dc7d5d43 P acc105452f554566b563d094a625682e [CANDIDATE]: Term 2 election: Election decided. Result: candidate won. Election summary: received 2 responses out of 3 voters: 2 yes votes; 0 no votes. yes voters: 624951ff9ef548299232c38bf23cf523, acc105452f554566b563d094a625682e; no voters: 
I20260713 09:11:16.442387  1357 raft_consensus.cc:2804] T be65c20322da4ba4ae384877dc7d5d43 P acc105452f554566b563d094a625682e [term 2 FOLLOWER]: Leader election won for term 2
I20260713 09:11:16.442781  1258 raft_consensus.cc:2468] T be65c20322da4ba4ae384877dc7d5d43 P 06e290a63e284f1c85605f8c4a2606c0 [term 2 FOLLOWER]: Leader election vote request: Granting yes vote for candidate acc105452f554566b563d094a625682e in term 2.
I20260713 09:11:16.442914  1357 raft_consensus.cc:697] T be65c20322da4ba4ae384877dc7d5d43 P acc105452f554566b563d094a625682e [term 2 LEADER]: Becoming Leader. State: Replica: acc105452f554566b563d094a625682e, State: Running, Role: LEADER
I20260713 09:11:16.443845  1357 consensus_queue.cc:237] T be65c20322da4ba4ae384877dc7d5d43 P acc105452f554566b563d094a625682e [LEADER]: Queue going to LEADER mode. State: All replicated index: 0, Majority replicated index: 1, Committed index: 1, Last appended: 1.1, Last appended by leader: 1, Current term: 2, Majority size: 2, State: 0, Mode: LEADER, active raft config: opid_index: -1 OBSOLETE_local: false peers { permanent_uuid: "acc105452f554566b563d094a625682e" member_type: VOTER last_known_addr { host: "127.0.114.65" port: 38317 } } peers { permanent_uuid: "624951ff9ef548299232c38bf23cf523" member_type: VOTER last_known_addr { host: "127.0.114.66" port: 37083 } } peers { permanent_uuid: "06e290a63e284f1c85605f8c4a2606c0" member_type: VOTER last_known_addr { host: "127.0.114.67" port: 45401 } }
I20260713 09:11:16.450492  1006 catalog_manager.cc:5697] T be65c20322da4ba4ae384877dc7d5d43 P acc105452f554566b563d094a625682e reported cstate change: term changed from 1 to 2, leader changed from 06e290a63e284f1c85605f8c4a2606c0 (127.0.114.67) to acc105452f554566b563d094a625682e (127.0.114.65). New cstate: current_term: 2 leader_uuid: "acc105452f554566b563d094a625682e" committed_config { opid_index: -1 OBSOLETE_local: false peers { permanent_uuid: "acc105452f554566b563d094a625682e" member_type: VOTER last_known_addr { host: "127.0.114.65" port: 38317 } health_report { overall_health: HEALTHY } } peers { permanent_uuid: "624951ff9ef548299232c38bf23cf523" member_type: VOTER last_known_addr { host: "127.0.114.66" port: 37083 } health_report { overall_health: UNKNOWN } } peers { permanent_uuid: "06e290a63e284f1c85605f8c4a2606c0" member_type: VOTER last_known_addr { host: "127.0.114.67" port: 45401 } health_report { overall_health: UNKNOWN } } }
I20260713 09:11:16.536796  1305 raft_consensus.cc:993] T 5eaea1b760f649daba6846f67e526598 P 06e290a63e284f1c85605f8c4a2606c0: : Instructing follower acc105452f554566b563d094a625682e to start an election
I20260713 09:11:16.537309  1305 raft_consensus.cc:1081] T 5eaea1b760f649daba6846f67e526598 P 06e290a63e284f1c85605f8c4a2606c0 [term 1 LEADER]: Signalling peer acc105452f554566b563d094a625682e to start an election
I20260713 09:11:16.538926  1107 tablet_service.cc:2044] Received Run Leader Election RPC: tablet_id: "5eaea1b760f649daba6846f67e526598"
dest_uuid: "acc105452f554566b563d094a625682e"
 from {username='slave'} at 127.0.0.1:60932
I20260713 09:11:16.539590  1107 raft_consensus.cc:493] T 5eaea1b760f649daba6846f67e526598 P acc105452f554566b563d094a625682e [term 1 FOLLOWER]: Starting forced leader election (received explicit request)
I20260713 09:11:16.540089  1107 raft_consensus.cc:3060] T 5eaea1b760f649daba6846f67e526598 P acc105452f554566b563d094a625682e [term 1 FOLLOWER]: Advancing to term 2
I20260713 09:11:16.545542  1107 raft_consensus.cc:515] T 5eaea1b760f649daba6846f67e526598 P acc105452f554566b563d094a625682e [term 2 FOLLOWER]: Starting forced leader election with config: opid_index: -1 OBSOLETE_local: false peers { permanent_uuid: "624951ff9ef548299232c38bf23cf523" member_type: VOTER last_known_addr { host: "127.0.114.66" port: 37083 } } peers { permanent_uuid: "06e290a63e284f1c85605f8c4a2606c0" member_type: VOTER last_known_addr { host: "127.0.114.67" port: 45401 } } peers { permanent_uuid: "acc105452f554566b563d094a625682e" member_type: VOTER last_known_addr { host: "127.0.114.65" port: 38317 } }
I20260713 09:11:16.547389  1107 leader_election.cc:290] T 5eaea1b760f649daba6846f67e526598 P acc105452f554566b563d094a625682e [CANDIDATE]: Term 2 election: Requested vote from peers 624951ff9ef548299232c38bf23cf523 (127.0.114.66:37083), 06e290a63e284f1c85605f8c4a2606c0 (127.0.114.67:45401)
I20260713 09:11:16.548321  1184 tablet_service.cc:1917] Received RequestConsensusVote() RPC: tablet_id: "5eaea1b760f649daba6846f67e526598" candidate_uuid: "acc105452f554566b563d094a625682e" candidate_term: 2 candidate_status { last_received { term: 1 index: 1 } } ignore_live_leader: true dest_uuid: "624951ff9ef548299232c38bf23cf523"
I20260713 09:11:16.548638  1258 tablet_service.cc:1917] Received RequestConsensusVote() RPC: tablet_id: "5eaea1b760f649daba6846f67e526598" candidate_uuid: "acc105452f554566b563d094a625682e" candidate_term: 2 candidate_status { last_received { term: 1 index: 1 } } ignore_live_leader: true dest_uuid: "06e290a63e284f1c85605f8c4a2606c0"
I20260713 09:11:16.548913  1184 raft_consensus.cc:3060] T 5eaea1b760f649daba6846f67e526598 P 624951ff9ef548299232c38bf23cf523 [term 1 FOLLOWER]: Advancing to term 2
I20260713 09:11:16.549288  1258 raft_consensus.cc:3055] T 5eaea1b760f649daba6846f67e526598 P 06e290a63e284f1c85605f8c4a2606c0 [term 1 LEADER]: Stepping down as leader of term 1
I20260713 09:11:16.549566  1258 raft_consensus.cc:740] T 5eaea1b760f649daba6846f67e526598 P 06e290a63e284f1c85605f8c4a2606c0 [term 1 LEADER]: Becoming Follower/Learner. State: Replica: 06e290a63e284f1c85605f8c4a2606c0, State: Running, Role: LEADER
I20260713 09:11:16.550451  1258 consensus_queue.cc:260] T 5eaea1b760f649daba6846f67e526598 P 06e290a63e284f1c85605f8c4a2606c0 [NON_LEADER]: Queue going to NON_LEADER mode. State: All replicated index: 0, Majority replicated index: 1, Committed index: 1, Last appended: 1.1, Last appended by leader: 1, Current term: 1, Majority size: -1, State: 0, Mode: NON_LEADER, active raft config: opid_index: -1 OBSOLETE_local: false peers { permanent_uuid: "624951ff9ef548299232c38bf23cf523" member_type: VOTER last_known_addr { host: "127.0.114.66" port: 37083 } } peers { permanent_uuid: "06e290a63e284f1c85605f8c4a2606c0" member_type: VOTER last_known_addr { host: "127.0.114.67" port: 45401 } } peers { permanent_uuid: "acc105452f554566b563d094a625682e" member_type: VOTER last_known_addr { host: "127.0.114.65" port: 38317 } }
I20260713 09:11:16.551553  1258 raft_consensus.cc:3060] T 5eaea1b760f649daba6846f67e526598 P 06e290a63e284f1c85605f8c4a2606c0 [term 1 FOLLOWER]: Advancing to term 2
I20260713 09:11:16.554538  1184 raft_consensus.cc:2468] T 5eaea1b760f649daba6846f67e526598 P 624951ff9ef548299232c38bf23cf523 [term 2 FOLLOWER]: Leader election vote request: Granting yes vote for candidate acc105452f554566b563d094a625682e in term 2.
I20260713 09:11:16.555629  1074 leader_election.cc:304] T 5eaea1b760f649daba6846f67e526598 P acc105452f554566b563d094a625682e [CANDIDATE]: Term 2 election: Election decided. Result: candidate won. Election summary: received 2 responses out of 3 voters: 2 yes votes; 0 no votes. yes voters: 624951ff9ef548299232c38bf23cf523, acc105452f554566b563d094a625682e; no voters: 
I20260713 09:11:16.556437  1357 raft_consensus.cc:2804] T 5eaea1b760f649daba6846f67e526598 P acc105452f554566b563d094a625682e [term 2 FOLLOWER]: Leader election won for term 2
I20260713 09:11:16.556980  1357 raft_consensus.cc:697] T 5eaea1b760f649daba6846f67e526598 P acc105452f554566b563d094a625682e [term 2 LEADER]: Becoming Leader. State: Replica: acc105452f554566b563d094a625682e, State: Running, Role: LEADER
I20260713 09:11:16.557201  1258 raft_consensus.cc:2468] T 5eaea1b760f649daba6846f67e526598 P 06e290a63e284f1c85605f8c4a2606c0 [term 2 FOLLOWER]: Leader election vote request: Granting yes vote for candidate acc105452f554566b563d094a625682e in term 2.
I20260713 09:11:16.557940  1357 consensus_queue.cc:237] T 5eaea1b760f649daba6846f67e526598 P acc105452f554566b563d094a625682e [LEADER]: Queue going to LEADER mode. State: All replicated index: 0, Majority replicated index: 1, Committed index: 1, Last appended: 1.1, Last appended by leader: 1, Current term: 2, Majority size: 2, State: 0, Mode: LEADER, active raft config: opid_index: -1 OBSOLETE_local: false peers { permanent_uuid: "624951ff9ef548299232c38bf23cf523" member_type: VOTER last_known_addr { host: "127.0.114.66" port: 37083 } } peers { permanent_uuid: "06e290a63e284f1c85605f8c4a2606c0" member_type: VOTER last_known_addr { host: "127.0.114.67" port: 45401 } } peers { permanent_uuid: "acc105452f554566b563d094a625682e" member_type: VOTER last_known_addr { host: "127.0.114.65" port: 38317 } }
I20260713 09:11:16.565841  1006 catalog_manager.cc:5697] T 5eaea1b760f649daba6846f67e526598 P acc105452f554566b563d094a625682e reported cstate change: term changed from 1 to 2, leader changed from 06e290a63e284f1c85605f8c4a2606c0 (127.0.114.67) to acc105452f554566b563d094a625682e (127.0.114.65). New cstate: current_term: 2 leader_uuid: "acc105452f554566b563d094a625682e" committed_config { opid_index: -1 OBSOLETE_local: false peers { permanent_uuid: "624951ff9ef548299232c38bf23cf523" member_type: VOTER last_known_addr { host: "127.0.114.66" port: 37083 } health_report { overall_health: UNKNOWN } } peers { permanent_uuid: "06e290a63e284f1c85605f8c4a2606c0" member_type: VOTER last_known_addr { host: "127.0.114.67" port: 45401 } health_report { overall_health: UNKNOWN } } peers { permanent_uuid: "acc105452f554566b563d094a625682e" member_type: VOTER last_known_addr { host: "127.0.114.65" port: 38317 } health_report { overall_health: HEALTHY } } }
I20260713 09:11:16.566699  1258 raft_consensus.cc:1275] T a499137b12e340a6baf63a776e0791dc P 06e290a63e284f1c85605f8c4a2606c0 [term 2 FOLLOWER]: Refusing update from remote peer acc105452f554566b563d094a625682e: Log matching property violated. Preceding OpId in replica: term: 1 index: 1. Preceding OpId from leader: term: 2 index: 2. (index mismatch)
I20260713 09:11:16.568109  1357 consensus_queue.cc:1048] T a499137b12e340a6baf63a776e0791dc P acc105452f554566b563d094a625682e [LEADER]: Connected to new peer: Peer: permanent_uuid: "06e290a63e284f1c85605f8c4a2606c0" member_type: VOTER last_known_addr { host: "127.0.114.67" port: 45401 }, Status: LMP_MISMATCH, Last received: 0.0, Next index: 2, Last known committed idx: 1, Time since last communication: 0.000s
I20260713 09:11:16.577661  1257 raft_consensus.cc:1275] T e5f4164bce704c04aaa5fc9d84980685 P 06e290a63e284f1c85605f8c4a2606c0 [term 2 FOLLOWER]: Refusing update from remote peer acc105452f554566b563d094a625682e: Log matching property violated. Preceding OpId in replica: term: 1 index: 1. Preceding OpId from leader: term: 2 index: 2. (index mismatch)
I20260713 09:11:16.580307  1309 consensus_queue.cc:1048] T e5f4164bce704c04aaa5fc9d84980685 P acc105452f554566b563d094a625682e [LEADER]: Connected to new peer: Peer: permanent_uuid: "06e290a63e284f1c85605f8c4a2606c0" member_type: VOTER last_known_addr { host: "127.0.114.67" port: 45401 }, Status: LMP_MISMATCH, Last received: 0.0, Next index: 2, Last known committed idx: 1, Time since last communication: 0.000s
I20260713 09:11:16.581007  1184 raft_consensus.cc:1275] T a499137b12e340a6baf63a776e0791dc P 624951ff9ef548299232c38bf23cf523 [term 2 FOLLOWER]: Refusing update from remote peer acc105452f554566b563d094a625682e: Log matching property violated. Preceding OpId in replica: term: 1 index: 1. Preceding OpId from leader: term: 2 index: 2. (index mismatch)
I20260713 09:11:16.583148  1309 consensus_queue.cc:1048] T a499137b12e340a6baf63a776e0791dc P acc105452f554566b563d094a625682e [LEADER]: Connected to new peer: Peer: permanent_uuid: "624951ff9ef548299232c38bf23cf523" member_type: VOTER last_known_addr { host: "127.0.114.66" port: 37083 }, Status: LMP_MISMATCH, Last received: 0.0, Next index: 2, Last known committed idx: 1, Time since last communication: 0.000s
I20260713 09:11:16.590042  1185 raft_consensus.cc:1275] T e5f4164bce704c04aaa5fc9d84980685 P 624951ff9ef548299232c38bf23cf523 [term 2 FOLLOWER]: Refusing update from remote peer acc105452f554566b563d094a625682e: Log matching property violated. Preceding OpId in replica: term: 1 index: 1. Preceding OpId from leader: term: 2 index: 2. (index mismatch)
I20260713 09:11:16.591884  1357 consensus_queue.cc:1048] T e5f4164bce704c04aaa5fc9d84980685 P acc105452f554566b563d094a625682e [LEADER]: Connected to new peer: Peer: permanent_uuid: "624951ff9ef548299232c38bf23cf523" member_type: VOTER last_known_addr { host: "127.0.114.66" port: 37083 }, Status: LMP_MISMATCH, Last received: 0.0, Next index: 2, Last known committed idx: 1, Time since last communication: 0.000s
I20260713 09:11:16.710132  1107 raft_consensus.cc:1275] T b666ea8ad71e4c03abb6121081b3a22f P acc105452f554566b563d094a625682e [term 2 FOLLOWER]: Refusing update from remote peer 06e290a63e284f1c85605f8c4a2606c0: Log matching property violated. Preceding OpId in replica: term: 1 index: 1. Preceding OpId from leader: term: 2 index: 2. (index mismatch)
