I20260713 09:11:01.840498   819 consensus_queue.cc:1048] T cfba2ff5efa144c197a968ff752610aa P ce837c613f3b4ab1a6b034678ef0b313 [LEADER]: Connected to new peer: Peer: permanent_uuid: "ce920b5192bc4657a29672e77896428a" member_type: VOTER last_known_addr { host: "127.0.114.65" port: 42255 }, Status: LMP_MISMATCH, Last received: 0.0, Next index: 2, Last known committed idx: 1, Time since last communication: 0.000s
I20260713 09:11:01.849936   667 raft_consensus.cc:1275] T 8422767b77bb44b2b3bf4816264b0c7c P ce837c613f3b4ab1a6b034678ef0b313 [term 2 FOLLOWER]: Refusing update from remote peer ce920b5192bc4657a29672e77896428a: Log matching property violated. Preceding OpId in replica: term: 1 index: 1. Preceding OpId from leader: term: 2 index: 2. (index mismatch)
I20260713 09:11:01.852284   874 consensus_queue.cc:1048] T 8422767b77bb44b2b3bf4816264b0c7c P ce920b5192bc4657a29672e77896428a [LEADER]: Connected to new peer: Peer: permanent_uuid: "ce837c613f3b4ab1a6b034678ef0b313" member_type: VOTER last_known_addr { host: "127.0.114.66" port: 40247 }, Status: LMP_MISMATCH, Last received: 0.0, Next index: 2, Last known committed idx: 1, Time since last communication: 0.000s
I20260713 09:11:01.967491   667 raft_consensus.cc:1275] T ab9092dbc9ba4257b9f73554d206909e P ce837c613f3b4ab1a6b034678ef0b313 [term 2 FOLLOWER]: Refusing update from remote peer ce920b5192bc4657a29672e77896428a: Log matching property violated. Preceding OpId in replica: term: 1 index: 1. Preceding OpId from leader: term: 2 index: 2. (index mismatch)
I20260713 09:11:01.968976   878 consensus_queue.cc:1048] T ab9092dbc9ba4257b9f73554d206909e P ce920b5192bc4657a29672e77896428a [LEADER]: Connected to new peer: Peer: permanent_uuid: "ce837c613f3b4ab1a6b034678ef0b313" member_type: VOTER last_known_addr { host: "127.0.114.66" port: 40247 }, Status: LMP_MISMATCH, Last received: 0.0, Next index: 2, Last known committed idx: 1, Time since last communication: 0.000s
I20260713 09:11:01.976981   742 raft_consensus.cc:1275] T ab9092dbc9ba4257b9f73554d206909e P 9171ec49164441dab2210557bcc32113 [term 2 FOLLOWER]: Refusing update from remote peer ce920b5192bc4657a29672e77896428a: Log matching property violated. Preceding OpId in replica: term: 1 index: 1. Preceding OpId from leader: term: 2 index: 2. (index mismatch)
I20260713 09:11:01.979007   859 consensus_queue.cc:1048] T ab9092dbc9ba4257b9f73554d206909e P ce920b5192bc4657a29672e77896428a [LEADER]: Connected to new peer: Peer: permanent_uuid: "9171ec49164441dab2210557bcc32113" member_type: VOTER last_known_addr { host: "127.0.114.67" port: 37357 }, Status: LMP_MISMATCH, Last received: 0.0, Next index: 2, Last known committed idx: 1, Time since last communication: 0.000s
I20260713 09:11:02.006829   667 raft_consensus.cc:1275] T 00d238c5990b43dc96bee81267421dc1 P ce837c613f3b4ab1a6b034678ef0b313 [term 2 FOLLOWER]: Refusing update from remote peer 9171ec49164441dab2210557bcc32113: Log matching property violated. Preceding OpId in replica: term: 1 index: 1. Preceding OpId from leader: term: 2 index: 2. (index mismatch)
I20260713 09:11:02.008448   822 consensus_queue.cc:1048] T 00d238c5990b43dc96bee81267421dc1 P 9171ec49164441dab2210557bcc32113 [LEADER]: Connected to new peer: Peer: permanent_uuid: "ce837c613f3b4ab1a6b034678ef0b313" member_type: VOTER last_known_addr { host: "127.0.114.66" port: 40247 }, Status: LMP_MISMATCH, Last received: 0.0, Next index: 2, Last known committed idx: 1, Time since last communication: 0.000s
I20260713 09:11:02.017164   594 raft_consensus.cc:1275] T 00d238c5990b43dc96bee81267421dc1 P ce920b5192bc4657a29672e77896428a [term 2 FOLLOWER]: Refusing update from remote peer 9171ec49164441dab2210557bcc32113: Log matching property violated. Preceding OpId in replica: term: 1 index: 1. Preceding OpId from leader: term: 2 index: 2. (index mismatch)
I20260713 09:11:02.018618   793 consensus_queue.cc:1048] T 00d238c5990b43dc96bee81267421dc1 P 9171ec49164441dab2210557bcc32113 [LEADER]: Connected to new peer: Peer: permanent_uuid: "ce920b5192bc4657a29672e77896428a" member_type: VOTER last_known_addr { host: "127.0.114.65" port: 42255 }, Status: LMP_MISMATCH, Last received: 0.0, Next index: 2, Last known committed idx: 1, Time since last communication: 0.000s
I20260713 09:11:02.035961   742 raft_consensus.cc:1275] T 00a35165fd384d20adb13bee9448c6bc P 9171ec49164441dab2210557bcc32113 [term 2 FOLLOWER]: Refusing update from remote peer ce920b5192bc4657a29672e77896428a: Log matching property violated. Preceding OpId in replica: term: 1 index: 1. Preceding OpId from leader: term: 2 index: 2. (index mismatch)
I20260713 09:11:02.037432   859 consensus_queue.cc:1048] T 00a35165fd384d20adb13bee9448c6bc P ce920b5192bc4657a29672e77896428a [LEADER]: Connected to new peer: Peer: permanent_uuid: "9171ec49164441dab2210557bcc32113" member_type: VOTER last_known_addr { host: "127.0.114.67" port: 37357 }, Status: LMP_MISMATCH, Last received: 0.0, Next index: 2, Last known committed idx: 1, Time since last communication: 0.000s
I20260713 09:11:02.048230   667 raft_consensus.cc:1275] T 00a35165fd384d20adb13bee9448c6bc P ce837c613f3b4ab1a6b034678ef0b313 [term 2 FOLLOWER]: Refusing update from remote peer ce920b5192bc4657a29672e77896428a: Log matching property violated. Preceding OpId in replica: term: 1 index: 1. Preceding OpId from leader: term: 2 index: 2. (index mismatch)
I20260713 09:11:02.049700   859 consensus_queue.cc:1048] T 00a35165fd384d20adb13bee9448c6bc P ce920b5192bc4657a29672e77896428a [LEADER]: Connected to new peer: Peer: permanent_uuid: "ce837c613f3b4ab1a6b034678ef0b313" member_type: VOTER last_known_addr { host: "127.0.114.66" port: 40247 }, Status: LMP_MISMATCH, Last received: 0.0, Next index: 2, Last known committed idx: 1, Time since last communication: 0.000s
I20260713 09:11:02.068230   594 raft_consensus.cc:1275] T bdecce4cca084617a489076dd7b3a651 P ce920b5192bc4657a29672e77896428a [term 2 FOLLOWER]: Refusing update from remote peer ce837c613f3b4ab1a6b034678ef0b313: Log matching property violated. Preceding OpId in replica: term: 1 index: 1. Preceding OpId from leader: term: 2 index: 2. (index mismatch)
I20260713 09:11:02.069645   819 consensus_queue.cc:1048] T bdecce4cca084617a489076dd7b3a651 P ce837c613f3b4ab1a6b034678ef0b313 [LEADER]: Connected to new peer: Peer: permanent_uuid: "ce920b5192bc4657a29672e77896428a" member_type: VOTER last_known_addr { host: "127.0.114.65" port: 42255 }, Status: LMP_MISMATCH, Last received: 0.0, Next index: 2, Last known committed idx: 1, Time since last communication: 0.001s
I20260713 09:11:02.078462   742 raft_consensus.cc:1275] T bdecce4cca084617a489076dd7b3a651 P 9171ec49164441dab2210557bcc32113 [term 2 FOLLOWER]: Refusing update from remote peer ce837c613f3b4ab1a6b034678ef0b313: Log matching property violated. Preceding OpId in replica: term: 1 index: 1. Preceding OpId from leader: term: 2 index: 2. (index mismatch)
I20260713 09:11:02.079849   794 consensus_queue.cc:1048] T bdecce4cca084617a489076dd7b3a651 P ce837c613f3b4ab1a6b034678ef0b313 [LEADER]: Connected to new peer: Peer: permanent_uuid: "9171ec49164441dab2210557bcc32113" member_type: VOTER last_known_addr { host: "127.0.114.67" port: 37357 }, Status: LMP_MISMATCH, Last received: 0.0, Next index: 2, Last known committed idx: 1, Time since last communication: 0.001s
I20260713 09:11:02.162863   594 raft_consensus.cc:1275] T 194ed0805038469b93680bebb1199ea6 P ce920b5192bc4657a29672e77896428a [term 2 FOLLOWER]: Refusing update from remote peer ce837c613f3b4ab1a6b034678ef0b313: Log matching property violated. Preceding OpId in replica: term: 1 index: 1. Preceding OpId from leader: term: 2 index: 2. (index mismatch)
I20260713 09:11:02.164309   794 consensus_queue.cc:1048] T 194ed0805038469b93680bebb1199ea6 P ce837c613f3b4ab1a6b034678ef0b313 [LEADER]: Connected to new peer: Peer: permanent_uuid: "ce920b5192bc4657a29672e77896428a" member_type: VOTER last_known_addr { host: "127.0.114.65" port: 42255 }, Status: LMP_MISMATCH, Last received: 0.0, Next index: 2, Last known committed idx: 1, Time since last communication: 0.000s
I20260713 09:11:02.173556   742 raft_consensus.cc:1275] T 194ed0805038469b93680bebb1199ea6 P 9171ec49164441dab2210557bcc32113 [term 2 FOLLOWER]: Refusing update from remote peer ce837c613f3b4ab1a6b034678ef0b313: Log matching property violated. Preceding OpId in replica: term: 1 index: 1. Preceding OpId from leader: term: 2 index: 2. (index mismatch)
I20260713 09:11:02.175189   816 consensus_queue.cc:1048] T 194ed0805038469b93680bebb1199ea6 P ce837c613f3b4ab1a6b034678ef0b313 [LEADER]: Connected to new peer: Peer: permanent_uuid: "9171ec49164441dab2210557bcc32113" member_type: VOTER last_known_addr { host: "127.0.114.67" port: 37357 }, Status: LMP_MISMATCH, Last received: 0.0, Next index: 2, Last known committed idx: 1, Time since last communication: 0.000s
W20260713 09:11:03.651574   520 debug-util.cc:398] Leaking SignalData structure 0x7b0800062060 after lost signal to thread 460
W20260713 09:11:03.652657   520 debug-util.cc:398] Leaking SignalData structure 0x7b0800062740 after lost signal to thread 523
W20260713 09:11:03.653569   520 debug-util.cc:398] Leaking SignalData structure 0x7b08001dfc80 after lost signal to thread 618
W20260713 09:11:03.654376   520 debug-util.cc:398] Leaking SignalData structure 0x7b08001902c0 after lost signal to thread 693
W20260713 09:11:03.655149   520 debug-util.cc:398] Leaking SignalData structure 0x7b08001e2640 after lost signal to thread 767
I20260713 09:11:04.414340   457 auto_leader_rebalancer-test.cc:320] The leader distribution is 
I20260713 09:11:04.415540   457 auto_leader_rebalancer.cc:141] leader rebalance for table test-workload
I20260713 09:11:04.445295   667 tablet_service.cc:2072] Received LeaderStepDown RPC: tablet_id: "194ed0805038469b93680bebb1199ea6"
dest_uuid: "ce837c613f3b4ab1a6b034678ef0b313"
mode: GRACEFUL
new_leader_uuid: "9171ec49164441dab2210557bcc32113"
 from {username='slave'} at 127.0.0.1:41184
I20260713 09:11:04.446095   667 raft_consensus.cc:606] T 194ed0805038469b93680bebb1199ea6 P ce837c613f3b4ab1a6b034678ef0b313 [term 2 LEADER]: Received request to transfer leadership to TS 9171ec49164441dab2210557bcc32113
I20260713 09:11:04.460356   593 tablet_service.cc:2072] Received LeaderStepDown RPC: tablet_id: "ab9092dbc9ba4257b9f73554d206909e"
dest_uuid: "ce920b5192bc4657a29672e77896428a"
mode: GRACEFUL
new_leader_uuid: "9171ec49164441dab2210557bcc32113"
 from {username='slave'} at 127.0.0.1:48120
I20260713 09:11:04.461179   593 raft_consensus.cc:606] T ab9092dbc9ba4257b9f73554d206909e P ce920b5192bc4657a29672e77896428a [term 2 LEADER]: Received request to transfer leadership to TS 9171ec49164441dab2210557bcc32113
I20260713 09:11:04.462628   457 auto_leader_rebalancer.cc:479] table: test-workload, leader rebalance finish, leader transfer count: 2
I20260713 09:11:04.463152   457 auto_leader_rebalancer.cc:554] All tables' leader rebalancing finished this round
I20260713 09:11:04.618187   889 raft_consensus.cc:993] T ab9092dbc9ba4257b9f73554d206909e P ce920b5192bc4657a29672e77896428a: : Instructing follower 9171ec49164441dab2210557bcc32113 to start an election
I20260713 09:11:04.618734   791 raft_consensus.cc:1081] T ab9092dbc9ba4257b9f73554d206909e P ce920b5192bc4657a29672e77896428a [term 2 LEADER]: Signalling peer 9171ec49164441dab2210557bcc32113 to start an election
I20260713 09:11:04.620564   742 tablet_service.cc:2044] Received Run Leader Election RPC: tablet_id: "ab9092dbc9ba4257b9f73554d206909e"
dest_uuid: "9171ec49164441dab2210557bcc32113"
 from {username='slave'} at 127.0.0.1:43518
I20260713 09:11:04.621083   742 raft_consensus.cc:493] T ab9092dbc9ba4257b9f73554d206909e P 9171ec49164441dab2210557bcc32113 [term 2 FOLLOWER]: Starting forced leader election (received explicit request)
I20260713 09:11:04.621412   742 raft_consensus.cc:3060] T ab9092dbc9ba4257b9f73554d206909e P 9171ec49164441dab2210557bcc32113 [term 2 FOLLOWER]: Advancing to term 3
I20260713 09:11:04.626736   742 raft_consensus.cc:515] T ab9092dbc9ba4257b9f73554d206909e P 9171ec49164441dab2210557bcc32113 [term 3 FOLLOWER]: Starting forced leader election with config: opid_index: -1 OBSOLETE_local: false peers { permanent_uuid: "ce920b5192bc4657a29672e77896428a" member_type: VOTER last_known_addr { host: "127.0.114.65" port: 42255 } } peers { permanent_uuid: "ce837c613f3b4ab1a6b034678ef0b313" member_type: VOTER last_known_addr { host: "127.0.114.66" port: 40247 } } peers { permanent_uuid: "9171ec49164441dab2210557bcc32113" member_type: VOTER last_known_addr { host: "127.0.114.67" port: 37357 } }
I20260713 09:11:04.628587   742 leader_election.cc:290] T ab9092dbc9ba4257b9f73554d206909e P 9171ec49164441dab2210557bcc32113 [CANDIDATE]: Term 3 election: Requested vote from peers ce920b5192bc4657a29672e77896428a (127.0.114.65:42255), ce837c613f3b4ab1a6b034678ef0b313 (127.0.114.66:40247)
I20260713 09:11:04.629513   593 tablet_service.cc:1917] Received RequestConsensusVote() RPC: tablet_id: "ab9092dbc9ba4257b9f73554d206909e" candidate_uuid: "9171ec49164441dab2210557bcc32113" candidate_term: 3 candidate_status { last_received { term: 2 index: 2 } } ignore_live_leader: true dest_uuid: "ce920b5192bc4657a29672e77896428a"
I20260713 09:11:04.629879   667 tablet_service.cc:1917] Received RequestConsensusVote() RPC: tablet_id: "ab9092dbc9ba4257b9f73554d206909e" candidate_uuid: "9171ec49164441dab2210557bcc32113" candidate_term: 3 candidate_status { last_received { term: 2 index: 2 } } ignore_live_leader: true dest_uuid: "ce837c613f3b4ab1a6b034678ef0b313"
I20260713 09:11:04.630246   593 raft_consensus.cc:3055] T ab9092dbc9ba4257b9f73554d206909e P ce920b5192bc4657a29672e77896428a [term 2 LEADER]: Stepping down as leader of term 2
I20260713 09:11:04.630520   667 raft_consensus.cc:3060] T ab9092dbc9ba4257b9f73554d206909e P ce837c613f3b4ab1a6b034678ef0b313 [term 2 FOLLOWER]: Advancing to term 3
I20260713 09:11:04.630684   593 raft_consensus.cc:740] T ab9092dbc9ba4257b9f73554d206909e P ce920b5192bc4657a29672e77896428a [term 2 LEADER]: Becoming Follower/Learner. State: Replica: ce920b5192bc4657a29672e77896428a, State: Running, Role: LEADER
I20260713 09:11:04.631702   593 consensus_queue.cc:260] T ab9092dbc9ba4257b9f73554d206909e P ce920b5192bc4657a29672e77896428a [NON_LEADER]: Queue going to NON_LEADER mode. State: All replicated index: 0, Majority replicated index: 2, Committed index: 2, Last appended: 2.2, Last appended by leader: 2, Current term: 2, Majority size: -1, State: 0, Mode: NON_LEADER, active raft config: opid_index: -1 OBSOLETE_local: false peers { permanent_uuid: "ce920b5192bc4657a29672e77896428a" member_type: VOTER last_known_addr { host: "127.0.114.65" port: 42255 } } peers { permanent_uuid: "ce837c613f3b4ab1a6b034678ef0b313" member_type: VOTER last_known_addr { host: "127.0.114.66" port: 40247 } } peers { permanent_uuid: "9171ec49164441dab2210557bcc32113" member_type: VOTER last_known_addr { host: "127.0.114.67" port: 37357 } }
I20260713 09:11:04.633195   593 raft_consensus.cc:3060] T ab9092dbc9ba4257b9f73554d206909e P ce920b5192bc4657a29672e77896428a [term 2 FOLLOWER]: Advancing to term 3
I20260713 09:11:04.635885   667 raft_consensus.cc:2468] T ab9092dbc9ba4257b9f73554d206909e P ce837c613f3b4ab1a6b034678ef0b313 [term 3 FOLLOWER]: Leader election vote request: Granting yes vote for candidate 9171ec49164441dab2210557bcc32113 in term 3.
I20260713 09:11:04.638371   709 leader_election.cc:304] T ab9092dbc9ba4257b9f73554d206909e P 9171ec49164441dab2210557bcc32113 [CANDIDATE]: Term 3 election: Election decided. Result: candidate won. Election summary: received 2 responses out of 3 voters: 2 yes votes; 0 no votes. yes voters: 9171ec49164441dab2210557bcc32113, ce837c613f3b4ab1a6b034678ef0b313; no voters: 
I20260713 09:11:04.639245   885 raft_consensus.cc:2804] T ab9092dbc9ba4257b9f73554d206909e P 9171ec49164441dab2210557bcc32113 [term 3 FOLLOWER]: Leader election won for term 3
I20260713 09:11:04.640851   885 raft_consensus.cc:697] T ab9092dbc9ba4257b9f73554d206909e P 9171ec49164441dab2210557bcc32113 [term 3 LEADER]: Becoming Leader. State: Replica: 9171ec49164441dab2210557bcc32113, State: Running, Role: LEADER
I20260713 09:11:04.641894   593 raft_consensus.cc:2468] T ab9092dbc9ba4257b9f73554d206909e P ce920b5192bc4657a29672e77896428a [term 3 FOLLOWER]: Leader election vote request: Granting yes vote for candidate 9171ec49164441dab2210557bcc32113 in term 3.
I20260713 09:11:04.641914   885 consensus_queue.cc:237] T ab9092dbc9ba4257b9f73554d206909e P 9171ec49164441dab2210557bcc32113 [LEADER]: Queue going to LEADER mode. State: All replicated index: 0, Majority replicated index: 2, Committed index: 2, Last appended: 2.2, Last appended by leader: 2, Current term: 3, Majority size: 2, State: 0, Mode: LEADER, active raft config: opid_index: -1 OBSOLETE_local: false peers { permanent_uuid: "ce920b5192bc4657a29672e77896428a" member_type: VOTER last_known_addr { host: "127.0.114.65" port: 42255 } } peers { permanent_uuid: "ce837c613f3b4ab1a6b034678ef0b313" member_type: VOTER last_known_addr { host: "127.0.114.66" port: 40247 } } peers { permanent_uuid: "9171ec49164441dab2210557bcc32113" member_type: VOTER last_known_addr { host: "127.0.114.67" port: 37357 } }
I20260713 09:11:04.656190   486 catalog_manager.cc:5697] T ab9092dbc9ba4257b9f73554d206909e P 9171ec49164441dab2210557bcc32113 reported cstate change: term changed from 2 to 3, leader changed from ce920b5192bc4657a29672e77896428a (127.0.114.65) to 9171ec49164441dab2210557bcc32113 (127.0.114.67). New cstate: current_term: 3 leader_uuid: "9171ec49164441dab2210557bcc32113" committed_config { opid_index: -1 OBSOLETE_local: false peers { permanent_uuid: "ce920b5192bc4657a29672e77896428a" member_type: VOTER last_known_addr { host: "127.0.114.65" port: 42255 } health_report { overall_health: UNKNOWN } } peers { permanent_uuid: "ce837c613f3b4ab1a6b034678ef0b313" member_type: VOTER last_known_addr { host: "127.0.114.66" port: 40247 } health_report { overall_health: UNKNOWN } } peers { permanent_uuid: "9171ec49164441dab2210557bcc32113" member_type: VOTER last_known_addr { host: "127.0.114.67" port: 37357 } health_report { overall_health: HEALTHY } } }
I20260713 09:11:04.691843   896 raft_consensus.cc:993] T 194ed0805038469b93680bebb1199ea6 P ce837c613f3b4ab1a6b034678ef0b313: : Instructing follower 9171ec49164441dab2210557bcc32113 to start an election
I20260713 09:11:04.692420   794 raft_consensus.cc:1081] T 194ed0805038469b93680bebb1199ea6 P ce837c613f3b4ab1a6b034678ef0b313 [term 2 LEADER]: Signalling peer 9171ec49164441dab2210557bcc32113 to start an election
I20260713 09:11:04.694110   742 tablet_service.cc:2044] Received Run Leader Election RPC: tablet_id: "194ed0805038469b93680bebb1199ea6"
dest_uuid: "9171ec49164441dab2210557bcc32113"
 from {username='slave'} at 127.0.0.1:43506
I20260713 09:11:04.694653   742 raft_consensus.cc:493] T 194ed0805038469b93680bebb1199ea6 P 9171ec49164441dab2210557bcc32113 [term 2 FOLLOWER]: Starting forced leader election (received explicit request)
I20260713 09:11:04.695067   742 raft_consensus.cc:3060] T 194ed0805038469b93680bebb1199ea6 P 9171ec49164441dab2210557bcc32113 [term 2 FOLLOWER]: Advancing to term 3
I20260713 09:11:04.701243   742 raft_consensus.cc:515] T 194ed0805038469b93680bebb1199ea6 P 9171ec49164441dab2210557bcc32113 [term 3 FOLLOWER]: Starting forced leader election with config: opid_index: -1 OBSOLETE_local: false peers { permanent_uuid: "ce920b5192bc4657a29672e77896428a" member_type: VOTER last_known_addr { host: "127.0.114.65" port: 42255 } } peers { permanent_uuid: "ce837c613f3b4ab1a6b034678ef0b313" member_type: VOTER last_known_addr { host: "127.0.114.66" port: 40247 } } peers { permanent_uuid: "9171ec49164441dab2210557bcc32113" member_type: VOTER last_known_addr { host: "127.0.114.67" port: 37357 } }
I20260713 09:11:04.703226   742 leader_election.cc:290] T 194ed0805038469b93680bebb1199ea6 P 9171ec49164441dab2210557bcc32113 [CANDIDATE]: Term 3 election: Requested vote from peers ce920b5192bc4657a29672e77896428a (127.0.114.65:42255), ce837c613f3b4ab1a6b034678ef0b313 (127.0.114.66:40247)
I20260713 09:11:04.705367   667 tablet_service.cc:1917] Received RequestConsensusVote() RPC: tablet_id: "194ed0805038469b93680bebb1199ea6" candidate_uuid: "9171ec49164441dab2210557bcc32113" candidate_term: 3 candidate_status { last_received { term: 2 index: 2 } } ignore_live_leader: true dest_uuid: "ce837c613f3b4ab1a6b034678ef0b313"
I20260713 09:11:04.706301   667 raft_consensus.cc:3055] T 194ed0805038469b93680bebb1199ea6 P ce837c613f3b4ab1a6b034678ef0b313 [term 2 LEADER]: Stepping down as leader of term 2
I20260713 09:11:04.706094   593 tablet_service.cc:1917] Received RequestConsensusVote() RPC: tablet_id: "194ed0805038469b93680bebb1199ea6" candidate_uuid: "9171ec49164441dab2210557bcc32113" candidate_term: 3 candidate_status { last_received { term: 2 index: 2 } } ignore_live_leader: true dest_uuid: "ce920b5192bc4657a29672e77896428a"
I20260713 09:11:04.706719   667 raft_consensus.cc:740] T 194ed0805038469b93680bebb1199ea6 P ce837c613f3b4ab1a6b034678ef0b313 [term 2 LEADER]: Becoming Follower/Learner. State: Replica: ce837c613f3b4ab1a6b034678ef0b313, State: Running, Role: LEADER
I20260713 09:11:04.707031   593 raft_consensus.cc:3060] T 194ed0805038469b93680bebb1199ea6 P ce920b5192bc4657a29672e77896428a [term 2 FOLLOWER]: Advancing to term 3
I20260713 09:11:04.708388   667 consensus_queue.cc:260] T 194ed0805038469b93680bebb1199ea6 P ce837c613f3b4ab1a6b034678ef0b313 [NON_LEADER]: Queue going to NON_LEADER mode. State: All replicated index: 0, Majority replicated index: 2, Committed index: 2, Last appended: 2.2, Last appended by leader: 2, Current term: 2, Majority size: -1, State: 0, Mode: NON_LEADER, active raft config: opid_index: -1 OBSOLETE_local: false peers { permanent_uuid: "ce920b5192bc4657a29672e77896428a" member_type: VOTER last_known_addr { host: "127.0.114.65" port: 42255 } } peers { permanent_uuid: "ce837c613f3b4ab1a6b034678ef0b313" member_type: VOTER last_known_addr { host: "127.0.114.66" port: 40247 } } peers { permanent_uuid: "9171ec49164441dab2210557bcc32113" member_type: VOTER last_known_addr { host: "127.0.114.67" port: 37357 } }
I20260713 09:11:04.709749   667 raft_consensus.cc:3060] T 194ed0805038469b93680bebb1199ea6 P ce837c613f3b4ab1a6b034678ef0b313 [term 2 FOLLOWER]: Advancing to term 3
I20260713 09:11:04.715113   593 raft_consensus.cc:2468] T 194ed0805038469b93680bebb1199ea6 P ce920b5192bc4657a29672e77896428a [term 3 FOLLOWER]: Leader election vote request: Granting yes vote for candidate 9171ec49164441dab2210557bcc32113 in term 3.
I20260713 09:11:04.716524   707 leader_election.cc:304] T 194ed0805038469b93680bebb1199ea6 P 9171ec49164441dab2210557bcc32113 [CANDIDATE]: Term 3 election: Election decided. Result: candidate won. Election summary: received 2 responses out of 3 voters: 2 yes votes; 0 no votes. yes voters: 9171ec49164441dab2210557bcc32113, ce920b5192bc4657a29672e77896428a; no voters: 
I20260713 09:11:04.717056   667 raft_consensus.cc:2468] T 194ed0805038469b93680bebb1199ea6 P ce837c613f3b4ab1a6b034678ef0b313 [term 3 FOLLOWER]: Leader election vote request: Granting yes vote for candidate 9171ec49164441dab2210557bcc32113 in term 3.
I20260713 09:11:04.717500   885 raft_consensus.cc:2804] T 194ed0805038469b93680bebb1199ea6 P 9171ec49164441dab2210557bcc32113 [term 3 FOLLOWER]: Leader election won for term 3
I20260713 09:11:04.718025   885 raft_consensus.cc:697] T 194ed0805038469b93680bebb1199ea6 P 9171ec49164441dab2210557bcc32113 [term 3 LEADER]: Becoming Leader. State: Replica: 9171ec49164441dab2210557bcc32113, State: Running, Role: LEADER
I20260713 09:11:04.718937   885 consensus_queue.cc:237] T 194ed0805038469b93680bebb1199ea6 P 9171ec49164441dab2210557bcc32113 [LEADER]: Queue going to LEADER mode. State: All replicated index: 0, Majority replicated index: 2, Committed index: 2, Last appended: 2.2, Last appended by leader: 2, Current term: 3, Majority size: 2, State: 0, Mode: LEADER, active raft config: opid_index: -1 OBSOLETE_local: false peers { permanent_uuid: "ce920b5192bc4657a29672e77896428a" member_type: VOTER last_known_addr { host: "127.0.114.65" port: 42255 } } peers { permanent_uuid: "ce837c613f3b4ab1a6b034678ef0b313" member_type: VOTER last_known_addr { host: "127.0.114.66" port: 40247 } } peers { permanent_uuid: "9171ec49164441dab2210557bcc32113" member_type: VOTER last_known_addr { host: "127.0.114.67" port: 37357 } }
I20260713 09:11:04.728091   486 catalog_manager.cc:5697] T 194ed0805038469b93680bebb1199ea6 P 9171ec49164441dab2210557bcc32113 reported cstate change: term changed from 2 to 3, leader changed from ce837c613f3b4ab1a6b034678ef0b313 (127.0.114.66) to 9171ec49164441dab2210557bcc32113 (127.0.114.67). New cstate: current_term: 3 leader_uuid: "9171ec49164441dab2210557bcc32113" committed_config { opid_index: -1 OBSOLETE_local: false peers { permanent_uuid: "ce920b5192bc4657a29672e77896428a" member_type: VOTER last_known_addr { host: "127.0.114.65" port: 42255 } health_report { overall_health: UNKNOWN } } peers { permanent_uuid: "ce837c613f3b4ab1a6b034678ef0b313" member_type: VOTER last_known_addr { host: "127.0.114.66" port: 40247 } health_report { overall_health: UNKNOWN } } peers { permanent_uuid: "9171ec49164441dab2210557bcc32113" member_type: VOTER last_known_addr { host: "127.0.114.67" port: 37357 } health_report { overall_health: HEALTHY } } }
I20260713 09:11:05.104807   667 raft_consensus.cc:1275] T 194ed0805038469b93680bebb1199ea6 P ce837c613f3b4ab1a6b034678ef0b313 [term 3 FOLLOWER]: Refusing update from remote peer 9171ec49164441dab2210557bcc32113: Log matching property violated. Preceding OpId in replica: term: 2 index: 2. Preceding OpId from leader: term: 3 index: 3. (index mismatch)
I20260713 09:11:05.106524   885 consensus_queue.cc:1048] T 194ed0805038469b93680bebb1199ea6 P 9171ec49164441dab2210557bcc32113 [LEADER]: Connected to new peer: Peer: permanent_uuid: "ce837c613f3b4ab1a6b034678ef0b313" member_type: VOTER last_known_addr { host: "127.0.114.66" port: 40247 }, Status: LMP_MISMATCH, Last received: 0.0, Next index: 3, Last known committed idx: 2, Time since last communication: 0.000s
I20260713 09:11:05.125900   667 raft_consensus.cc:1275] T ab9092dbc9ba4257b9f73554d206909e P ce837c613f3b4ab1a6b034678ef0b313 [term 3 FOLLOWER]: Refusing update from remote peer 9171ec49164441dab2210557bcc32113: Log matching property violated. Preceding OpId in replica: term: 2 index: 2. Preceding OpId from leader: term: 3 index: 3. (index mismatch)
I20260713 09:11:05.128810   890 consensus_queue.cc:1048] T ab9092dbc9ba4257b9f73554d206909e P 9171ec49164441dab2210557bcc32113 [LEADER]: Connected to new peer: Peer: permanent_uuid: "ce837c613f3b4ab1a6b034678ef0b313" member_type: VOTER last_known_addr { host: "127.0.114.66" port: 40247 }, Status: LMP_MISMATCH, Last received: 0.0, Next index: 3, Last known committed idx: 2, Time since last communication: 0.000s
I20260713 09:11:05.129545   593 raft_consensus.cc:1275] T 194ed0805038469b93680bebb1199ea6 P ce920b5192bc4657a29672e77896428a [term 3 FOLLOWER]: Refusing update from remote peer 9171ec49164441dab2210557bcc32113: Log matching property violated. Preceding OpId in replica: term: 2 index: 2. Preceding OpId from leader: term: 3 index: 3. (index mismatch)
I20260713 09:11:05.130980   890 consensus_queue.cc:1048] T 194ed0805038469b93680bebb1199ea6 P 9171ec49164441dab2210557bcc32113 [LEADER]: Connected to new peer: Peer: permanent_uuid: "ce920b5192bc4657a29672e77896428a" member_type: VOTER last_known_addr { host: "127.0.114.65" port: 42255 }, Status: LMP_MISMATCH, Last received: 0.0, Next index: 3, Last known committed idx: 2, Time since last communication: 0.000s
I20260713 09:11:05.149530   593 raft_consensus.cc:1275] T ab9092dbc9ba4257b9f73554d206909e P ce920b5192bc4657a29672e77896428a [term 3 FOLLOWER]: Refusing update from remote peer 9171ec49164441dab2210557bcc32113: Log matching property violated. Preceding OpId in replica: term: 2 index: 2. Preceding OpId from leader: term: 3 index: 3. (index mismatch)
I20260713 09:11:05.150889   885 consensus_queue.cc:1048] T ab9092dbc9ba4257b9f73554d206909e P 9171ec49164441dab2210557bcc32113 [LEADER]: Connected to new peer: Peer: permanent_uuid: "ce920b5192bc4657a29672e77896428a" member_type: VOTER last_known_addr { host: "127.0.114.65" port: 42255 }, Status: LMP_MISMATCH, Last received: 0.0, Next index: 3, Last known committed idx: 2, Time since last communication: 0.000s
I20260713 09:11:05.464277   457 auto_leader_rebalancer.cc:141] leader rebalance for table test-workload
I20260713 09:11:05.477526   594 tablet_service.cc:2072] Received LeaderStepDown RPC: tablet_id: "8422767b77bb44b2b3bf4816264b0c7c"
dest_uuid: "ce920b5192bc4657a29672e77896428a"
mode: GRACEFUL
new_leader_uuid: "ce837c613f3b4ab1a6b034678ef0b313"
 from {username='slave'} at 127.0.0.1:48110
I20260713 09:11:05.478259   594 raft_consensus.cc:606] T 8422767b77bb44b2b3bf4816264b0c7c P ce920b5192bc4657a29672e77896428a [term 2 LEADER]: Received request to transfer leadership to TS ce837c613f3b4ab1a6b034678ef0b313
I20260713 09:11:05.484594   594 tablet_service.cc:2072] Received LeaderStepDown RPC: tablet_id: "00a35165fd384d20adb13bee9448c6bc"
dest_uuid: "ce920b5192bc4657a29672e77896428a"
mode: GRACEFUL
new_leader_uuid: "ce837c613f3b4ab1a6b034678ef0b313"
 from {username='slave'} at 127.0.0.1:48110
I20260713 09:11:05.485278   594 raft_consensus.cc:606] T 00a35165fd384d20adb13bee9448c6bc P ce920b5192bc4657a29672e77896428a [term 2 LEADER]: Received request to transfer leadership to TS ce837c613f3b4ab1a6b034678ef0b313
I20260713 09:11:05.491350   594 tablet_service.cc:2072] Received LeaderStepDown RPC: tablet_id: "0b980813326c41ff8b1c2f5fcaf4e669"
dest_uuid: "ce920b5192bc4657a29672e77896428a"
mode: GRACEFUL
new_leader_uuid: "ce837c613f3b4ab1a6b034678ef0b313"
 from {username='slave'} at 127.0.0.1:48110
I20260713 09:11:05.491907   594 raft_consensus.cc:606] T 0b980813326c41ff8b1c2f5fcaf4e669 P ce920b5192bc4657a29672e77896428a [term 1 LEADER]: Received request to transfer leadership to TS ce837c613f3b4ab1a6b034678ef0b313
I20260713 09:11:05.497462   742 tablet_service.cc:2072] Received LeaderStepDown RPC: tablet_id: "ab9092dbc9ba4257b9f73554d206909e"
dest_uuid: "9171ec49164441dab2210557bcc32113"
mode: GRACEFUL
new_leader_uuid: "ce837c613f3b4ab1a6b034678ef0b313"
 from {username='slave'} at 127.0.0.1:57878
I20260713 09:11:05.497937   742 raft_consensus.cc:606] T ab9092dbc9ba4257b9f73554d206909e P 9171ec49164441dab2210557bcc32113 [term 3 LEADER]: Received request to transfer leadership to TS ce837c613f3b4ab1a6b034678ef0b313
I20260713 09:11:05.513229   742 tablet_service.cc:2072] Received LeaderStepDown RPC: tablet_id: "194ed0805038469b93680bebb1199ea6"
dest_uuid: "9171ec49164441dab2210557bcc32113"
mode: GRACEFUL
new_leader_uuid: "ce837c613f3b4ab1a6b034678ef0b313"
 from {username='slave'} at 127.0.0.1:57878
I20260713 09:11:05.513922   742 raft_consensus.cc:606] T 194ed0805038469b93680bebb1199ea6 P 9171ec49164441dab2210557bcc32113 [term 3 LEADER]: Received request to transfer leadership to TS ce837c613f3b4ab1a6b034678ef0b313
I20260713 09:11:05.604588   885 raft_consensus.cc:993] T 194ed0805038469b93680bebb1199ea6 P 9171ec49164441dab2210557bcc32113: : Instructing follower ce837c613f3b4ab1a6b034678ef0b313 to start an election
I20260713 09:11:05.605171   900 raft_consensus.cc:1081] T 194ed0805038469b93680bebb1199ea6 P 9171ec49164441dab2210557bcc32113 [term 3 LEADER]: Signalling peer ce837c613f3b4ab1a6b034678ef0b313 to start an election
I20260713 09:11:05.606972   667 tablet_service.cc:2044] Received Run Leader Election RPC: tablet_id: "194ed0805038469b93680bebb1199ea6"
dest_uuid: "ce837c613f3b4ab1a6b034678ef0b313"
 from {username='slave'} at 127.0.0.1:37642
I20260713 09:11:05.607595   667 raft_consensus.cc:493] T 194ed0805038469b93680bebb1199ea6 P ce837c613f3b4ab1a6b034678ef0b313 [term 3 FOLLOWER]: Starting forced leader election (received explicit request)
I20260713 09:11:05.608004   667 raft_consensus.cc:3060] T 194ed0805038469b93680bebb1199ea6 P ce837c613f3b4ab1a6b034678ef0b313 [term 3 FOLLOWER]: Advancing to term 4
I20260713 09:11:05.616329   667 raft_consensus.cc:515] T 194ed0805038469b93680bebb1199ea6 P ce837c613f3b4ab1a6b034678ef0b313 [term 4 FOLLOWER]: Starting forced leader election with config: opid_index: -1 OBSOLETE_local: false peers { permanent_uuid: "ce920b5192bc4657a29672e77896428a" member_type: VOTER last_known_addr { host: "127.0.114.65" port: 42255 } } peers { permanent_uuid: "ce837c613f3b4ab1a6b034678ef0b313" member_type: VOTER last_known_addr { host: "127.0.114.66" port: 40247 } } peers { permanent_uuid: "9171ec49164441dab2210557bcc32113" member_type: VOTER last_known_addr { host: "127.0.114.67" port: 37357 } }
I20260713 09:11:05.618412   667 leader_election.cc:290] T 194ed0805038469b93680bebb1199ea6 P ce837c613f3b4ab1a6b034678ef0b313 [CANDIDATE]: Term 4 election: Requested vote from peers ce920b5192bc4657a29672e77896428a (127.0.114.65:42255), 9171ec49164441dab2210557bcc32113 (127.0.114.67:37357)
I20260713 09:11:05.619185   594 tablet_service.cc:1917] Received RequestConsensusVote() RPC: tablet_id: "194ed0805038469b93680bebb1199ea6" candidate_uuid: "ce837c613f3b4ab1a6b034678ef0b313" candidate_term: 4 candidate_status { last_received { term: 3 index: 3 } } ignore_live_leader: true dest_uuid: "ce920b5192bc4657a29672e77896428a"
I20260713 09:11:05.619598   742 tablet_service.cc:1917] Received RequestConsensusVote() RPC: tablet_id: "194ed0805038469b93680bebb1199ea6" candidate_uuid: "ce837c613f3b4ab1a6b034678ef0b313" candidate_term: 4 candidate_status { last_received { term: 3 index: 3 } } ignore_live_leader: true dest_uuid: "9171ec49164441dab2210557bcc32113"
I20260713 09:11:05.619832   594 raft_consensus.cc:3060] T 194ed0805038469b93680bebb1199ea6 P ce920b5192bc4657a29672e77896428a [term 3 FOLLOWER]: Advancing to term 4
I20260713 09:11:05.624894   594 raft_consensus.cc:2468] T 194ed0805038469b93680bebb1199ea6 P ce920b5192bc4657a29672e77896428a [term 4 FOLLOWER]: Leader election vote request: Granting yes vote for candidate ce837c613f3b4ab1a6b034678ef0b313 in term 4.
I20260713 09:11:05.625386   742 raft_consensus.cc:3055] T 194ed0805038469b93680bebb1199ea6 P 9171ec49164441dab2210557bcc32113 [term 3 LEADER]: Stepping down as leader of term 3
I20260713 09:11:05.625761   742 raft_consensus.cc:740] T 194ed0805038469b93680bebb1199ea6 P 9171ec49164441dab2210557bcc32113 [term 3 LEADER]: Becoming Follower/Learner. State: Replica: 9171ec49164441dab2210557bcc32113, State: Running, Role: LEADER
I20260713 09:11:05.625952   633 leader_election.cc:304] T 194ed0805038469b93680bebb1199ea6 P ce837c613f3b4ab1a6b034678ef0b313 [CANDIDATE]: Term 4 election: Election decided. Result: candidate won. Election summary: received 2 responses out of 3 voters: 2 yes votes; 0 no votes. yes voters: ce837c613f3b4ab1a6b034678ef0b313, ce920b5192bc4657a29672e77896428a; no voters: 
I20260713 09:11:05.626842   896 raft_consensus.cc:2804] T 194ed0805038469b93680bebb1199ea6 P ce837c613f3b4ab1a6b034678ef0b313 [term 4 FOLLOWER]: Leader election won for term 4
I20260713 09:11:05.626638   742 consensus_queue.cc:260] T 194ed0805038469b93680bebb1199ea6 P 9171ec49164441dab2210557bcc32113 [NON_LEADER]: Queue going to NON_LEADER mode. State: All replicated index: 0, Majority replicated index: 3, Committed index: 3, Last appended: 3.3, Last appended by leader: 3, Current term: 3, Majority size: -1, State: 0, Mode: NON_LEADER, active raft config: opid_index: -1 OBSOLETE_local: false peers { permanent_uuid: "ce920b5192bc4657a29672e77896428a" member_type: VOTER last_known_addr { host: "127.0.114.65" port: 42255 } } peers { permanent_uuid: "ce837c613f3b4ab1a6b034678ef0b313" member_type: VOTER last_known_addr { host: "127.0.114.66" port: 40247 } } peers { permanent_uuid: "9171ec49164441dab2210557bcc32113" member_type: VOTER last_known_addr { host: "127.0.114.67" port: 37357 } }
I20260713 09:11:05.627305   896 raft_consensus.cc:697] T 194ed0805038469b93680bebb1199ea6 P ce837c613f3b4ab1a6b034678ef0b313 [term 4 LEADER]: Becoming Leader. State: Replica: ce837c613f3b4ab1a6b034678ef0b313, State: Running, Role: LEADER
I20260713 09:11:05.627946   742 raft_consensus.cc:3060] T 194ed0805038469b93680bebb1199ea6 P 9171ec49164441dab2210557bcc32113 [term 3 FOLLOWER]: Advancing to term 4
I20260713 09:11:05.628180   896 consensus_queue.cc:237] T 194ed0805038469b93680bebb1199ea6 P ce837c613f3b4ab1a6b034678ef0b313 [LEADER]: Queue going to LEADER mode. State: All replicated index: 0, Majority replicated index: 3, Committed index: 3, Last appended: 3.3, Last appended by leader: 3, Current term: 4, Majority size: 2, State: 0, Mode: LEADER, active raft config: opid_index: -1 OBSOLETE_local: false peers { permanent_uuid: "ce920b5192bc4657a29672e77896428a" member_type: VOTER last_known_addr { host: "127.0.114.65" port: 42255 } } peers { permanent_uuid: "ce837c613f3b4ab1a6b034678ef0b313" member_type: VOTER last_known_addr { host: "127.0.114.66" port: 40247 } } peers { permanent_uuid: "9171ec49164441dab2210557bcc32113" member_type: VOTER last_known_addr { host: "127.0.114.67" port: 37357 } }
I20260713 09:11:05.634546   486 catalog_manager.cc:5697] T 194ed0805038469b93680bebb1199ea6 P ce837c613f3b4ab1a6b034678ef0b313 reported cstate change: term changed from 3 to 4, leader changed from 9171ec49164441dab2210557bcc32113 (127.0.114.67) to ce837c613f3b4ab1a6b034678ef0b313 (127.0.114.66). New cstate: current_term: 4 leader_uuid: "ce837c613f3b4ab1a6b034678ef0b313" committed_config { opid_index: -1 OBSOLETE_local: false peers { permanent_uuid: "ce920b5192bc4657a29672e77896428a" member_type: VOTER last_known_addr { host: "127.0.114.65" port: 42255 } health_report { overall_health: UNKNOWN } } peers { permanent_uuid: "ce837c613f3b4ab1a6b034678ef0b313" member_type: VOTER last_known_addr { host: "127.0.114.66" port: 40247 } health_report { overall_health: HEALTHY } } peers { permanent_uuid: "9171ec49164441dab2210557bcc32113" member_type: VOTER last_known_addr { host: "127.0.114.67" port: 37357 } health_report { overall_health: UNKNOWN } } }
I20260713 09:11:05.635291   742 raft_consensus.cc:2468] T 194ed0805038469b93680bebb1199ea6 P 9171ec49164441dab2210557bcc32113 [term 4 FOLLOWER]: Leader election vote request: Granting yes vote for candidate ce837c613f3b4ab1a6b034678ef0b313 in term 4.
I20260713 09:11:05.661917   885 raft_consensus.cc:993] T ab9092dbc9ba4257b9f73554d206909e P 9171ec49164441dab2210557bcc32113: : Instructing follower ce837c613f3b4ab1a6b034678ef0b313 to start an election
I20260713 09:11:05.662489   900 raft_consensus.cc:1081] T ab9092dbc9ba4257b9f73554d206909e P 9171ec49164441dab2210557bcc32113 [term 3 LEADER]: Signalling peer ce837c613f3b4ab1a6b034678ef0b313 to start an election
I20260713 09:11:05.664208   667 tablet_service.cc:2044] Received Run Leader Election RPC: tablet_id: "ab9092dbc9ba4257b9f73554d206909e"
dest_uuid: "ce837c613f3b4ab1a6b034678ef0b313"
 from {username='slave'} at 127.0.0.1:37642
I20260713 09:11:05.664758   667 raft_consensus.cc:493] T ab9092dbc9ba4257b9f73554d206909e P ce837c613f3b4ab1a6b034678ef0b313 [term 3 FOLLOWER]: Starting forced leader election (received explicit request)
I20260713 09:11:05.665120   667 raft_consensus.cc:3060] T ab9092dbc9ba4257b9f73554d206909e P ce837c613f3b4ab1a6b034678ef0b313 [term 3 FOLLOWER]: Advancing to term 4
I20260713 09:11:05.666975   909 raft_consensus.cc:993] T 00a35165fd384d20adb13bee9448c6bc P ce920b5192bc4657a29672e77896428a: : Instructing follower ce837c613f3b4ab1a6b034678ef0b313 to start an election
I20260713 09:11:05.667488   791 raft_consensus.cc:1081] T 00a35165fd384d20adb13bee9448c6bc P ce920b5192bc4657a29672e77896428a [term 2 LEADER]: Signalling peer ce837c613f3b4ab1a6b034678ef0b313 to start an election
I20260713 09:11:05.669377   669 tablet_service.cc:2044] Received Run Leader Election RPC: tablet_id: "00a35165fd384d20adb13bee9448c6bc"
dest_uuid: "ce837c613f3b4ab1a6b034678ef0b313"
 from {username='slave'} at 127.0.0.1:37640
I20260713 09:11:05.669970   669 raft_consensus.cc:493] T 00a35165fd384d20adb13bee9448c6bc P ce837c613f3b4ab1a6b034678ef0b313 [term 2 FOLLOWER]: Starting forced leader election (received explicit request)
I20260713 09:11:05.670356   669 raft_consensus.cc:3060] T 00a35165fd384d20adb13bee9448c6bc P ce837c613f3b4ab1a6b034678ef0b313 [term 2 FOLLOWER]: Advancing to term 3
I20260713 09:11:05.672199   667 raft_consensus.cc:515] T ab9092dbc9ba4257b9f73554d206909e P ce837c613f3b4ab1a6b034678ef0b313 [term 4 FOLLOWER]: Starting forced leader election with config: opid_index: -1 OBSOLETE_local: false peers { permanent_uuid: "ce920b5192bc4657a29672e77896428a" member_type: VOTER last_known_addr { host: "127.0.114.65" port: 42255 } } peers { permanent_uuid: "ce837c613f3b4ab1a6b034678ef0b313" member_type: VOTER last_known_addr { host: "127.0.114.66" port: 40247 } } peers { permanent_uuid: "9171ec49164441dab2210557bcc32113" member_type: VOTER last_known_addr { host: "127.0.114.67" port: 37357 } }
I20260713 09:11:05.674402   667 leader_election.cc:290] T ab9092dbc9ba4257b9f73554d206909e P ce837c613f3b4ab1a6b034678ef0b313 [CANDIDATE]: Term 4 election: Requested vote from peers ce920b5192bc4657a29672e77896428a (127.0.114.65:42255), 9171ec49164441dab2210557bcc32113 (127.0.114.67:37357)
I20260713 09:11:05.675832   742 tablet_service.cc:1917] Received RequestConsensusVote() RPC: tablet_id: "ab9092dbc9ba4257b9f73554d206909e" candidate_uuid: "ce837c613f3b4ab1a6b034678ef0b313" candidate_term: 4 candidate_status { last_received { term: 3 index: 3 } } ignore_live_leader: true dest_uuid: "9171ec49164441dab2210557bcc32113"
I20260713 09:11:05.676465   742 raft_consensus.cc:3055] T ab9092dbc9ba4257b9f73554d206909e P 9171ec49164441dab2210557bcc32113 [term 3 LEADER]: Stepping down as leader of term 3
I20260713 09:11:05.676780   742 raft_consensus.cc:740] T ab9092dbc9ba4257b9f73554d206909e P 9171ec49164441dab2210557bcc32113 [term 3 LEADER]: Becoming Follower/Learner. State: Replica: 9171ec49164441dab2210557bcc32113, State: Running, Role: LEADER
I20260713 09:11:05.676955   594 tablet_service.cc:1917] Received RequestConsensusVote() RPC: tablet_id: "ab9092dbc9ba4257b9f73554d206909e" candidate_uuid: "ce837c613f3b4ab1a6b034678ef0b313" candidate_term: 4 candidate_status { last_received { term: 3 index: 3 } } ignore_live_leader: true dest_uuid: "ce920b5192bc4657a29672e77896428a"
I20260713 09:11:05.677587   594 raft_consensus.cc:3060] T ab9092dbc9ba4257b9f73554d206909e P ce920b5192bc4657a29672e77896428a [term 3 FOLLOWER]: Advancing to term 4
I20260713 09:11:05.677743   669 raft_consensus.cc:515] T 00a35165fd384d20adb13bee9448c6bc P ce837c613f3b4ab1a6b034678ef0b313 [term 3 FOLLOWER]: Starting forced leader election with config: opid_index: -1 OBSOLETE_local: false peers { permanent_uuid: "ce920b5192bc4657a29672e77896428a" member_type: VOTER last_known_addr { host: "127.0.114.65" port: 42255 } } peers { permanent_uuid: "ce837c613f3b4ab1a6b034678ef0b313" member_type: VOTER last_known_addr { host: "127.0.114.66" port: 40247 } } peers { permanent_uuid: "9171ec49164441dab2210557bcc32113" member_type: VOTER last_known_addr { host: "127.0.114.67" port: 37357 } }
I20260713 09:11:05.677662   742 consensus_queue.cc:260] T ab9092dbc9ba4257b9f73554d206909e P 9171ec49164441dab2210557bcc32113 [NON_LEADER]: Queue going to NON_LEADER mode. State: All replicated index: 0, Majority replicated index: 3, Committed index: 3, Last appended: 3.3, Last appended by leader: 3, Current term: 3, Majority size: -1, State: 0, Mode: NON_LEADER, active raft config: opid_index: -1 OBSOLETE_local: false peers { permanent_uuid: "ce920b5192bc4657a29672e77896428a" member_type: VOTER last_known_addr { host: "127.0.114.65" port: 42255 } } peers { permanent_uuid: "ce837c613f3b4ab1a6b034678ef0b313" member_type: VOTER last_known_addr { host: "127.0.114.66" port: 40247 } } peers { permanent_uuid: "9171ec49164441dab2210557bcc32113" member_type: VOTER last_known_addr { host: "127.0.114.67" port: 37357 } }
I20260713 09:11:05.679597   742 raft_consensus.cc:3060] T ab9092dbc9ba4257b9f73554d206909e P 9171ec49164441dab2210557bcc32113 [term 3 FOLLOWER]: Advancing to term 4
I20260713 09:11:05.681648   741 tablet_service.cc:1917] Received RequestConsensusVote() RPC: tablet_id: "00a35165fd384d20adb13bee9448c6bc" candidate_uuid: "ce837c613f3b4ab1a6b034678ef0b313" candidate_term: 3 candidate_status { last_received { term: 2 index: 2 } } ignore_live_leader: true dest_uuid: "9171ec49164441dab2210557bcc32113"
I20260713 09:11:05.682437   741 raft_consensus.cc:3060] T 00a35165fd384d20adb13bee9448c6bc P 9171ec49164441dab2210557bcc32113 [term 2 FOLLOWER]: Advancing to term 3
I20260713 09:11:05.685559   594 raft_consensus.cc:2468] T ab9092dbc9ba4257b9f73554d206909e P ce920b5192bc4657a29672e77896428a [term 4 FOLLOWER]: Leader election vote request: Granting yes vote for candidate ce837c613f3b4ab1a6b034678ef0b313 in term 4.
I20260713 09:11:05.686997   633 leader_election.cc:304] T ab9092dbc9ba4257b9f73554d206909e P ce837c613f3b4ab1a6b034678ef0b313 [CANDIDATE]: Term 4 election: Election decided. Result: candidate won. Election summary: received 2 responses out of 3 voters: 2 yes votes; 0 no votes. yes voters: ce837c613f3b4ab1a6b034678ef0b313, ce920b5192bc4657a29672e77896428a; no voters: 
I20260713 09:11:05.680141   669 leader_election.cc:290] T 00a35165fd384d20adb13bee9448c6bc P ce837c613f3b4ab1a6b034678ef0b313 [CANDIDATE]: Term 3 election: Requested vote from peers ce920b5192bc4657a29672e77896428a (127.0.114.65:42255), 9171ec49164441dab2210557bcc32113 (127.0.114.67:37357)
I20260713 09:11:05.681638   593 tablet_service.cc:1917] Received RequestConsensusVote() RPC: tablet_id: "00a35165fd384d20adb13bee9448c6bc" candidate_uuid: "ce837c613f3b4ab1a6b034678ef0b313" candidate_term: 3 candidate_status { last_received { term: 2 index: 2 } } ignore_live_leader: true dest_uuid: "ce920b5192bc4657a29672e77896428a"
I20260713 09:11:05.687961   896 raft_consensus.cc:2804] T ab9092dbc9ba4257b9f73554d206909e P ce837c613f3b4ab1a6b034678ef0b313 [term 4 FOLLOWER]: Leader election won for term 4
I20260713 09:11:05.688390   593 raft_consensus.cc:3055] T 00a35165fd384d20adb13bee9448c6bc P ce920b5192bc4657a29672e77896428a [term 2 LEADER]: Stepping down as leader of term 2
I20260713 09:11:05.688529   896 raft_consensus.cc:697] T ab9092dbc9ba4257b9f73554d206909e P ce837c613f3b4ab1a6b034678ef0b313 [term 4 LEADER]: Becoming Leader. State: Replica: ce837c613f3b4ab1a6b034678ef0b313, State: Running, Role: LEADER
I20260713 09:11:05.688753   593 raft_consensus.cc:740] T 00a35165fd384d20adb13bee9448c6bc P ce920b5192bc4657a29672e77896428a [term 2 LEADER]: Becoming Follower/Learner. State: Replica: ce920b5192bc4657a29672e77896428a, State: Running, Role: LEADER
I20260713 09:11:05.689471   896 consensus_queue.cc:237] T ab9092dbc9ba4257b9f73554d206909e P ce837c613f3b4ab1a6b034678ef0b313 [LEADER]: Queue going to LEADER mode. State: All replicated index: 0, Majority replicated index: 3, Committed index: 3, Last appended: 3.3, Last appended by leader: 3, Current term: 4, Majority size: 2, State: 0, Mode: LEADER, active raft config: opid_index: -1 OBSOLETE_local: false peers { permanent_uuid: "ce920b5192bc4657a29672e77896428a" member_type: VOTER last_known_addr { host: "127.0.114.65" port: 42255 } } peers { permanent_uuid: "ce837c613f3b4ab1a6b034678ef0b313" member_type: VOTER last_known_addr { host: "127.0.114.66" port: 40247 } } peers { permanent_uuid: "9171ec49164441dab2210557bcc32113" member_type: VOTER last_known_addr { host: "127.0.114.67" port: 37357 } }
I20260713 09:11:05.689546   593 consensus_queue.cc:260] T 00a35165fd384d20adb13bee9448c6bc P ce920b5192bc4657a29672e77896428a [NON_LEADER]: Queue going to NON_LEADER mode. State: All replicated index: 0, Majority replicated index: 2, Committed index: 2, Last appended: 2.2, Last appended by leader: 2, Current term: 2, Majority size: -1, State: 0, Mode: NON_LEADER, active raft config: opid_index: -1 OBSOLETE_local: false peers { permanent_uuid: "ce920b5192bc4657a29672e77896428a" member_type: VOTER last_known_addr { host: "127.0.114.65" port: 42255 } } peers { permanent_uuid: "ce837c613f3b4ab1a6b034678ef0b313" member_type: VOTER last_known_addr { host: "127.0.114.66" port: 40247 } } peers { permanent_uuid: "9171ec49164441dab2210557bcc32113" member_type: VOTER last_known_addr { host: "127.0.114.67" port: 37357 } }
I20260713 09:11:05.690724   741 raft_consensus.cc:2468] T 00a35165fd384d20adb13bee9448c6bc P 9171ec49164441dab2210557bcc32113 [term 3 FOLLOWER]: Leader election vote request: Granting yes vote for candidate ce837c613f3b4ab1a6b034678ef0b313 in term 3.
I20260713 09:11:05.691010   593 raft_consensus.cc:3060] T 00a35165fd384d20adb13bee9448c6bc P ce920b5192bc4657a29672e77896428a [term 2 FOLLOWER]: Advancing to term 3
I20260713 09:11:05.692070   633 leader_election.cc:304] T 00a35165fd384d20adb13bee9448c6bc P ce837c613f3b4ab1a6b034678ef0b313 [CANDIDATE]: Term 3 election: Election decided. Result: candidate won. Election summary: received 2 responses out of 3 voters: 2 yes votes; 0 no votes. yes voters: 9171ec49164441dab2210557bcc32113, ce837c613f3b4ab1a6b034678ef0b313; no voters: 
I20260713 09:11:05.692833   794 raft_consensus.cc:2804] T 00a35165fd384d20adb13bee9448c6bc P ce837c613f3b4ab1a6b034678ef0b313 [term 3 FOLLOWER]: Leader election won for term 3
