I20260713 09:11:22.534041  1190 raft_consensus.cc:2468] T 1b00fbdcb6ec423b889c34772fc4649d P 71b58bb298134db1bead0b0101e88eee [term 1 FOLLOWER]: Leader election vote request: Granting yes vote for candidate acb7d962711d4d9fb7a82060685b00c2 in term 1.
I20260713 09:11:22.537737  1384 leader_election.cc:290] T 1b00fbdcb6ec423b889c34772fc4649d P acb7d962711d4d9fb7a82060685b00c2 [CANDIDATE]: Term 1 election: Requested vote from peers 71b58bb298134db1bead0b0101e88eee (127.31.197.1:40663), 35edb4972e5645fdabe8d8f7dcedc112 (127.31.197.3:38655)
I20260713 09:11:22.537890  1232 leader_election.cc:304] T 1b00fbdcb6ec423b889c34772fc4649d P acb7d962711d4d9fb7a82060685b00c2 [CANDIDATE]: Term 1 election: Election decided. Result: candidate won. Election summary: received 2 responses out of 3 voters: 2 yes votes; 0 no votes. yes voters: 71b58bb298134db1bead0b0101e88eee, acb7d962711d4d9fb7a82060685b00c2; no voters: 
I20260713 09:11:22.538772  1384 raft_consensus.cc:2804] T 1b00fbdcb6ec423b889c34772fc4649d P acb7d962711d4d9fb7a82060685b00c2 [term 1 FOLLOWER]: Leader election won for term 1
I20260713 09:11:22.538380  1089 catalog_manager.cc:5697] T 0a59ad456b7d4fe7bb45e754239df462 P 71b58bb298134db1bead0b0101e88eee reported cstate change: term changed from 0 to 1, leader changed from <none> to 71b58bb298134db1bead0b0101e88eee (127.31.197.1). New cstate: current_term: 1 leader_uuid: "71b58bb298134db1bead0b0101e88eee" committed_config { opid_index: -1 OBSOLETE_local: false peers { permanent_uuid: "71b58bb298134db1bead0b0101e88eee" member_type: VOTER last_known_addr { host: "127.31.197.1" port: 40663 } health_report { overall_health: HEALTHY } } peers { permanent_uuid: "acb7d962711d4d9fb7a82060685b00c2" member_type: VOTER last_known_addr { host: "127.31.197.2" port: 34771 } health_report { overall_health: UNKNOWN } } peers { permanent_uuid: "35edb4972e5645fdabe8d8f7dcedc112" member_type: VOTER last_known_addr { host: "127.31.197.3" port: 38655 } health_report { overall_health: UNKNOWN } } }
I20260713 09:11:22.539228  1384 raft_consensus.cc:697] T 1b00fbdcb6ec423b889c34772fc4649d P acb7d962711d4d9fb7a82060685b00c2 [term 1 LEADER]: Becoming Leader. State: Replica: acb7d962711d4d9fb7a82060685b00c2, State: Running, Role: LEADER
I20260713 09:11:22.540012  1384 consensus_queue.cc:237] T 1b00fbdcb6ec423b889c34772fc4649d P acb7d962711d4d9fb7a82060685b00c2 [LEADER]: Queue going to LEADER mode. State: All replicated index: 0, Majority replicated index: 0, Committed index: 0, Last appended: 0.0, Last appended by leader: 0, Current term: 1, Majority size: 2, State: 0, Mode: LEADER, active raft config: opid_index: -1 OBSOLETE_local: false peers { permanent_uuid: "71b58bb298134db1bead0b0101e88eee" member_type: VOTER last_known_addr { host: "127.31.197.1" port: 40663 } } peers { permanent_uuid: "acb7d962711d4d9fb7a82060685b00c2" member_type: VOTER last_known_addr { host: "127.31.197.2" port: 34771 } } peers { permanent_uuid: "35edb4972e5645fdabe8d8f7dcedc112" member_type: VOTER last_known_addr { host: "127.31.197.3" port: 38655 } }
I20260713 09:11:22.523849  1192 raft_consensus.cc:2468] T 4d67d3e18bc54ddc8b672729c5b8be46 P 71b58bb298134db1bead0b0101e88eee [term 1 FOLLOWER]: Leader election vote request: Granting yes vote for candidate 35edb4972e5645fdabe8d8f7dcedc112 in term 1.
I20260713 09:11:22.542416  1341 tablet_service.cc:1917] Received RequestConsensusVote() RPC: tablet_id: "1b00fbdcb6ec423b889c34772fc4649d" candidate_uuid: "acb7d962711d4d9fb7a82060685b00c2" candidate_term: 1 candidate_status { last_received { term: 0 index: 0 } } ignore_live_leader: false dest_uuid: "35edb4972e5645fdabe8d8f7dcedc112"
I20260713 09:11:22.542992  1341 raft_consensus.cc:3060] T 1b00fbdcb6ec423b889c34772fc4649d P 35edb4972e5645fdabe8d8f7dcedc112 [term 0 FOLLOWER]: Advancing to term 1
I20260713 09:11:22.552352  1387 tablet_bootstrap.cc:492] T 5e5b12a137e64d10b8e3b3f85feb2e01 P 35edb4972e5645fdabe8d8f7dcedc112: No bootstrap required, opened a new log
I20260713 09:11:22.553253  1387 ts_tablet_manager.cc:1403] T 5e5b12a137e64d10b8e3b3f85feb2e01 P 35edb4972e5645fdabe8d8f7dcedc112: Time spent bootstrapping tablet: real 0.041s	user 0.011s	sys 0.020s
I20260713 09:11:22.553694  1341 raft_consensus.cc:2468] T 1b00fbdcb6ec423b889c34772fc4649d P 35edb4972e5645fdabe8d8f7dcedc112 [term 1 FOLLOWER]: Leader election vote request: Granting yes vote for candidate acb7d962711d4d9fb7a82060685b00c2 in term 1.
I20260713 09:11:22.555778  1387 raft_consensus.cc:359] T 5e5b12a137e64d10b8e3b3f85feb2e01 P 35edb4972e5645fdabe8d8f7dcedc112 [term 0 FOLLOWER]: Replica starting. Triggering 0 pending ops. Active config: opid_index: -1 OBSOLETE_local: false peers { permanent_uuid: "71b58bb298134db1bead0b0101e88eee" member_type: VOTER last_known_addr { host: "127.31.197.1" port: 40663 } } peers { permanent_uuid: "acb7d962711d4d9fb7a82060685b00c2" member_type: VOTER last_known_addr { host: "127.31.197.2" port: 34771 } } peers { permanent_uuid: "35edb4972e5645fdabe8d8f7dcedc112" member_type: VOTER last_known_addr { host: "127.31.197.3" port: 38655 } }
I20260713 09:11:22.556553  1387 raft_consensus.cc:385] T 5e5b12a137e64d10b8e3b3f85feb2e01 P 35edb4972e5645fdabe8d8f7dcedc112 [term 0 FOLLOWER]: Consensus starting up: Expiring failure detector timer to make a prompt election more likely
I20260713 09:11:22.556872  1387 raft_consensus.cc:740] T 5e5b12a137e64d10b8e3b3f85feb2e01 P 35edb4972e5645fdabe8d8f7dcedc112 [term 0 FOLLOWER]: Becoming Follower/Learner. State: Replica: 35edb4972e5645fdabe8d8f7dcedc112, State: Initialized, Role: FOLLOWER
I20260713 09:11:22.557564  1387 consensus_queue.cc:260] T 5e5b12a137e64d10b8e3b3f85feb2e01 P 35edb4972e5645fdabe8d8f7dcedc112 [NON_LEADER]: Queue going to NON_LEADER mode. State: All replicated index: 0, Majority replicated index: 0, Committed index: 0, Last appended: 0.0, Last appended by leader: 0, Current term: 0, Majority size: -1, State: 0, Mode: NON_LEADER, active raft config: opid_index: -1 OBSOLETE_local: false peers { permanent_uuid: "71b58bb298134db1bead0b0101e88eee" member_type: VOTER last_known_addr { host: "127.31.197.1" port: 40663 } } peers { permanent_uuid: "acb7d962711d4d9fb7a82060685b00c2" member_type: VOTER last_known_addr { host: "127.31.197.2" port: 34771 } } peers { permanent_uuid: "35edb4972e5645fdabe8d8f7dcedc112" member_type: VOTER last_known_addr { host: "127.31.197.3" port: 38655 } }
I20260713 09:11:22.559571  1387 ts_tablet_manager.cc:1434] T 5e5b12a137e64d10b8e3b3f85feb2e01 P 35edb4972e5645fdabe8d8f7dcedc112: Time spent starting tablet: real 0.006s	user 0.003s	sys 0.000s
I20260713 09:11:22.560478  1387 tablet_bootstrap.cc:492] T be422f7bf47a4f77a4867c1d4085fa22 P 35edb4972e5645fdabe8d8f7dcedc112: Bootstrap starting.
I20260713 09:11:22.561920  1088 catalog_manager.cc:5697] T 1b00fbdcb6ec423b889c34772fc4649d P acb7d962711d4d9fb7a82060685b00c2 reported cstate change: term changed from 0 to 1, leader changed from <none> to acb7d962711d4d9fb7a82060685b00c2 (127.31.197.2). New cstate: current_term: 1 leader_uuid: "acb7d962711d4d9fb7a82060685b00c2" committed_config { opid_index: -1 OBSOLETE_local: false peers { permanent_uuid: "71b58bb298134db1bead0b0101e88eee" member_type: VOTER last_known_addr { host: "127.31.197.1" port: 40663 } health_report { overall_health: UNKNOWN } } peers { permanent_uuid: "acb7d962711d4d9fb7a82060685b00c2" member_type: VOTER last_known_addr { host: "127.31.197.2" port: 34771 } health_report { overall_health: HEALTHY } } peers { permanent_uuid: "35edb4972e5645fdabe8d8f7dcedc112" member_type: VOTER last_known_addr { host: "127.31.197.3" port: 38655 } health_report { overall_health: UNKNOWN } } }
I20260713 09:11:22.566462  1387 tablet_bootstrap.cc:654] T be422f7bf47a4f77a4867c1d4085fa22 P 35edb4972e5645fdabe8d8f7dcedc112: Neither blocks nor log segments found. Creating new log.
I20260713 09:11:22.567683  1089 catalog_manager.cc:5697] T 4d67d3e18bc54ddc8b672729c5b8be46 P 35edb4972e5645fdabe8d8f7dcedc112 reported cstate change: term changed from 0 to 1, leader changed from <none> to 35edb4972e5645fdabe8d8f7dcedc112 (127.31.197.3). New cstate: current_term: 1 leader_uuid: "35edb4972e5645fdabe8d8f7dcedc112" committed_config { opid_index: -1 OBSOLETE_local: false peers { permanent_uuid: "71b58bb298134db1bead0b0101e88eee" member_type: VOTER last_known_addr { host: "127.31.197.1" port: 40663 } health_report { overall_health: UNKNOWN } } peers { permanent_uuid: "acb7d962711d4d9fb7a82060685b00c2" member_type: VOTER last_known_addr { host: "127.31.197.2" port: 34771 } health_report { overall_health: UNKNOWN } } peers { permanent_uuid: "35edb4972e5645fdabe8d8f7dcedc112" member_type: VOTER last_known_addr { host: "127.31.197.3" port: 38655 } health_report { overall_health: HEALTHY } } }
I20260713 09:11:22.576254  1387 tablet_bootstrap.cc:492] T be422f7bf47a4f77a4867c1d4085fa22 P 35edb4972e5645fdabe8d8f7dcedc112: No bootstrap required, opened a new log
I20260713 09:11:22.576658  1387 ts_tablet_manager.cc:1403] T be422f7bf47a4f77a4867c1d4085fa22 P 35edb4972e5645fdabe8d8f7dcedc112: Time spent bootstrapping tablet: real 0.016s	user 0.007s	sys 0.007s
I20260713 09:11:22.578644  1387 raft_consensus.cc:359] T be422f7bf47a4f77a4867c1d4085fa22 P 35edb4972e5645fdabe8d8f7dcedc112 [term 0 FOLLOWER]: Replica starting. Triggering 0 pending ops. Active config: opid_index: -1 OBSOLETE_local: false peers { permanent_uuid: "71b58bb298134db1bead0b0101e88eee" member_type: VOTER last_known_addr { host: "127.31.197.1" port: 40663 } } peers { permanent_uuid: "acb7d962711d4d9fb7a82060685b00c2" member_type: VOTER last_known_addr { host: "127.31.197.2" port: 34771 } } peers { permanent_uuid: "35edb4972e5645fdabe8d8f7dcedc112" member_type: VOTER last_known_addr { host: "127.31.197.3" port: 38655 } }
I20260713 09:11:22.579133  1387 raft_consensus.cc:385] T be422f7bf47a4f77a4867c1d4085fa22 P 35edb4972e5645fdabe8d8f7dcedc112 [term 0 FOLLOWER]: Consensus starting up: Expiring failure detector timer to make a prompt election more likely
I20260713 09:11:22.579361  1387 raft_consensus.cc:740] T be422f7bf47a4f77a4867c1d4085fa22 P 35edb4972e5645fdabe8d8f7dcedc112 [term 0 FOLLOWER]: Becoming Follower/Learner. State: Replica: 35edb4972e5645fdabe8d8f7dcedc112, State: Initialized, Role: FOLLOWER
I20260713 09:11:22.579898  1387 consensus_queue.cc:260] T be422f7bf47a4f77a4867c1d4085fa22 P 35edb4972e5645fdabe8d8f7dcedc112 [NON_LEADER]: Queue going to NON_LEADER mode. State: All replicated index: 0, Majority replicated index: 0, Committed index: 0, Last appended: 0.0, Last appended by leader: 0, Current term: 0, Majority size: -1, State: 0, Mode: NON_LEADER, active raft config: opid_index: -1 OBSOLETE_local: false peers { permanent_uuid: "71b58bb298134db1bead0b0101e88eee" member_type: VOTER last_known_addr { host: "127.31.197.1" port: 40663 } } peers { permanent_uuid: "acb7d962711d4d9fb7a82060685b00c2" member_type: VOTER last_known_addr { host: "127.31.197.2" port: 34771 } } peers { permanent_uuid: "35edb4972e5645fdabe8d8f7dcedc112" member_type: VOTER last_known_addr { host: "127.31.197.3" port: 38655 } }
I20260713 09:11:22.581491  1387 ts_tablet_manager.cc:1434] T be422f7bf47a4f77a4867c1d4085fa22 P 35edb4972e5645fdabe8d8f7dcedc112: Time spent starting tablet: real 0.005s	user 0.004s	sys 0.000s
I20260713 09:11:22.582866  1387 tablet_bootstrap.cc:492] T 63a6d7a25d004fde870eb5ea2cabdf36 P 35edb4972e5645fdabe8d8f7dcedc112: Bootstrap starting.
I20260713 09:11:22.587029  1387 tablet_bootstrap.cc:654] T 63a6d7a25d004fde870eb5ea2cabdf36 P 35edb4972e5645fdabe8d8f7dcedc112: Neither blocks nor log segments found. Creating new log.
I20260713 09:11:22.590972  1387 tablet_bootstrap.cc:492] T 63a6d7a25d004fde870eb5ea2cabdf36 P 35edb4972e5645fdabe8d8f7dcedc112: No bootstrap required, opened a new log
I20260713 09:11:22.591385  1387 ts_tablet_manager.cc:1403] T 63a6d7a25d004fde870eb5ea2cabdf36 P 35edb4972e5645fdabe8d8f7dcedc112: Time spent bootstrapping tablet: real 0.009s	user 0.003s	sys 0.003s
I20260713 09:11:22.593273  1387 raft_consensus.cc:359] T 63a6d7a25d004fde870eb5ea2cabdf36 P 35edb4972e5645fdabe8d8f7dcedc112 [term 0 FOLLOWER]: Replica starting. Triggering 0 pending ops. Active config: opid_index: -1 OBSOLETE_local: false peers { permanent_uuid: "71b58bb298134db1bead0b0101e88eee" member_type: VOTER last_known_addr { host: "127.31.197.1" port: 40663 } } peers { permanent_uuid: "acb7d962711d4d9fb7a82060685b00c2" member_type: VOTER last_known_addr { host: "127.31.197.2" port: 34771 } } peers { permanent_uuid: "35edb4972e5645fdabe8d8f7dcedc112" member_type: VOTER last_known_addr { host: "127.31.197.3" port: 38655 } }
I20260713 09:11:22.593739  1387 raft_consensus.cc:385] T 63a6d7a25d004fde870eb5ea2cabdf36 P 35edb4972e5645fdabe8d8f7dcedc112 [term 0 FOLLOWER]: Consensus starting up: Expiring failure detector timer to make a prompt election more likely
I20260713 09:11:22.593950  1387 raft_consensus.cc:740] T 63a6d7a25d004fde870eb5ea2cabdf36 P 35edb4972e5645fdabe8d8f7dcedc112 [term 0 FOLLOWER]: Becoming Follower/Learner. State: Replica: 35edb4972e5645fdabe8d8f7dcedc112, State: Initialized, Role: FOLLOWER
I20260713 09:11:22.594445  1387 consensus_queue.cc:260] T 63a6d7a25d004fde870eb5ea2cabdf36 P 35edb4972e5645fdabe8d8f7dcedc112 [NON_LEADER]: Queue going to NON_LEADER mode. State: All replicated index: 0, Majority replicated index: 0, Committed index: 0, Last appended: 0.0, Last appended by leader: 0, Current term: 0, Majority size: -1, State: 0, Mode: NON_LEADER, active raft config: opid_index: -1 OBSOLETE_local: false peers { permanent_uuid: "71b58bb298134db1bead0b0101e88eee" member_type: VOTER last_known_addr { host: "127.31.197.1" port: 40663 } } peers { permanent_uuid: "acb7d962711d4d9fb7a82060685b00c2" member_type: VOTER last_known_addr { host: "127.31.197.2" port: 34771 } } peers { permanent_uuid: "35edb4972e5645fdabe8d8f7dcedc112" member_type: VOTER last_known_addr { host: "127.31.197.3" port: 38655 } }
I20260713 09:11:22.596046  1387 ts_tablet_manager.cc:1434] T 63a6d7a25d004fde870eb5ea2cabdf36 P 35edb4972e5645fdabe8d8f7dcedc112: Time spent starting tablet: real 0.004s	user 0.002s	sys 0.000s
I20260713 09:11:22.596801  1387 tablet_bootstrap.cc:492] T 0a59ad456b7d4fe7bb45e754239df462 P 35edb4972e5645fdabe8d8f7dcedc112: Bootstrap starting.
I20260713 09:11:22.601436  1387 tablet_bootstrap.cc:654] T 0a59ad456b7d4fe7bb45e754239df462 P 35edb4972e5645fdabe8d8f7dcedc112: Neither blocks nor log segments found. Creating new log.
I20260713 09:11:22.604897  1435 consensus_queue.cc:1048] T be422f7bf47a4f77a4867c1d4085fa22 P 71b58bb298134db1bead0b0101e88eee [LEADER]: Connected to new peer: Peer: permanent_uuid: "acb7d962711d4d9fb7a82060685b00c2" member_type: VOTER last_known_addr { host: "127.31.197.2" port: 34771 }, Status: LMP_MISMATCH, Last received: 0.0, Next index: 1, Last known committed idx: 0, Time since last communication: 0.000s
I20260713 09:11:22.605835  1387 tablet_bootstrap.cc:492] T 0a59ad456b7d4fe7bb45e754239df462 P 35edb4972e5645fdabe8d8f7dcedc112: No bootstrap required, opened a new log
I20260713 09:11:22.606256  1387 ts_tablet_manager.cc:1403] T 0a59ad456b7d4fe7bb45e754239df462 P 35edb4972e5645fdabe8d8f7dcedc112: Time spent bootstrapping tablet: real 0.010s	user 0.006s	sys 0.001s
I20260713 09:11:22.609335  1387 raft_consensus.cc:359] T 0a59ad456b7d4fe7bb45e754239df462 P 35edb4972e5645fdabe8d8f7dcedc112 [term 0 FOLLOWER]: Replica starting. Triggering 0 pending ops. Active config: opid_index: -1 OBSOLETE_local: false peers { permanent_uuid: "71b58bb298134db1bead0b0101e88eee" member_type: VOTER last_known_addr { host: "127.31.197.1" port: 40663 } } peers { permanent_uuid: "acb7d962711d4d9fb7a82060685b00c2" member_type: VOTER last_known_addr { host: "127.31.197.2" port: 34771 } } peers { permanent_uuid: "35edb4972e5645fdabe8d8f7dcedc112" member_type: VOTER last_known_addr { host: "127.31.197.3" port: 38655 } }
I20260713 09:11:22.609867  1387 raft_consensus.cc:385] T 0a59ad456b7d4fe7bb45e754239df462 P 35edb4972e5645fdabe8d8f7dcedc112 [term 0 FOLLOWER]: Consensus starting up: Expiring failure detector timer to make a prompt election more likely
I20260713 09:11:22.610090  1387 raft_consensus.cc:740] T 0a59ad456b7d4fe7bb45e754239df462 P 35edb4972e5645fdabe8d8f7dcedc112 [term 0 FOLLOWER]: Becoming Follower/Learner. State: Replica: 35edb4972e5645fdabe8d8f7dcedc112, State: Initialized, Role: FOLLOWER
I20260713 09:11:22.610713  1387 consensus_queue.cc:260] T 0a59ad456b7d4fe7bb45e754239df462 P 35edb4972e5645fdabe8d8f7dcedc112 [NON_LEADER]: Queue going to NON_LEADER mode. State: All replicated index: 0, Majority replicated index: 0, Committed index: 0, Last appended: 0.0, Last appended by leader: 0, Current term: 0, Majority size: -1, State: 0, Mode: NON_LEADER, active raft config: opid_index: -1 OBSOLETE_local: false peers { permanent_uuid: "71b58bb298134db1bead0b0101e88eee" member_type: VOTER last_known_addr { host: "127.31.197.1" port: 40663 } } peers { permanent_uuid: "acb7d962711d4d9fb7a82060685b00c2" member_type: VOTER last_known_addr { host: "127.31.197.2" port: 34771 } } peers { permanent_uuid: "35edb4972e5645fdabe8d8f7dcedc112" member_type: VOTER last_known_addr { host: "127.31.197.3" port: 38655 } }
I20260713 09:11:22.612625  1387 ts_tablet_manager.cc:1434] T 0a59ad456b7d4fe7bb45e754239df462 P 35edb4972e5645fdabe8d8f7dcedc112: Time spent starting tablet: real 0.006s	user 0.007s	sys 0.000s
I20260713 09:11:22.614992  1387 tablet_bootstrap.cc:492] T abb2395622bd49d9a783fb03b7e86686 P 35edb4972e5645fdabe8d8f7dcedc112: Bootstrap starting.
I20260713 09:11:22.615769  1341 raft_consensus.cc:3060] T bc5a276577ce4ac2b8438015f5aa5ec1 P 35edb4972e5645fdabe8d8f7dcedc112 [term 0 FOLLOWER]: Advancing to term 1
I20260713 09:11:22.618606  1340 raft_consensus.cc:3060] T be422f7bf47a4f77a4867c1d4085fa22 P 35edb4972e5645fdabe8d8f7dcedc112 [term 0 FOLLOWER]: Advancing to term 1
I20260713 09:11:22.620541  1387 tablet_bootstrap.cc:654] T abb2395622bd49d9a783fb03b7e86686 P 35edb4972e5645fdabe8d8f7dcedc112: Neither blocks nor log segments found. Creating new log.
I20260713 09:11:22.636309  1435 consensus_queue.cc:1048] T be422f7bf47a4f77a4867c1d4085fa22 P 71b58bb298134db1bead0b0101e88eee [LEADER]: Connected to new peer: Peer: permanent_uuid: "35edb4972e5645fdabe8d8f7dcedc112" member_type: VOTER last_known_addr { host: "127.31.197.3" port: 38655 }, Status: LMP_MISMATCH, Last received: 0.0, Next index: 1, Last known committed idx: 0, Time since last communication: 0.000s
I20260713 09:11:22.641137  1387 tablet_bootstrap.cc:492] T abb2395622bd49d9a783fb03b7e86686 P 35edb4972e5645fdabe8d8f7dcedc112: No bootstrap required, opened a new log
I20260713 09:11:22.641598  1387 ts_tablet_manager.cc:1403] T abb2395622bd49d9a783fb03b7e86686 P 35edb4972e5645fdabe8d8f7dcedc112: Time spent bootstrapping tablet: real 0.027s	user 0.012s	sys 0.012s
I20260713 09:11:22.644130  1387 raft_consensus.cc:359] T abb2395622bd49d9a783fb03b7e86686 P 35edb4972e5645fdabe8d8f7dcedc112 [term 0 FOLLOWER]: Replica starting. Triggering 0 pending ops. Active config: opid_index: -1 OBSOLETE_local: false peers { permanent_uuid: "71b58bb298134db1bead0b0101e88eee" member_type: VOTER last_known_addr { host: "127.31.197.1" port: 40663 } } peers { permanent_uuid: "acb7d962711d4d9fb7a82060685b00c2" member_type: VOTER last_known_addr { host: "127.31.197.2" port: 34771 } } peers { permanent_uuid: "35edb4972e5645fdabe8d8f7dcedc112" member_type: VOTER last_known_addr { host: "127.31.197.3" port: 38655 } }
I20260713 09:11:22.644322  1421 raft_consensus.cc:493] T 63a6d7a25d004fde870eb5ea2cabdf36 P 35edb4972e5645fdabe8d8f7dcedc112 [term 0 FOLLOWER]: Starting pre-election (no leader contacted us within the election timeout)
I20260713 09:11:22.644825  1387 raft_consensus.cc:385] T abb2395622bd49d9a783fb03b7e86686 P 35edb4972e5645fdabe8d8f7dcedc112 [term 0 FOLLOWER]: Consensus starting up: Expiring failure detector timer to make a prompt election more likely
I20260713 09:11:22.645151  1387 raft_consensus.cc:740] T abb2395622bd49d9a783fb03b7e86686 P 35edb4972e5645fdabe8d8f7dcedc112 [term 0 FOLLOWER]: Becoming Follower/Learner. State: Replica: 35edb4972e5645fdabe8d8f7dcedc112, State: Initialized, Role: FOLLOWER
I20260713 09:11:22.645015  1421 raft_consensus.cc:515] T 63a6d7a25d004fde870eb5ea2cabdf36 P 35edb4972e5645fdabe8d8f7dcedc112 [term 0 FOLLOWER]: Starting pre-election with config: opid_index: -1 OBSOLETE_local: false peers { permanent_uuid: "71b58bb298134db1bead0b0101e88eee" member_type: VOTER last_known_addr { host: "127.31.197.1" port: 40663 } } peers { permanent_uuid: "acb7d962711d4d9fb7a82060685b00c2" member_type: VOTER last_known_addr { host: "127.31.197.2" port: 34771 } } peers { permanent_uuid: "35edb4972e5645fdabe8d8f7dcedc112" member_type: VOTER last_known_addr { host: "127.31.197.3" port: 38655 } }
I20260713 09:11:22.646008  1387 consensus_queue.cc:260] T abb2395622bd49d9a783fb03b7e86686 P 35edb4972e5645fdabe8d8f7dcedc112 [NON_LEADER]: Queue going to NON_LEADER mode. State: All replicated index: 0, Majority replicated index: 0, Committed index: 0, Last appended: 0.0, Last appended by leader: 0, Current term: 0, Majority size: -1, State: 0, Mode: NON_LEADER, active raft config: opid_index: -1 OBSOLETE_local: false peers { permanent_uuid: "71b58bb298134db1bead0b0101e88eee" member_type: VOTER last_known_addr { host: "127.31.197.1" port: 40663 } } peers { permanent_uuid: "acb7d962711d4d9fb7a82060685b00c2" member_type: VOTER last_known_addr { host: "127.31.197.2" port: 34771 } } peers { permanent_uuid: "35edb4972e5645fdabe8d8f7dcedc112" member_type: VOTER last_known_addr { host: "127.31.197.3" port: 38655 } }
I20260713 09:11:22.649080  1387 ts_tablet_manager.cc:1434] T abb2395622bd49d9a783fb03b7e86686 P 35edb4972e5645fdabe8d8f7dcedc112: Time spent starting tablet: real 0.007s	user 0.004s	sys 0.003s
I20260713 09:11:22.649665  1263 tablet_service.cc:1917] Received RequestConsensusVote() RPC: tablet_id: "63a6d7a25d004fde870eb5ea2cabdf36" candidate_uuid: "35edb4972e5645fdabe8d8f7dcedc112" candidate_term: 1 candidate_status { last_received { term: 0 index: 0 } } ignore_live_leader: false dest_uuid: "acb7d962711d4d9fb7a82060685b00c2" is_pre_election: true
I20260713 09:11:22.649078  1192 tablet_service.cc:1917] Received RequestConsensusVote() RPC: tablet_id: "63a6d7a25d004fde870eb5ea2cabdf36" candidate_uuid: "35edb4972e5645fdabe8d8f7dcedc112" candidate_term: 1 candidate_status { last_received { term: 0 index: 0 } } ignore_live_leader: false dest_uuid: "71b58bb298134db1bead0b0101e88eee" is_pre_election: true
I20260713 09:11:22.650725  1421 leader_election.cc:290] T 63a6d7a25d004fde870eb5ea2cabdf36 P 35edb4972e5645fdabe8d8f7dcedc112 [CANDIDATE]: Term 1 pre-election: Requested pre-vote from peers 71b58bb298134db1bead0b0101e88eee (127.31.197.1:40663), acb7d962711d4d9fb7a82060685b00c2 (127.31.197.2:34771)
I20260713 09:11:22.651757  1306 leader_election.cc:304] T 63a6d7a25d004fde870eb5ea2cabdf36 P 35edb4972e5645fdabe8d8f7dcedc112 [CANDIDATE]: Term 1 pre-election: Election decided. Result: candidate lost. Election summary: received 3 responses out of 3 voters: 1 yes votes; 2 no votes. yes voters: 35edb4972e5645fdabe8d8f7dcedc112; no voters: 71b58bb298134db1bead0b0101e88eee, acb7d962711d4d9fb7a82060685b00c2
I20260713 09:11:22.652756  1421 raft_consensus.cc:2749] T 63a6d7a25d004fde870eb5ea2cabdf36 P 35edb4972e5645fdabe8d8f7dcedc112 [term 0 FOLLOWER]: Leader pre-election lost for term 1. Reason: could not achieve majority
I20260713 09:11:22.673240  1384 raft_consensus.cc:493] T abb2395622bd49d9a783fb03b7e86686 P acb7d962711d4d9fb7a82060685b00c2 [term 0 FOLLOWER]: Starting pre-election (no leader contacted us within the election timeout)
I20260713 09:11:22.673660  1384 raft_consensus.cc:515] T abb2395622bd49d9a783fb03b7e86686 P acb7d962711d4d9fb7a82060685b00c2 [term 0 FOLLOWER]: Starting pre-election with config: opid_index: -1 OBSOLETE_local: false peers { permanent_uuid: "71b58bb298134db1bead0b0101e88eee" member_type: VOTER last_known_addr { host: "127.31.197.1" port: 40663 } } peers { permanent_uuid: "acb7d962711d4d9fb7a82060685b00c2" member_type: VOTER last_known_addr { host: "127.31.197.2" port: 34771 } } peers { permanent_uuid: "35edb4972e5645fdabe8d8f7dcedc112" member_type: VOTER last_known_addr { host: "127.31.197.3" port: 38655 } }
I20260713 09:11:22.675287  1384 leader_election.cc:290] T abb2395622bd49d9a783fb03b7e86686 P acb7d962711d4d9fb7a82060685b00c2 [CANDIDATE]: Term 1 pre-election: Requested pre-vote from peers 71b58bb298134db1bead0b0101e88eee (127.31.197.1:40663), 35edb4972e5645fdabe8d8f7dcedc112 (127.31.197.3:38655)
I20260713 09:11:22.675971  1192 tablet_service.cc:1917] Received RequestConsensusVote() RPC: tablet_id: "abb2395622bd49d9a783fb03b7e86686" candidate_uuid: "acb7d962711d4d9fb7a82060685b00c2" candidate_term: 1 candidate_status { last_received { term: 0 index: 0 } } ignore_live_leader: false dest_uuid: "71b58bb298134db1bead0b0101e88eee" is_pre_election: true
I20260713 09:11:22.676304  1341 tablet_service.cc:1917] Received RequestConsensusVote() RPC: tablet_id: "abb2395622bd49d9a783fb03b7e86686" candidate_uuid: "acb7d962711d4d9fb7a82060685b00c2" candidate_term: 1 candidate_status { last_received { term: 0 index: 0 } } ignore_live_leader: false dest_uuid: "35edb4972e5645fdabe8d8f7dcedc112" is_pre_election: true
I20260713 09:11:22.676601  1192 raft_consensus.cc:2468] T abb2395622bd49d9a783fb03b7e86686 P 71b58bb298134db1bead0b0101e88eee [term 0 FOLLOWER]: Leader pre-election vote request: Granting yes vote for candidate acb7d962711d4d9fb7a82060685b00c2 in term 0.
I20260713 09:11:22.676796  1341 raft_consensus.cc:2468] T abb2395622bd49d9a783fb03b7e86686 P 35edb4972e5645fdabe8d8f7dcedc112 [term 0 FOLLOWER]: Leader pre-election vote request: Granting yes vote for candidate acb7d962711d4d9fb7a82060685b00c2 in term 0.
I20260713 09:11:22.677608  1232 leader_election.cc:304] T abb2395622bd49d9a783fb03b7e86686 P acb7d962711d4d9fb7a82060685b00c2 [CANDIDATE]: Term 1 pre-election: Election decided. Result: candidate won. Election summary: received 2 responses out of 3 voters: 2 yes votes; 0 no votes. yes voters: 71b58bb298134db1bead0b0101e88eee, acb7d962711d4d9fb7a82060685b00c2; no voters: 
I20260713 09:11:22.678182  1384 raft_consensus.cc:2804] T abb2395622bd49d9a783fb03b7e86686 P acb7d962711d4d9fb7a82060685b00c2 [term 0 FOLLOWER]: Leader pre-election won for term 1
I20260713 09:11:22.678524  1384 raft_consensus.cc:493] T abb2395622bd49d9a783fb03b7e86686 P acb7d962711d4d9fb7a82060685b00c2 [term 0 FOLLOWER]: Starting leader election (no leader contacted us within the election timeout)
I20260713 09:11:22.678877  1384 raft_consensus.cc:3060] T abb2395622bd49d9a783fb03b7e86686 P acb7d962711d4d9fb7a82060685b00c2 [term 0 FOLLOWER]: Advancing to term 1
I20260713 09:11:22.685274  1384 raft_consensus.cc:515] T abb2395622bd49d9a783fb03b7e86686 P acb7d962711d4d9fb7a82060685b00c2 [term 1 FOLLOWER]: Starting leader election with config: opid_index: -1 OBSOLETE_local: false peers { permanent_uuid: "71b58bb298134db1bead0b0101e88eee" member_type: VOTER last_known_addr { host: "127.31.197.1" port: 40663 } } peers { permanent_uuid: "acb7d962711d4d9fb7a82060685b00c2" member_type: VOTER last_known_addr { host: "127.31.197.2" port: 34771 } } peers { permanent_uuid: "35edb4972e5645fdabe8d8f7dcedc112" member_type: VOTER last_known_addr { host: "127.31.197.3" port: 38655 } }
I20260713 09:11:22.686857  1384 leader_election.cc:290] T abb2395622bd49d9a783fb03b7e86686 P acb7d962711d4d9fb7a82060685b00c2 [CANDIDATE]: Term 1 election: Requested vote from peers 71b58bb298134db1bead0b0101e88eee (127.31.197.1:40663), 35edb4972e5645fdabe8d8f7dcedc112 (127.31.197.3:38655)
I20260713 09:11:22.687536  1192 tablet_service.cc:1917] Received RequestConsensusVote() RPC: tablet_id: "abb2395622bd49d9a783fb03b7e86686" candidate_uuid: "acb7d962711d4d9fb7a82060685b00c2" candidate_term: 1 candidate_status { last_received { term: 0 index: 0 } } ignore_live_leader: false dest_uuid: "71b58bb298134db1bead0b0101e88eee"
I20260713 09:11:22.688027  1192 raft_consensus.cc:3060] T abb2395622bd49d9a783fb03b7e86686 P 71b58bb298134db1bead0b0101e88eee [term 0 FOLLOWER]: Advancing to term 1
I20260713 09:11:22.687937  1341 tablet_service.cc:1917] Received RequestConsensusVote() RPC: tablet_id: "abb2395622bd49d9a783fb03b7e86686" candidate_uuid: "acb7d962711d4d9fb7a82060685b00c2" candidate_term: 1 candidate_status { last_received { term: 0 index: 0 } } ignore_live_leader: false dest_uuid: "35edb4972e5645fdabe8d8f7dcedc112"
I20260713 09:11:22.688661  1341 raft_consensus.cc:3060] T abb2395622bd49d9a783fb03b7e86686 P 35edb4972e5645fdabe8d8f7dcedc112 [term 0 FOLLOWER]: Advancing to term 1
I20260713 09:11:22.694550  1192 raft_consensus.cc:2468] T abb2395622bd49d9a783fb03b7e86686 P 71b58bb298134db1bead0b0101e88eee [term 1 FOLLOWER]: Leader election vote request: Granting yes vote for candidate acb7d962711d4d9fb7a82060685b00c2 in term 1.
I20260713 09:11:22.695226  1341 raft_consensus.cc:2468] T abb2395622bd49d9a783fb03b7e86686 P 35edb4972e5645fdabe8d8f7dcedc112 [term 1 FOLLOWER]: Leader election vote request: Granting yes vote for candidate acb7d962711d4d9fb7a82060685b00c2 in term 1.
I20260713 09:11:22.695875  1232 leader_election.cc:304] T abb2395622bd49d9a783fb03b7e86686 P acb7d962711d4d9fb7a82060685b00c2 [CANDIDATE]: Term 1 election: Election decided. Result: candidate won. Election summary: received 2 responses out of 3 voters: 2 yes votes; 0 no votes. yes voters: 71b58bb298134db1bead0b0101e88eee, acb7d962711d4d9fb7a82060685b00c2; no voters: 
I20260713 09:11:22.696681  1384 raft_consensus.cc:2804] T abb2395622bd49d9a783fb03b7e86686 P acb7d962711d4d9fb7a82060685b00c2 [term 1 FOLLOWER]: Leader election won for term 1
I20260713 09:11:22.697256  1384 raft_consensus.cc:697] T abb2395622bd49d9a783fb03b7e86686 P acb7d962711d4d9fb7a82060685b00c2 [term 1 LEADER]: Becoming Leader. State: Replica: acb7d962711d4d9fb7a82060685b00c2, State: Running, Role: LEADER
I20260713 09:11:22.698079  1384 consensus_queue.cc:237] T abb2395622bd49d9a783fb03b7e86686 P acb7d962711d4d9fb7a82060685b00c2 [LEADER]: Queue going to LEADER mode. State: All replicated index: 0, Majority replicated index: 0, Committed index: 0, Last appended: 0.0, Last appended by leader: 0, Current term: 1, Majority size: 2, State: 0, Mode: LEADER, active raft config: opid_index: -1 OBSOLETE_local: false peers { permanent_uuid: "71b58bb298134db1bead0b0101e88eee" member_type: VOTER last_known_addr { host: "127.31.197.1" port: 40663 } } peers { permanent_uuid: "acb7d962711d4d9fb7a82060685b00c2" member_type: VOTER last_known_addr { host: "127.31.197.2" port: 34771 } } peers { permanent_uuid: "35edb4972e5645fdabe8d8f7dcedc112" member_type: VOTER last_known_addr { host: "127.31.197.3" port: 38655 } }
W20260713 09:11:22.699088  1138 auto_rebalancer.cc:288] Could not retrieve cluster info: Service unavailable: Tablet not running
I20260713 09:11:22.706220  1088 catalog_manager.cc:5697] T abb2395622bd49d9a783fb03b7e86686 P acb7d962711d4d9fb7a82060685b00c2 reported cstate change: term changed from 0 to 1, leader changed from <none> to acb7d962711d4d9fb7a82060685b00c2 (127.31.197.2). New cstate: current_term: 1 leader_uuid: "acb7d962711d4d9fb7a82060685b00c2" committed_config { opid_index: -1 OBSOLETE_local: false peers { permanent_uuid: "71b58bb298134db1bead0b0101e88eee" member_type: VOTER last_known_addr { host: "127.31.197.1" port: 40663 } health_report { overall_health: UNKNOWN } } peers { permanent_uuid: "acb7d962711d4d9fb7a82060685b00c2" member_type: VOTER last_known_addr { host: "127.31.197.2" port: 34771 } health_report { overall_health: HEALTHY } } peers { permanent_uuid: "35edb4972e5645fdabe8d8f7dcedc112" member_type: VOTER last_known_addr { host: "127.31.197.3" port: 38655 } health_report { overall_health: UNKNOWN } } }
I20260713 09:11:22.748443  1438 raft_consensus.cc:493] T 188c9035431c4435bb8d42a28f330e44 P 35edb4972e5645fdabe8d8f7dcedc112 [term 0 FOLLOWER]: Starting pre-election (no leader contacted us within the election timeout)
I20260713 09:11:22.748847  1438 raft_consensus.cc:515] T 188c9035431c4435bb8d42a28f330e44 P 35edb4972e5645fdabe8d8f7dcedc112 [term 0 FOLLOWER]: Starting pre-election with config: opid_index: -1 OBSOLETE_local: false peers { permanent_uuid: "71b58bb298134db1bead0b0101e88eee" member_type: VOTER last_known_addr { host: "127.31.197.1" port: 40663 } } peers { permanent_uuid: "acb7d962711d4d9fb7a82060685b00c2" member_type: VOTER last_known_addr { host: "127.31.197.2" port: 34771 } } peers { permanent_uuid: "35edb4972e5645fdabe8d8f7dcedc112" member_type: VOTER last_known_addr { host: "127.31.197.3" port: 38655 } }
I20260713 09:11:22.750401  1438 leader_election.cc:290] T 188c9035431c4435bb8d42a28f330e44 P 35edb4972e5645fdabe8d8f7dcedc112 [CANDIDATE]: Term 1 pre-election: Requested pre-vote from peers 71b58bb298134db1bead0b0101e88eee (127.31.197.1:40663), acb7d962711d4d9fb7a82060685b00c2 (127.31.197.2:34771)
I20260713 09:11:22.751209  1192 tablet_service.cc:1917] Received RequestConsensusVote() RPC: tablet_id: "188c9035431c4435bb8d42a28f330e44" candidate_uuid: "35edb4972e5645fdabe8d8f7dcedc112" candidate_term: 1 candidate_status { last_received { term: 0 index: 0 } } ignore_live_leader: false dest_uuid: "71b58bb298134db1bead0b0101e88eee" is_pre_election: true
I20260713 09:11:22.751315  1263 tablet_service.cc:1917] Received RequestConsensusVote() RPC: tablet_id: "188c9035431c4435bb8d42a28f330e44" candidate_uuid: "35edb4972e5645fdabe8d8f7dcedc112" candidate_term: 1 candidate_status { last_received { term: 0 index: 0 } } ignore_live_leader: false dest_uuid: "acb7d962711d4d9fb7a82060685b00c2" is_pre_election: true
I20260713 09:11:22.752099  1263 raft_consensus.cc:2393] T 188c9035431c4435bb8d42a28f330e44 P acb7d962711d4d9fb7a82060685b00c2 [term 1 FOLLOWER]: Leader pre-election vote request: Denying vote to candidate 35edb4972e5645fdabe8d8f7dcedc112 in current term 1: Already voted for candidate 71b58bb298134db1bead0b0101e88eee in this term.
I20260713 09:11:22.753106  1307 leader_election.cc:304] T 188c9035431c4435bb8d42a28f330e44 P 35edb4972e5645fdabe8d8f7dcedc112 [CANDIDATE]: Term 1 pre-election: Election decided. Result: candidate lost. Election summary: received 3 responses out of 3 voters: 1 yes votes; 2 no votes. yes voters: 35edb4972e5645fdabe8d8f7dcedc112; no voters: 71b58bb298134db1bead0b0101e88eee, acb7d962711d4d9fb7a82060685b00c2
I20260713 09:11:22.753790  1438 raft_consensus.cc:3060] T 188c9035431c4435bb8d42a28f330e44 P 35edb4972e5645fdabe8d8f7dcedc112 [term 0 FOLLOWER]: Advancing to term 1
I20260713 09:11:22.758639  1438 raft_consensus.cc:2749] T 188c9035431c4435bb8d42a28f330e44 P 35edb4972e5645fdabe8d8f7dcedc112 [term 1 FOLLOWER]: Leader pre-election lost for term 1. Reason: could not achieve majority
I20260713 09:11:22.777788  1456 consensus_queue.cc:1048] T 59e447d57e87490b83bf790c7b753564 P 71b58bb298134db1bead0b0101e88eee [LEADER]: Connected to new peer: Peer: permanent_uuid: "35edb4972e5645fdabe8d8f7dcedc112" member_type: VOTER last_known_addr { host: "127.31.197.3" port: 38655 }, Status: LMP_MISMATCH, Last received: 0.0, Next index: 1, Last known committed idx: 0, Time since last communication: 0.000s
I20260713 09:11:22.787707  1454 consensus_queue.cc:1048] T 59e447d57e87490b83bf790c7b753564 P 71b58bb298134db1bead0b0101e88eee [LEADER]: Connected to new peer: Peer: permanent_uuid: "acb7d962711d4d9fb7a82060685b00c2" member_type: VOTER last_known_addr { host: "127.31.197.2" port: 34771 }, Status: LMP_MISMATCH, Last received: 0.0, Next index: 1, Last known committed idx: 0, Time since last communication: 0.000s
I20260713 09:11:22.857074  1454 consensus_queue.cc:1048] T 188c9035431c4435bb8d42a28f330e44 P 71b58bb298134db1bead0b0101e88eee [LEADER]: Connected to new peer: Peer: permanent_uuid: "acb7d962711d4d9fb7a82060685b00c2" member_type: VOTER last_known_addr { host: "127.31.197.2" port: 34771 }, Status: LMP_MISMATCH, Last received: 0.0, Next index: 1, Last known committed idx: 0, Time since last communication: 0.000s
I20260713 09:11:22.862563  1341 raft_consensus.cc:3060] T 5e5b12a137e64d10b8e3b3f85feb2e01 P 35edb4972e5645fdabe8d8f7dcedc112 [term 0 FOLLOWER]: Advancing to term 1
I20260713 09:11:22.867439  1454 consensus_queue.cc:1048] T 188c9035431c4435bb8d42a28f330e44 P 71b58bb298134db1bead0b0101e88eee [LEADER]: Connected to new peer: Peer: permanent_uuid: "35edb4972e5645fdabe8d8f7dcedc112" member_type: VOTER last_known_addr { host: "127.31.197.3" port: 38655 }, Status: LMP_MISMATCH, Last received: 0.0, Next index: 1, Last known committed idx: 0, Time since last communication: 0.000s
I20260713 09:11:22.870275  1438 raft_consensus.cc:493] T 0a59ad456b7d4fe7bb45e754239df462 P 35edb4972e5645fdabe8d8f7dcedc112 [term 0 FOLLOWER]: Starting pre-election (no leader contacted us within the election timeout)
I20260713 09:11:22.870757  1438 raft_consensus.cc:515] T 0a59ad456b7d4fe7bb45e754239df462 P 35edb4972e5645fdabe8d8f7dcedc112 [term 0 FOLLOWER]: Starting pre-election with config: opid_index: -1 OBSOLETE_local: false peers { permanent_uuid: "71b58bb298134db1bead0b0101e88eee" member_type: VOTER last_known_addr { host: "127.31.197.1" port: 40663 } } peers { permanent_uuid: "acb7d962711d4d9fb7a82060685b00c2" member_type: VOTER last_known_addr { host: "127.31.197.2" port: 34771 } } peers { permanent_uuid: "35edb4972e5645fdabe8d8f7dcedc112" member_type: VOTER last_known_addr { host: "127.31.197.3" port: 38655 } }
I20260713 09:11:22.874936  1438 leader_election.cc:290] T 0a59ad456b7d4fe7bb45e754239df462 P 35edb4972e5645fdabe8d8f7dcedc112 [CANDIDATE]: Term 1 pre-election: Requested pre-vote from peers 71b58bb298134db1bead0b0101e88eee (127.31.197.1:40663), acb7d962711d4d9fb7a82060685b00c2 (127.31.197.2:34771)
I20260713 09:11:22.875989  1267 tablet_service.cc:1917] Received RequestConsensusVote() RPC: tablet_id: "0a59ad456b7d4fe7bb45e754239df462" candidate_uuid: "35edb4972e5645fdabe8d8f7dcedc112" candidate_term: 1 candidate_status { last_received { term: 0 index: 0 } } ignore_live_leader: false dest_uuid: "acb7d962711d4d9fb7a82060685b00c2" is_pre_election: true
I20260713 09:11:22.876255  1454 consensus_queue.cc:1048] T 5e5b12a137e64d10b8e3b3f85feb2e01 P 71b58bb298134db1bead0b0101e88eee [LEADER]: Connected to new peer: Peer: permanent_uuid: "35edb4972e5645fdabe8d8f7dcedc112" member_type: VOTER last_known_addr { host: "127.31.197.3" port: 38655 }, Status: LMP_MISMATCH, Last received: 0.0, Next index: 1, Last known committed idx: 0, Time since last communication: 0.000s
I20260713 09:11:22.876894  1267 raft_consensus.cc:2393] T 0a59ad456b7d4fe7bb45e754239df462 P acb7d962711d4d9fb7a82060685b00c2 [term 1 FOLLOWER]: Leader pre-election vote request: Denying vote to candidate 35edb4972e5645fdabe8d8f7dcedc112 in current term 1: Already voted for candidate 71b58bb298134db1bead0b0101e88eee in this term.
I20260713 09:11:22.878356  1192 tablet_service.cc:1917] Received RequestConsensusVote() RPC: tablet_id: "0a59ad456b7d4fe7bb45e754239df462" candidate_uuid: "35edb4972e5645fdabe8d8f7dcedc112" candidate_term: 1 candidate_status { last_received { term: 0 index: 0 } } ignore_live_leader: false dest_uuid: "71b58bb298134db1bead0b0101e88eee" is_pre_election: true
I20260713 09:11:22.879837  1306 leader_election.cc:304] T 0a59ad456b7d4fe7bb45e754239df462 P 35edb4972e5645fdabe8d8f7dcedc112 [CANDIDATE]: Term 1 pre-election: Election decided. Result: candidate lost. Election summary: received 3 responses out of 3 voters: 1 yes votes; 2 no votes. yes voters: 35edb4972e5645fdabe8d8f7dcedc112; no voters: 71b58bb298134db1bead0b0101e88eee, acb7d962711d4d9fb7a82060685b00c2
I20260713 09:11:22.880911  1394 raft_consensus.cc:3060] T 0a59ad456b7d4fe7bb45e754239df462 P 35edb4972e5645fdabe8d8f7dcedc112 [term 0 FOLLOWER]: Advancing to term 1
I20260713 09:11:22.888206  1394 raft_consensus.cc:2749] T 0a59ad456b7d4fe7bb45e754239df462 P 35edb4972e5645fdabe8d8f7dcedc112 [term 1 FOLLOWER]: Leader pre-election lost for term 1. Reason: could not achieve majority
I20260713 09:11:22.890774  1391 consensus_queue.cc:1048] T 5e5b12a137e64d10b8e3b3f85feb2e01 P 71b58bb298134db1bead0b0101e88eee [LEADER]: Connected to new peer: Peer: permanent_uuid: "acb7d962711d4d9fb7a82060685b00c2" member_type: VOTER last_known_addr { host: "127.31.197.2" port: 34771 }, Status: LMP_MISMATCH, Last received: 0.0, Next index: 1, Last known committed idx: 0, Time since last communication: 0.000s
I20260713 09:11:22.896463 32532 file_cache.cc:504] Constructed file cache file cache with capacity 419430
W20260713 09:11:22.904595  1547 instance_detector.cc:116] could not retrieve AWS instance metadata: Network error: curl error: HTTP response code said error: The requested URL returned error: 404
W20260713 09:11:22.907788  1548 instance_detector.cc:116] could not retrieve Azure instance metadata: Network error: curl error: HTTP response code said error: The requested URL returned error: 404
W20260713 09:11:22.914547  1550 instance_detector.cc:116] could not retrieve OpenStack instance metadata: Network error: curl error: HTTP response code said error: The requested URL returned error: 404
I20260713 09:11:22.915307 32532 server_base.cc:1061] running on GCE node
I20260713 09:11:22.916419 32532 hybrid_clock.cc:584] initializing the hybrid clock with 'system_unsync' time source
W20260713 09:11:22.916601 32532 system_unsync_time.cc:38] NTP support is disabled. Clock error bounds will not be accurate. This configuration is not suitable for distributed clusters.
I20260713 09:11:22.916733 32532 hybrid_clock.cc:648] HybridClock initialized: now 1783933882916721 us; error 0 us; skew 500 ppm
I20260713 09:11:22.917232 32532 server_base.cc:861] Flag tcmalloc_max_total_thread_cache_bytes is not working since tcmalloc is not enabled.
I20260713 09:11:22.919528 32532 webserver.cc:533] Webserver started at http://127.31.197.4:45015/ using document root <none> and password file <none>
I20260713 09:11:22.920122 32532 fs_manager.cc:362] Metadata directory not provided
I20260713 09:11:22.920356 32532 fs_manager.cc:368] Using write-ahead log directory (fs_wal_dir) as metadata directory
I20260713 09:11:22.920571 32532 server_base.cc:909] This appears to be a new deployment of Kudu; creating new FS layout
I20260713 09:11:22.921568 32532 fs_manager.cc:1068] Generated new instance metadata in path /tmp/dist-test-taskrWxvEC/test-tmp/auto_leader_rebalancer-test.0.LeaderRebalancerTest.AddTserver.1783933855810149-32532-0/minicluster-data/ts-3-root/instance:
uuid: "83a370ffe44140f2acaecae31b333359"
format_stamp: "Formatted at 2026-07-13 09:11:22 on dist-test-slave-55p6"
I20260713 09:11:22.925951 32532 fs_manager.cc:696] Time spent creating directory manager: real 0.004s	user 0.005s	sys 0.000s
I20260713 09:11:22.929291  1555 log_block_manager.cc:4127] Time spent loading block containers with low live blocks: real 0.000s	user 0.000s	sys 0.000s
I20260713 09:11:22.929951 32532 fs_manager.cc:730] Time spent opening block manager: real 0.002s	user 0.002s	sys 0.001s
I20260713 09:11:22.930244 32532 fs_manager.cc:647] Opened local filesystem: /tmp/dist-test-taskrWxvEC/test-tmp/auto_leader_rebalancer-test.0.LeaderRebalancerTest.AddTserver.1783933855810149-32532-0/minicluster-data/ts-3-root
uuid: "83a370ffe44140f2acaecae31b333359"
format_stamp: "Formatted at 2026-07-13 09:11:22 on dist-test-slave-55p6"
I20260713 09:11:22.930521 32532 fs_report.cc:389] FS layout report
--------------------
wal directory: /tmp/dist-test-taskrWxvEC/test-tmp/auto_leader_rebalancer-test.0.LeaderRebalancerTest.AddTserver.1783933855810149-32532-0/minicluster-data/ts-3-root
metadata directory: /tmp/dist-test-taskrWxvEC/test-tmp/auto_leader_rebalancer-test.0.LeaderRebalancerTest.AddTserver.1783933855810149-32532-0/minicluster-data/ts-3-root
1 data directories: /tmp/dist-test-taskrWxvEC/test-tmp/auto_leader_rebalancer-test.0.LeaderRebalancerTest.AddTserver.1783933855810149-32532-0/minicluster-data/ts-3-root/data
Total live blocks: 0
Total live bytes: 0
Total live bytes (after alignment): 0
Total number of LBM containers: 0 (0 full)
Did not check for missing blocks
Did not check for orphaned blocks
Total full LBM containers with extra space: 0 (0 repaired)
Total full LBM container extra space in bytes: 0 (0 repaired)
Total incomplete LBM containers: 0 (0 repaired)
Total LBM partial records: 0 (0 repaired)
Total corrupted LBM metadata records in RocksDB: 0 (0 repaired)
I20260713 09:11:22.962007 32532 rpc_server.cc:225] running with OpenSSL 1.1.1  11 Sep 2018
I20260713 09:11:22.963339 32532 kserver.cc:163] Server-wide thread pool size limit: 3276
I20260713 09:11:22.964834 32532 txn_system_client.cc:432] TxnSystemClient initialization is disabled...
I20260713 09:11:22.966769 32532 ts_tablet_manager.cc:585] Loaded tablet metadata (0 total tablets, 0 live tablets)
I20260713 09:11:22.966993 32532 ts_tablet_manager.cc:531] Time spent load tablet metadata: real 0.000s	user 0.000s	sys 0.000s
I20260713 09:11:22.967234 32532 ts_tablet_manager.cc:616] Registered 0 tablets
I20260713 09:11:22.967406 32532 ts_tablet_manager.cc:595] Time spent register tablets: real 0.000s	user 0.000s	sys 0.000s
I20260713 09:11:22.990634  1394 consensus_queue.cc:1048] T 4d67d3e18bc54ddc8b672729c5b8be46 P 35edb4972e5645fdabe8d8f7dcedc112 [LEADER]: Connected to new peer: Peer: permanent_uuid: "71b58bb298134db1bead0b0101e88eee" member_type: VOTER last_known_addr { host: "127.31.197.1" port: 40663 }, Status: LMP_MISMATCH, Last received: 0.0, Next index: 1, Last known committed idx: 0, Time since last communication: 0.000s
I20260713 09:11:22.991750  1341 raft_consensus.cc:3060] T 63a6d7a25d004fde870eb5ea2cabdf36 P 35edb4972e5645fdabe8d8f7dcedc112 [term 0 FOLLOWER]: Advancing to term 1
I20260713 09:11:23.013489  1421 consensus_queue.cc:1048] T 4d67d3e18bc54ddc8b672729c5b8be46 P 35edb4972e5645fdabe8d8f7dcedc112 [LEADER]: Connected to new peer: Peer: permanent_uuid: "acb7d962711d4d9fb7a82060685b00c2" member_type: VOTER last_known_addr { host: "127.31.197.2" port: 34771 }, Status: LMP_MISMATCH, Last received: 0.0, Next index: 1, Last known committed idx: 0, Time since last communication: 0.000s
I20260713 09:11:23.029028  1435 consensus_queue.cc:1048] T 0a59ad456b7d4fe7bb45e754239df462 P 71b58bb298134db1bead0b0101e88eee [LEADER]: Connected to new peer: Peer: permanent_uuid: "acb7d962711d4d9fb7a82060685b00c2" member_type: VOTER last_known_addr { host: "127.31.197.2" port: 34771 }, Status: LMP_MISMATCH, Last received: 0.0, Next index: 1, Last known committed idx: 0, Time since last communication: 0.000s
I20260713 09:11:23.064934  1456 consensus_queue.cc:1048] T 0a59ad456b7d4fe7bb45e754239df462 P 71b58bb298134db1bead0b0101e88eee [LEADER]: Connected to new peer: Peer: permanent_uuid: "35edb4972e5645fdabe8d8f7dcedc112" member_type: VOTER last_known_addr { host: "127.31.197.3" port: 38655 }, Status: LMP_MISMATCH, Last received: 0.0, Next index: 1, Last known committed idx: 0, Time since last communication: 0.001s
I20260713 09:11:23.075369  1467 consensus_queue.cc:1048] T 1b00fbdcb6ec423b889c34772fc4649d P acb7d962711d4d9fb7a82060685b00c2 [LEADER]: Connected to new peer: Peer: permanent_uuid: "35edb4972e5645fdabe8d8f7dcedc112" member_type: VOTER last_known_addr { host: "127.31.197.3" port: 38655 }, Status: LMP_MISMATCH, Last received: 0.0, Next index: 1, Last known committed idx: 0, Time since last communication: 0.000s
I20260713 09:11:23.092870  1467 consensus_queue.cc:1048] T abb2395622bd49d9a783fb03b7e86686 P acb7d962711d4d9fb7a82060685b00c2 [LEADER]: Connected to new peer: Peer: permanent_uuid: "71b58bb298134db1bead0b0101e88eee" member_type: VOTER last_known_addr { host: "127.31.197.1" port: 40663 }, Status: LMP_MISMATCH, Last received: 0.0, Next index: 1, Last known committed idx: 0, Time since last communication: 0.000s
I20260713 09:11:23.111763  1467 consensus_queue.cc:1048] T 1b00fbdcb6ec423b889c34772fc4649d P acb7d962711d4d9fb7a82060685b00c2 [LEADER]: Connected to new peer: Peer: permanent_uuid: "71b58bb298134db1bead0b0101e88eee" member_type: VOTER last_known_addr { host: "127.31.197.1" port: 40663 }, Status: LMP_MISMATCH, Last received: 0.0, Next index: 1, Last known committed idx: 0, Time since last communication: 0.001s
I20260713 09:11:23.143935  1606 consensus_queue.cc:1048] T abb2395622bd49d9a783fb03b7e86686 P acb7d962711d4d9fb7a82060685b00c2 [LEADER]: Connected to new peer: Peer: permanent_uuid: "35edb4972e5645fdabe8d8f7dcedc112" member_type: VOTER last_known_addr { host: "127.31.197.3" port: 38655 }, Status: LMP_MISMATCH, Last received: 0.0, Next index: 1, Last known committed idx: 0, Time since last communication: 0.000s
I20260713 09:11:23.188292 32532 rpc_server.cc:307] RPC server started. Bound to: 127.31.197.4:39719
I20260713 09:11:23.188390  1628 acceptor_pool.cc:272] collecting diagnostics on the listening RPC socket 127.31.197.4:39719 every 8 connection(s)
I20260713 09:11:23.193626 32532 auto_leader_rebalancer-test.cc:392] add a tserver: 83a370ffe44140f2acaecae31b333359
I20260713 09:11:23.210939  1629 heartbeater.cc:344] Connected to a master server at 127.31.197.62:36397
I20260713 09:11:23.211421  1629 heartbeater.cc:461] Registering TS with master...
I20260713 09:11:23.212136  1629 heartbeater.cc:507] Master 127.31.197.62:36397 requested a full tablet report, sending...
I20260713 09:11:23.214152  1089 ts_manager.cc:194] Registered new tserver with Master: 83a370ffe44140f2acaecae31b333359 (127.31.197.4:39719)
I20260713 09:11:23.215368  1089 master_service.cc:502] Signed X509 certificate for tserver {username='slave'} at 127.0.0.1:55018
