I20260713 09:11:21.081553 28214 consensus_queue.cc:260] T 174a28822fee433f9857f54559eb7368 P 1da3d668ab8544aca9b530bf86c72cca [NON_LEADER]: Queue going to NON_LEADER mode. State: All replicated index: 0, Majority replicated index: 0, Committed index: 0, Last appended: 0.0, Last appended by leader: 0, Current term: 0, Majority size: -1, State: 0, Mode: NON_LEADER, active raft config: opid_index: -1 OBSOLETE_local: false peers { permanent_uuid: "d93c3b69378c4d15ab00924f48db2b94" member_type: VOTER last_known_addr { host: "127.26.70.193" port: 36295 } } peers { permanent_uuid: "1da3d668ab8544aca9b530bf86c72cca" member_type: VOTER last_known_addr { host: "127.26.70.194" port: 33343 } } peers { permanent_uuid: "89e6d8064faf481cb657349474fa256f" member_type: VOTER last_known_addr { host: "127.26.70.195" port: 35939 } }
I20260713 09:11:21.082475 28212 ts_tablet_manager.cc:1403] T 2839497d3f6d46f89034994a95609163 P d93c3b69378c4d15ab00924f48db2b94: Time spent bootstrapping tablet: real 0.026s	user 0.009s	sys 0.001s
I20260713 09:11:21.083911 28214 ts_tablet_manager.cc:1434] T 174a28822fee433f9857f54559eb7368 P 1da3d668ab8544aca9b530bf86c72cca: Time spent starting tablet: real 0.006s	user 0.005s	sys 0.000s
I20260713 09:11:21.084709 28214 tablet_bootstrap.cc:492] T 2839497d3f6d46f89034994a95609163 P 1da3d668ab8544aca9b530bf86c72cca: Bootstrap starting.
I20260713 09:11:21.084796 28212 raft_consensus.cc:359] T 2839497d3f6d46f89034994a95609163 P d93c3b69378c4d15ab00924f48db2b94 [term 0 FOLLOWER]: Replica starting. Triggering 0 pending ops. Active config: opid_index: -1 OBSOLETE_local: false peers { permanent_uuid: "d93c3b69378c4d15ab00924f48db2b94" member_type: VOTER last_known_addr { host: "127.26.70.193" port: 36295 } } peers { permanent_uuid: "1da3d668ab8544aca9b530bf86c72cca" member_type: VOTER last_known_addr { host: "127.26.70.194" port: 33343 } } peers { permanent_uuid: "89e6d8064faf481cb657349474fa256f" member_type: VOTER last_known_addr { host: "127.26.70.195" port: 35939 } }
I20260713 09:11:21.085824 28212 raft_consensus.cc:385] T 2839497d3f6d46f89034994a95609163 P d93c3b69378c4d15ab00924f48db2b94 [term 0 FOLLOWER]: Consensus starting up: Expiring failure detector timer to make a prompt election more likely
I20260713 09:11:21.086067 28212 raft_consensus.cc:740] T 2839497d3f6d46f89034994a95609163 P d93c3b69378c4d15ab00924f48db2b94 [term 0 FOLLOWER]: Becoming Follower/Learner. State: Replica: d93c3b69378c4d15ab00924f48db2b94, State: Initialized, Role: FOLLOWER
I20260713 09:11:21.086642 28212 consensus_queue.cc:260] T 2839497d3f6d46f89034994a95609163 P d93c3b69378c4d15ab00924f48db2b94 [NON_LEADER]: Queue going to NON_LEADER mode. State: All replicated index: 0, Majority replicated index: 0, Committed index: 0, Last appended: 0.0, Last appended by leader: 0, Current term: 0, Majority size: -1, State: 0, Mode: NON_LEADER, active raft config: opid_index: -1 OBSOLETE_local: false peers { permanent_uuid: "d93c3b69378c4d15ab00924f48db2b94" member_type: VOTER last_known_addr { host: "127.26.70.193" port: 36295 } } peers { permanent_uuid: "1da3d668ab8544aca9b530bf86c72cca" member_type: VOTER last_known_addr { host: "127.26.70.194" port: 33343 } } peers { permanent_uuid: "89e6d8064faf481cb657349474fa256f" member_type: VOTER last_known_addr { host: "127.26.70.195" port: 35939 } }
I20260713 09:11:21.090329 28214 tablet_bootstrap.cc:654] T 2839497d3f6d46f89034994a95609163 P 1da3d668ab8544aca9b530bf86c72cca: Neither blocks nor log segments found. Creating new log.
I20260713 09:11:21.092523 28212 ts_tablet_manager.cc:1434] T 2839497d3f6d46f89034994a95609163 P d93c3b69378c4d15ab00924f48db2b94: Time spent starting tablet: real 0.010s	user 0.005s	sys 0.000s
I20260713 09:11:21.093501 28212 tablet_bootstrap.cc:492] T 51c99950092542429629fa6a47515894 P d93c3b69378c4d15ab00924f48db2b94: Bootstrap starting.
I20260713 09:11:21.103713 28218 raft_consensus.cc:493] T 174a28822fee433f9857f54559eb7368 P 89e6d8064faf481cb657349474fa256f [term 0 FOLLOWER]: Starting pre-election (no leader contacted us within the election timeout)
I20260713 09:11:21.104445 28212 tablet_bootstrap.cc:654] T 51c99950092542429629fa6a47515894 P d93c3b69378c4d15ab00924f48db2b94: Neither blocks nor log segments found. Creating new log.
I20260713 09:11:21.104241 28218 raft_consensus.cc:515] T 174a28822fee433f9857f54559eb7368 P 89e6d8064faf481cb657349474fa256f [term 0 FOLLOWER]: Starting pre-election with config: opid_index: -1 OBSOLETE_local: false peers { permanent_uuid: "d93c3b69378c4d15ab00924f48db2b94" member_type: VOTER last_known_addr { host: "127.26.70.193" port: 36295 } } peers { permanent_uuid: "1da3d668ab8544aca9b530bf86c72cca" member_type: VOTER last_known_addr { host: "127.26.70.194" port: 33343 } } peers { permanent_uuid: "89e6d8064faf481cb657349474fa256f" member_type: VOTER last_known_addr { host: "127.26.70.195" port: 35939 } }
I20260713 09:11:21.110833 28218 leader_election.cc:290] T 174a28822fee433f9857f54559eb7368 P 89e6d8064faf481cb657349474fa256f [CANDIDATE]: Term 1 pre-election: Requested pre-vote from peers d93c3b69378c4d15ab00924f48db2b94 (127.26.70.193:36295), 1da3d668ab8544aca9b530bf86c72cca (127.26.70.194:33343)
I20260713 09:11:21.111975 28095 tablet_service.cc:1917] Received RequestConsensusVote() RPC: tablet_id: "174a28822fee433f9857f54559eb7368" candidate_uuid: "89e6d8064faf481cb657349474fa256f" candidate_term: 1 candidate_status { last_received { term: 0 index: 0 } } ignore_live_leader: false dest_uuid: "1da3d668ab8544aca9b530bf86c72cca" is_pre_election: true
I20260713 09:11:21.114801 28020 tablet_service.cc:1917] Received RequestConsensusVote() RPC: tablet_id: "174a28822fee433f9857f54559eb7368" candidate_uuid: "89e6d8064faf481cb657349474fa256f" candidate_term: 1 candidate_status { last_received { term: 0 index: 0 } } ignore_live_leader: false dest_uuid: "d93c3b69378c4d15ab00924f48db2b94" is_pre_election: true
W20260713 09:11:21.116130 28137 leader_election.cc:343] T 174a28822fee433f9857f54559eb7368 P 89e6d8064faf481cb657349474fa256f [CANDIDATE]: Term 1 pre-election: Tablet error from VoteRequest() call to peer d93c3b69378c4d15ab00924f48db2b94 (127.26.70.193:36295): Illegal state: must be running to vote when last-logged opid is not known
I20260713 09:11:21.117069 28095 raft_consensus.cc:2468] T 174a28822fee433f9857f54559eb7368 P 1da3d668ab8544aca9b530bf86c72cca [term 0 FOLLOWER]: Leader pre-election vote request: Granting yes vote for candidate 89e6d8064faf481cb657349474fa256f in term 0.
I20260713 09:11:21.118168 28214 tablet_bootstrap.cc:492] T 2839497d3f6d46f89034994a95609163 P 1da3d668ab8544aca9b530bf86c72cca: No bootstrap required, opened a new log
I20260713 09:11:21.118271 28136 leader_election.cc:304] T 174a28822fee433f9857f54559eb7368 P 89e6d8064faf481cb657349474fa256f [CANDIDATE]: Term 1 pre-election: Election decided. Result: candidate won. Election summary: received 3 responses out of 3 voters: 2 yes votes; 1 no votes. yes voters: 1da3d668ab8544aca9b530bf86c72cca, 89e6d8064faf481cb657349474fa256f; no voters: d93c3b69378c4d15ab00924f48db2b94
I20260713 09:11:21.118652 28214 ts_tablet_manager.cc:1403] T 2839497d3f6d46f89034994a95609163 P 1da3d668ab8544aca9b530bf86c72cca: Time spent bootstrapping tablet: real 0.034s	user 0.010s	sys 0.016s
I20260713 09:11:21.119374 28218 raft_consensus.cc:2804] T 174a28822fee433f9857f54559eb7368 P 89e6d8064faf481cb657349474fa256f [term 0 FOLLOWER]: Leader pre-election won for term 1
I20260713 09:11:21.119720 28218 raft_consensus.cc:493] T 174a28822fee433f9857f54559eb7368 P 89e6d8064faf481cb657349474fa256f [term 0 FOLLOWER]: Starting leader election (no leader contacted us within the election timeout)
I20260713 09:11:21.119937 28243 raft_consensus.cc:493] T 899d20cd5c364b6f8825bc66df5d61c6 P 89e6d8064faf481cb657349474fa256f [term 0 FOLLOWER]: Starting pre-election (no leader contacted us within the election timeout)
I20260713 09:11:21.120043 28218 raft_consensus.cc:3060] T 174a28822fee433f9857f54559eb7368 P 89e6d8064faf481cb657349474fa256f [term 0 FOLLOWER]: Advancing to term 1
I20260713 09:11:21.120404 28243 raft_consensus.cc:515] T 899d20cd5c364b6f8825bc66df5d61c6 P 89e6d8064faf481cb657349474fa256f [term 0 FOLLOWER]: Starting pre-election with config: opid_index: -1 OBSOLETE_local: false peers { permanent_uuid: "d93c3b69378c4d15ab00924f48db2b94" member_type: VOTER last_known_addr { host: "127.26.70.193" port: 36295 } } peers { permanent_uuid: "1da3d668ab8544aca9b530bf86c72cca" member_type: VOTER last_known_addr { host: "127.26.70.194" port: 33343 } } peers { permanent_uuid: "89e6d8064faf481cb657349474fa256f" member_type: VOTER last_known_addr { host: "127.26.70.195" port: 35939 } }
I20260713 09:11:21.121248 28214 raft_consensus.cc:359] T 2839497d3f6d46f89034994a95609163 P 1da3d668ab8544aca9b530bf86c72cca [term 0 FOLLOWER]: Replica starting. Triggering 0 pending ops. Active config: opid_index: -1 OBSOLETE_local: false peers { permanent_uuid: "d93c3b69378c4d15ab00924f48db2b94" member_type: VOTER last_known_addr { host: "127.26.70.193" port: 36295 } } peers { permanent_uuid: "1da3d668ab8544aca9b530bf86c72cca" member_type: VOTER last_known_addr { host: "127.26.70.194" port: 33343 } } peers { permanent_uuid: "89e6d8064faf481cb657349474fa256f" member_type: VOTER last_known_addr { host: "127.26.70.195" port: 35939 } }
I20260713 09:11:21.121850 28214 raft_consensus.cc:385] T 2839497d3f6d46f89034994a95609163 P 1da3d668ab8544aca9b530bf86c72cca [term 0 FOLLOWER]: Consensus starting up: Expiring failure detector timer to make a prompt election more likely
I20260713 09:11:21.122027 28214 raft_consensus.cc:740] T 2839497d3f6d46f89034994a95609163 P 1da3d668ab8544aca9b530bf86c72cca [term 0 FOLLOWER]: Becoming Follower/Learner. State: Replica: 1da3d668ab8544aca9b530bf86c72cca, State: Initialized, Role: FOLLOWER
I20260713 09:11:21.124687 27919 catalog_manager.cc:5697] T 9bd538a275734feea0c409b07bbe14d8 P 1da3d668ab8544aca9b530bf86c72cca reported cstate change: term changed from 0 to 1, leader changed from <none> to 1da3d668ab8544aca9b530bf86c72cca (127.26.70.194). New cstate: current_term: 1 leader_uuid: "1da3d668ab8544aca9b530bf86c72cca" committed_config { opid_index: -1 OBSOLETE_local: false peers { permanent_uuid: "d93c3b69378c4d15ab00924f48db2b94" member_type: VOTER last_known_addr { host: "127.26.70.193" port: 36295 } health_report { overall_health: UNKNOWN } } peers { permanent_uuid: "1da3d668ab8544aca9b530bf86c72cca" member_type: VOTER last_known_addr { host: "127.26.70.194" port: 33343 } health_report { overall_health: HEALTHY } } peers { permanent_uuid: "89e6d8064faf481cb657349474fa256f" member_type: VOTER last_known_addr { host: "127.26.70.195" port: 35939 } health_report { overall_health: UNKNOWN } } }
I20260713 09:11:21.128509 28243 leader_election.cc:290] T 899d20cd5c364b6f8825bc66df5d61c6 P 89e6d8064faf481cb657349474fa256f [CANDIDATE]: Term 1 pre-election: Requested pre-vote from peers d93c3b69378c4d15ab00924f48db2b94 (127.26.70.193:36295), 1da3d668ab8544aca9b530bf86c72cca (127.26.70.194:33343)
I20260713 09:11:21.129868 28020 tablet_service.cc:1917] Received RequestConsensusVote() RPC: tablet_id: "899d20cd5c364b6f8825bc66df5d61c6" candidate_uuid: "89e6d8064faf481cb657349474fa256f" candidate_term: 1 candidate_status { last_received { term: 0 index: 0 } } ignore_live_leader: false dest_uuid: "d93c3b69378c4d15ab00924f48db2b94" is_pre_election: true
I20260713 09:11:21.130532 28020 raft_consensus.cc:2468] T 899d20cd5c364b6f8825bc66df5d61c6 P d93c3b69378c4d15ab00924f48db2b94 [term 0 FOLLOWER]: Leader pre-election vote request: Granting yes vote for candidate 89e6d8064faf481cb657349474fa256f in term 0.
I20260713 09:11:21.131791 28137 leader_election.cc:304] T 899d20cd5c364b6f8825bc66df5d61c6 P 89e6d8064faf481cb657349474fa256f [CANDIDATE]: Term 1 pre-election: Election decided. Result: candidate won. Election summary: received 2 responses out of 3 voters: 2 yes votes; 0 no votes. yes voters: 89e6d8064faf481cb657349474fa256f, d93c3b69378c4d15ab00924f48db2b94; no voters: 
I20260713 09:11:21.132743 28243 raft_consensus.cc:2804] T 899d20cd5c364b6f8825bc66df5d61c6 P 89e6d8064faf481cb657349474fa256f [term 0 FOLLOWER]: Leader pre-election won for term 1
I20260713 09:11:21.133129 28243 raft_consensus.cc:493] T 899d20cd5c364b6f8825bc66df5d61c6 P 89e6d8064faf481cb657349474fa256f [term 0 FOLLOWER]: Starting leader election (no leader contacted us within the election timeout)
I20260713 09:11:21.129963 28095 tablet_service.cc:1917] Received RequestConsensusVote() RPC: tablet_id: "899d20cd5c364b6f8825bc66df5d61c6" candidate_uuid: "89e6d8064faf481cb657349474fa256f" candidate_term: 1 candidate_status { last_received { term: 0 index: 0 } } ignore_live_leader: false dest_uuid: "1da3d668ab8544aca9b530bf86c72cca" is_pre_election: true
I20260713 09:11:21.133440 28243 raft_consensus.cc:3060] T 899d20cd5c364b6f8825bc66df5d61c6 P 89e6d8064faf481cb657349474fa256f [term 0 FOLLOWER]: Advancing to term 1
I20260713 09:11:21.133813 28095 raft_consensus.cc:2468] T 899d20cd5c364b6f8825bc66df5d61c6 P 1da3d668ab8544aca9b530bf86c72cca [term 0 FOLLOWER]: Leader pre-election vote request: Granting yes vote for candidate 89e6d8064faf481cb657349474fa256f in term 0.
I20260713 09:11:21.135658 28218 raft_consensus.cc:515] T 174a28822fee433f9857f54559eb7368 P 89e6d8064faf481cb657349474fa256f [term 1 FOLLOWER]: Starting leader election with config: opid_index: -1 OBSOLETE_local: false peers { permanent_uuid: "d93c3b69378c4d15ab00924f48db2b94" member_type: VOTER last_known_addr { host: "127.26.70.193" port: 36295 } } peers { permanent_uuid: "1da3d668ab8544aca9b530bf86c72cca" member_type: VOTER last_known_addr { host: "127.26.70.194" port: 33343 } } peers { permanent_uuid: "89e6d8064faf481cb657349474fa256f" member_type: VOTER last_known_addr { host: "127.26.70.195" port: 35939 } }
I20260713 09:11:21.137595 28218 leader_election.cc:290] T 174a28822fee433f9857f54559eb7368 P 89e6d8064faf481cb657349474fa256f [CANDIDATE]: Term 1 election: Requested vote from peers d93c3b69378c4d15ab00924f48db2b94 (127.26.70.193:36295), 1da3d668ab8544aca9b530bf86c72cca (127.26.70.194:33343)
I20260713 09:11:21.140028 28020 tablet_service.cc:1917] Received RequestConsensusVote() RPC: tablet_id: "174a28822fee433f9857f54559eb7368" candidate_uuid: "89e6d8064faf481cb657349474fa256f" candidate_term: 1 candidate_status { last_received { term: 0 index: 0 } } ignore_live_leader: false dest_uuid: "d93c3b69378c4d15ab00924f48db2b94"
I20260713 09:11:21.138155 28214 consensus_queue.cc:260] T 2839497d3f6d46f89034994a95609163 P 1da3d668ab8544aca9b530bf86c72cca [NON_LEADER]: Queue going to NON_LEADER mode. State: All replicated index: 0, Majority replicated index: 0, Committed index: 0, Last appended: 0.0, Last appended by leader: 0, Current term: 0, Majority size: -1, State: 0, Mode: NON_LEADER, active raft config: opid_index: -1 OBSOLETE_local: false peers { permanent_uuid: "d93c3b69378c4d15ab00924f48db2b94" member_type: VOTER last_known_addr { host: "127.26.70.193" port: 36295 } } peers { permanent_uuid: "1da3d668ab8544aca9b530bf86c72cca" member_type: VOTER last_known_addr { host: "127.26.70.194" port: 33343 } } peers { permanent_uuid: "89e6d8064faf481cb657349474fa256f" member_type: VOTER last_known_addr { host: "127.26.70.195" port: 35939 } }
I20260713 09:11:21.140628 28243 raft_consensus.cc:515] T 899d20cd5c364b6f8825bc66df5d61c6 P 89e6d8064faf481cb657349474fa256f [term 1 FOLLOWER]: Starting leader election with config: opid_index: -1 OBSOLETE_local: false peers { permanent_uuid: "d93c3b69378c4d15ab00924f48db2b94" member_type: VOTER last_known_addr { host: "127.26.70.193" port: 36295 } } peers { permanent_uuid: "1da3d668ab8544aca9b530bf86c72cca" member_type: VOTER last_known_addr { host: "127.26.70.194" port: 33343 } } peers { permanent_uuid: "89e6d8064faf481cb657349474fa256f" member_type: VOTER last_known_addr { host: "127.26.70.195" port: 35939 } }
I20260713 09:11:21.141484 28212 tablet_bootstrap.cc:492] T 51c99950092542429629fa6a47515894 P d93c3b69378c4d15ab00924f48db2b94: No bootstrap required, opened a new log
I20260713 09:11:21.141911 28212 ts_tablet_manager.cc:1403] T 51c99950092542429629fa6a47515894 P d93c3b69378c4d15ab00924f48db2b94: Time spent bootstrapping tablet: real 0.049s	user 0.020s	sys 0.009s
I20260713 09:11:21.142166 28214 ts_tablet_manager.cc:1434] T 2839497d3f6d46f89034994a95609163 P 1da3d668ab8544aca9b530bf86c72cca: Time spent starting tablet: real 0.023s	user 0.005s	sys 0.001s
I20260713 09:11:21.142343 28095 tablet_service.cc:1917] Received RequestConsensusVote() RPC: tablet_id: "174a28822fee433f9857f54559eb7368" candidate_uuid: "89e6d8064faf481cb657349474fa256f" candidate_term: 1 candidate_status { last_received { term: 0 index: 0 } } ignore_live_leader: false dest_uuid: "1da3d668ab8544aca9b530bf86c72cca"
I20260713 09:11:21.142879 28095 raft_consensus.cc:3060] T 174a28822fee433f9857f54559eb7368 P 1da3d668ab8544aca9b530bf86c72cca [term 0 FOLLOWER]: Advancing to term 1
I20260713 09:11:21.144155 28097 tablet_service.cc:1917] Received RequestConsensusVote() RPC: tablet_id: "899d20cd5c364b6f8825bc66df5d61c6" candidate_uuid: "89e6d8064faf481cb657349474fa256f" candidate_term: 1 candidate_status { last_received { term: 0 index: 0 } } ignore_live_leader: false dest_uuid: "1da3d668ab8544aca9b530bf86c72cca"
I20260713 09:11:21.144740 28097 raft_consensus.cc:3060] T 899d20cd5c364b6f8825bc66df5d61c6 P 1da3d668ab8544aca9b530bf86c72cca [term 0 FOLLOWER]: Advancing to term 1
W20260713 09:11:21.146641 28137 leader_election.cc:343] T 174a28822fee433f9857f54559eb7368 P 89e6d8064faf481cb657349474fa256f [CANDIDATE]: Term 1 election: Tablet error from VoteRequest() call to peer d93c3b69378c4d15ab00924f48db2b94 (127.26.70.193:36295): Illegal state: must be running to vote when last-logged opid is not known
I20260713 09:11:21.147823 28020 tablet_service.cc:1917] Received RequestConsensusVote() RPC: tablet_id: "899d20cd5c364b6f8825bc66df5d61c6" candidate_uuid: "89e6d8064faf481cb657349474fa256f" candidate_term: 1 candidate_status { last_received { term: 0 index: 0 } } ignore_live_leader: false dest_uuid: "d93c3b69378c4d15ab00924f48db2b94"
I20260713 09:11:21.148308 28020 raft_consensus.cc:3060] T 899d20cd5c364b6f8825bc66df5d61c6 P d93c3b69378c4d15ab00924f48db2b94 [term 0 FOLLOWER]: Advancing to term 1
I20260713 09:11:21.150931 28097 raft_consensus.cc:2468] T 899d20cd5c364b6f8825bc66df5d61c6 P 1da3d668ab8544aca9b530bf86c72cca [term 1 FOLLOWER]: Leader election vote request: Granting yes vote for candidate 89e6d8064faf481cb657349474fa256f in term 1.
I20260713 09:11:21.152173 28136 leader_election.cc:304] T 899d20cd5c364b6f8825bc66df5d61c6 P 89e6d8064faf481cb657349474fa256f [CANDIDATE]: Term 1 election: Election decided. Result: candidate won. Election summary: received 2 responses out of 3 voters: 2 yes votes; 0 no votes. yes voters: 1da3d668ab8544aca9b530bf86c72cca, 89e6d8064faf481cb657349474fa256f; no voters: 
I20260713 09:11:21.152544 28020 raft_consensus.cc:2468] T 899d20cd5c364b6f8825bc66df5d61c6 P d93c3b69378c4d15ab00924f48db2b94 [term 1 FOLLOWER]: Leader election vote request: Granting yes vote for candidate 89e6d8064faf481cb657349474fa256f in term 1.
I20260713 09:11:21.153215 28218 raft_consensus.cc:2804] T 899d20cd5c364b6f8825bc66df5d61c6 P 89e6d8064faf481cb657349474fa256f [term 1 FOLLOWER]: Leader election won for term 1
I20260713 09:11:21.153743 28218 raft_consensus.cc:697] T 899d20cd5c364b6f8825bc66df5d61c6 P 89e6d8064faf481cb657349474fa256f [term 1 LEADER]: Becoming Leader. State: Replica: 89e6d8064faf481cb657349474fa256f, State: Running, Role: LEADER
I20260713 09:11:21.154600 28218 consensus_queue.cc:237] T 899d20cd5c364b6f8825bc66df5d61c6 P 89e6d8064faf481cb657349474fa256f [LEADER]: Queue going to LEADER mode. State: All replicated index: 0, Majority replicated index: 0, Committed index: 0, Last appended: 0.0, Last appended by leader: 0, Current term: 1, Majority size: 2, State: 0, Mode: LEADER, active raft config: opid_index: -1 OBSOLETE_local: false peers { permanent_uuid: "d93c3b69378c4d15ab00924f48db2b94" member_type: VOTER last_known_addr { host: "127.26.70.193" port: 36295 } } peers { permanent_uuid: "1da3d668ab8544aca9b530bf86c72cca" member_type: VOTER last_known_addr { host: "127.26.70.194" port: 33343 } } peers { permanent_uuid: "89e6d8064faf481cb657349474fa256f" member_type: VOTER last_known_addr { host: "127.26.70.195" port: 35939 } }
I20260713 09:11:21.155241 28095 raft_consensus.cc:2468] T 174a28822fee433f9857f54559eb7368 P 1da3d668ab8544aca9b530bf86c72cca [term 1 FOLLOWER]: Leader election vote request: Granting yes vote for candidate 89e6d8064faf481cb657349474fa256f in term 1.
I20260713 09:11:21.156374 28136 leader_election.cc:304] T 174a28822fee433f9857f54559eb7368 P 89e6d8064faf481cb657349474fa256f [CANDIDATE]: Term 1 election: Election decided. Result: candidate won. Election summary: received 3 responses out of 3 voters: 2 yes votes; 1 no votes. yes voters: 1da3d668ab8544aca9b530bf86c72cca, 89e6d8064faf481cb657349474fa256f; no voters: d93c3b69378c4d15ab00924f48db2b94
I20260713 09:11:21.157159 28245 raft_consensus.cc:2804] T 174a28822fee433f9857f54559eb7368 P 89e6d8064faf481cb657349474fa256f [term 1 FOLLOWER]: Leader election won for term 1
I20260713 09:11:21.156935 28212 raft_consensus.cc:359] T 51c99950092542429629fa6a47515894 P d93c3b69378c4d15ab00924f48db2b94 [term 0 FOLLOWER]: Replica starting. Triggering 0 pending ops. Active config: opid_index: -1 OBSOLETE_local: false peers { permanent_uuid: "d93c3b69378c4d15ab00924f48db2b94" member_type: VOTER last_known_addr { host: "127.26.70.193" port: 36295 } } peers { permanent_uuid: "1da3d668ab8544aca9b530bf86c72cca" member_type: VOTER last_known_addr { host: "127.26.70.194" port: 33343 } } peers { permanent_uuid: "89e6d8064faf481cb657349474fa256f" member_type: VOTER last_known_addr { host: "127.26.70.195" port: 35939 } }
I20260713 09:11:21.157640 28245 raft_consensus.cc:697] T 174a28822fee433f9857f54559eb7368 P 89e6d8064faf481cb657349474fa256f [term 1 LEADER]: Becoming Leader. State: Replica: 89e6d8064faf481cb657349474fa256f, State: Running, Role: LEADER
I20260713 09:11:21.158433 28243 leader_election.cc:290] T 899d20cd5c364b6f8825bc66df5d61c6 P 89e6d8064faf481cb657349474fa256f [CANDIDATE]: Term 1 election: Requested vote from peers d93c3b69378c4d15ab00924f48db2b94 (127.26.70.193:36295), 1da3d668ab8544aca9b530bf86c72cca (127.26.70.194:33343)
I20260713 09:11:21.158447 28245 consensus_queue.cc:237] T 174a28822fee433f9857f54559eb7368 P 89e6d8064faf481cb657349474fa256f [LEADER]: Queue going to LEADER mode. State: All replicated index: 0, Majority replicated index: 0, Committed index: 0, Last appended: 0.0, Last appended by leader: 0, Current term: 1, Majority size: 2, State: 0, Mode: LEADER, active raft config: opid_index: -1 OBSOLETE_local: false peers { permanent_uuid: "d93c3b69378c4d15ab00924f48db2b94" member_type: VOTER last_known_addr { host: "127.26.70.193" port: 36295 } } peers { permanent_uuid: "1da3d668ab8544aca9b530bf86c72cca" member_type: VOTER last_known_addr { host: "127.26.70.194" port: 33343 } } peers { permanent_uuid: "89e6d8064faf481cb657349474fa256f" member_type: VOTER last_known_addr { host: "127.26.70.195" port: 35939 } }
I20260713 09:11:21.157646 28212 raft_consensus.cc:385] T 51c99950092542429629fa6a47515894 P d93c3b69378c4d15ab00924f48db2b94 [term 0 FOLLOWER]: Consensus starting up: Expiring failure detector timer to make a prompt election more likely
I20260713 09:11:21.159557 28212 raft_consensus.cc:740] T 51c99950092542429629fa6a47515894 P d93c3b69378c4d15ab00924f48db2b94 [term 0 FOLLOWER]: Becoming Follower/Learner. State: Replica: d93c3b69378c4d15ab00924f48db2b94, State: Initialized, Role: FOLLOWER
I20260713 09:11:21.160200 28212 consensus_queue.cc:260] T 51c99950092542429629fa6a47515894 P d93c3b69378c4d15ab00924f48db2b94 [NON_LEADER]: Queue going to NON_LEADER mode. State: All replicated index: 0, Majority replicated index: 0, Committed index: 0, Last appended: 0.0, Last appended by leader: 0, Current term: 0, Majority size: -1, State: 0, Mode: NON_LEADER, active raft config: opid_index: -1 OBSOLETE_local: false peers { permanent_uuid: "d93c3b69378c4d15ab00924f48db2b94" member_type: VOTER last_known_addr { host: "127.26.70.193" port: 36295 } } peers { permanent_uuid: "1da3d668ab8544aca9b530bf86c72cca" member_type: VOTER last_known_addr { host: "127.26.70.194" port: 33343 } } peers { permanent_uuid: "89e6d8064faf481cb657349474fa256f" member_type: VOTER last_known_addr { host: "127.26.70.195" port: 35939 } }
I20260713 09:11:21.162215 28212 ts_tablet_manager.cc:1434] T 51c99950092542429629fa6a47515894 P d93c3b69378c4d15ab00924f48db2b94: Time spent starting tablet: real 0.020s	user 0.006s	sys 0.001s
I20260713 09:11:21.165009 28295 raft_consensus.cc:493] T 51c99950092542429629fa6a47515894 P d93c3b69378c4d15ab00924f48db2b94 [term 0 FOLLOWER]: Starting pre-election (no leader contacted us within the election timeout)
I20260713 09:11:21.165143 28212 tablet_bootstrap.cc:492] T 174a28822fee433f9857f54559eb7368 P d93c3b69378c4d15ab00924f48db2b94: Bootstrap starting.
I20260713 09:11:21.165460 28295 raft_consensus.cc:515] T 51c99950092542429629fa6a47515894 P d93c3b69378c4d15ab00924f48db2b94 [term 0 FOLLOWER]: Starting pre-election with config: opid_index: -1 OBSOLETE_local: false peers { permanent_uuid: "d93c3b69378c4d15ab00924f48db2b94" member_type: VOTER last_known_addr { host: "127.26.70.193" port: 36295 } } peers { permanent_uuid: "1da3d668ab8544aca9b530bf86c72cca" member_type: VOTER last_known_addr { host: "127.26.70.194" port: 33343 } } peers { permanent_uuid: "89e6d8064faf481cb657349474fa256f" member_type: VOTER last_known_addr { host: "127.26.70.195" port: 35939 } }
I20260713 09:11:21.167521 28295 leader_election.cc:290] T 51c99950092542429629fa6a47515894 P d93c3b69378c4d15ab00924f48db2b94 [CANDIDATE]: Term 1 pre-election: Requested pre-vote from peers 1da3d668ab8544aca9b530bf86c72cca (127.26.70.194:33343), 89e6d8064faf481cb657349474fa256f (127.26.70.195:35939)
I20260713 09:11:21.168543 28097 tablet_service.cc:1917] Received RequestConsensusVote() RPC: tablet_id: "51c99950092542429629fa6a47515894" candidate_uuid: "d93c3b69378c4d15ab00924f48db2b94" candidate_term: 1 candidate_status { last_received { term: 0 index: 0 } } ignore_live_leader: false dest_uuid: "1da3d668ab8544aca9b530bf86c72cca" is_pre_election: true
I20260713 09:11:21.169132 28097 raft_consensus.cc:2468] T 51c99950092542429629fa6a47515894 P 1da3d668ab8544aca9b530bf86c72cca [term 0 FOLLOWER]: Leader pre-election vote request: Granting yes vote for candidate d93c3b69378c4d15ab00924f48db2b94 in term 0.
I20260713 09:11:21.170310 27987 leader_election.cc:304] T 51c99950092542429629fa6a47515894 P d93c3b69378c4d15ab00924f48db2b94 [CANDIDATE]: Term 1 pre-election: Election decided. Result: candidate won. Election summary: received 2 responses out of 3 voters: 2 yes votes; 0 no votes. yes voters: 1da3d668ab8544aca9b530bf86c72cca, d93c3b69378c4d15ab00924f48db2b94; no voters: 
I20260713 09:11:21.171511 28212 tablet_bootstrap.cc:654] T 174a28822fee433f9857f54559eb7368 P d93c3b69378c4d15ab00924f48db2b94: Neither blocks nor log segments found. Creating new log.
I20260713 09:11:21.172832 28171 tablet_service.cc:1917] Received RequestConsensusVote() RPC: tablet_id: "51c99950092542429629fa6a47515894" candidate_uuid: "d93c3b69378c4d15ab00924f48db2b94" candidate_term: 1 candidate_status { last_received { term: 0 index: 0 } } ignore_live_leader: false dest_uuid: "89e6d8064faf481cb657349474fa256f" is_pre_election: true
I20260713 09:11:21.173408 28171 raft_consensus.cc:2468] T 51c99950092542429629fa6a47515894 P 89e6d8064faf481cb657349474fa256f [term 0 FOLLOWER]: Leader pre-election vote request: Granting yes vote for candidate d93c3b69378c4d15ab00924f48db2b94 in term 0.
I20260713 09:11:21.174234 27918 catalog_manager.cc:5697] T 899d20cd5c364b6f8825bc66df5d61c6 P 89e6d8064faf481cb657349474fa256f reported cstate change: term changed from 0 to 1, leader changed from <none> to 89e6d8064faf481cb657349474fa256f (127.26.70.195). New cstate: current_term: 1 leader_uuid: "89e6d8064faf481cb657349474fa256f" committed_config { opid_index: -1 OBSOLETE_local: false peers { permanent_uuid: "d93c3b69378c4d15ab00924f48db2b94" member_type: VOTER last_known_addr { host: "127.26.70.193" port: 36295 } health_report { overall_health: UNKNOWN } } peers { permanent_uuid: "1da3d668ab8544aca9b530bf86c72cca" member_type: VOTER last_known_addr { host: "127.26.70.194" port: 33343 } health_report { overall_health: UNKNOWN } } peers { permanent_uuid: "89e6d8064faf481cb657349474fa256f" member_type: VOTER last_known_addr { host: "127.26.70.195" port: 35939 } health_report { overall_health: HEALTHY } } }
I20260713 09:11:21.174945 28295 raft_consensus.cc:2804] T 51c99950092542429629fa6a47515894 P d93c3b69378c4d15ab00924f48db2b94 [term 0 FOLLOWER]: Leader pre-election won for term 1
I20260713 09:11:21.175357 28295 raft_consensus.cc:493] T 51c99950092542429629fa6a47515894 P d93c3b69378c4d15ab00924f48db2b94 [term 0 FOLLOWER]: Starting leader election (no leader contacted us within the election timeout)
I20260713 09:11:21.175697 28295 raft_consensus.cc:3060] T 51c99950092542429629fa6a47515894 P d93c3b69378c4d15ab00924f48db2b94 [term 0 FOLLOWER]: Advancing to term 1
I20260713 09:11:21.178958 28212 tablet_bootstrap.cc:492] T 174a28822fee433f9857f54559eb7368 P d93c3b69378c4d15ab00924f48db2b94: No bootstrap required, opened a new log
I20260713 09:11:21.179414 28212 ts_tablet_manager.cc:1403] T 174a28822fee433f9857f54559eb7368 P d93c3b69378c4d15ab00924f48db2b94: Time spent bootstrapping tablet: real 0.014s	user 0.010s	sys 0.004s
I20260713 09:11:21.181847 28212 raft_consensus.cc:359] T 174a28822fee433f9857f54559eb7368 P d93c3b69378c4d15ab00924f48db2b94 [term 0 FOLLOWER]: Replica starting. Triggering 0 pending ops. Active config: opid_index: -1 OBSOLETE_local: false peers { permanent_uuid: "d93c3b69378c4d15ab00924f48db2b94" member_type: VOTER last_known_addr { host: "127.26.70.193" port: 36295 } } peers { permanent_uuid: "1da3d668ab8544aca9b530bf86c72cca" member_type: VOTER last_known_addr { host: "127.26.70.194" port: 33343 } } peers { permanent_uuid: "89e6d8064faf481cb657349474fa256f" member_type: VOTER last_known_addr { host: "127.26.70.195" port: 35939 } }
I20260713 09:11:21.182439 28212 raft_consensus.cc:385] T 174a28822fee433f9857f54559eb7368 P d93c3b69378c4d15ab00924f48db2b94 [term 0 FOLLOWER]: Consensus starting up: Expiring failure detector timer to make a prompt election more likely
I20260713 09:11:21.182677 28212 raft_consensus.cc:740] T 174a28822fee433f9857f54559eb7368 P d93c3b69378c4d15ab00924f48db2b94 [term 0 FOLLOWER]: Becoming Follower/Learner. State: Replica: d93c3b69378c4d15ab00924f48db2b94, State: Initialized, Role: FOLLOWER
I20260713 09:11:21.183279 28212 consensus_queue.cc:260] T 174a28822fee433f9857f54559eb7368 P d93c3b69378c4d15ab00924f48db2b94 [NON_LEADER]: Queue going to NON_LEADER mode. State: All replicated index: 0, Majority replicated index: 0, Committed index: 0, Last appended: 0.0, Last appended by leader: 0, Current term: 0, Majority size: -1, State: 0, Mode: NON_LEADER, active raft config: opid_index: -1 OBSOLETE_local: false peers { permanent_uuid: "d93c3b69378c4d15ab00924f48db2b94" member_type: VOTER last_known_addr { host: "127.26.70.193" port: 36295 } } peers { permanent_uuid: "1da3d668ab8544aca9b530bf86c72cca" member_type: VOTER last_known_addr { host: "127.26.70.194" port: 33343 } } peers { permanent_uuid: "89e6d8064faf481cb657349474fa256f" member_type: VOTER last_known_addr { host: "127.26.70.195" port: 35939 } }
I20260713 09:11:21.185469 28212 ts_tablet_manager.cc:1434] T 174a28822fee433f9857f54559eb7368 P d93c3b69378c4d15ab00924f48db2b94: Time spent starting tablet: real 0.006s	user 0.001s	sys 0.003s
I20260713 09:11:21.185555 28295 raft_consensus.cc:515] T 51c99950092542429629fa6a47515894 P d93c3b69378c4d15ab00924f48db2b94 [term 1 FOLLOWER]: Starting leader election with config: opid_index: -1 OBSOLETE_local: false peers { permanent_uuid: "d93c3b69378c4d15ab00924f48db2b94" member_type: VOTER last_known_addr { host: "127.26.70.193" port: 36295 } } peers { permanent_uuid: "1da3d668ab8544aca9b530bf86c72cca" member_type: VOTER last_known_addr { host: "127.26.70.194" port: 33343 } } peers { permanent_uuid: "89e6d8064faf481cb657349474fa256f" member_type: VOTER last_known_addr { host: "127.26.70.195" port: 35939 } }
I20260713 09:11:21.188107 28097 tablet_service.cc:1917] Received RequestConsensusVote() RPC: tablet_id: "51c99950092542429629fa6a47515894" candidate_uuid: "d93c3b69378c4d15ab00924f48db2b94" candidate_term: 1 candidate_status { last_received { term: 0 index: 0 } } ignore_live_leader: false dest_uuid: "1da3d668ab8544aca9b530bf86c72cca"
I20260713 09:11:21.188630 28097 raft_consensus.cc:3060] T 51c99950092542429629fa6a47515894 P 1da3d668ab8544aca9b530bf86c72cca [term 0 FOLLOWER]: Advancing to term 1
I20260713 09:11:21.189868 27918 catalog_manager.cc:5697] T 174a28822fee433f9857f54559eb7368 P 89e6d8064faf481cb657349474fa256f reported cstate change: term changed from 0 to 1, leader changed from <none> to 89e6d8064faf481cb657349474fa256f (127.26.70.195). New cstate: current_term: 1 leader_uuid: "89e6d8064faf481cb657349474fa256f" committed_config { opid_index: -1 OBSOLETE_local: false peers { permanent_uuid: "d93c3b69378c4d15ab00924f48db2b94" member_type: VOTER last_known_addr { host: "127.26.70.193" port: 36295 } health_report { overall_health: UNKNOWN } } peers { permanent_uuid: "1da3d668ab8544aca9b530bf86c72cca" member_type: VOTER last_known_addr { host: "127.26.70.194" port: 33343 } health_report { overall_health: UNKNOWN } } peers { permanent_uuid: "89e6d8064faf481cb657349474fa256f" member_type: VOTER last_known_addr { host: "127.26.70.195" port: 35939 } health_report { overall_health: HEALTHY } } }
I20260713 09:11:21.195755 28295 leader_election.cc:290] T 51c99950092542429629fa6a47515894 P d93c3b69378c4d15ab00924f48db2b94 [CANDIDATE]: Term 1 election: Requested vote from peers 1da3d668ab8544aca9b530bf86c72cca (127.26.70.194:33343), 89e6d8064faf481cb657349474fa256f (127.26.70.195:35939)
I20260713 09:11:21.196775 28171 tablet_service.cc:1917] Received RequestConsensusVote() RPC: tablet_id: "51c99950092542429629fa6a47515894" candidate_uuid: "d93c3b69378c4d15ab00924f48db2b94" candidate_term: 1 candidate_status { last_received { term: 0 index: 0 } } ignore_live_leader: false dest_uuid: "89e6d8064faf481cb657349474fa256f"
I20260713 09:11:21.197304 28171 raft_consensus.cc:3060] T 51c99950092542429629fa6a47515894 P 89e6d8064faf481cb657349474fa256f [term 0 FOLLOWER]: Advancing to term 1
I20260713 09:11:21.197510 28097 raft_consensus.cc:2468] T 51c99950092542429629fa6a47515894 P 1da3d668ab8544aca9b530bf86c72cca [term 1 FOLLOWER]: Leader election vote request: Granting yes vote for candidate d93c3b69378c4d15ab00924f48db2b94 in term 1.
I20260713 09:11:21.199849 27987 leader_election.cc:304] T 51c99950092542429629fa6a47515894 P d93c3b69378c4d15ab00924f48db2b94 [CANDIDATE]: Term 1 election: Election decided. Result: candidate won. Election summary: received 2 responses out of 3 voters: 2 yes votes; 0 no votes. yes voters: 1da3d668ab8544aca9b530bf86c72cca, d93c3b69378c4d15ab00924f48db2b94; no voters: 
I20260713 09:11:21.203460 28295 raft_consensus.cc:2804] T 51c99950092542429629fa6a47515894 P d93c3b69378c4d15ab00924f48db2b94 [term 1 FOLLOWER]: Leader election won for term 1
I20260713 09:11:21.203603 28171 raft_consensus.cc:2468] T 51c99950092542429629fa6a47515894 P 89e6d8064faf481cb657349474fa256f [term 1 FOLLOWER]: Leader election vote request: Granting yes vote for candidate d93c3b69378c4d15ab00924f48db2b94 in term 1.
I20260713 09:11:21.204066 28295 raft_consensus.cc:697] T 51c99950092542429629fa6a47515894 P d93c3b69378c4d15ab00924f48db2b94 [term 1 LEADER]: Becoming Leader. State: Replica: d93c3b69378c4d15ab00924f48db2b94, State: Running, Role: LEADER
I20260713 09:11:21.204998 28295 consensus_queue.cc:237] T 51c99950092542429629fa6a47515894 P d93c3b69378c4d15ab00924f48db2b94 [LEADER]: Queue going to LEADER mode. State: All replicated index: 0, Majority replicated index: 0, Committed index: 0, Last appended: 0.0, Last appended by leader: 0, Current term: 1, Majority size: 2, State: 0, Mode: LEADER, active raft config: opid_index: -1 OBSOLETE_local: false peers { permanent_uuid: "d93c3b69378c4d15ab00924f48db2b94" member_type: VOTER last_known_addr { host: "127.26.70.193" port: 36295 } } peers { permanent_uuid: "1da3d668ab8544aca9b530bf86c72cca" member_type: VOTER last_known_addr { host: "127.26.70.194" port: 33343 } } peers { permanent_uuid: "89e6d8064faf481cb657349474fa256f" member_type: VOTER last_known_addr { host: "127.26.70.195" port: 35939 } }
I20260713 09:11:21.210978 28317 consensus_queue.cc:1048] T 4be8c0a321f34407b7b038d7671fec28 P 1da3d668ab8544aca9b530bf86c72cca [LEADER]: Connected to new peer: Peer: permanent_uuid: "89e6d8064faf481cb657349474fa256f" member_type: VOTER last_known_addr { host: "127.26.70.195" port: 35939 }, Status: LMP_MISMATCH, Last received: 0.0, Next index: 1, Last known committed idx: 0, Time since last communication: 0.000s
I20260713 09:11:21.212828 27919 catalog_manager.cc:5697] T 51c99950092542429629fa6a47515894 P d93c3b69378c4d15ab00924f48db2b94 reported cstate change: term changed from 0 to 1, leader changed from <none> to d93c3b69378c4d15ab00924f48db2b94 (127.26.70.193). New cstate: current_term: 1 leader_uuid: "d93c3b69378c4d15ab00924f48db2b94" committed_config { opid_index: -1 OBSOLETE_local: false peers { permanent_uuid: "d93c3b69378c4d15ab00924f48db2b94" member_type: VOTER last_known_addr { host: "127.26.70.193" port: 36295 } health_report { overall_health: HEALTHY } } peers { permanent_uuid: "1da3d668ab8544aca9b530bf86c72cca" member_type: VOTER last_known_addr { host: "127.26.70.194" port: 33343 } health_report { overall_health: UNKNOWN } } peers { permanent_uuid: "89e6d8064faf481cb657349474fa256f" member_type: VOTER last_known_addr { host: "127.26.70.195" port: 35939 } health_report { overall_health: UNKNOWN } } }
I20260713 09:11:21.223348 28220 consensus_queue.cc:1048] T 4be8c0a321f34407b7b038d7671fec28 P 1da3d668ab8544aca9b530bf86c72cca [LEADER]: Connected to new peer: Peer: permanent_uuid: "d93c3b69378c4d15ab00924f48db2b94" member_type: VOTER last_known_addr { host: "127.26.70.193" port: 36295 }, Status: LMP_MISMATCH, Last received: 0.0, Next index: 1, Last known committed idx: 0, Time since last communication: 0.000s
I20260713 09:11:21.256152 28260 raft_consensus.cc:493] T 2839497d3f6d46f89034994a95609163 P 1da3d668ab8544aca9b530bf86c72cca [term 0 FOLLOWER]: Starting pre-election (no leader contacted us within the election timeout)
I20260713 09:11:21.256553 28260 raft_consensus.cc:515] T 2839497d3f6d46f89034994a95609163 P 1da3d668ab8544aca9b530bf86c72cca [term 0 FOLLOWER]: Starting pre-election with config: opid_index: -1 OBSOLETE_local: false peers { permanent_uuid: "d93c3b69378c4d15ab00924f48db2b94" member_type: VOTER last_known_addr { host: "127.26.70.193" port: 36295 } } peers { permanent_uuid: "1da3d668ab8544aca9b530bf86c72cca" member_type: VOTER last_known_addr { host: "127.26.70.194" port: 33343 } } peers { permanent_uuid: "89e6d8064faf481cb657349474fa256f" member_type: VOTER last_known_addr { host: "127.26.70.195" port: 35939 } }
I20260713 09:11:21.258052 28260 leader_election.cc:290] T 2839497d3f6d46f89034994a95609163 P 1da3d668ab8544aca9b530bf86c72cca [CANDIDATE]: Term 1 pre-election: Requested pre-vote from peers d93c3b69378c4d15ab00924f48db2b94 (127.26.70.193:36295), 89e6d8064faf481cb657349474fa256f (127.26.70.195:35939)
I20260713 09:11:21.258682 28020 tablet_service.cc:1917] Received RequestConsensusVote() RPC: tablet_id: "2839497d3f6d46f89034994a95609163" candidate_uuid: "1da3d668ab8544aca9b530bf86c72cca" candidate_term: 1 candidate_status { last_received { term: 0 index: 0 } } ignore_live_leader: false dest_uuid: "d93c3b69378c4d15ab00924f48db2b94" is_pre_election: true
I20260713 09:11:21.258950 28171 tablet_service.cc:1917] Received RequestConsensusVote() RPC: tablet_id: "2839497d3f6d46f89034994a95609163" candidate_uuid: "1da3d668ab8544aca9b530bf86c72cca" candidate_term: 1 candidate_status { last_received { term: 0 index: 0 } } ignore_live_leader: false dest_uuid: "89e6d8064faf481cb657349474fa256f" is_pre_election: true
I20260713 09:11:21.259203 28020 raft_consensus.cc:2468] T 2839497d3f6d46f89034994a95609163 P d93c3b69378c4d15ab00924f48db2b94 [term 0 FOLLOWER]: Leader pre-election vote request: Granting yes vote for candidate 1da3d668ab8544aca9b530bf86c72cca in term 0.
I20260713 09:11:21.259477 28171 raft_consensus.cc:2468] T 2839497d3f6d46f89034994a95609163 P 89e6d8064faf481cb657349474fa256f [term 0 FOLLOWER]: Leader pre-election vote request: Granting yes vote for candidate 1da3d668ab8544aca9b530bf86c72cca in term 0.
I20260713 09:11:21.260114 28063 leader_election.cc:304] T 2839497d3f6d46f89034994a95609163 P 1da3d668ab8544aca9b530bf86c72cca [CANDIDATE]: Term 1 pre-election: Election decided. Result: candidate won. Election summary: received 2 responses out of 3 voters: 2 yes votes; 0 no votes. yes voters: 1da3d668ab8544aca9b530bf86c72cca, d93c3b69378c4d15ab00924f48db2b94; no voters: 
I20260713 09:11:21.260773 28260 raft_consensus.cc:2804] T 2839497d3f6d46f89034994a95609163 P 1da3d668ab8544aca9b530bf86c72cca [term 0 FOLLOWER]: Leader pre-election won for term 1
I20260713 09:11:21.261037 28260 raft_consensus.cc:493] T 2839497d3f6d46f89034994a95609163 P 1da3d668ab8544aca9b530bf86c72cca [term 0 FOLLOWER]: Starting leader election (no leader contacted us within the election timeout)
I20260713 09:11:21.261286 28260 raft_consensus.cc:3060] T 2839497d3f6d46f89034994a95609163 P 1da3d668ab8544aca9b530bf86c72cca [term 0 FOLLOWER]: Advancing to term 1
I20260713 09:11:21.265899 28260 raft_consensus.cc:515] T 2839497d3f6d46f89034994a95609163 P 1da3d668ab8544aca9b530bf86c72cca [term 1 FOLLOWER]: Starting leader election with config: opid_index: -1 OBSOLETE_local: false peers { permanent_uuid: "d93c3b69378c4d15ab00924f48db2b94" member_type: VOTER last_known_addr { host: "127.26.70.193" port: 36295 } } peers { permanent_uuid: "1da3d668ab8544aca9b530bf86c72cca" member_type: VOTER last_known_addr { host: "127.26.70.194" port: 33343 } } peers { permanent_uuid: "89e6d8064faf481cb657349474fa256f" member_type: VOTER last_known_addr { host: "127.26.70.195" port: 35939 } }
I20260713 09:11:21.267970 28260 leader_election.cc:290] T 2839497d3f6d46f89034994a95609163 P 1da3d668ab8544aca9b530bf86c72cca [CANDIDATE]: Term 1 election: Requested vote from peers d93c3b69378c4d15ab00924f48db2b94 (127.26.70.193:36295), 89e6d8064faf481cb657349474fa256f (127.26.70.195:35939)
I20260713 09:11:21.268474 28171 tablet_service.cc:1917] Received RequestConsensusVote() RPC: tablet_id: "2839497d3f6d46f89034994a95609163" candidate_uuid: "1da3d668ab8544aca9b530bf86c72cca" candidate_term: 1 candidate_status { last_received { term: 0 index: 0 } } ignore_live_leader: false dest_uuid: "89e6d8064faf481cb657349474fa256f"
I20260713 09:11:21.268657 28020 tablet_service.cc:1917] Received RequestConsensusVote() RPC: tablet_id: "2839497d3f6d46f89034994a95609163" candidate_uuid: "1da3d668ab8544aca9b530bf86c72cca" candidate_term: 1 candidate_status { last_received { term: 0 index: 0 } } ignore_live_leader: false dest_uuid: "d93c3b69378c4d15ab00924f48db2b94"
I20260713 09:11:21.269032 28171 raft_consensus.cc:3060] T 2839497d3f6d46f89034994a95609163 P 89e6d8064faf481cb657349474fa256f [term 0 FOLLOWER]: Advancing to term 1
I20260713 09:11:21.269196 28020 raft_consensus.cc:3060] T 2839497d3f6d46f89034994a95609163 P d93c3b69378c4d15ab00924f48db2b94 [term 0 FOLLOWER]: Advancing to term 1
I20260713 09:11:21.273602 28171 raft_consensus.cc:2468] T 2839497d3f6d46f89034994a95609163 P 89e6d8064faf481cb657349474fa256f [term 1 FOLLOWER]: Leader election vote request: Granting yes vote for candidate 1da3d668ab8544aca9b530bf86c72cca in term 1.
I20260713 09:11:21.273602 28020 raft_consensus.cc:2468] T 2839497d3f6d46f89034994a95609163 P d93c3b69378c4d15ab00924f48db2b94 [term 1 FOLLOWER]: Leader election vote request: Granting yes vote for candidate 1da3d668ab8544aca9b530bf86c72cca in term 1.
I20260713 09:11:21.274619 28063 leader_election.cc:304] T 2839497d3f6d46f89034994a95609163 P 1da3d668ab8544aca9b530bf86c72cca [CANDIDATE]: Term 1 election: Election decided. Result: candidate won. Election summary: received 2 responses out of 3 voters: 2 yes votes; 0 no votes. yes voters: 1da3d668ab8544aca9b530bf86c72cca, d93c3b69378c4d15ab00924f48db2b94; no voters: 
I20260713 09:11:21.275185 28260 raft_consensus.cc:2804] T 2839497d3f6d46f89034994a95609163 P 1da3d668ab8544aca9b530bf86c72cca [term 1 FOLLOWER]: Leader election won for term 1
I20260713 09:11:21.275568 28260 raft_consensus.cc:697] T 2839497d3f6d46f89034994a95609163 P 1da3d668ab8544aca9b530bf86c72cca [term 1 LEADER]: Becoming Leader. State: Replica: 1da3d668ab8544aca9b530bf86c72cca, State: Running, Role: LEADER
I20260713 09:11:21.276238 28260 consensus_queue.cc:237] T 2839497d3f6d46f89034994a95609163 P 1da3d668ab8544aca9b530bf86c72cca [LEADER]: Queue going to LEADER mode. State: All replicated index: 0, Majority replicated index: 0, Committed index: 0, Last appended: 0.0, Last appended by leader: 0, Current term: 1, Majority size: 2, State: 0, Mode: LEADER, active raft config: opid_index: -1 OBSOLETE_local: false peers { permanent_uuid: "d93c3b69378c4d15ab00924f48db2b94" member_type: VOTER last_known_addr { host: "127.26.70.193" port: 36295 } } peers { permanent_uuid: "1da3d668ab8544aca9b530bf86c72cca" member_type: VOTER last_known_addr { host: "127.26.70.194" port: 33343 } } peers { permanent_uuid: "89e6d8064faf481cb657349474fa256f" member_type: VOTER last_known_addr { host: "127.26.70.195" port: 35939 } }
I20260713 09:11:21.282896 27920 catalog_manager.cc:5697] T 2839497d3f6d46f89034994a95609163 P 1da3d668ab8544aca9b530bf86c72cca reported cstate change: term changed from 0 to 1, leader changed from <none> to 1da3d668ab8544aca9b530bf86c72cca (127.26.70.194). New cstate: current_term: 1 leader_uuid: "1da3d668ab8544aca9b530bf86c72cca" committed_config { opid_index: -1 OBSOLETE_local: false peers { permanent_uuid: "d93c3b69378c4d15ab00924f48db2b94" member_type: VOTER last_known_addr { host: "127.26.70.193" port: 36295 } health_report { overall_health: UNKNOWN } } peers { permanent_uuid: "1da3d668ab8544aca9b530bf86c72cca" member_type: VOTER last_known_addr { host: "127.26.70.194" port: 33343 } health_report { overall_health: HEALTHY } } peers { permanent_uuid: "89e6d8064faf481cb657349474fa256f" member_type: VOTER last_known_addr { host: "127.26.70.195" port: 35939 } health_report { overall_health: UNKNOWN } } }
I20260713 09:11:21.403728 28295 consensus_queue.cc:1048] T 4efb7fbfc3194ac3b43496380c67ee76 P d93c3b69378c4d15ab00924f48db2b94 [LEADER]: Connected to new peer: Peer: permanent_uuid: "89e6d8064faf481cb657349474fa256f" member_type: VOTER last_known_addr { host: "127.26.70.195" port: 35939 }, Status: LMP_MISMATCH, Last received: 0.0, Next index: 1, Last known committed idx: 0, Time since last communication: 0.000s
I20260713 09:11:21.412703 28304 consensus_queue.cc:1048] T 4efb7fbfc3194ac3b43496380c67ee76 P d93c3b69378c4d15ab00924f48db2b94 [LEADER]: Connected to new peer: Peer: permanent_uuid: "1da3d668ab8544aca9b530bf86c72cca" member_type: VOTER last_known_addr { host: "127.26.70.194" port: 33343 }, Status: LMP_MISMATCH, Last received: 0.0, Next index: 1, Last known committed idx: 0, Time since last communication: 0.000s
I20260713 09:11:21.442279 28311 consensus_queue.cc:1048] T 192193a54d3d4b1e84a0cc859e8ab1c8 P d93c3b69378c4d15ab00924f48db2b94 [LEADER]: Connected to new peer: Peer: permanent_uuid: "89e6d8064faf481cb657349474fa256f" member_type: VOTER last_known_addr { host: "127.26.70.195" port: 35939 }, Status: LMP_MISMATCH, Last received: 0.0, Next index: 1, Last known committed idx: 0, Time since last communication: 0.000s
I20260713 09:11:21.450253 28311 consensus_queue.cc:1048] T 192193a54d3d4b1e84a0cc859e8ab1c8 P d93c3b69378c4d15ab00924f48db2b94 [LEADER]: Connected to new peer: Peer: permanent_uuid: "1da3d668ab8544aca9b530bf86c72cca" member_type: VOTER last_known_addr { host: "127.26.70.194" port: 33343 }, Status: LMP_MISMATCH, Last received: 0.0, Next index: 1, Last known committed idx: 0, Time since last communication: 0.000s
I20260713 09:11:21.557610 28239 consensus_queue.cc:1048] T 9bd538a275734feea0c409b07bbe14d8 P 1da3d668ab8544aca9b530bf86c72cca [LEADER]: Connected to new peer: Peer: permanent_uuid: "89e6d8064faf481cb657349474fa256f" member_type: VOTER last_known_addr { host: "127.26.70.195" port: 35939 }, Status: LMP_MISMATCH, Last received: 0.0, Next index: 1, Last known committed idx: 0, Time since last communication: 0.000s
I20260713 09:11:21.565065 28239 consensus_queue.cc:1048] T 9bd538a275734feea0c409b07bbe14d8 P 1da3d668ab8544aca9b530bf86c72cca [LEADER]: Connected to new peer: Peer: permanent_uuid: "d93c3b69378c4d15ab00924f48db2b94" member_type: VOTER last_known_addr { host: "127.26.70.193" port: 36295 }, Status: LMP_MISMATCH, Last received: 0.0, Next index: 1, Last known committed idx: 0, Time since last communication: 0.000s
I20260713 09:11:21.574478 28296 raft_consensus.cc:493] T 174a28822fee433f9857f54559eb7368 P d93c3b69378c4d15ab00924f48db2b94 [term 0 FOLLOWER]: Starting pre-election (no leader contacted us within the election timeout)
