I20260713 09:11:19.945185  2019 ts_tablet_manager.cc:1434] T 3d98f47fb8ec43ebac3ef157e5f4bfe3 P 728b1b8a257841c8a46107b856059685: Time spent starting tablet: real 0.006s	user 0.007s	sys 0.000s
I20260713 09:11:19.946221  1728 catalog_manager.cc:5697] T e217bd7d5c554d679c349bf06b827154 P 728b1b8a257841c8a46107b856059685 reported cstate change: term changed from 0 to 1, leader changed from <none> to 728b1b8a257841c8a46107b856059685 (127.0.178.2). New cstate: current_term: 1 leader_uuid: "728b1b8a257841c8a46107b856059685" committed_config { opid_index: -1 OBSOLETE_local: false peers { permanent_uuid: "366a8f31a30c43f0b40114045e9ab0ed" member_type: VOTER last_known_addr { host: "127.0.178.1" port: 45261 } health_report { overall_health: UNKNOWN } } peers { permanent_uuid: "728b1b8a257841c8a46107b856059685" member_type: VOTER last_known_addr { host: "127.0.178.2" port: 46287 } health_report { overall_health: HEALTHY } } peers { permanent_uuid: "214b211086b74d489d48a1a44a99cf06" member_type: VOTER last_known_addr { host: "127.0.178.3" port: 43665 } health_report { overall_health: UNKNOWN } } }
I20260713 09:11:19.974058  2138 raft_consensus.cc:493] T ba27ea63a26a4fa4b7e3c40e6ac90474 P 728b1b8a257841c8a46107b856059685 [term 0 FOLLOWER]: Starting pre-election (no leader contacted us within the election timeout)
I20260713 09:11:19.974576  2138 raft_consensus.cc:515] T ba27ea63a26a4fa4b7e3c40e6ac90474 P 728b1b8a257841c8a46107b856059685 [term 0 FOLLOWER]: Starting pre-election with config: opid_index: -1 OBSOLETE_local: false peers { permanent_uuid: "366a8f31a30c43f0b40114045e9ab0ed" member_type: VOTER last_known_addr { host: "127.0.178.1" port: 45261 } } peers { permanent_uuid: "728b1b8a257841c8a46107b856059685" member_type: VOTER last_known_addr { host: "127.0.178.2" port: 46287 } } peers { permanent_uuid: "214b211086b74d489d48a1a44a99cf06" member_type: VOTER last_known_addr { host: "127.0.178.3" port: 43665 } }
I20260713 09:11:19.975383  2053 raft_consensus.cc:493] T 7d8d5d8f5bf545a695b760eec3d9b6e7 P 366a8f31a30c43f0b40114045e9ab0ed [term 0 FOLLOWER]: Starting pre-election (no leader contacted us within the election timeout)
I20260713 09:11:19.975804  2053 raft_consensus.cc:515] T 7d8d5d8f5bf545a695b760eec3d9b6e7 P 366a8f31a30c43f0b40114045e9ab0ed [term 0 FOLLOWER]: Starting pre-election with config: opid_index: -1 OBSOLETE_local: false peers { permanent_uuid: "366a8f31a30c43f0b40114045e9ab0ed" member_type: VOTER last_known_addr { host: "127.0.178.1" port: 45261 } } peers { permanent_uuid: "728b1b8a257841c8a46107b856059685" member_type: VOTER last_known_addr { host: "127.0.178.2" port: 46287 } } peers { permanent_uuid: "214b211086b74d489d48a1a44a99cf06" member_type: VOTER last_known_addr { host: "127.0.178.3" port: 43665 } }
I20260713 09:11:19.977349  1830 tablet_service.cc:1917] Received RequestConsensusVote() RPC: tablet_id: "ba27ea63a26a4fa4b7e3c40e6ac90474" candidate_uuid: "728b1b8a257841c8a46107b856059685" candidate_term: 1 candidate_status { last_received { term: 0 index: 0 } } ignore_live_leader: false dest_uuid: "366a8f31a30c43f0b40114045e9ab0ed" is_pre_election: true
I20260713 09:11:19.977667  1976 tablet_service.cc:1917] Received RequestConsensusVote() RPC: tablet_id: "ba27ea63a26a4fa4b7e3c40e6ac90474" candidate_uuid: "728b1b8a257841c8a46107b856059685" candidate_term: 1 candidate_status { last_received { term: 0 index: 0 } } ignore_live_leader: false dest_uuid: "214b211086b74d489d48a1a44a99cf06" is_pre_election: true
I20260713 09:11:19.978420  1976 raft_consensus.cc:2393] T ba27ea63a26a4fa4b7e3c40e6ac90474 P 214b211086b74d489d48a1a44a99cf06 [term 1 FOLLOWER]: Leader pre-election vote request: Denying vote to candidate 728b1b8a257841c8a46107b856059685 in current term 1: Already voted for candidate 366a8f31a30c43f0b40114045e9ab0ed in this term.
I20260713 09:11:19.978560  2053 leader_election.cc:290] T 7d8d5d8f5bf545a695b760eec3d9b6e7 P 366a8f31a30c43f0b40114045e9ab0ed [CANDIDATE]: Term 1 pre-election: Requested pre-vote from peers 728b1b8a257841c8a46107b856059685 (127.0.178.2:46287), 214b211086b74d489d48a1a44a99cf06 (127.0.178.3:43665)
I20260713 09:11:19.978570  2138 leader_election.cc:290] T ba27ea63a26a4fa4b7e3c40e6ac90474 P 728b1b8a257841c8a46107b856059685 [CANDIDATE]: Term 1 pre-election: Requested pre-vote from peers 366a8f31a30c43f0b40114045e9ab0ed (127.0.178.1:45261), 214b211086b74d489d48a1a44a99cf06 (127.0.178.3:43665)
I20260713 09:11:19.979627  1904 tablet_service.cc:1917] Received RequestConsensusVote() RPC: tablet_id: "7d8d5d8f5bf545a695b760eec3d9b6e7" candidate_uuid: "366a8f31a30c43f0b40114045e9ab0ed" candidate_term: 1 candidate_status { last_received { term: 0 index: 0 } } ignore_live_leader: false dest_uuid: "728b1b8a257841c8a46107b856059685" is_pre_election: true
I20260713 09:11:19.979746  1976 tablet_service.cc:1917] Received RequestConsensusVote() RPC: tablet_id: "7d8d5d8f5bf545a695b760eec3d9b6e7" candidate_uuid: "366a8f31a30c43f0b40114045e9ab0ed" candidate_term: 1 candidate_status { last_received { term: 0 index: 0 } } ignore_live_leader: false dest_uuid: "214b211086b74d489d48a1a44a99cf06" is_pre_election: true
I20260713 09:11:19.980351  1869 leader_election.cc:304] T ba27ea63a26a4fa4b7e3c40e6ac90474 P 728b1b8a257841c8a46107b856059685 [CANDIDATE]: Term 1 pre-election: Election decided. Result: candidate lost. Election summary: received 3 responses out of 3 voters: 1 yes votes; 2 no votes. yes voters: 728b1b8a257841c8a46107b856059685; no voters: 214b211086b74d489d48a1a44a99cf06, 366a8f31a30c43f0b40114045e9ab0ed
I20260713 09:11:19.981305  2138 raft_consensus.cc:3060] T ba27ea63a26a4fa4b7e3c40e6ac90474 P 728b1b8a257841c8a46107b856059685 [term 0 FOLLOWER]: Advancing to term 1
I20260713 09:11:19.981454  1796 leader_election.cc:304] T 7d8d5d8f5bf545a695b760eec3d9b6e7 P 366a8f31a30c43f0b40114045e9ab0ed [CANDIDATE]: Term 1 pre-election: Election decided. Result: candidate lost. Election summary: received 3 responses out of 3 voters: 1 yes votes; 2 no votes. yes voters: 366a8f31a30c43f0b40114045e9ab0ed; no voters: 214b211086b74d489d48a1a44a99cf06, 728b1b8a257841c8a46107b856059685
I20260713 09:11:19.982227  2053 raft_consensus.cc:2749] T 7d8d5d8f5bf545a695b760eec3d9b6e7 P 366a8f31a30c43f0b40114045e9ab0ed [term 0 FOLLOWER]: Leader pre-election lost for term 1. Reason: could not achieve majority
I20260713 09:11:19.986744  2138 raft_consensus.cc:2749] T ba27ea63a26a4fa4b7e3c40e6ac90474 P 728b1b8a257841c8a46107b856059685 [term 1 FOLLOWER]: Leader pre-election lost for term 1. Reason: could not achieve majority
I20260713 09:11:20.009791  2053 raft_consensus.cc:493] T 3d98f47fb8ec43ebac3ef157e5f4bfe3 P 366a8f31a30c43f0b40114045e9ab0ed [term 0 FOLLOWER]: Starting pre-election (no leader contacted us within the election timeout)
I20260713 09:11:20.010237  2053 raft_consensus.cc:515] T 3d98f47fb8ec43ebac3ef157e5f4bfe3 P 366a8f31a30c43f0b40114045e9ab0ed [term 0 FOLLOWER]: Starting pre-election with config: opid_index: -1 OBSOLETE_local: false peers { permanent_uuid: "366a8f31a30c43f0b40114045e9ab0ed" member_type: VOTER last_known_addr { host: "127.0.178.1" port: 45261 } } peers { permanent_uuid: "728b1b8a257841c8a46107b856059685" member_type: VOTER last_known_addr { host: "127.0.178.2" port: 46287 } } peers { permanent_uuid: "214b211086b74d489d48a1a44a99cf06" member_type: VOTER last_known_addr { host: "127.0.178.3" port: 43665 } }
I20260713 09:11:20.011791  2053 leader_election.cc:290] T 3d98f47fb8ec43ebac3ef157e5f4bfe3 P 366a8f31a30c43f0b40114045e9ab0ed [CANDIDATE]: Term 1 pre-election: Requested pre-vote from peers 728b1b8a257841c8a46107b856059685 (127.0.178.2:46287), 214b211086b74d489d48a1a44a99cf06 (127.0.178.3:43665)
I20260713 09:11:20.012594  1904 tablet_service.cc:1917] Received RequestConsensusVote() RPC: tablet_id: "3d98f47fb8ec43ebac3ef157e5f4bfe3" candidate_uuid: "366a8f31a30c43f0b40114045e9ab0ed" candidate_term: 1 candidate_status { last_received { term: 0 index: 0 } } ignore_live_leader: false dest_uuid: "728b1b8a257841c8a46107b856059685" is_pre_election: true
I20260713 09:11:20.012759  1976 tablet_service.cc:1917] Received RequestConsensusVote() RPC: tablet_id: "3d98f47fb8ec43ebac3ef157e5f4bfe3" candidate_uuid: "366a8f31a30c43f0b40114045e9ab0ed" candidate_term: 1 candidate_status { last_received { term: 0 index: 0 } } ignore_live_leader: false dest_uuid: "214b211086b74d489d48a1a44a99cf06" is_pre_election: true
I20260713 09:11:20.013167  1904 raft_consensus.cc:2468] T 3d98f47fb8ec43ebac3ef157e5f4bfe3 P 728b1b8a257841c8a46107b856059685 [term 0 FOLLOWER]: Leader pre-election vote request: Granting yes vote for candidate 366a8f31a30c43f0b40114045e9ab0ed in term 0.
I20260713 09:11:20.013379  1976 raft_consensus.cc:2468] T 3d98f47fb8ec43ebac3ef157e5f4bfe3 P 214b211086b74d489d48a1a44a99cf06 [term 0 FOLLOWER]: Leader pre-election vote request: Granting yes vote for candidate 366a8f31a30c43f0b40114045e9ab0ed in term 0.
I20260713 09:11:20.014176  1796 leader_election.cc:304] T 3d98f47fb8ec43ebac3ef157e5f4bfe3 P 366a8f31a30c43f0b40114045e9ab0ed [CANDIDATE]: Term 1 pre-election: Election decided. Result: candidate won. Election summary: received 2 responses out of 3 voters: 2 yes votes; 0 no votes. yes voters: 366a8f31a30c43f0b40114045e9ab0ed, 728b1b8a257841c8a46107b856059685; no voters: 
I20260713 09:11:20.014932  2053 raft_consensus.cc:2804] T 3d98f47fb8ec43ebac3ef157e5f4bfe3 P 366a8f31a30c43f0b40114045e9ab0ed [term 0 FOLLOWER]: Leader pre-election won for term 1
I20260713 09:11:20.015297  2053 raft_consensus.cc:493] T 3d98f47fb8ec43ebac3ef157e5f4bfe3 P 366a8f31a30c43f0b40114045e9ab0ed [term 0 FOLLOWER]: Starting leader election (no leader contacted us within the election timeout)
I20260713 09:11:20.015688  2053 raft_consensus.cc:3060] T 3d98f47fb8ec43ebac3ef157e5f4bfe3 P 366a8f31a30c43f0b40114045e9ab0ed [term 0 FOLLOWER]: Advancing to term 1
I20260713 09:11:20.016271  2138 consensus_queue.cc:1048] T 9ed3620bc9aa41ac87fd3f23b3f2029a P 728b1b8a257841c8a46107b856059685 [LEADER]: Connected to new peer: Peer: permanent_uuid: "214b211086b74d489d48a1a44a99cf06" member_type: VOTER last_known_addr { host: "127.0.178.3" port: 43665 }, Status: LMP_MISMATCH, Last received: 0.0, Next index: 1, Last known committed idx: 0, Time since last communication: 0.000s
I20260713 09:11:20.020907  2053 raft_consensus.cc:515] T 3d98f47fb8ec43ebac3ef157e5f4bfe3 P 366a8f31a30c43f0b40114045e9ab0ed [term 1 FOLLOWER]: Starting leader election with config: opid_index: -1 OBSOLETE_local: false peers { permanent_uuid: "366a8f31a30c43f0b40114045e9ab0ed" member_type: VOTER last_known_addr { host: "127.0.178.1" port: 45261 } } peers { permanent_uuid: "728b1b8a257841c8a46107b856059685" member_type: VOTER last_known_addr { host: "127.0.178.2" port: 46287 } } peers { permanent_uuid: "214b211086b74d489d48a1a44a99cf06" member_type: VOTER last_known_addr { host: "127.0.178.3" port: 43665 } }
I20260713 09:11:20.023366  1904 tablet_service.cc:1917] Received RequestConsensusVote() RPC: tablet_id: "3d98f47fb8ec43ebac3ef157e5f4bfe3" candidate_uuid: "366a8f31a30c43f0b40114045e9ab0ed" candidate_term: 1 candidate_status { last_received { term: 0 index: 0 } } ignore_live_leader: false dest_uuid: "728b1b8a257841c8a46107b856059685"
I20260713 09:11:20.023978  1904 raft_consensus.cc:3060] T 3d98f47fb8ec43ebac3ef157e5f4bfe3 P 728b1b8a257841c8a46107b856059685 [term 0 FOLLOWER]: Advancing to term 1
I20260713 09:11:20.024132  2053 leader_election.cc:290] T 3d98f47fb8ec43ebac3ef157e5f4bfe3 P 366a8f31a30c43f0b40114045e9ab0ed [CANDIDATE]: Term 1 election: Requested vote from peers 728b1b8a257841c8a46107b856059685 (127.0.178.2:46287), 214b211086b74d489d48a1a44a99cf06 (127.0.178.3:43665)
I20260713 09:11:20.030682  2138 consensus_queue.cc:1048] T 6bb25e89720e409fb1be58428c4f8852 P 728b1b8a257841c8a46107b856059685 [LEADER]: Connected to new peer: Peer: permanent_uuid: "366a8f31a30c43f0b40114045e9ab0ed" member_type: VOTER last_known_addr { host: "127.0.178.1" port: 45261 }, Status: LMP_MISMATCH, Last received: 0.0, Next index: 1, Last known committed idx: 0, Time since last communication: 0.000s
I20260713 09:11:20.033571  1904 raft_consensus.cc:2468] T 3d98f47fb8ec43ebac3ef157e5f4bfe3 P 728b1b8a257841c8a46107b856059685 [term 1 FOLLOWER]: Leader election vote request: Granting yes vote for candidate 366a8f31a30c43f0b40114045e9ab0ed in term 1.
I20260713 09:11:20.033540  2138 consensus_queue.cc:1048] T 9ed3620bc9aa41ac87fd3f23b3f2029a P 728b1b8a257841c8a46107b856059685 [LEADER]: Connected to new peer: Peer: permanent_uuid: "366a8f31a30c43f0b40114045e9ab0ed" member_type: VOTER last_known_addr { host: "127.0.178.1" port: 45261 }, Status: LMP_MISMATCH, Last received: 0.0, Next index: 1, Last known committed idx: 0, Time since last communication: 0.001s
I20260713 09:11:20.035090  1796 leader_election.cc:304] T 3d98f47fb8ec43ebac3ef157e5f4bfe3 P 366a8f31a30c43f0b40114045e9ab0ed [CANDIDATE]: Term 1 election: Election decided. Result: candidate won. Election summary: received 2 responses out of 3 voters: 2 yes votes; 0 no votes. yes voters: 366a8f31a30c43f0b40114045e9ab0ed, 728b1b8a257841c8a46107b856059685; no voters: 
I20260713 09:11:20.033656  1976 tablet_service.cc:1917] Received RequestConsensusVote() RPC: tablet_id: "3d98f47fb8ec43ebac3ef157e5f4bfe3" candidate_uuid: "366a8f31a30c43f0b40114045e9ab0ed" candidate_term: 1 candidate_status { last_received { term: 0 index: 0 } } ignore_live_leader: false dest_uuid: "214b211086b74d489d48a1a44a99cf06"
I20260713 09:11:20.036007  2053 raft_consensus.cc:2804] T 3d98f47fb8ec43ebac3ef157e5f4bfe3 P 366a8f31a30c43f0b40114045e9ab0ed [term 1 FOLLOWER]: Leader election won for term 1
I20260713 09:11:20.037007  2053 raft_consensus.cc:697] T 3d98f47fb8ec43ebac3ef157e5f4bfe3 P 366a8f31a30c43f0b40114045e9ab0ed [term 1 LEADER]: Becoming Leader. State: Replica: 366a8f31a30c43f0b40114045e9ab0ed, State: Running, Role: LEADER
I20260713 09:11:20.038205  2053 consensus_queue.cc:237] T 3d98f47fb8ec43ebac3ef157e5f4bfe3 P 366a8f31a30c43f0b40114045e9ab0ed [LEADER]: Queue going to LEADER mode. State: All replicated index: 0, Majority replicated index: 0, Committed index: 0, Last appended: 0.0, Last appended by leader: 0, Current term: 1, Majority size: 2, State: 0, Mode: LEADER, active raft config: opid_index: -1 OBSOLETE_local: false peers { permanent_uuid: "366a8f31a30c43f0b40114045e9ab0ed" member_type: VOTER last_known_addr { host: "127.0.178.1" port: 45261 } } peers { permanent_uuid: "728b1b8a257841c8a46107b856059685" member_type: VOTER last_known_addr { host: "127.0.178.2" port: 46287 } } peers { permanent_uuid: "214b211086b74d489d48a1a44a99cf06" member_type: VOTER last_known_addr { host: "127.0.178.3" port: 43665 } }
I20260713 09:11:20.036289  1976 raft_consensus.cc:3060] T 3d98f47fb8ec43ebac3ef157e5f4bfe3 P 214b211086b74d489d48a1a44a99cf06 [term 0 FOLLOWER]: Advancing to term 1
I20260713 09:11:20.047710  2138 raft_consensus.cc:493] T 7f62da5af8464328908efcad384e5e02 P 728b1b8a257841c8a46107b856059685 [term 0 FOLLOWER]: Starting pre-election (no leader contacted us within the election timeout)
I20260713 09:11:20.048574  1976 raft_consensus.cc:2468] T 3d98f47fb8ec43ebac3ef157e5f4bfe3 P 214b211086b74d489d48a1a44a99cf06 [term 1 FOLLOWER]: Leader election vote request: Granting yes vote for candidate 366a8f31a30c43f0b40114045e9ab0ed in term 1.
I20260713 09:11:20.048269  2138 raft_consensus.cc:515] T 7f62da5af8464328908efcad384e5e02 P 728b1b8a257841c8a46107b856059685 [term 0 FOLLOWER]: Starting pre-election with config: opid_index: -1 OBSOLETE_local: false peers { permanent_uuid: "366a8f31a30c43f0b40114045e9ab0ed" member_type: VOTER last_known_addr { host: "127.0.178.1" port: 45261 } } peers { permanent_uuid: "728b1b8a257841c8a46107b856059685" member_type: VOTER last_known_addr { host: "127.0.178.2" port: 46287 } } peers { permanent_uuid: "214b211086b74d489d48a1a44a99cf06" member_type: VOTER last_known_addr { host: "127.0.178.3" port: 43665 } }
I20260713 09:11:20.053112  2138 leader_election.cc:290] T 7f62da5af8464328908efcad384e5e02 P 728b1b8a257841c8a46107b856059685 [CANDIDATE]: Term 1 pre-election: Requested pre-vote from peers 366a8f31a30c43f0b40114045e9ab0ed (127.0.178.1:45261), 214b211086b74d489d48a1a44a99cf06 (127.0.178.3:43665)
I20260713 09:11:20.055369  1829 tablet_service.cc:1917] Received RequestConsensusVote() RPC: tablet_id: "7f62da5af8464328908efcad384e5e02" candidate_uuid: "728b1b8a257841c8a46107b856059685" candidate_term: 1 candidate_status { last_received { term: 0 index: 0 } } ignore_live_leader: false dest_uuid: "366a8f31a30c43f0b40114045e9ab0ed" is_pre_election: true
I20260713 09:11:20.056301  1829 raft_consensus.cc:2393] T 7f62da5af8464328908efcad384e5e02 P 366a8f31a30c43f0b40114045e9ab0ed [term 1 FOLLOWER]: Leader pre-election vote request: Denying vote to candidate 728b1b8a257841c8a46107b856059685 in current term 1: Already voted for candidate 214b211086b74d489d48a1a44a99cf06 in this term.
I20260713 09:11:20.057277  1978 tablet_service.cc:1917] Received RequestConsensusVote() RPC: tablet_id: "7f62da5af8464328908efcad384e5e02" candidate_uuid: "728b1b8a257841c8a46107b856059685" candidate_term: 1 candidate_status { last_received { term: 0 index: 0 } } ignore_live_leader: false dest_uuid: "214b211086b74d489d48a1a44a99cf06" is_pre_election: true
I20260713 09:11:20.060155  2138 consensus_queue.cc:1048] T 6bb25e89720e409fb1be58428c4f8852 P 728b1b8a257841c8a46107b856059685 [LEADER]: Connected to new peer: Peer: permanent_uuid: "214b211086b74d489d48a1a44a99cf06" member_type: VOTER last_known_addr { host: "127.0.178.3" port: 43665 }, Status: LMP_MISMATCH, Last received: 0.0, Next index: 1, Last known committed idx: 0, Time since last communication: 0.000s
I20260713 09:11:20.064519  1869 leader_election.cc:304] T 7f62da5af8464328908efcad384e5e02 P 728b1b8a257841c8a46107b856059685 [CANDIDATE]: Term 1 pre-election: Election decided. Result: candidate lost. Election summary: received 3 responses out of 3 voters: 1 yes votes; 2 no votes. yes voters: 728b1b8a257841c8a46107b856059685; no voters: 214b211086b74d489d48a1a44a99cf06, 366a8f31a30c43f0b40114045e9ab0ed
I20260713 09:11:20.066188  2137 raft_consensus.cc:3060] T 7f62da5af8464328908efcad384e5e02 P 728b1b8a257841c8a46107b856059685 [term 0 FOLLOWER]: Advancing to term 1
I20260713 09:11:20.067623  1727 catalog_manager.cc:5697] T 3d98f47fb8ec43ebac3ef157e5f4bfe3 P 366a8f31a30c43f0b40114045e9ab0ed reported cstate change: term changed from 0 to 1, leader changed from <none> to 366a8f31a30c43f0b40114045e9ab0ed (127.0.178.1). New cstate: current_term: 1 leader_uuid: "366a8f31a30c43f0b40114045e9ab0ed" committed_config { opid_index: -1 OBSOLETE_local: false peers { permanent_uuid: "366a8f31a30c43f0b40114045e9ab0ed" member_type: VOTER last_known_addr { host: "127.0.178.1" port: 45261 } health_report { overall_health: HEALTHY } } peers { permanent_uuid: "728b1b8a257841c8a46107b856059685" member_type: VOTER last_known_addr { host: "127.0.178.2" port: 46287 } health_report { overall_health: UNKNOWN } } peers { permanent_uuid: "214b211086b74d489d48a1a44a99cf06" member_type: VOTER last_known_addr { host: "127.0.178.3" port: 43665 } health_report { overall_health: UNKNOWN } } }
I20260713 09:11:20.071535  2053 consensus_queue.cc:1048] T 3d0c801514634c5d8b4d4a29868e03ef P 366a8f31a30c43f0b40114045e9ab0ed [LEADER]: Connected to new peer: Peer: permanent_uuid: "728b1b8a257841c8a46107b856059685" member_type: VOTER last_known_addr { host: "127.0.178.2" port: 46287 }, Status: LMP_MISMATCH, Last received: 0.0, Next index: 1, Last known committed idx: 0, Time since last communication: 0.000s
I20260713 09:11:20.075778  2137 raft_consensus.cc:2749] T 7f62da5af8464328908efcad384e5e02 P 728b1b8a257841c8a46107b856059685 [term 1 FOLLOWER]: Leader pre-election lost for term 1. Reason: could not achieve majority
I20260713 09:11:20.080026  2072 consensus_queue.cc:1048] T 7f62da5af8464328908efcad384e5e02 P 214b211086b74d489d48a1a44a99cf06 [LEADER]: Connected to new peer: Peer: permanent_uuid: "366a8f31a30c43f0b40114045e9ab0ed" member_type: VOTER last_known_addr { host: "127.0.178.1" port: 45261 }, Status: LMP_MISMATCH, Last received: 0.0, Next index: 1, Last known committed idx: 0, Time since last communication: 0.001s
I20260713 09:11:20.088680  2072 raft_consensus.cc:493] T 565dacb96fea4fddab00795dc0d8b063 P 214b211086b74d489d48a1a44a99cf06 [term 0 FOLLOWER]: Starting pre-election (no leader contacted us within the election timeout)
I20260713 09:11:20.089242  2072 raft_consensus.cc:515] T 565dacb96fea4fddab00795dc0d8b063 P 214b211086b74d489d48a1a44a99cf06 [term 0 FOLLOWER]: Starting pre-election with config: opid_index: -1 OBSOLETE_local: false peers { permanent_uuid: "366a8f31a30c43f0b40114045e9ab0ed" member_type: VOTER last_known_addr { host: "127.0.178.1" port: 45261 } } peers { permanent_uuid: "728b1b8a257841c8a46107b856059685" member_type: VOTER last_known_addr { host: "127.0.178.2" port: 46287 } } peers { permanent_uuid: "214b211086b74d489d48a1a44a99cf06" member_type: VOTER last_known_addr { host: "127.0.178.3" port: 43665 } }
I20260713 09:11:20.091498  2072 leader_election.cc:290] T 565dacb96fea4fddab00795dc0d8b063 P 214b211086b74d489d48a1a44a99cf06 [CANDIDATE]: Term 1 pre-election: Requested pre-vote from peers 366a8f31a30c43f0b40114045e9ab0ed (127.0.178.1:45261), 728b1b8a257841c8a46107b856059685 (127.0.178.2:46287)
I20260713 09:11:20.093127  2053 raft_consensus.cc:493] T 565dacb96fea4fddab00795dc0d8b063 P 366a8f31a30c43f0b40114045e9ab0ed [term 0 FOLLOWER]: Starting pre-election (no leader contacted us within the election timeout)
I20260713 09:11:20.093623  2053 raft_consensus.cc:515] T 565dacb96fea4fddab00795dc0d8b063 P 366a8f31a30c43f0b40114045e9ab0ed [term 0 FOLLOWER]: Starting pre-election with config: opid_index: -1 OBSOLETE_local: false peers { permanent_uuid: "366a8f31a30c43f0b40114045e9ab0ed" member_type: VOTER last_known_addr { host: "127.0.178.1" port: 45261 } } peers { permanent_uuid: "728b1b8a257841c8a46107b856059685" member_type: VOTER last_known_addr { host: "127.0.178.2" port: 46287 } } peers { permanent_uuid: "214b211086b74d489d48a1a44a99cf06" member_type: VOTER last_known_addr { host: "127.0.178.3" port: 43665 } }
I20260713 09:11:20.094014  1830 tablet_service.cc:1917] Received RequestConsensusVote() RPC: tablet_id: "565dacb96fea4fddab00795dc0d8b063" candidate_uuid: "214b211086b74d489d48a1a44a99cf06" candidate_term: 1 candidate_status { last_received { term: 0 index: 0 } } ignore_live_leader: false dest_uuid: "366a8f31a30c43f0b40114045e9ab0ed" is_pre_election: true
I20260713 09:11:20.094727  1830 raft_consensus.cc:2468] T 565dacb96fea4fddab00795dc0d8b063 P 366a8f31a30c43f0b40114045e9ab0ed [term 0 FOLLOWER]: Leader pre-election vote request: Granting yes vote for candidate 214b211086b74d489d48a1a44a99cf06 in term 0.
I20260713 09:11:20.095661  2053 leader_election.cc:290] T 565dacb96fea4fddab00795dc0d8b063 P 366a8f31a30c43f0b40114045e9ab0ed [CANDIDATE]: Term 1 pre-election: Requested pre-vote from peers 728b1b8a257841c8a46107b856059685 (127.0.178.2:46287), 214b211086b74d489d48a1a44a99cf06 (127.0.178.3:43665)
I20260713 09:11:20.095759  1905 tablet_service.cc:1917] Received RequestConsensusVote() RPC: tablet_id: "565dacb96fea4fddab00795dc0d8b063" candidate_uuid: "214b211086b74d489d48a1a44a99cf06" candidate_term: 1 candidate_status { last_received { term: 0 index: 0 } } ignore_live_leader: false dest_uuid: "728b1b8a257841c8a46107b856059685" is_pre_election: true
I20260713 09:11:20.096481  1905 raft_consensus.cc:2468] T 565dacb96fea4fddab00795dc0d8b063 P 728b1b8a257841c8a46107b856059685 [term 0 FOLLOWER]: Leader pre-election vote request: Granting yes vote for candidate 214b211086b74d489d48a1a44a99cf06 in term 0.
I20260713 09:11:20.096220  2053 consensus_queue.cc:1048] T ba27ea63a26a4fa4b7e3c40e6ac90474 P 366a8f31a30c43f0b40114045e9ab0ed [LEADER]: Connected to new peer: Peer: permanent_uuid: "214b211086b74d489d48a1a44a99cf06" member_type: VOTER last_known_addr { host: "127.0.178.3" port: 43665 }, Status: LMP_MISMATCH, Last received: 0.0, Next index: 1, Last known committed idx: 0, Time since last communication: 0.001s
I20260713 09:11:20.097481  1945 leader_election.cc:304] T 565dacb96fea4fddab00795dc0d8b063 P 214b211086b74d489d48a1a44a99cf06 [CANDIDATE]: Term 1 pre-election: Election decided. Result: candidate won. Election summary: received 2 responses out of 3 voters: 2 yes votes; 0 no votes. yes voters: 214b211086b74d489d48a1a44a99cf06, 728b1b8a257841c8a46107b856059685; no voters: 
I20260713 09:11:20.098655  2072 raft_consensus.cc:2804] T 565dacb96fea4fddab00795dc0d8b063 P 214b211086b74d489d48a1a44a99cf06 [term 0 FOLLOWER]: Leader pre-election won for term 1
I20260713 09:11:20.099050  2072 raft_consensus.cc:493] T 565dacb96fea4fddab00795dc0d8b063 P 214b211086b74d489d48a1a44a99cf06 [term 0 FOLLOWER]: Starting leader election (no leader contacted us within the election timeout)
I20260713 09:11:20.099419  2072 raft_consensus.cc:3060] T 565dacb96fea4fddab00795dc0d8b063 P 214b211086b74d489d48a1a44a99cf06 [term 0 FOLLOWER]: Advancing to term 1
I20260713 09:11:20.105507  1905 tablet_service.cc:1917] Received RequestConsensusVote() RPC: tablet_id: "565dacb96fea4fddab00795dc0d8b063" candidate_uuid: "366a8f31a30c43f0b40114045e9ab0ed" candidate_term: 1 candidate_status { last_received { term: 0 index: 0 } } ignore_live_leader: false dest_uuid: "728b1b8a257841c8a46107b856059685" is_pre_election: true
I20260713 09:11:20.106190  1905 raft_consensus.cc:2468] T 565dacb96fea4fddab00795dc0d8b063 P 728b1b8a257841c8a46107b856059685 [term 0 FOLLOWER]: Leader pre-election vote request: Granting yes vote for candidate 366a8f31a30c43f0b40114045e9ab0ed in term 0.
I20260713 09:11:20.108372  1976 tablet_service.cc:1917] Received RequestConsensusVote() RPC: tablet_id: "565dacb96fea4fddab00795dc0d8b063" candidate_uuid: "366a8f31a30c43f0b40114045e9ab0ed" candidate_term: 1 candidate_status { last_received { term: 0 index: 0 } } ignore_live_leader: false dest_uuid: "214b211086b74d489d48a1a44a99cf06" is_pre_election: true
I20260713 09:11:20.109113  2072 raft_consensus.cc:515] T 565dacb96fea4fddab00795dc0d8b063 P 214b211086b74d489d48a1a44a99cf06 [term 1 FOLLOWER]: Starting leader election with config: opid_index: -1 OBSOLETE_local: false peers { permanent_uuid: "366a8f31a30c43f0b40114045e9ab0ed" member_type: VOTER last_known_addr { host: "127.0.178.1" port: 45261 } } peers { permanent_uuid: "728b1b8a257841c8a46107b856059685" member_type: VOTER last_known_addr { host: "127.0.178.2" port: 46287 } } peers { permanent_uuid: "214b211086b74d489d48a1a44a99cf06" member_type: VOTER last_known_addr { host: "127.0.178.3" port: 43665 } }
I20260713 09:11:20.109411  1796 leader_election.cc:304] T 565dacb96fea4fddab00795dc0d8b063 P 366a8f31a30c43f0b40114045e9ab0ed [CANDIDATE]: Term 1 pre-election: Election decided. Result: candidate won. Election summary: received 2 responses out of 3 voters: 2 yes votes; 0 no votes. yes voters: 366a8f31a30c43f0b40114045e9ab0ed, 728b1b8a257841c8a46107b856059685; no voters: 
I20260713 09:11:20.110369  2053 raft_consensus.cc:2804] T 565dacb96fea4fddab00795dc0d8b063 P 366a8f31a30c43f0b40114045e9ab0ed [term 0 FOLLOWER]: Leader pre-election won for term 1
I20260713 09:11:20.110780  2053 raft_consensus.cc:493] T 565dacb96fea4fddab00795dc0d8b063 P 366a8f31a30c43f0b40114045e9ab0ed [term 0 FOLLOWER]: Starting leader election (no leader contacted us within the election timeout)
I20260713 09:11:20.111155  2053 raft_consensus.cc:3060] T 565dacb96fea4fddab00795dc0d8b063 P 366a8f31a30c43f0b40114045e9ab0ed [term 0 FOLLOWER]: Advancing to term 1
I20260713 09:11:20.117995  2025 consensus_queue.cc:1048] T 3d0c801514634c5d8b4d4a29868e03ef P 366a8f31a30c43f0b40114045e9ab0ed [LEADER]: Connected to new peer: Peer: permanent_uuid: "214b211086b74d489d48a1a44a99cf06" member_type: VOTER last_known_addr { host: "127.0.178.3" port: 43665 }, Status: LMP_MISMATCH, Last received: 0.0, Next index: 1, Last known committed idx: 0, Time since last communication: 0.000s
I20260713 09:11:20.118924  1976 raft_consensus.cc:2393] T 565dacb96fea4fddab00795dc0d8b063 P 214b211086b74d489d48a1a44a99cf06 [term 1 FOLLOWER]: Leader pre-election vote request: Denying vote to candidate 366a8f31a30c43f0b40114045e9ab0ed in current term 1: Already voted for candidate 214b211086b74d489d48a1a44a99cf06 in this term.
I20260713 09:11:20.119362  2025 consensus_queue.cc:1048] T 79e570f77a2f410792591e8fe998e82a P 366a8f31a30c43f0b40114045e9ab0ed [LEADER]: Connected to new peer: Peer: permanent_uuid: "214b211086b74d489d48a1a44a99cf06" member_type: VOTER last_known_addr { host: "127.0.178.3" port: 43665 }, Status: LMP_MISMATCH, Last received: 0.0, Next index: 1, Last known committed idx: 0, Time since last communication: 0.000s
I20260713 09:11:20.119656  2053 raft_consensus.cc:515] T 565dacb96fea4fddab00795dc0d8b063 P 366a8f31a30c43f0b40114045e9ab0ed [term 1 FOLLOWER]: Starting leader election with config: opid_index: -1 OBSOLETE_local: false peers { permanent_uuid: "366a8f31a30c43f0b40114045e9ab0ed" member_type: VOTER last_known_addr { host: "127.0.178.1" port: 45261 } } peers { permanent_uuid: "728b1b8a257841c8a46107b856059685" member_type: VOTER last_known_addr { host: "127.0.178.2" port: 46287 } } peers { permanent_uuid: "214b211086b74d489d48a1a44a99cf06" member_type: VOTER last_known_addr { host: "127.0.178.3" port: 43665 } }
I20260713 09:11:20.125185  1905 tablet_service.cc:1917] Received RequestConsensusVote() RPC: tablet_id: "565dacb96fea4fddab00795dc0d8b063" candidate_uuid: "366a8f31a30c43f0b40114045e9ab0ed" candidate_term: 1 candidate_status { last_received { term: 0 index: 0 } } ignore_live_leader: false dest_uuid: "728b1b8a257841c8a46107b856059685"
I20260713 09:11:20.125801  1905 raft_consensus.cc:3060] T 565dacb96fea4fddab00795dc0d8b063 P 728b1b8a257841c8a46107b856059685 [term 0 FOLLOWER]: Advancing to term 1
I20260713 09:11:20.136893  2072 leader_election.cc:290] T 565dacb96fea4fddab00795dc0d8b063 P 214b211086b74d489d48a1a44a99cf06 [CANDIDATE]: Term 1 election: Requested vote from peers 366a8f31a30c43f0b40114045e9ab0ed (127.0.178.1:45261), 728b1b8a257841c8a46107b856059685 (127.0.178.2:46287)
I20260713 09:11:20.139364  1830 tablet_service.cc:1917] Received RequestConsensusVote() RPC: tablet_id: "565dacb96fea4fddab00795dc0d8b063" candidate_uuid: "214b211086b74d489d48a1a44a99cf06" candidate_term: 1 candidate_status { last_received { term: 0 index: 0 } } ignore_live_leader: false dest_uuid: "366a8f31a30c43f0b40114045e9ab0ed"
I20260713 09:11:20.140185  1830 raft_consensus.cc:2393] T 565dacb96fea4fddab00795dc0d8b063 P 366a8f31a30c43f0b40114045e9ab0ed [term 1 FOLLOWER]: Leader election vote request: Denying vote to candidate 214b211086b74d489d48a1a44a99cf06 in current term 1: Already voted for candidate 366a8f31a30c43f0b40114045e9ab0ed in this term.
I20260713 09:11:20.141279  2154 consensus_queue.cc:1048] T ba27ea63a26a4fa4b7e3c40e6ac90474 P 366a8f31a30c43f0b40114045e9ab0ed [LEADER]: Connected to new peer: Peer: permanent_uuid: "728b1b8a257841c8a46107b856059685" member_type: VOTER last_known_addr { host: "127.0.178.2" port: 46287 }, Status: LMP_MISMATCH, Last received: 0.0, Next index: 1, Last known committed idx: 0, Time since last communication: 0.001s
I20260713 09:11:20.142294  2072 raft_consensus.cc:493] T 8ee98ed2eeac423d892835bbc8328bc1 P 214b211086b74d489d48a1a44a99cf06 [term 0 FOLLOWER]: Starting pre-election (no leader contacted us within the election timeout)
I20260713 09:11:20.142361  2053 leader_election.cc:290] T 565dacb96fea4fddab00795dc0d8b063 P 366a8f31a30c43f0b40114045e9ab0ed [CANDIDATE]: Term 1 election: Requested vote from peers 728b1b8a257841c8a46107b856059685 (127.0.178.2:46287), 214b211086b74d489d48a1a44a99cf06 (127.0.178.3:43665)
I20260713 09:11:20.131963  2077 consensus_queue.cc:1048] T 79e570f77a2f410792591e8fe998e82a P 366a8f31a30c43f0b40114045e9ab0ed [LEADER]: Connected to new peer: Peer: permanent_uuid: "728b1b8a257841c8a46107b856059685" member_type: VOTER last_known_addr { host: "127.0.178.2" port: 46287 }, Status: LMP_MISMATCH, Last received: 0.0, Next index: 1, Last known committed idx: 0, Time since last communication: 0.011s
I20260713 09:11:20.142867  2072 raft_consensus.cc:515] T 8ee98ed2eeac423d892835bbc8328bc1 P 214b211086b74d489d48a1a44a99cf06 [term 0 FOLLOWER]: Starting pre-election with config: opid_index: -1 OBSOLETE_local: false peers { permanent_uuid: "366a8f31a30c43f0b40114045e9ab0ed" member_type: VOTER last_known_addr { host: "127.0.178.1" port: 45261 } } peers { permanent_uuid: "728b1b8a257841c8a46107b856059685" member_type: VOTER last_known_addr { host: "127.0.178.2" port: 46287 } } peers { permanent_uuid: "214b211086b74d489d48a1a44a99cf06" member_type: VOTER last_known_addr { host: "127.0.178.3" port: 43665 } }
I20260713 09:11:20.144263  2028 consensus_queue.cc:1048] T 7f62da5af8464328908efcad384e5e02 P 214b211086b74d489d48a1a44a99cf06 [LEADER]: Connected to new peer: Peer: permanent_uuid: "728b1b8a257841c8a46107b856059685" member_type: VOTER last_known_addr { host: "127.0.178.2" port: 46287 }, Status: LMP_MISMATCH, Last received: 0.0, Next index: 1, Last known committed idx: 0, Time since last communication: 0.001s
I20260713 09:11:20.145449  1979 tablet_service.cc:1917] Received RequestConsensusVote() RPC: tablet_id: "565dacb96fea4fddab00795dc0d8b063" candidate_uuid: "366a8f31a30c43f0b40114045e9ab0ed" candidate_term: 1 candidate_status { last_received { term: 0 index: 0 } } ignore_live_leader: false dest_uuid: "214b211086b74d489d48a1a44a99cf06"
I20260713 09:11:20.146250  1979 raft_consensus.cc:2393] T 565dacb96fea4fddab00795dc0d8b063 P 214b211086b74d489d48a1a44a99cf06 [term 1 FOLLOWER]: Leader election vote request: Denying vote to candidate 366a8f31a30c43f0b40114045e9ab0ed in current term 1: Already voted for candidate 214b211086b74d489d48a1a44a99cf06 in this term.
I20260713 09:11:20.149369  1905 raft_consensus.cc:2468] T 565dacb96fea4fddab00795dc0d8b063 P 728b1b8a257841c8a46107b856059685 [term 1 FOLLOWER]: Leader election vote request: Granting yes vote for candidate 366a8f31a30c43f0b40114045e9ab0ed in term 1.
I20260713 09:11:20.150323  1904 tablet_service.cc:1917] Received RequestConsensusVote() RPC: tablet_id: "565dacb96fea4fddab00795dc0d8b063" candidate_uuid: "214b211086b74d489d48a1a44a99cf06" candidate_term: 1 candidate_status { last_received { term: 0 index: 0 } } ignore_live_leader: false dest_uuid: "728b1b8a257841c8a46107b856059685"
I20260713 09:11:20.151083  1904 raft_consensus.cc:2393] T 565dacb96fea4fddab00795dc0d8b063 P 728b1b8a257841c8a46107b856059685 [term 1 FOLLOWER]: Leader election vote request: Denying vote to candidate 214b211086b74d489d48a1a44a99cf06 in current term 1: Already voted for candidate 366a8f31a30c43f0b40114045e9ab0ed in this term.
I20260713 09:11:20.152370  2072 leader_election.cc:290] T 8ee98ed2eeac423d892835bbc8328bc1 P 214b211086b74d489d48a1a44a99cf06 [CANDIDATE]: Term 1 pre-election: Requested pre-vote from peers 366a8f31a30c43f0b40114045e9ab0ed (127.0.178.1:45261), 728b1b8a257841c8a46107b856059685 (127.0.178.2:46287)
I20260713 09:11:20.152379  1796 leader_election.cc:304] T 565dacb96fea4fddab00795dc0d8b063 P 366a8f31a30c43f0b40114045e9ab0ed [CANDIDATE]: Term 1 election: Election decided. Result: candidate won. Election summary: received 2 responses out of 3 voters: 2 yes votes; 0 no votes. yes voters: 366a8f31a30c43f0b40114045e9ab0ed, 728b1b8a257841c8a46107b856059685; no voters: 
I20260713 09:11:20.154137  2077 raft_consensus.cc:2804] T 565dacb96fea4fddab00795dc0d8b063 P 366a8f31a30c43f0b40114045e9ab0ed [term 1 FOLLOWER]: Leader election won for term 1
I20260713 09:11:20.154721  2077 raft_consensus.cc:697] T 565dacb96fea4fddab00795dc0d8b063 P 366a8f31a30c43f0b40114045e9ab0ed [term 1 LEADER]: Becoming Leader. State: Replica: 366a8f31a30c43f0b40114045e9ab0ed, State: Running, Role: LEADER
I20260713 09:11:20.157008  1830 tablet_service.cc:1917] Received RequestConsensusVote() RPC: tablet_id: "8ee98ed2eeac423d892835bbc8328bc1" candidate_uuid: "214b211086b74d489d48a1a44a99cf06" candidate_term: 1 candidate_status { last_received { term: 0 index: 0 } } ignore_live_leader: false dest_uuid: "366a8f31a30c43f0b40114045e9ab0ed" is_pre_election: true
I20260713 09:11:20.157616  1830 raft_consensus.cc:2468] T 8ee98ed2eeac423d892835bbc8328bc1 P 366a8f31a30c43f0b40114045e9ab0ed [term 0 FOLLOWER]: Leader pre-election vote request: Granting yes vote for candidate 214b211086b74d489d48a1a44a99cf06 in term 0.
I20260713 09:11:20.158895  1904 tablet_service.cc:1917] Received RequestConsensusVote() RPC: tablet_id: "8ee98ed2eeac423d892835bbc8328bc1" candidate_uuid: "214b211086b74d489d48a1a44a99cf06" candidate_term: 1 candidate_status { last_received { term: 0 index: 0 } } ignore_live_leader: false dest_uuid: "728b1b8a257841c8a46107b856059685" is_pre_election: true
I20260713 09:11:20.159524  1904 raft_consensus.cc:2468] T 8ee98ed2eeac423d892835bbc8328bc1 P 728b1b8a257841c8a46107b856059685 [term 0 FOLLOWER]: Leader pre-election vote request: Granting yes vote for candidate 214b211086b74d489d48a1a44a99cf06 in term 0.
I20260713 09:11:20.155766  2077 consensus_queue.cc:237] T 565dacb96fea4fddab00795dc0d8b063 P 366a8f31a30c43f0b40114045e9ab0ed [LEADER]: Queue going to LEADER mode. State: All replicated index: 0, Majority replicated index: 0, Committed index: 0, Last appended: 0.0, Last appended by leader: 0, Current term: 1, Majority size: 2, State: 0, Mode: LEADER, active raft config: opid_index: -1 OBSOLETE_local: false peers { permanent_uuid: "366a8f31a30c43f0b40114045e9ab0ed" member_type: VOTER last_known_addr { host: "127.0.178.1" port: 45261 } } peers { permanent_uuid: "728b1b8a257841c8a46107b856059685" member_type: VOTER last_known_addr { host: "127.0.178.2" port: 46287 } } peers { permanent_uuid: "214b211086b74d489d48a1a44a99cf06" member_type: VOTER last_known_addr { host: "127.0.178.3" port: 43665 } }
I20260713 09:11:20.160890  1943 leader_election.cc:304] T 565dacb96fea4fddab00795dc0d8b063 P 214b211086b74d489d48a1a44a99cf06 [CANDIDATE]: Term 1 election: Election decided. Result: candidate lost. Election summary: received 3 responses out of 3 voters: 1 yes votes; 2 no votes. yes voters: 214b211086b74d489d48a1a44a99cf06; no voters: 366a8f31a30c43f0b40114045e9ab0ed, 728b1b8a257841c8a46107b856059685
I20260713 09:11:20.164652  1945 leader_election.cc:304] T 8ee98ed2eeac423d892835bbc8328bc1 P 214b211086b74d489d48a1a44a99cf06 [CANDIDATE]: Term 1 pre-election: Election decided. Result: candidate won. Election summary: received 2 responses out of 3 voters: 2 yes votes; 0 no votes. yes voters: 214b211086b74d489d48a1a44a99cf06, 728b1b8a257841c8a46107b856059685; no voters: 
I20260713 09:11:20.169550  2072 raft_consensus.cc:2749] T 565dacb96fea4fddab00795dc0d8b063 P 214b211086b74d489d48a1a44a99cf06 [term 1 FOLLOWER]: Leader election lost for term 1. Reason: could not achieve majority
I20260713 09:11:20.171737  2028 raft_consensus.cc:2804] T 8ee98ed2eeac423d892835bbc8328bc1 P 214b211086b74d489d48a1a44a99cf06 [term 0 FOLLOWER]: Leader pre-election won for term 1
I20260713 09:11:20.172264  2028 raft_consensus.cc:493] T 8ee98ed2eeac423d892835bbc8328bc1 P 214b211086b74d489d48a1a44a99cf06 [term 0 FOLLOWER]: Starting leader election (no leader contacted us within the election timeout)
I20260713 09:11:20.172771  2028 raft_consensus.cc:3060] T 8ee98ed2eeac423d892835bbc8328bc1 P 214b211086b74d489d48a1a44a99cf06 [term 0 FOLLOWER]: Advancing to term 1
I20260713 09:11:20.183156  2028 raft_consensus.cc:515] T 8ee98ed2eeac423d892835bbc8328bc1 P 214b211086b74d489d48a1a44a99cf06 [term 1 FOLLOWER]: Starting leader election with config: opid_index: -1 OBSOLETE_local: false peers { permanent_uuid: "366a8f31a30c43f0b40114045e9ab0ed" member_type: VOTER last_known_addr { host: "127.0.178.1" port: 45261 } } peers { permanent_uuid: "728b1b8a257841c8a46107b856059685" member_type: VOTER last_known_addr { host: "127.0.178.2" port: 46287 } } peers { permanent_uuid: "214b211086b74d489d48a1a44a99cf06" member_type: VOTER last_known_addr { host: "127.0.178.3" port: 43665 } }
I20260713 09:11:20.189971  2028 leader_election.cc:290] T 8ee98ed2eeac423d892835bbc8328bc1 P 214b211086b74d489d48a1a44a99cf06 [CANDIDATE]: Term 1 election: Requested vote from peers 366a8f31a30c43f0b40114045e9ab0ed (127.0.178.1:45261), 728b1b8a257841c8a46107b856059685 (127.0.178.2:46287)
I20260713 09:11:20.191499  1829 tablet_service.cc:1917] Received RequestConsensusVote() RPC: tablet_id: "8ee98ed2eeac423d892835bbc8328bc1" candidate_uuid: "214b211086b74d489d48a1a44a99cf06" candidate_term: 1 candidate_status { last_received { term: 0 index: 0 } } ignore_live_leader: false dest_uuid: "366a8f31a30c43f0b40114045e9ab0ed"
I20260713 09:11:20.192165  1829 raft_consensus.cc:3060] T 8ee98ed2eeac423d892835bbc8328bc1 P 366a8f31a30c43f0b40114045e9ab0ed [term 0 FOLLOWER]: Advancing to term 1
I20260713 09:11:20.193974  1903 tablet_service.cc:1917] Received RequestConsensusVote() RPC: tablet_id: "8ee98ed2eeac423d892835bbc8328bc1" candidate_uuid: "214b211086b74d489d48a1a44a99cf06" candidate_term: 1 candidate_status { last_received { term: 0 index: 0 } } ignore_live_leader: false dest_uuid: "728b1b8a257841c8a46107b856059685"
I20260713 09:11:20.194620  1903 raft_consensus.cc:3060] T 8ee98ed2eeac423d892835bbc8328bc1 P 728b1b8a257841c8a46107b856059685 [term 0 FOLLOWER]: Advancing to term 1
I20260713 09:11:20.205390  1829 raft_consensus.cc:2468] T 8ee98ed2eeac423d892835bbc8328bc1 P 366a8f31a30c43f0b40114045e9ab0ed [term 1 FOLLOWER]: Leader election vote request: Granting yes vote for candidate 214b211086b74d489d48a1a44a99cf06 in term 1.
I20260713 09:11:20.212138  1943 leader_election.cc:304] T 8ee98ed2eeac423d892835bbc8328bc1 P 214b211086b74d489d48a1a44a99cf06 [CANDIDATE]: Term 1 election: Election decided. Result: candidate won. Election summary: received 2 responses out of 3 voters: 2 yes votes; 0 no votes. yes voters: 214b211086b74d489d48a1a44a99cf06, 366a8f31a30c43f0b40114045e9ab0ed; no voters: 
I20260713 09:11:20.215543  1903 raft_consensus.cc:2468] T 8ee98ed2eeac423d892835bbc8328bc1 P 728b1b8a257841c8a46107b856059685 [term 1 FOLLOWER]: Leader election vote request: Granting yes vote for candidate 214b211086b74d489d48a1a44a99cf06 in term 1.
I20260713 09:11:20.216872  2072 raft_consensus.cc:2804] T 8ee98ed2eeac423d892835bbc8328bc1 P 214b211086b74d489d48a1a44a99cf06 [term 1 FOLLOWER]: Leader election won for term 1
I20260713 09:11:20.217468  2072 raft_consensus.cc:697] T 8ee98ed2eeac423d892835bbc8328bc1 P 214b211086b74d489d48a1a44a99cf06 [term 1 LEADER]: Becoming Leader. State: Replica: 214b211086b74d489d48a1a44a99cf06, State: Running, Role: LEADER
I20260713 09:11:20.218462  2072 consensus_queue.cc:237] T 8ee98ed2eeac423d892835bbc8328bc1 P 214b211086b74d489d48a1a44a99cf06 [LEADER]: Queue going to LEADER mode. State: All replicated index: 0, Majority replicated index: 0, Committed index: 0, Last appended: 0.0, Last appended by leader: 0, Current term: 1, Majority size: 2, State: 0, Mode: LEADER, active raft config: opid_index: -1 OBSOLETE_local: false peers { permanent_uuid: "366a8f31a30c43f0b40114045e9ab0ed" member_type: VOTER last_known_addr { host: "127.0.178.1" port: 45261 } } peers { permanent_uuid: "728b1b8a257841c8a46107b856059685" member_type: VOTER last_known_addr { host: "127.0.178.2" port: 46287 } } peers { permanent_uuid: "214b211086b74d489d48a1a44a99cf06" member_type: VOTER last_known_addr { host: "127.0.178.3" port: 43665 } }
I20260713 09:11:20.222872  1727 catalog_manager.cc:5697] T 565dacb96fea4fddab00795dc0d8b063 P 366a8f31a30c43f0b40114045e9ab0ed reported cstate change: term changed from 0 to 1, leader changed from <none> to 366a8f31a30c43f0b40114045e9ab0ed (127.0.178.1). New cstate: current_term: 1 leader_uuid: "366a8f31a30c43f0b40114045e9ab0ed" committed_config { opid_index: -1 OBSOLETE_local: false peers { permanent_uuid: "366a8f31a30c43f0b40114045e9ab0ed" member_type: VOTER last_known_addr { host: "127.0.178.1" port: 45261 } health_report { overall_health: HEALTHY } } peers { permanent_uuid: "728b1b8a257841c8a46107b856059685" member_type: VOTER last_known_addr { host: "127.0.178.2" port: 46287 } health_report { overall_health: UNKNOWN } } peers { permanent_uuid: "214b211086b74d489d48a1a44a99cf06" member_type: VOTER last_known_addr { host: "127.0.178.3" port: 43665 } health_report { overall_health: UNKNOWN } } }
I20260713 09:11:20.242476  1728 catalog_manager.cc:5697] T 8ee98ed2eeac423d892835bbc8328bc1 P 214b211086b74d489d48a1a44a99cf06 reported cstate change: term changed from 0 to 1, leader changed from <none> to 214b211086b74d489d48a1a44a99cf06 (127.0.178.3). New cstate: current_term: 1 leader_uuid: "214b211086b74d489d48a1a44a99cf06" committed_config { opid_index: -1 OBSOLETE_local: false peers { permanent_uuid: "366a8f31a30c43f0b40114045e9ab0ed" member_type: VOTER last_known_addr { host: "127.0.178.1" port: 45261 } health_report { overall_health: UNKNOWN } } peers { permanent_uuid: "728b1b8a257841c8a46107b856059685" member_type: VOTER last_known_addr { host: "127.0.178.2" port: 46287 } health_report { overall_health: UNKNOWN } } peers { permanent_uuid: "214b211086b74d489d48a1a44a99cf06" member_type: VOTER last_known_addr { host: "127.0.178.3" port: 43665 } health_report { overall_health: HEALTHY } } }
I20260713 09:11:20.257822  1829 raft_consensus.cc:3060] T 7d8d5d8f5bf545a695b760eec3d9b6e7 P 366a8f31a30c43f0b40114045e9ab0ed [term 0 FOLLOWER]: Advancing to term 1
I20260713 09:11:20.411403   712 file_cache.cc:504] Constructed file cache file cache with capacity 419430
W20260713 09:11:20.417711  2196 instance_detector.cc:116] could not retrieve AWS instance metadata: Network error: curl error: HTTP response code said error: The requested URL returned error: 404
W20260713 09:11:20.419646  2197 instance_detector.cc:116] could not retrieve Azure instance metadata: Network error: curl error: HTTP response code said error: The requested URL returned error: 404
W20260713 09:11:20.423118  2199 instance_detector.cc:116] could not retrieve OpenStack instance metadata: Network error: curl error: HTTP response code said error: The requested URL returned error: 404
I20260713 09:11:20.424824   712 server_base.cc:1061] running on GCE node
I20260713 09:11:20.425886   712 hybrid_clock.cc:584] initializing the hybrid clock with 'system_unsync' time source
W20260713 09:11:20.426126   712 system_unsync_time.cc:38] NTP support is disabled. Clock error bounds will not be accurate. This configuration is not suitable for distributed clusters.
I20260713 09:11:20.426334   712 hybrid_clock.cc:648] HybridClock initialized: now 1783933880426312 us; error 0 us; skew 500 ppm
I20260713 09:11:20.426972   712 server_base.cc:861] Flag tcmalloc_max_total_thread_cache_bytes is not working since tcmalloc is not enabled.
I20260713 09:11:20.430045   712 webserver.cc:533] Webserver started at http://127.0.178.4:39995/ using document root <none> and password file <none>
I20260713 09:11:20.429977  2137 consensus_queue.cc:1048] T e217bd7d5c554d679c349bf06b827154 P 728b1b8a257841c8a46107b856059685 [LEADER]: Connected to new peer: Peer: permanent_uuid: "214b211086b74d489d48a1a44a99cf06" member_type: VOTER last_known_addr { host: "127.0.178.3" port: 43665 }, Status: LMP_MISMATCH, Last received: 0.0, Next index: 1, Last known committed idx: 0, Time since last communication: 0.001s
I20260713 09:11:20.430850   712 fs_manager.cc:362] Metadata directory not provided
I20260713 09:11:20.431159   712 fs_manager.cc:368] Using write-ahead log directory (fs_wal_dir) as metadata directory
I20260713 09:11:20.431510   712 server_base.cc:909] This appears to be a new deployment of Kudu; creating new FS layout
I20260713 09:11:20.432806   712 fs_manager.cc:1068] Generated new instance metadata in path /tmp/dist-test-taskr5wv_l/test-tmp/auto_leader_rebalancer-test.0.LeaderRebalancerTest.AddTserver.1783933852917614-712-0/minicluster-data/ts-3-root/instance:
uuid: "d1d41819eb7940019d730365311f63dc"
format_stamp: "Formatted at 2026-07-13 09:11:20 on dist-test-slave-8454"
I20260713 09:11:20.440155  2096 consensus_queue.cc:1048] T e217bd7d5c554d679c349bf06b827154 P 728b1b8a257841c8a46107b856059685 [LEADER]: Connected to new peer: Peer: permanent_uuid: "366a8f31a30c43f0b40114045e9ab0ed" member_type: VOTER last_known_addr { host: "127.0.178.1" port: 45261 }, Status: LMP_MISMATCH, Last received: 0.0, Next index: 1, Last known committed idx: 0, Time since last communication: 0.000s
I20260713 09:11:20.442823   712 fs_manager.cc:696] Time spent creating directory manager: real 0.009s	user 0.006s	sys 0.000s
I20260713 09:11:20.455204  2154 consensus_queue.cc:1048] T 3d98f47fb8ec43ebac3ef157e5f4bfe3 P 366a8f31a30c43f0b40114045e9ab0ed [LEADER]: Connected to new peer: Peer: permanent_uuid: "728b1b8a257841c8a46107b856059685" member_type: VOTER last_known_addr { host: "127.0.178.2" port: 46287 }, Status: LMP_MISMATCH, Last received: 0.0, Next index: 1, Last known committed idx: 0, Time since last communication: 0.001s
I20260713 09:11:20.471935  2206 log_block_manager.cc:4127] Time spent loading block containers with low live blocks: real 0.000s	user 0.000s	sys 0.000s
I20260713 09:11:20.473214   712 fs_manager.cc:730] Time spent opening block manager: real 0.027s	user 0.013s	sys 0.014s
I20260713 09:11:20.473726   712 fs_manager.cc:647] Opened local filesystem: /tmp/dist-test-taskr5wv_l/test-tmp/auto_leader_rebalancer-test.0.LeaderRebalancerTest.AddTserver.1783933852917614-712-0/minicluster-data/ts-3-root
uuid: "d1d41819eb7940019d730365311f63dc"
format_stamp: "Formatted at 2026-07-13 09:11:20 on dist-test-slave-8454"
I20260713 09:11:20.474139   712 fs_report.cc:389] FS layout report
--------------------
wal directory: /tmp/dist-test-taskr5wv_l/test-tmp/auto_leader_rebalancer-test.0.LeaderRebalancerTest.AddTserver.1783933852917614-712-0/minicluster-data/ts-3-root
metadata directory: /tmp/dist-test-taskr5wv_l/test-tmp/auto_leader_rebalancer-test.0.LeaderRebalancerTest.AddTserver.1783933852917614-712-0/minicluster-data/ts-3-root
