I20260713 09:11:16.814332  2199 raft_consensus.cc:2749] T a095993883004c8da03d865f566202af P 7265b3ca49ec4eb7ae78ae1593c1bd3a [term 0 FOLLOWER]: Leader pre-election lost for term 1. Reason: could not achieve majority
I20260713 09:11:16.831518  2115 tablet_bootstrap.cc:654] T a095993883004c8da03d865f566202af P 841d14ec98a342e5b7bd8dce954c6a16: Neither blocks nor log segments found. Creating new log.
I20260713 09:11:16.831238  2158 raft_consensus.cc:515] T 90514d240e574c0f965132cc7d0cf794 P 4ae8676ad55c494e8adaddef9f316447 [term 1 FOLLOWER]: Starting leader election with config: opid_index: -1 OBSOLETE_local: false peers { permanent_uuid: "841d14ec98a342e5b7bd8dce954c6a16" member_type: VOTER last_known_addr { host: "127.0.203.129" port: 38033 } } peers { permanent_uuid: "4ae8676ad55c494e8adaddef9f316447" member_type: VOTER last_known_addr { host: "127.0.203.130" port: 42055 } } peers { permanent_uuid: "7265b3ca49ec4eb7ae78ae1593c1bd3a" member_type: VOTER last_known_addr { host: "127.0.203.131" port: 44119 } }
I20260713 09:11:16.820092  2000 tablet_service.cc:1917] Received RequestConsensusVote() RPC: tablet_id: "63271c1ee1f4499686380be24f5cc949" candidate_uuid: "841d14ec98a342e5b7bd8dce954c6a16" candidate_term: 1 candidate_status { last_received { term: 0 index: 0 } } ignore_live_leader: false dest_uuid: "4ae8676ad55c494e8adaddef9f316447" is_pre_election: true
I20260713 09:11:16.834794  2075 raft_consensus.cc:3060] T 2b4627a2233d439fa88722110518e88f P 7265b3ca49ec4eb7ae78ae1593c1bd3a [term 0 FOLLOWER]: Advancing to term 1
W20260713 09:11:16.828833  1964 leader_election.cc:343] T 9fbbdfcdd84548afb0158a2e5dadb0d3 P 4ae8676ad55c494e8adaddef9f316447 [CANDIDATE]: Term 1 pre-election: Tablet error from VoteRequest() call to peer 7265b3ca49ec4eb7ae78ae1593c1bd3a (127.0.203.131:44119): Illegal state: must be running to vote when last-logged opid is not known
I20260713 09:11:16.837352  1964 leader_election.cc:304] T 9fbbdfcdd84548afb0158a2e5dadb0d3 P 4ae8676ad55c494e8adaddef9f316447 [CANDIDATE]: Term 1 pre-election: Election decided. Result: candidate lost. Election summary: received 3 responses out of 3 voters: 1 yes votes; 2 no votes. yes voters: 4ae8676ad55c494e8adaddef9f316447; no voters: 7265b3ca49ec4eb7ae78ae1593c1bd3a, 841d14ec98a342e5b7bd8dce954c6a16
I20260713 09:11:16.827775  2208 consensus_queue.cc:1048] T 6019a47fe8994cd09c6580d90a5200b7 P 4ae8676ad55c494e8adaddef9f316447 [LEADER]: Connected to new peer: Peer: permanent_uuid: "7265b3ca49ec4eb7ae78ae1593c1bd3a" member_type: VOTER last_known_addr { host: "127.0.203.131" port: 44119 }, Status: LMP_MISMATCH, Last received: 0.0, Next index: 1, Last known committed idx: 0, Time since last communication: 0.007s
I20260713 09:11:16.838078  2159 raft_consensus.cc:2749] T 9fbbdfcdd84548afb0158a2e5dadb0d3 P 4ae8676ad55c494e8adaddef9f316447 [term 0 FOLLOWER]: Leader pre-election lost for term 1. Reason: could not achieve majority
I20260713 09:11:16.843793  2126 consensus_queue.cc:1048] T 83248a635a7c499d9f054a3b68dbb069 P 4ae8676ad55c494e8adaddef9f316447 [LEADER]: Connected to new peer: Peer: permanent_uuid: "841d14ec98a342e5b7bd8dce954c6a16" member_type: VOTER last_known_addr { host: "127.0.203.129" port: 38033 }, Status: LMP_MISMATCH, Last received: 0.0, Next index: 1, Last known committed idx: 0, Time since last communication: 0.001s
I20260713 09:11:16.845571  2158 leader_election.cc:290] T 90514d240e574c0f965132cc7d0cf794 P 4ae8676ad55c494e8adaddef9f316447 [CANDIDATE]: Term 1 election: Requested vote from peers 841d14ec98a342e5b7bd8dce954c6a16 (127.0.203.129:38033), 7265b3ca49ec4eb7ae78ae1593c1bd3a (127.0.203.131:44119)
I20260713 09:11:16.846037  2126 consensus_queue.cc:1048] T 83248a635a7c499d9f054a3b68dbb069 P 4ae8676ad55c494e8adaddef9f316447 [LEADER]: Connected to new peer: Peer: permanent_uuid: "7265b3ca49ec4eb7ae78ae1593c1bd3a" member_type: VOTER last_known_addr { host: "127.0.203.131" port: 44119 }, Status: LMP_MISMATCH, Last received: 0.0, Next index: 1, Last known committed idx: 0, Time since last communication: 0.000s
I20260713 09:11:16.846639  1889 leader_election.cc:304] T 63271c1ee1f4499686380be24f5cc949 P 841d14ec98a342e5b7bd8dce954c6a16 [CANDIDATE]: Term 1 pre-election: Election decided. Result: candidate lost. Election summary: received 3 responses out of 3 voters: 1 yes votes; 2 no votes. yes voters: 841d14ec98a342e5b7bd8dce954c6a16; no voters: 4ae8676ad55c494e8adaddef9f316447, 7265b3ca49ec4eb7ae78ae1593c1bd3a
W20260713 09:11:16.857638  1964 leader_election.cc:343] T 90514d240e574c0f965132cc7d0cf794 P 4ae8676ad55c494e8adaddef9f316447 [CANDIDATE]: Term 1 pre-election: Tablet error from VoteRequest() call to peer 7265b3ca49ec4eb7ae78ae1593c1bd3a (127.0.203.131:44119): Illegal state: must be running to vote when last-logged opid is not known
I20260713 09:11:16.849715  2124 consensus_queue.cc:1048] T 60db031d97f34a26985a0cde8d5038ea P 841d14ec98a342e5b7bd8dce954c6a16 [LEADER]: Connected to new peer: Peer: permanent_uuid: "4ae8676ad55c494e8adaddef9f316447" member_type: VOTER last_known_addr { host: "127.0.203.130" port: 42055 }, Status: LMP_MISMATCH, Last received: 0.0, Next index: 1, Last known committed idx: 0, Time since last communication: 0.008s
I20260713 09:11:16.861871  2070 tablet_service.cc:1917] Received RequestConsensusVote() RPC: tablet_id: "90514d240e574c0f965132cc7d0cf794" candidate_uuid: "4ae8676ad55c494e8adaddef9f316447" candidate_term: 1 candidate_status { last_received { term: 0 index: 0 } } ignore_live_leader: false dest_uuid: "7265b3ca49ec4eb7ae78ae1593c1bd3a"
I20260713 09:11:16.878882  2116 tablet_bootstrap.cc:654] T cef39579d6d04ec78ef6f9b147b58668 P 7265b3ca49ec4eb7ae78ae1593c1bd3a: Neither blocks nor log segments found. Creating new log.
I20260713 09:11:16.882050  1921 tablet_service.cc:1917] Received RequestConsensusVote() RPC: tablet_id: "90514d240e574c0f965132cc7d0cf794" candidate_uuid: "4ae8676ad55c494e8adaddef9f316447" candidate_term: 1 candidate_status { last_received { term: 0 index: 0 } } ignore_live_leader: false dest_uuid: "841d14ec98a342e5b7bd8dce954c6a16"
I20260713 09:11:16.882642  1921 raft_consensus.cc:3060] T 90514d240e574c0f965132cc7d0cf794 P 841d14ec98a342e5b7bd8dce954c6a16 [term 0 FOLLOWER]: Advancing to term 1
I20260713 09:11:16.885461  2126 consensus_queue.cc:1048] T be6f49e4392b494d8021f3aa8c52f2c8 P 4ae8676ad55c494e8adaddef9f316447 [LEADER]: Connected to new peer: Peer: permanent_uuid: "841d14ec98a342e5b7bd8dce954c6a16" member_type: VOTER last_known_addr { host: "127.0.203.129" port: 38033 }, Status: LMP_MISMATCH, Last received: 0.0, Next index: 1, Last known committed idx: 0, Time since last communication: 0.000s
I20260713 09:11:16.895859  2174 raft_consensus.cc:2749] T 63271c1ee1f4499686380be24f5cc949 P 841d14ec98a342e5b7bd8dce954c6a16 [term 1 FOLLOWER]: Leader pre-election lost for term 1. Reason: could not achieve majority
W20260713 09:11:16.899160  1964 leader_election.cc:343] T 90514d240e574c0f965132cc7d0cf794 P 4ae8676ad55c494e8adaddef9f316447 [CANDIDATE]: Term 1 election: Tablet error from VoteRequest() call to peer 7265b3ca49ec4eb7ae78ae1593c1bd3a (127.0.203.131:44119): Illegal state: must be running to vote when last-logged opid is not known
I20260713 09:11:16.909564  2199 consensus_queue.cc:1048] T 63271c1ee1f4499686380be24f5cc949 P 7265b3ca49ec4eb7ae78ae1593c1bd3a [LEADER]: Connected to new peer: Peer: permanent_uuid: "841d14ec98a342e5b7bd8dce954c6a16" member_type: VOTER last_known_addr { host: "127.0.203.129" port: 38033 }, Status: LMP_MISMATCH, Last received: 0.0, Next index: 1, Last known committed idx: 0, Time since last communication: 0.003s
I20260713 09:11:16.913002  2126 raft_consensus.cc:493] T 8edd9e52e089468eb597d6e9b365f241 P 4ae8676ad55c494e8adaddef9f316447 [term 0 FOLLOWER]: Starting pre-election (no leader contacted us within the election timeout)
I20260713 09:11:16.913542  2126 raft_consensus.cc:515] T 8edd9e52e089468eb597d6e9b365f241 P 4ae8676ad55c494e8adaddef9f316447 [term 0 FOLLOWER]: Starting pre-election with config: opid_index: -1 OBSOLETE_local: false peers { permanent_uuid: "841d14ec98a342e5b7bd8dce954c6a16" member_type: VOTER last_known_addr { host: "127.0.203.129" port: 38033 } } peers { permanent_uuid: "4ae8676ad55c494e8adaddef9f316447" member_type: VOTER last_known_addr { host: "127.0.203.130" port: 42055 } } peers { permanent_uuid: "7265b3ca49ec4eb7ae78ae1593c1bd3a" member_type: VOTER last_known_addr { host: "127.0.203.131" port: 44119 } }
I20260713 09:11:16.915899  2126 leader_election.cc:290] T 8edd9e52e089468eb597d6e9b365f241 P 4ae8676ad55c494e8adaddef9f316447 [CANDIDATE]: Term 1 pre-election: Requested pre-vote from peers 841d14ec98a342e5b7bd8dce954c6a16 (127.0.203.129:38033), 7265b3ca49ec4eb7ae78ae1593c1bd3a (127.0.203.131:44119)
I20260713 09:11:16.918216  2126 consensus_queue.cc:1048] T e42586231315401bada8a71f288964ff P 4ae8676ad55c494e8adaddef9f316447 [LEADER]: Connected to new peer: Peer: permanent_uuid: "841d14ec98a342e5b7bd8dce954c6a16" member_type: VOTER last_known_addr { host: "127.0.203.129" port: 38033 }, Status: LMP_MISMATCH, Last received: 0.0, Next index: 1, Last known committed idx: 0, Time since last communication: 0.001s
I20260713 09:11:16.919809  2124 consensus_queue.cc:1048] T 2b4627a2233d439fa88722110518e88f P 841d14ec98a342e5b7bd8dce954c6a16 [LEADER]: Connected to new peer: Peer: permanent_uuid: "7265b3ca49ec4eb7ae78ae1593c1bd3a" member_type: VOTER last_known_addr { host: "127.0.203.131" port: 44119 }, Status: LMP_MISMATCH, Last received: 0.0, Next index: 1, Last known committed idx: 0, Time since last communication: 0.000s
I20260713 09:11:16.923187  1920 tablet_service.cc:1917] Received RequestConsensusVote() RPC: tablet_id: "8edd9e52e089468eb597d6e9b365f241" candidate_uuid: "4ae8676ad55c494e8adaddef9f316447" candidate_term: 1 candidate_status { last_received { term: 0 index: 0 } } ignore_live_leader: false dest_uuid: "841d14ec98a342e5b7bd8dce954c6a16" is_pre_election: true
I20260713 09:11:16.929415  1921 raft_consensus.cc:2468] T 90514d240e574c0f965132cc7d0cf794 P 841d14ec98a342e5b7bd8dce954c6a16 [term 1 FOLLOWER]: Leader election vote request: Granting yes vote for candidate 4ae8676ad55c494e8adaddef9f316447 in term 1.
W20260713 09:11:16.932449  1963 leader_election.cc:343] T 8edd9e52e089468eb597d6e9b365f241 P 4ae8676ad55c494e8adaddef9f316447 [CANDIDATE]: Term 1 pre-election: Tablet error from VoteRequest() call to peer 841d14ec98a342e5b7bd8dce954c6a16 (127.0.203.129:38033): Illegal state: must be running to vote when last-logged opid is not known
I20260713 09:11:16.953243  2199 raft_consensus.cc:493] T 2b4627a2233d439fa88722110518e88f P 7265b3ca49ec4eb7ae78ae1593c1bd3a [term 1 FOLLOWER]: Starting pre-election (no leader contacted us within the election timeout)
I20260713 09:11:16.957291  2073 tablet_service.cc:1917] Received RequestConsensusVote() RPC: tablet_id: "8edd9e52e089468eb597d6e9b365f241" candidate_uuid: "4ae8676ad55c494e8adaddef9f316447" candidate_term: 1 candidate_status { last_received { term: 0 index: 0 } } ignore_live_leader: false dest_uuid: "7265b3ca49ec4eb7ae78ae1593c1bd3a" is_pre_election: true
I20260713 09:11:16.981454  2115 tablet_bootstrap.cc:492] T a095993883004c8da03d865f566202af P 841d14ec98a342e5b7bd8dce954c6a16: No bootstrap required, opened a new log
I20260713 09:11:16.981981  2115 ts_tablet_manager.cc:1403] T a095993883004c8da03d865f566202af P 841d14ec98a342e5b7bd8dce954c6a16: Time spent bootstrapping tablet: real 0.376s	user 0.014s	sys 0.030s
I20260713 09:11:16.963029  2199 raft_consensus.cc:515] T 2b4627a2233d439fa88722110518e88f P 7265b3ca49ec4eb7ae78ae1593c1bd3a [term 1 FOLLOWER]: Starting pre-election with config: opid_index: -1 OBSOLETE_local: false peers { permanent_uuid: "841d14ec98a342e5b7bd8dce954c6a16" member_type: VOTER last_known_addr { host: "127.0.203.129" port: 38033 } } peers { permanent_uuid: "4ae8676ad55c494e8adaddef9f316447" member_type: VOTER last_known_addr { host: "127.0.203.130" port: 42055 } } peers { permanent_uuid: "7265b3ca49ec4eb7ae78ae1593c1bd3a" member_type: VOTER last_known_addr { host: "127.0.203.131" port: 44119 } }
W20260713 09:11:16.991492  1964 leader_election.cc:343] T 8edd9e52e089468eb597d6e9b365f241 P 4ae8676ad55c494e8adaddef9f316447 [CANDIDATE]: Term 1 pre-election: Tablet error from VoteRequest() call to peer 7265b3ca49ec4eb7ae78ae1593c1bd3a (127.0.203.131:44119): Illegal state: must be running to vote when last-logged opid is not known
I20260713 09:11:16.992091  1964 leader_election.cc:304] T 8edd9e52e089468eb597d6e9b365f241 P 4ae8676ad55c494e8adaddef9f316447 [CANDIDATE]: Term 1 pre-election: Election decided. Result: candidate lost. Election summary: received 3 responses out of 3 voters: 1 yes votes; 2 no votes. yes voters: 4ae8676ad55c494e8adaddef9f316447; no voters: 7265b3ca49ec4eb7ae78ae1593c1bd3a, 841d14ec98a342e5b7bd8dce954c6a16
I20260713 09:11:16.984356  2145 raft_consensus.cc:493] T 60db031d97f34a26985a0cde8d5038ea P 7265b3ca49ec4eb7ae78ae1593c1bd3a [term 0 FOLLOWER]: Starting pre-election (no leader contacted us within the election timeout)
I20260713 09:11:16.998235  2145 raft_consensus.cc:515] T 60db031d97f34a26985a0cde8d5038ea P 7265b3ca49ec4eb7ae78ae1593c1bd3a [term 0 FOLLOWER]: Starting pre-election with config: opid_index: -1 OBSOLETE_local: false peers { permanent_uuid: "841d14ec98a342e5b7bd8dce954c6a16" member_type: VOTER last_known_addr { host: "127.0.203.129" port: 38033 } } peers { permanent_uuid: "4ae8676ad55c494e8adaddef9f316447" member_type: VOTER last_known_addr { host: "127.0.203.130" port: 42055 } } peers { permanent_uuid: "7265b3ca49ec4eb7ae78ae1593c1bd3a" member_type: VOTER last_known_addr { host: "127.0.203.131" port: 44119 } }
I20260713 09:11:17.000759  2145 leader_election.cc:290] T 60db031d97f34a26985a0cde8d5038ea P 7265b3ca49ec4eb7ae78ae1593c1bd3a [CANDIDATE]: Term 1 pre-election: Requested pre-vote from peers 841d14ec98a342e5b7bd8dce954c6a16 (127.0.203.129:38033), 4ae8676ad55c494e8adaddef9f316447 (127.0.203.130:42055)
I20260713 09:11:17.001434  1923 tablet_service.cc:1917] Received RequestConsensusVote() RPC: tablet_id: "60db031d97f34a26985a0cde8d5038ea" candidate_uuid: "7265b3ca49ec4eb7ae78ae1593c1bd3a" candidate_term: 1 candidate_status { last_received { term: 0 index: 0 } } ignore_live_leader: false dest_uuid: "841d14ec98a342e5b7bd8dce954c6a16" is_pre_election: true
I20260713 09:11:16.979107  1963 leader_election.cc:304] T 90514d240e574c0f965132cc7d0cf794 P 4ae8676ad55c494e8adaddef9f316447 [CANDIDATE]: Term 1 election: Election decided. Result: candidate won. Election summary: received 3 responses out of 3 voters: 2 yes votes; 1 no votes. yes voters: 4ae8676ad55c494e8adaddef9f316447, 841d14ec98a342e5b7bd8dce954c6a16; no voters: 7265b3ca49ec4eb7ae78ae1593c1bd3a
I20260713 09:11:17.012466  2159 raft_consensus.cc:2749] T 8edd9e52e089468eb597d6e9b365f241 P 4ae8676ad55c494e8adaddef9f316447 [term 0 FOLLOWER]: Leader pre-election lost for term 1. Reason: could not achieve majority
I20260713 09:11:17.034830  2126 raft_consensus.cc:2804] T 90514d240e574c0f965132cc7d0cf794 P 4ae8676ad55c494e8adaddef9f316447 [term 1 FOLLOWER]: Leader election won for term 1
I20260713 09:11:17.053318  2117 tablet_bootstrap.cc:492] T 33b89ea5ddf344f8bb544ad8c6299396 P 4ae8676ad55c494e8adaddef9f316447: No bootstrap required, opened a new log
I20260713 09:11:17.053398  2199 leader_election.cc:290] T 2b4627a2233d439fa88722110518e88f P 7265b3ca49ec4eb7ae78ae1593c1bd3a [CANDIDATE]: Term 2 pre-election: Requested pre-vote from peers 841d14ec98a342e5b7bd8dce954c6a16 (127.0.203.129:38033), 4ae8676ad55c494e8adaddef9f316447 (127.0.203.130:42055)
I20260713 09:11:17.053828  2117 ts_tablet_manager.cc:1403] T 33b89ea5ddf344f8bb544ad8c6299396 P 4ae8676ad55c494e8adaddef9f316447: Time spent bootstrapping tablet: real 0.441s	user 0.036s	sys 0.069s
W20260713 09:11:17.041672  1963 outbound_call.cc:321] RPC callback for RPC call kudu.consensus.ConsensusService.RequestConsensusVote -> {remote=127.0.203.129:38033, user_credentials={real_user=slave}} blocked reactor thread for 84601.9us
I20260713 09:11:17.057761  1923 tablet_service.cc:1917] Received RequestConsensusVote() RPC: tablet_id: "2b4627a2233d439fa88722110518e88f" candidate_uuid: "7265b3ca49ec4eb7ae78ae1593c1bd3a" candidate_term: 2 candidate_status { last_received { term: 0 index: 0 } } ignore_live_leader: false dest_uuid: "841d14ec98a342e5b7bd8dce954c6a16" is_pre_election: true
I20260713 09:11:17.047715  2126 raft_consensus.cc:697] T 90514d240e574c0f965132cc7d0cf794 P 4ae8676ad55c494e8adaddef9f316447 [term 1 LEADER]: Becoming Leader. State: Replica: 4ae8676ad55c494e8adaddef9f316447, State: Running, Role: LEADER
I20260713 09:11:17.059340  2126 consensus_queue.cc:237] T 90514d240e574c0f965132cc7d0cf794 P 4ae8676ad55c494e8adaddef9f316447 [LEADER]: Queue going to LEADER mode. State: All replicated index: 0, Majority replicated index: 0, Committed index: 0, Last appended: 0.0, Last appended by leader: 0, Current term: 1, Majority size: 2, State: 0, Mode: LEADER, active raft config: opid_index: -1 OBSOLETE_local: false peers { permanent_uuid: "841d14ec98a342e5b7bd8dce954c6a16" member_type: VOTER last_known_addr { host: "127.0.203.129" port: 38033 } } peers { permanent_uuid: "4ae8676ad55c494e8adaddef9f316447" member_type: VOTER last_known_addr { host: "127.0.203.130" port: 42055 } } peers { permanent_uuid: "7265b3ca49ec4eb7ae78ae1593c1bd3a" member_type: VOTER last_known_addr { host: "127.0.203.131" port: 44119 } }
W20260713 09:11:17.003197  1888 outbound_call.cc:321] RPC callback for RPC call kudu.consensus.ConsensusService.UpdateConsensus -> {remote=127.0.203.131:44119, user_credentials={real_user=slave}} blocked reactor thread for 108833us
I20260713 09:11:17.073869  2117 raft_consensus.cc:359] T 33b89ea5ddf344f8bb544ad8c6299396 P 4ae8676ad55c494e8adaddef9f316447 [term 0 FOLLOWER]: Replica starting. Triggering 0 pending ops. Active config: opid_index: -1 OBSOLETE_local: false peers { permanent_uuid: "841d14ec98a342e5b7bd8dce954c6a16" member_type: VOTER last_known_addr { host: "127.0.203.129" port: 38033 } } peers { permanent_uuid: "4ae8676ad55c494e8adaddef9f316447" member_type: VOTER last_known_addr { host: "127.0.203.130" port: 42055 } } peers { permanent_uuid: "7265b3ca49ec4eb7ae78ae1593c1bd3a" member_type: VOTER last_known_addr { host: "127.0.203.131" port: 44119 } }
I20260713 09:11:17.076550  2117 raft_consensus.cc:385] T 33b89ea5ddf344f8bb544ad8c6299396 P 4ae8676ad55c494e8adaddef9f316447 [term 0 FOLLOWER]: Consensus starting up: Expiring failure detector timer to make a prompt election more likely
I20260713 09:11:17.076910  2117 raft_consensus.cc:740] T 33b89ea5ddf344f8bb544ad8c6299396 P 4ae8676ad55c494e8adaddef9f316447 [term 0 FOLLOWER]: Becoming Follower/Learner. State: Replica: 4ae8676ad55c494e8adaddef9f316447, State: Initialized, Role: FOLLOWER
I20260713 09:11:17.078372  2117 consensus_queue.cc:260] T 33b89ea5ddf344f8bb544ad8c6299396 P 4ae8676ad55c494e8adaddef9f316447 [NON_LEADER]: Queue going to NON_LEADER mode. State: All replicated index: 0, Majority replicated index: 0, Committed index: 0, Last appended: 0.0, Last appended by leader: 0, Current term: 0, Majority size: -1, State: 0, Mode: NON_LEADER, active raft config: opid_index: -1 OBSOLETE_local: false peers { permanent_uuid: "841d14ec98a342e5b7bd8dce954c6a16" member_type: VOTER last_known_addr { host: "127.0.203.129" port: 38033 } } peers { permanent_uuid: "4ae8676ad55c494e8adaddef9f316447" member_type: VOTER last_known_addr { host: "127.0.203.130" port: 42055 } } peers { permanent_uuid: "7265b3ca49ec4eb7ae78ae1593c1bd3a" member_type: VOTER last_known_addr { host: "127.0.203.131" port: 44119 } }
I20260713 09:11:17.082131  2117 ts_tablet_manager.cc:1434] T 33b89ea5ddf344f8bb544ad8c6299396 P 4ae8676ad55c494e8adaddef9f316447: Time spent starting tablet: real 0.028s	user 0.007s	sys 0.000s
I20260713 09:11:17.083426  2117 tablet_bootstrap.cc:492] T a095993883004c8da03d865f566202af P 4ae8676ad55c494e8adaddef9f316447: Bootstrap starting.
I20260713 09:11:17.086905  2116 tablet_bootstrap.cc:492] T cef39579d6d04ec78ef6f9b147b58668 P 7265b3ca49ec4eb7ae78ae1593c1bd3a: No bootstrap required, opened a new log
I20260713 09:11:17.087323  2116 ts_tablet_manager.cc:1403] T cef39579d6d04ec78ef6f9b147b58668 P 7265b3ca49ec4eb7ae78ae1593c1bd3a: Time spent bootstrapping tablet: real 0.335s	user 0.019s	sys 0.012s
I20260713 09:11:17.100735  2115 raft_consensus.cc:359] T a095993883004c8da03d865f566202af P 841d14ec98a342e5b7bd8dce954c6a16 [term 0 FOLLOWER]: Replica starting. Triggering 0 pending ops. Active config: opid_index: -1 OBSOLETE_local: false peers { permanent_uuid: "841d14ec98a342e5b7bd8dce954c6a16" member_type: VOTER last_known_addr { host: "127.0.203.129" port: 38033 } } peers { permanent_uuid: "4ae8676ad55c494e8adaddef9f316447" member_type: VOTER last_known_addr { host: "127.0.203.130" port: 42055 } } peers { permanent_uuid: "7265b3ca49ec4eb7ae78ae1593c1bd3a" member_type: VOTER last_known_addr { host: "127.0.203.131" port: 44119 } }
I20260713 09:11:17.103832  2115 raft_consensus.cc:385] T a095993883004c8da03d865f566202af P 841d14ec98a342e5b7bd8dce954c6a16 [term 0 FOLLOWER]: Consensus starting up: Expiring failure detector timer to make a prompt election more likely
I20260713 09:11:17.104198  2115 raft_consensus.cc:740] T a095993883004c8da03d865f566202af P 841d14ec98a342e5b7bd8dce954c6a16 [term 0 FOLLOWER]: Becoming Follower/Learner. State: Replica: 841d14ec98a342e5b7bd8dce954c6a16, State: Initialized, Role: FOLLOWER
W20260713 09:11:17.080010  1964 outbound_call.cc:321] RPC callback for RPC call kudu.consensus.ConsensusService.RequestConsensusVote -> {remote=127.0.203.131:44119, user_credentials={real_user=slave}} blocked reactor thread for 88565.6us
I20260713 09:11:17.106004  2226 raft_consensus.cc:493] T 33b89ea5ddf344f8bb544ad8c6299396 P 4ae8676ad55c494e8adaddef9f316447 [term 0 FOLLOWER]: Starting pre-election (no leader contacted us within the election timeout)
I20260713 09:11:17.106483  2226 raft_consensus.cc:515] T 33b89ea5ddf344f8bb544ad8c6299396 P 4ae8676ad55c494e8adaddef9f316447 [term 0 FOLLOWER]: Starting pre-election with config: opid_index: -1 OBSOLETE_local: false peers { permanent_uuid: "841d14ec98a342e5b7bd8dce954c6a16" member_type: VOTER last_known_addr { host: "127.0.203.129" port: 38033 } } peers { permanent_uuid: "4ae8676ad55c494e8adaddef9f316447" member_type: VOTER last_known_addr { host: "127.0.203.130" port: 42055 } } peers { permanent_uuid: "7265b3ca49ec4eb7ae78ae1593c1bd3a" member_type: VOTER last_known_addr { host: "127.0.203.131" port: 44119 } }
I20260713 09:11:17.105732  2115 consensus_queue.cc:260] T a095993883004c8da03d865f566202af P 841d14ec98a342e5b7bd8dce954c6a16 [NON_LEADER]: Queue going to NON_LEADER mode. State: All replicated index: 0, Majority replicated index: 0, Committed index: 0, Last appended: 0.0, Last appended by leader: 0, Current term: 0, Majority size: -1, State: 0, Mode: NON_LEADER, active raft config: opid_index: -1 OBSOLETE_local: false peers { permanent_uuid: "841d14ec98a342e5b7bd8dce954c6a16" member_type: VOTER last_known_addr { host: "127.0.203.129" port: 38033 } } peers { permanent_uuid: "4ae8676ad55c494e8adaddef9f316447" member_type: VOTER last_known_addr { host: "127.0.203.130" port: 42055 } } peers { permanent_uuid: "7265b3ca49ec4eb7ae78ae1593c1bd3a" member_type: VOTER last_known_addr { host: "127.0.203.131" port: 44119 } }
I20260713 09:11:17.115201  2115 ts_tablet_manager.cc:1434] T a095993883004c8da03d865f566202af P 841d14ec98a342e5b7bd8dce954c6a16: Time spent starting tablet: real 0.133s	user 0.006s	sys 0.001s
I20260713 09:11:17.116227  2115 tablet_bootstrap.cc:492] T 9fbbdfcdd84548afb0158a2e5dadb0d3 P 841d14ec98a342e5b7bd8dce954c6a16: Bootstrap starting.
I20260713 09:11:17.116356  2226 leader_election.cc:290] T 33b89ea5ddf344f8bb544ad8c6299396 P 4ae8676ad55c494e8adaddef9f316447 [CANDIDATE]: Term 1 pre-election: Requested pre-vote from peers 841d14ec98a342e5b7bd8dce954c6a16 (127.0.203.129:38033), 7265b3ca49ec4eb7ae78ae1593c1bd3a (127.0.203.131:44119)
I20260713 09:11:17.120342  2116 raft_consensus.cc:359] T cef39579d6d04ec78ef6f9b147b58668 P 7265b3ca49ec4eb7ae78ae1593c1bd3a [term 0 FOLLOWER]: Replica starting. Triggering 0 pending ops. Active config: opid_index: -1 OBSOLETE_local: false peers { permanent_uuid: "841d14ec98a342e5b7bd8dce954c6a16" member_type: VOTER last_known_addr { host: "127.0.203.129" port: 38033 } } peers { permanent_uuid: "4ae8676ad55c494e8adaddef9f316447" member_type: VOTER last_known_addr { host: "127.0.203.130" port: 42055 } } peers { permanent_uuid: "7265b3ca49ec4eb7ae78ae1593c1bd3a" member_type: VOTER last_known_addr { host: "127.0.203.131" port: 44119 } }
I20260713 09:11:17.121104  2116 raft_consensus.cc:385] T cef39579d6d04ec78ef6f9b147b58668 P 7265b3ca49ec4eb7ae78ae1593c1bd3a [term 0 FOLLOWER]: Consensus starting up: Expiring failure detector timer to make a prompt election more likely
I20260713 09:11:17.121358  2116 raft_consensus.cc:740] T cef39579d6d04ec78ef6f9b147b58668 P 7265b3ca49ec4eb7ae78ae1593c1bd3a [term 0 FOLLOWER]: Becoming Follower/Learner. State: Replica: 7265b3ca49ec4eb7ae78ae1593c1bd3a, State: Initialized, Role: FOLLOWER
I20260713 09:11:17.122421  2116 consensus_queue.cc:260] T cef39579d6d04ec78ef6f9b147b58668 P 7265b3ca49ec4eb7ae78ae1593c1bd3a [NON_LEADER]: Queue going to NON_LEADER mode. State: All replicated index: 0, Majority replicated index: 0, Committed index: 0, Last appended: 0.0, Last appended by leader: 0, Current term: 0, Majority size: -1, State: 0, Mode: NON_LEADER, active raft config: opid_index: -1 OBSOLETE_local: false peers { permanent_uuid: "841d14ec98a342e5b7bd8dce954c6a16" member_type: VOTER last_known_addr { host: "127.0.203.129" port: 38033 } } peers { permanent_uuid: "4ae8676ad55c494e8adaddef9f316447" member_type: VOTER last_known_addr { host: "127.0.203.130" port: 42055 } } peers { permanent_uuid: "7265b3ca49ec4eb7ae78ae1593c1bd3a" member_type: VOTER last_known_addr { host: "127.0.203.131" port: 44119 } }
I20260713 09:11:17.130332  2116 ts_tablet_manager.cc:1434] T cef39579d6d04ec78ef6f9b147b58668 P 7265b3ca49ec4eb7ae78ae1593c1bd3a: Time spent starting tablet: real 0.043s	user 0.001s	sys 0.005s
I20260713 09:11:17.130390  1999 tablet_service.cc:1917] Received RequestConsensusVote() RPC: tablet_id: "2b4627a2233d439fa88722110518e88f" candidate_uuid: "7265b3ca49ec4eb7ae78ae1593c1bd3a" candidate_term: 2 candidate_status { last_received { term: 0 index: 0 } } ignore_live_leader: false dest_uuid: "4ae8676ad55c494e8adaddef9f316447" is_pre_election: true
I20260713 09:11:17.131187  1999 raft_consensus.cc:2468] T 2b4627a2233d439fa88722110518e88f P 4ae8676ad55c494e8adaddef9f316447 [term 1 FOLLOWER]: Leader pre-election vote request: Granting yes vote for candidate 7265b3ca49ec4eb7ae78ae1593c1bd3a in term 1.
I20260713 09:11:17.135921  1997 tablet_service.cc:1917] Received RequestConsensusVote() RPC: tablet_id: "60db031d97f34a26985a0cde8d5038ea" candidate_uuid: "7265b3ca49ec4eb7ae78ae1593c1bd3a" candidate_term: 1 candidate_status { last_received { term: 0 index: 0 } } ignore_live_leader: false dest_uuid: "4ae8676ad55c494e8adaddef9f316447" is_pre_election: true
I20260713 09:11:17.133824  1922 tablet_service.cc:1917] Received RequestConsensusVote() RPC: tablet_id: "33b89ea5ddf344f8bb544ad8c6299396" candidate_uuid: "4ae8676ad55c494e8adaddef9f316447" candidate_term: 1 candidate_status { last_received { term: 0 index: 0 } } ignore_live_leader: false dest_uuid: "841d14ec98a342e5b7bd8dce954c6a16" is_pre_election: true
W20260713 09:11:17.138674  1963 leader_election.cc:343] T 33b89ea5ddf344f8bb544ad8c6299396 P 4ae8676ad55c494e8adaddef9f316447 [CANDIDATE]: Term 1 pre-election: Tablet error from VoteRequest() call to peer 841d14ec98a342e5b7bd8dce954c6a16 (127.0.203.129:38033): Illegal state: must be running to vote when last-logged opid is not known
I20260713 09:11:17.139413  2208 consensus_queue.cc:1048] T be6f49e4392b494d8021f3aa8c52f2c8 P 4ae8676ad55c494e8adaddef9f316447 [LEADER]: Connected to new peer: Peer: permanent_uuid: "7265b3ca49ec4eb7ae78ae1593c1bd3a" member_type: VOTER last_known_addr { host: "127.0.203.131" port: 44119 }, Status: LMP_MISMATCH, Last received: 0.0, Next index: 1, Last known committed idx: 0, Time since last communication: 0.000s
I20260713 09:11:17.142824  2069 tablet_service.cc:1917] Received RequestConsensusVote() RPC: tablet_id: "33b89ea5ddf344f8bb544ad8c6299396" candidate_uuid: "4ae8676ad55c494e8adaddef9f316447" candidate_term: 1 candidate_status { last_received { term: 0 index: 0 } } ignore_live_leader: false dest_uuid: "7265b3ca49ec4eb7ae78ae1593c1bd3a" is_pre_election: true
I20260713 09:11:17.143342  2040 leader_election.cc:304] T 2b4627a2233d439fa88722110518e88f P 7265b3ca49ec4eb7ae78ae1593c1bd3a [CANDIDATE]: Term 2 pre-election: Election decided. Result: candidate won. Election summary: received 3 responses out of 3 voters: 2 yes votes; 1 no votes. yes voters: 4ae8676ad55c494e8adaddef9f316447, 7265b3ca49ec4eb7ae78ae1593c1bd3a; no voters: 841d14ec98a342e5b7bd8dce954c6a16
I20260713 09:11:17.144124  2199 raft_consensus.cc:2804] T 2b4627a2233d439fa88722110518e88f P 7265b3ca49ec4eb7ae78ae1593c1bd3a [term 1 FOLLOWER]: Leader pre-election won for term 2
I20260713 09:11:17.144518  2199 raft_consensus.cc:493] T 2b4627a2233d439fa88722110518e88f P 7265b3ca49ec4eb7ae78ae1593c1bd3a [term 1 FOLLOWER]: Starting leader election (detected failure of leader 841d14ec98a342e5b7bd8dce954c6a16)
I20260713 09:11:17.144780  2040 leader_election.cc:304] T 60db031d97f34a26985a0cde8d5038ea P 7265b3ca49ec4eb7ae78ae1593c1bd3a [CANDIDATE]: Term 1 pre-election: Election decided. Result: candidate lost. Election summary: received 3 responses out of 3 voters: 1 yes votes; 2 no votes. yes voters: 7265b3ca49ec4eb7ae78ae1593c1bd3a; no voters: 4ae8676ad55c494e8adaddef9f316447, 841d14ec98a342e5b7bd8dce954c6a16
I20260713 09:11:17.144946  2199 raft_consensus.cc:3060] T 2b4627a2233d439fa88722110518e88f P 7265b3ca49ec4eb7ae78ae1593c1bd3a [term 1 FOLLOWER]: Advancing to term 2
I20260713 09:11:17.145592  2145 raft_consensus.cc:2749] T 60db031d97f34a26985a0cde8d5038ea P 7265b3ca49ec4eb7ae78ae1593c1bd3a [term 0 FOLLOWER]: Leader pre-election lost for term 1. Reason: could not achieve majority
I20260713 09:11:17.148440  2117 tablet_bootstrap.cc:654] T a095993883004c8da03d865f566202af P 4ae8676ad55c494e8adaddef9f316447: Neither blocks nor log segments found. Creating new log.
I20260713 09:11:17.151995  2172 consensus_queue.cc:1048] T 2b4627a2233d439fa88722110518e88f P 841d14ec98a342e5b7bd8dce954c6a16 [LEADER]: Connected to new peer: Peer: permanent_uuid: "4ae8676ad55c494e8adaddef9f316447" member_type: VOTER last_known_addr { host: "127.0.203.130" port: 42055 }, Status: LMP_MISMATCH, Last received: 0.0, Next index: 1, Last known committed idx: 0, Time since last communication: 0.000s
I20260713 09:11:17.153339  2199 raft_consensus.cc:515] T 2b4627a2233d439fa88722110518e88f P 7265b3ca49ec4eb7ae78ae1593c1bd3a [term 2 FOLLOWER]: Starting leader election with config: opid_index: -1 OBSOLETE_local: false peers { permanent_uuid: "841d14ec98a342e5b7bd8dce954c6a16" member_type: VOTER last_known_addr { host: "127.0.203.129" port: 38033 } } peers { permanent_uuid: "4ae8676ad55c494e8adaddef9f316447" member_type: VOTER last_known_addr { host: "127.0.203.130" port: 42055 } } peers { permanent_uuid: "7265b3ca49ec4eb7ae78ae1593c1bd3a" member_type: VOTER last_known_addr { host: "127.0.203.131" port: 44119 } }
I20260713 09:11:17.157618  2115 tablet_bootstrap.cc:654] T 9fbbdfcdd84548afb0158a2e5dadb0d3 P 841d14ec98a342e5b7bd8dce954c6a16: Neither blocks nor log segments found. Creating new log.
I20260713 09:11:17.158294  1920 tablet_service.cc:1917] Received RequestConsensusVote() RPC: tablet_id: "2b4627a2233d439fa88722110518e88f" candidate_uuid: "7265b3ca49ec4eb7ae78ae1593c1bd3a" candidate_term: 2 candidate_status { last_received { term: 1 index: 1 } } ignore_live_leader: false dest_uuid: "841d14ec98a342e5b7bd8dce954c6a16"
I20260713 09:11:17.159409  2116 tablet_bootstrap.cc:492] T 90514d240e574c0f965132cc7d0cf794 P 7265b3ca49ec4eb7ae78ae1593c1bd3a: Bootstrap starting.
I20260713 09:11:17.177351  1997 tablet_service.cc:1917] Received RequestConsensusVote() RPC: tablet_id: "2b4627a2233d439fa88722110518e88f" candidate_uuid: "7265b3ca49ec4eb7ae78ae1593c1bd3a" candidate_term: 2 candidate_status { last_received { term: 1 index: 1 } } ignore_live_leader: false dest_uuid: "4ae8676ad55c494e8adaddef9f316447"
W20260713 09:11:17.178817  1964 leader_election.cc:343] T 33b89ea5ddf344f8bb544ad8c6299396 P 4ae8676ad55c494e8adaddef9f316447 [CANDIDATE]: Term 1 pre-election: Tablet error from VoteRequest() call to peer 7265b3ca49ec4eb7ae78ae1593c1bd3a (127.0.203.131:44119): Illegal state: must be running to vote when last-logged opid is not known
I20260713 09:11:17.179378  1964 leader_election.cc:304] T 33b89ea5ddf344f8bb544ad8c6299396 P 4ae8676ad55c494e8adaddef9f316447 [CANDIDATE]: Term 1 pre-election: Election decided. Result: candidate lost. Election summary: received 3 responses out of 3 voters: 1 yes votes; 2 no votes. yes voters: 4ae8676ad55c494e8adaddef9f316447; no voters: 7265b3ca49ec4eb7ae78ae1593c1bd3a, 841d14ec98a342e5b7bd8dce954c6a16
I20260713 09:11:17.180151  2069 raft_consensus.cc:1240] T 2b4627a2233d439fa88722110518e88f P 7265b3ca49ec4eb7ae78ae1593c1bd3a [term 2 FOLLOWER]: Rejecting Update request from peer 841d14ec98a342e5b7bd8dce954c6a16 for earlier term 1. Current term is 2. Ops: []
I20260713 09:11:17.181921  1820 catalog_manager.cc:5697] T 90514d240e574c0f965132cc7d0cf794 P 4ae8676ad55c494e8adaddef9f316447 reported cstate change: term changed from 0 to 1, leader changed from <none> to 4ae8676ad55c494e8adaddef9f316447 (127.0.203.130). New cstate: current_term: 1 leader_uuid: "4ae8676ad55c494e8adaddef9f316447" committed_config { opid_index: -1 OBSOLETE_local: false peers { permanent_uuid: "841d14ec98a342e5b7bd8dce954c6a16" member_type: VOTER last_known_addr { host: "127.0.203.129" port: 38033 } health_report { overall_health: UNKNOWN } } peers { permanent_uuid: "4ae8676ad55c494e8adaddef9f316447" member_type: VOTER last_known_addr { host: "127.0.203.130" port: 42055 } health_report { overall_health: HEALTHY } } peers { permanent_uuid: "7265b3ca49ec4eb7ae78ae1593c1bd3a" member_type: VOTER last_known_addr { host: "127.0.203.131" port: 44119 } health_report { overall_health: UNKNOWN } } }
I20260713 09:11:17.186743  2172 consensus_queue.cc:1059] T 2b4627a2233d439fa88722110518e88f P 841d14ec98a342e5b7bd8dce954c6a16 [LEADER]: Peer responded invalid term: Peer: permanent_uuid: "7265b3ca49ec4eb7ae78ae1593c1bd3a" member_type: VOTER last_known_addr { host: "127.0.203.131" port: 44119 }, Status: INVALID_TERM, Last received: 1.1, Next index: 2, Last known committed idx: 0, Time since last communication: 0.001s
I20260713 09:11:17.188040  2199 leader_election.cc:290] T 2b4627a2233d439fa88722110518e88f P 7265b3ca49ec4eb7ae78ae1593c1bd3a [CANDIDATE]: Term 2 election: Requested vote from peers 841d14ec98a342e5b7bd8dce954c6a16 (127.0.203.129:38033), 4ae8676ad55c494e8adaddef9f316447 (127.0.203.130:42055)
I20260713 09:11:17.188141  2124 raft_consensus.cc:3055] T 2b4627a2233d439fa88722110518e88f P 841d14ec98a342e5b7bd8dce954c6a16 [term 1 LEADER]: Stepping down as leader of term 1
I20260713 09:11:17.189532  2124 raft_consensus.cc:740] T 2b4627a2233d439fa88722110518e88f P 841d14ec98a342e5b7bd8dce954c6a16 [term 1 LEADER]: Becoming Follower/Learner. State: Replica: 841d14ec98a342e5b7bd8dce954c6a16, State: Running, Role: LEADER
I20260713 09:11:17.190582  2124 consensus_queue.cc:260] T 2b4627a2233d439fa88722110518e88f P 841d14ec98a342e5b7bd8dce954c6a16 [NON_LEADER]: Queue going to NON_LEADER mode. State: All replicated index: 0, Majority replicated index: 1, Committed index: 1, Last appended: 1.1, Last appended by leader: 1, Current term: 1, Majority size: -1, State: 0, Mode: NON_LEADER, active raft config: opid_index: -1 OBSOLETE_local: false peers { permanent_uuid: "841d14ec98a342e5b7bd8dce954c6a16" member_type: VOTER last_known_addr { host: "127.0.203.129" port: 38033 } } peers { permanent_uuid: "4ae8676ad55c494e8adaddef9f316447" member_type: VOTER last_known_addr { host: "127.0.203.130" port: 42055 } } peers { permanent_uuid: "7265b3ca49ec4eb7ae78ae1593c1bd3a" member_type: VOTER last_known_addr { host: "127.0.203.131" port: 44119 } }
I20260713 09:11:17.192417  2124 raft_consensus.cc:3060] T 2b4627a2233d439fa88722110518e88f P 841d14ec98a342e5b7bd8dce954c6a16 [term 1 FOLLOWER]: Advancing to term 2
I20260713 09:11:17.191555  2116 tablet_bootstrap.cc:654] T 90514d240e574c0f965132cc7d0cf794 P 7265b3ca49ec4eb7ae78ae1593c1bd3a: Neither blocks nor log segments found. Creating new log.
I20260713 09:11:17.217069  2226 raft_consensus.cc:2749] T 33b89ea5ddf344f8bb544ad8c6299396 P 4ae8676ad55c494e8adaddef9f316447 [term 0 FOLLOWER]: Leader pre-election lost for term 1. Reason: could not achieve majority
I20260713 09:11:17.222735  2040 leader_election.cc:304] T 2b4627a2233d439fa88722110518e88f P 7265b3ca49ec4eb7ae78ae1593c1bd3a [CANDIDATE]: Term 2 election: Election decided. Result: candidate lost. Election summary: received 3 responses out of 3 voters: 1 yes votes; 2 no votes. yes voters: 7265b3ca49ec4eb7ae78ae1593c1bd3a; no voters: 4ae8676ad55c494e8adaddef9f316447, 841d14ec98a342e5b7bd8dce954c6a16
I20260713 09:11:17.224144  2199 raft_consensus.cc:2749] T 2b4627a2233d439fa88722110518e88f P 7265b3ca49ec4eb7ae78ae1593c1bd3a [term 2 FOLLOWER]: Leader election lost for term 2. Reason: could not achieve majority
I20260713 09:11:17.233049  2115 tablet_bootstrap.cc:492] T 9fbbdfcdd84548afb0158a2e5dadb0d3 P 841d14ec98a342e5b7bd8dce954c6a16: No bootstrap required, opened a new log
I20260713 09:11:17.233489  2115 ts_tablet_manager.cc:1403] T 9fbbdfcdd84548afb0158a2e5dadb0d3 P 841d14ec98a342e5b7bd8dce954c6a16: Time spent bootstrapping tablet: real 0.117s	user 0.033s	sys 0.036s
I20260713 09:11:17.235534  2117 tablet_bootstrap.cc:492] T a095993883004c8da03d865f566202af P 4ae8676ad55c494e8adaddef9f316447: No bootstrap required, opened a new log
I20260713 09:11:17.235972  2117 ts_tablet_manager.cc:1403] T a095993883004c8da03d865f566202af P 4ae8676ad55c494e8adaddef9f316447: Time spent bootstrapping tablet: real 0.153s	user 0.011s	sys 0.012s
I20260713 09:11:17.236425  2115 raft_consensus.cc:359] T 9fbbdfcdd84548afb0158a2e5dadb0d3 P 841d14ec98a342e5b7bd8dce954c6a16 [term 0 FOLLOWER]: Replica starting. Triggering 0 pending ops. Active config: opid_index: -1 OBSOLETE_local: false peers { permanent_uuid: "841d14ec98a342e5b7bd8dce954c6a16" member_type: VOTER last_known_addr { host: "127.0.203.129" port: 38033 } } peers { permanent_uuid: "4ae8676ad55c494e8adaddef9f316447" member_type: VOTER last_known_addr { host: "127.0.203.130" port: 42055 } } peers { permanent_uuid: "7265b3ca49ec4eb7ae78ae1593c1bd3a" member_type: VOTER last_known_addr { host: "127.0.203.131" port: 44119 } }
I20260713 09:11:17.237052  2115 raft_consensus.cc:385] T 9fbbdfcdd84548afb0158a2e5dadb0d3 P 841d14ec98a342e5b7bd8dce954c6a16 [term 0 FOLLOWER]: Consensus starting up: Expiring failure detector timer to make a prompt election more likely
I20260713 09:11:17.237228  2115 raft_consensus.cc:740] T 9fbbdfcdd84548afb0158a2e5dadb0d3 P 841d14ec98a342e5b7bd8dce954c6a16 [term 0 FOLLOWER]: Becoming Follower/Learner. State: Replica: 841d14ec98a342e5b7bd8dce954c6a16, State: Initialized, Role: FOLLOWER
I20260713 09:11:17.237721  2115 consensus_queue.cc:260] T 9fbbdfcdd84548afb0158a2e5dadb0d3 P 841d14ec98a342e5b7bd8dce954c6a16 [NON_LEADER]: Queue going to NON_LEADER mode. State: All replicated index: 0, Majority replicated index: 0, Committed index: 0, Last appended: 0.0, Last appended by leader: 0, Current term: 0, Majority size: -1, State: 0, Mode: NON_LEADER, active raft config: opid_index: -1 OBSOLETE_local: false peers { permanent_uuid: "841d14ec98a342e5b7bd8dce954c6a16" member_type: VOTER last_known_addr { host: "127.0.203.129" port: 38033 } } peers { permanent_uuid: "4ae8676ad55c494e8adaddef9f316447" member_type: VOTER last_known_addr { host: "127.0.203.130" port: 42055 } } peers { permanent_uuid: "7265b3ca49ec4eb7ae78ae1593c1bd3a" member_type: VOTER last_known_addr { host: "127.0.203.131" port: 44119 } }
I20260713 09:11:17.238265  2117 raft_consensus.cc:359] T a095993883004c8da03d865f566202af P 4ae8676ad55c494e8adaddef9f316447 [term 0 FOLLOWER]: Replica starting. Triggering 0 pending ops. Active config: opid_index: -1 OBSOLETE_local: false peers { permanent_uuid: "841d14ec98a342e5b7bd8dce954c6a16" member_type: VOTER last_known_addr { host: "127.0.203.129" port: 38033 } } peers { permanent_uuid: "4ae8676ad55c494e8adaddef9f316447" member_type: VOTER last_known_addr { host: "127.0.203.130" port: 42055 } } peers { permanent_uuid: "7265b3ca49ec4eb7ae78ae1593c1bd3a" member_type: VOTER last_known_addr { host: "127.0.203.131" port: 44119 } }
I20260713 09:11:17.238919  2117 raft_consensus.cc:385] T a095993883004c8da03d865f566202af P 4ae8676ad55c494e8adaddef9f316447 [term 0 FOLLOWER]: Consensus starting up: Expiring failure detector timer to make a prompt election more likely
I20260713 09:11:17.239171  2117 raft_consensus.cc:740] T a095993883004c8da03d865f566202af P 4ae8676ad55c494e8adaddef9f316447 [term 0 FOLLOWER]: Becoming Follower/Learner. State: Replica: 4ae8676ad55c494e8adaddef9f316447, State: Initialized, Role: FOLLOWER
I20260713 09:11:17.239832  2115 ts_tablet_manager.cc:1434] T 9fbbdfcdd84548afb0158a2e5dadb0d3 P 841d14ec98a342e5b7bd8dce954c6a16: Time spent starting tablet: real 0.006s	user 0.008s	sys 0.000s
I20260713 09:11:17.240953  2115 tablet_bootstrap.cc:492] T 8edd9e52e089468eb597d6e9b365f241 P 841d14ec98a342e5b7bd8dce954c6a16: Bootstrap starting.
I20260713 09:11:17.241504  2116 tablet_bootstrap.cc:492] T 90514d240e574c0f965132cc7d0cf794 P 7265b3ca49ec4eb7ae78ae1593c1bd3a: No bootstrap required, opened a new log
I20260713 09:11:17.241925  2116 ts_tablet_manager.cc:1403] T 90514d240e574c0f965132cc7d0cf794 P 7265b3ca49ec4eb7ae78ae1593c1bd3a: Time spent bootstrapping tablet: real 0.083s	user 0.019s	sys 0.004s
I20260713 09:11:17.244375  2116 raft_consensus.cc:359] T 90514d240e574c0f965132cc7d0cf794 P 7265b3ca49ec4eb7ae78ae1593c1bd3a [term 0 FOLLOWER]: Replica starting. Triggering 0 pending ops. Active config: opid_index: -1 OBSOLETE_local: false peers { permanent_uuid: "841d14ec98a342e5b7bd8dce954c6a16" member_type: VOTER last_known_addr { host: "127.0.203.129" port: 38033 } } peers { permanent_uuid: "4ae8676ad55c494e8adaddef9f316447" member_type: VOTER last_known_addr { host: "127.0.203.130" port: 42055 } } peers { permanent_uuid: "7265b3ca49ec4eb7ae78ae1593c1bd3a" member_type: VOTER last_known_addr { host: "127.0.203.131" port: 44119 } }
I20260713 09:11:17.244951  2116 raft_consensus.cc:385] T 90514d240e574c0f965132cc7d0cf794 P 7265b3ca49ec4eb7ae78ae1593c1bd3a [term 0 FOLLOWER]: Consensus starting up: Expiring failure detector timer to make a prompt election more likely
I20260713 09:11:17.245185  2116 raft_consensus.cc:740] T 90514d240e574c0f965132cc7d0cf794 P 7265b3ca49ec4eb7ae78ae1593c1bd3a [term 0 FOLLOWER]: Becoming Follower/Learner. State: Replica: 7265b3ca49ec4eb7ae78ae1593c1bd3a, State: Initialized, Role: FOLLOWER
I20260713 09:11:17.245141  2117 consensus_queue.cc:260] T a095993883004c8da03d865f566202af P 4ae8676ad55c494e8adaddef9f316447 [NON_LEADER]: Queue going to NON_LEADER mode. State: All replicated index: 0, Majority replicated index: 0, Committed index: 0, Last appended: 0.0, Last appended by leader: 0, Current term: 0, Majority size: -1, State: 0, Mode: NON_LEADER, active raft config: opid_index: -1 OBSOLETE_local: false peers { permanent_uuid: "841d14ec98a342e5b7bd8dce954c6a16" member_type: VOTER last_known_addr { host: "127.0.203.129" port: 38033 } } peers { permanent_uuid: "4ae8676ad55c494e8adaddef9f316447" member_type: VOTER last_known_addr { host: "127.0.203.130" port: 42055 } } peers { permanent_uuid: "7265b3ca49ec4eb7ae78ae1593c1bd3a" member_type: VOTER last_known_addr { host: "127.0.203.131" port: 44119 } }
I20260713 09:11:17.246011  2116 consensus_queue.cc:260] T 90514d240e574c0f965132cc7d0cf794 P 7265b3ca49ec4eb7ae78ae1593c1bd3a [NON_LEADER]: Queue going to NON_LEADER mode. State: All replicated index: 0, Majority replicated index: 0, Committed index: 0, Last appended: 0.0, Last appended by leader: 0, Current term: 0, Majority size: -1, State: 0, Mode: NON_LEADER, active raft config: opid_index: -1 OBSOLETE_local: false peers { permanent_uuid: "841d14ec98a342e5b7bd8dce954c6a16" member_type: VOTER last_known_addr { host: "127.0.203.129" port: 38033 } } peers { permanent_uuid: "4ae8676ad55c494e8adaddef9f316447" member_type: VOTER last_known_addr { host: "127.0.203.130" port: 42055 } } peers { permanent_uuid: "7265b3ca49ec4eb7ae78ae1593c1bd3a" member_type: VOTER last_known_addr { host: "127.0.203.131" port: 44119 } }
I20260713 09:11:17.247383  2074 raft_consensus.cc:3060] T 60db031d97f34a26985a0cde8d5038ea P 7265b3ca49ec4eb7ae78ae1593c1bd3a [term 0 FOLLOWER]: Advancing to term 1
I20260713 09:11:17.247691  2117 ts_tablet_manager.cc:1434] T a095993883004c8da03d865f566202af P 4ae8676ad55c494e8adaddef9f316447: Time spent starting tablet: real 0.011s	user 0.005s	sys 0.000s
I20260713 09:11:17.248148  2116 ts_tablet_manager.cc:1434] T 90514d240e574c0f965132cc7d0cf794 P 7265b3ca49ec4eb7ae78ae1593c1bd3a: Time spent starting tablet: real 0.006s	user 0.006s	sys 0.001s
I20260713 09:11:17.248517  2117 tablet_bootstrap.cc:492] T 138620c6ddee4ae2af870eeff1758c17 P 4ae8676ad55c494e8adaddef9f316447: Bootstrap starting.
I20260713 09:11:17.249578  2116 tablet_bootstrap.cc:492] T 8edd9e52e089468eb597d6e9b365f241 P 7265b3ca49ec4eb7ae78ae1593c1bd3a: Bootstrap starting.
I20260713 09:11:17.263160  2117 tablet_bootstrap.cc:654] T 138620c6ddee4ae2af870eeff1758c17 P 4ae8676ad55c494e8adaddef9f316447: Neither blocks nor log segments found. Creating new log.
I20260713 09:11:17.265712  2115 tablet_bootstrap.cc:654] T 8edd9e52e089468eb597d6e9b365f241 P 841d14ec98a342e5b7bd8dce954c6a16: Neither blocks nor log segments found. Creating new log.
I20260713 09:11:17.268399  2116 tablet_bootstrap.cc:654] T 8edd9e52e089468eb597d6e9b365f241 P 7265b3ca49ec4eb7ae78ae1593c1bd3a: Neither blocks nor log segments found. Creating new log.
I20260713 09:11:17.284775  2117 tablet_bootstrap.cc:492] T 138620c6ddee4ae2af870eeff1758c17 P 4ae8676ad55c494e8adaddef9f316447: No bootstrap required, opened a new log
I20260713 09:11:17.285234  2117 ts_tablet_manager.cc:1403] T 138620c6ddee4ae2af870eeff1758c17 P 4ae8676ad55c494e8adaddef9f316447: Time spent bootstrapping tablet: real 0.037s	user 0.014s	sys 0.005s
I20260713 09:11:17.287947  2117 raft_consensus.cc:359] T 138620c6ddee4ae2af870eeff1758c17 P 4ae8676ad55c494e8adaddef9f316447 [term 0 FOLLOWER]: Replica starting. Triggering 0 pending ops. Active config: opid_index: -1 OBSOLETE_local: false peers { permanent_uuid: "841d14ec98a342e5b7bd8dce954c6a16" member_type: VOTER last_known_addr { host: "127.0.203.129" port: 38033 } } peers { permanent_uuid: "4ae8676ad55c494e8adaddef9f316447" member_type: VOTER last_known_addr { host: "127.0.203.130" port: 42055 } } peers { permanent_uuid: "7265b3ca49ec4eb7ae78ae1593c1bd3a" member_type: VOTER last_known_addr { host: "127.0.203.131" port: 44119 } }
I20260713 09:11:17.289846  2117 raft_consensus.cc:385] T 138620c6ddee4ae2af870eeff1758c17 P 4ae8676ad55c494e8adaddef9f316447 [term 0 FOLLOWER]: Consensus starting up: Expiring failure detector timer to make a prompt election more likely
I20260713 09:11:17.290175  2117 raft_consensus.cc:740] T 138620c6ddee4ae2af870eeff1758c17 P 4ae8676ad55c494e8adaddef9f316447 [term 0 FOLLOWER]: Becoming Follower/Learner. State: Replica: 4ae8676ad55c494e8adaddef9f316447, State: Initialized, Role: FOLLOWER
I20260713 09:11:17.290995  2117 consensus_queue.cc:260] T 138620c6ddee4ae2af870eeff1758c17 P 4ae8676ad55c494e8adaddef9f316447 [NON_LEADER]: Queue going to NON_LEADER mode. State: All replicated index: 0, Majority replicated index: 0, Committed index: 0, Last appended: 0.0, Last appended by leader: 0, Current term: 0, Majority size: -1, State: 0, Mode: NON_LEADER, active raft config: opid_index: -1 OBSOLETE_local: false peers { permanent_uuid: "841d14ec98a342e5b7bd8dce954c6a16" member_type: VOTER last_known_addr { host: "127.0.203.129" port: 38033 } } peers { permanent_uuid: "4ae8676ad55c494e8adaddef9f316447" member_type: VOTER last_known_addr { host: "127.0.203.130" port: 42055 } } peers { permanent_uuid: "7265b3ca49ec4eb7ae78ae1593c1bd3a" member_type: VOTER last_known_addr { host: "127.0.203.131" port: 44119 } }
I20260713 09:11:17.291625  2115 tablet_bootstrap.cc:492] T 8edd9e52e089468eb597d6e9b365f241 P 841d14ec98a342e5b7bd8dce954c6a16: No bootstrap required, opened a new log
I20260713 09:11:17.292248  2115 ts_tablet_manager.cc:1403] T 8edd9e52e089468eb597d6e9b365f241 P 841d14ec98a342e5b7bd8dce954c6a16: Time spent bootstrapping tablet: real 0.052s	user 0.008s	sys 0.020s
I20260713 09:11:17.293510  2117 ts_tablet_manager.cc:1434] T 138620c6ddee4ae2af870eeff1758c17 P 4ae8676ad55c494e8adaddef9f316447: Time spent starting tablet: real 0.008s	user 0.005s	sys 0.000s
I20260713 09:11:17.295073  2115 raft_consensus.cc:359] T 8edd9e52e089468eb597d6e9b365f241 P 841d14ec98a342e5b7bd8dce954c6a16 [term 0 FOLLOWER]: Replica starting. Triggering 0 pending ops. Active config: opid_index: -1 OBSOLETE_local: false peers { permanent_uuid: "841d14ec98a342e5b7bd8dce954c6a16" member_type: VOTER last_known_addr { host: "127.0.203.129" port: 38033 } } peers { permanent_uuid: "4ae8676ad55c494e8adaddef9f316447" member_type: VOTER last_known_addr { host: "127.0.203.130" port: 42055 } } peers { permanent_uuid: "7265b3ca49ec4eb7ae78ae1593c1bd3a" member_type: VOTER last_known_addr { host: "127.0.203.131" port: 44119 } }
I20260713 09:11:17.295606  2117 tablet_bootstrap.cc:492] T 53f50b6c072e4f6f978d124efa10758f P 4ae8676ad55c494e8adaddef9f316447: Bootstrap starting.
