I20260713 09:11:30.043071   859 catalog_manager.cc:5697] T 48a138e480b24be5831e3153edd6f966 P 752c605e01f24550ab346536a2204c07 reported cstate change: config changed from index 3 to 4, 7f33b49bdd9b468c9e21895e90f7e5aa (127.31.140.196) changed from NON_VOTER to VOTER. New cstate: current_term: 3 leader_uuid: "752c605e01f24550ab346536a2204c07" committed_config { opid_index: 4 OBSOLETE_local: false peers { permanent_uuid: "51ad01e44f1a40069d471d3112bfccf0" member_type: VOTER last_known_addr { host: "127.31.140.193" port: 37441 } attrs { replace: true } health_report { overall_health: HEALTHY } } peers { permanent_uuid: "84c4585b042746f582664e8d02e33e2e" member_type: VOTER last_known_addr { host: "127.31.140.194" port: 36163 } health_report { overall_health: HEALTHY } } peers { permanent_uuid: "752c605e01f24550ab346536a2204c07" member_type: VOTER last_known_addr { host: "127.31.140.195" port: 45891 } health_report { overall_health: HEALTHY } } peers { permanent_uuid: "7f33b49bdd9b468c9e21895e90f7e5aa" member_type: VOTER last_known_addr { host: "127.31.140.196" port: 44971 } attrs { promote: false } health_report { overall_health: HEALTHY } } }
I20260713 09:11:30.046761   859 catalog_manager.cc:5697] T 089f4310b8b940b4a0d8f9e3755a625b P 752c605e01f24550ab346536a2204c07 reported cstate change: config changed from index 2 to 3, 7f33b49bdd9b468c9e21895e90f7e5aa (127.31.140.196) changed from NON_VOTER to VOTER. New cstate: current_term: 1 leader_uuid: "51ad01e44f1a40069d471d3112bfccf0" committed_config { opid_index: 3 OBSOLETE_local: false peers { permanent_uuid: "51ad01e44f1a40069d471d3112bfccf0" member_type: VOTER last_known_addr { host: "127.31.140.193" port: 37441 } } peers { permanent_uuid: "84c4585b042746f582664e8d02e33e2e" member_type: VOTER last_known_addr { host: "127.31.140.194" port: 36163 } attrs { replace: true } } peers { permanent_uuid: "752c605e01f24550ab346536a2204c07" member_type: VOTER last_known_addr { host: "127.31.140.195" port: 45891 } } peers { permanent_uuid: "7f33b49bdd9b468c9e21895e90f7e5aa" member_type: VOTER last_known_addr { host: "127.31.140.196" port: 44971 } attrs { promote: false } } }
I20260713 09:11:30.053993  1463 raft_consensus.cc:1275] T ad02d7f5330c4a6f8115e29d3ddae963 P 7f33b49bdd9b468c9e21895e90f7e5aa [term 3 FOLLOWER]: Refusing update from remote peer 51ad01e44f1a40069d471d3112bfccf0: Log matching property violated. Preceding OpId in replica: term: 3 index: 4. Preceding OpId from leader: term: 3 index: 5. (index mismatch)
I20260713 09:11:30.054594  1031 raft_consensus.cc:1275] T ad02d7f5330c4a6f8115e29d3ddae963 P 84c4585b042746f582664e8d02e33e2e [term 3 FOLLOWER]: Refusing update from remote peer 51ad01e44f1a40069d471d3112bfccf0: Log matching property violated. Preceding OpId in replica: term: 3 index: 4. Preceding OpId from leader: term: 3 index: 5. (index mismatch)
I20260713 09:11:30.038196  1461 raft_consensus.cc:2955] T de38ed38a8654a9f873bc14c2bfa9844 P 7f33b49bdd9b468c9e21895e90f7e5aa [term 2 FOLLOWER]: Committing config change with OpId 2.3: config changed from index 2 to 3, 7f33b49bdd9b468c9e21895e90f7e5aa (127.31.140.196) changed from NON_VOTER to VOTER. New config: { opid_index: 3 OBSOLETE_local: false peers { permanent_uuid: "51ad01e44f1a40069d471d3112bfccf0" member_type: VOTER last_known_addr { host: "127.31.140.193" port: 37441 } } peers { permanent_uuid: "84c4585b042746f582664e8d02e33e2e" member_type: VOTER last_known_addr { host: "127.31.140.194" port: 36163 } attrs { replace: true } } peers { permanent_uuid: "752c605e01f24550ab346536a2204c07" member_type: VOTER last_known_addr { host: "127.31.140.195" port: 45891 } } peers { permanent_uuid: "7f33b49bdd9b468c9e21895e90f7e5aa" member_type: VOTER last_known_addr { host: "127.31.140.196" port: 44971 } attrs { promote: false } } }
I20260713 09:11:30.055317  1645 consensus_queue.cc:1048] T ad02d7f5330c4a6f8115e29d3ddae963 P 51ad01e44f1a40069d471d3112bfccf0 [LEADER]: Connected to new peer: Peer: permanent_uuid: "7f33b49bdd9b468c9e21895e90f7e5aa" member_type: VOTER last_known_addr { host: "127.31.140.196" port: 44971 } attrs { promote: false }, Status: LMP_MISMATCH, Last received: 0.0, Next index: 5, Last known committed idx: 4, Time since last communication: 0.000s
I20260713 09:11:30.047493  1033 raft_consensus.cc:2955] T de38ed38a8654a9f873bc14c2bfa9844 P 84c4585b042746f582664e8d02e33e2e [term 2 FOLLOWER]: Committing config change with OpId 2.3: config changed from index 2 to 3, 7f33b49bdd9b468c9e21895e90f7e5aa (127.31.140.196) changed from NON_VOTER to VOTER. New config: { opid_index: 3 OBSOLETE_local: false peers { permanent_uuid: "51ad01e44f1a40069d471d3112bfccf0" member_type: VOTER last_known_addr { host: "127.31.140.193" port: 37441 } } peers { permanent_uuid: "84c4585b042746f582664e8d02e33e2e" member_type: VOTER last_known_addr { host: "127.31.140.194" port: 36163 } attrs { replace: true } } peers { permanent_uuid: "752c605e01f24550ab346536a2204c07" member_type: VOTER last_known_addr { host: "127.31.140.195" port: 45891 } } peers { permanent_uuid: "7f33b49bdd9b468c9e21895e90f7e5aa" member_type: VOTER last_known_addr { host: "127.31.140.196" port: 44971 } attrs { promote: false } } }
I20260713 09:11:30.056118  1677 consensus_queue.cc:1048] T ad02d7f5330c4a6f8115e29d3ddae963 P 51ad01e44f1a40069d471d3112bfccf0 [LEADER]: Connected to new peer: Peer: permanent_uuid: "84c4585b042746f582664e8d02e33e2e" member_type: VOTER last_known_addr { host: "127.31.140.194" port: 36163 }, Status: LMP_MISMATCH, Last received: 0.0, Next index: 5, Last known committed idx: 4, Time since last communication: 0.000s
I20260713 09:11:30.065097  1692 raft_consensus.cc:2955] T ad02d7f5330c4a6f8115e29d3ddae963 P 51ad01e44f1a40069d471d3112bfccf0 [term 3 LEADER]: Committing config change with OpId 3.5: config changed from index 4 to 5, VOTER 752c605e01f24550ab346536a2204c07 (127.31.140.195) evicted. New config: { opid_index: 5 OBSOLETE_local: false peers { permanent_uuid: "51ad01e44f1a40069d471d3112bfccf0" member_type: VOTER last_known_addr { host: "127.31.140.193" port: 37441 } } peers { permanent_uuid: "84c4585b042746f582664e8d02e33e2e" member_type: VOTER last_known_addr { host: "127.31.140.194" port: 36163 } } peers { permanent_uuid: "7f33b49bdd9b468c9e21895e90f7e5aa" member_type: VOTER last_known_addr { host: "127.31.140.196" port: 44971 } attrs { promote: false } } }
I20260713 09:11:30.066392  1031 raft_consensus.cc:2955] T ad02d7f5330c4a6f8115e29d3ddae963 P 84c4585b042746f582664e8d02e33e2e [term 3 FOLLOWER]: Committing config change with OpId 3.5: config changed from index 4 to 5, VOTER 752c605e01f24550ab346536a2204c07 (127.31.140.195) evicted. New config: { opid_index: 5 OBSOLETE_local: false peers { permanent_uuid: "51ad01e44f1a40069d471d3112bfccf0" member_type: VOTER last_known_addr { host: "127.31.140.193" port: 37441 } } peers { permanent_uuid: "84c4585b042746f582664e8d02e33e2e" member_type: VOTER last_known_addr { host: "127.31.140.194" port: 36163 } } peers { permanent_uuid: "7f33b49bdd9b468c9e21895e90f7e5aa" member_type: VOTER last_known_addr { host: "127.31.140.196" port: 44971 } attrs { promote: false } } }
I20260713 09:11:30.069250  1462 raft_consensus.cc:2955] T ad02d7f5330c4a6f8115e29d3ddae963 P 7f33b49bdd9b468c9e21895e90f7e5aa [term 3 FOLLOWER]: Committing config change with OpId 3.5: config changed from index 4 to 5, VOTER 752c605e01f24550ab346536a2204c07 (127.31.140.195) evicted. New config: { opid_index: 5 OBSOLETE_local: false peers { permanent_uuid: "51ad01e44f1a40069d471d3112bfccf0" member_type: VOTER last_known_addr { host: "127.31.140.193" port: 37441 } } peers { permanent_uuid: "84c4585b042746f582664e8d02e33e2e" member_type: VOTER last_known_addr { host: "127.31.140.194" port: 36163 } } peers { permanent_uuid: "7f33b49bdd9b468c9e21895e90f7e5aa" member_type: VOTER last_known_addr { host: "127.31.140.196" port: 44971 } attrs { promote: false } } }
I20260713 09:11:30.074190   843 catalog_manager.cc:5210] ChangeConfig:REMOVE_PEER RPC for tablet ad02d7f5330c4a6f8115e29d3ddae963 with cas_config_opid_index 4: ChangeConfig:REMOVE_PEER succeeded (attempt 1)
I20260713 09:11:30.088688  1104 consensus_queue.cc:237] T 48a138e480b24be5831e3153edd6f966 P 752c605e01f24550ab346536a2204c07 [LEADER]: Queue going to LEADER mode. State: All replicated index: 0, Majority replicated index: 4, Committed index: 4, Last appended: 3.4, Last appended by leader: 1, Current term: 3, Majority size: 2, State: 0, Mode: LEADER, active raft config: opid_index: 5 OBSOLETE_local: false peers { permanent_uuid: "84c4585b042746f582664e8d02e33e2e" member_type: VOTER last_known_addr { host: "127.31.140.194" port: 36163 } } peers { permanent_uuid: "752c605e01f24550ab346536a2204c07" member_type: VOTER last_known_addr { host: "127.31.140.195" port: 45891 } } peers { permanent_uuid: "7f33b49bdd9b468c9e21895e90f7e5aa" member_type: VOTER last_known_addr { host: "127.31.140.196" port: 44971 } attrs { promote: false } }
I20260713 09:11:30.095676  1462 raft_consensus.cc:1275] T 48a138e480b24be5831e3153edd6f966 P 7f33b49bdd9b468c9e21895e90f7e5aa [term 3 FOLLOWER]: Refusing update from remote peer 752c605e01f24550ab346536a2204c07: Log matching property violated. Preceding OpId in replica: term: 3 index: 4. Preceding OpId from leader: term: 3 index: 5. (index mismatch)
I20260713 09:11:30.096345  1033 raft_consensus.cc:1275] T 48a138e480b24be5831e3153edd6f966 P 84c4585b042746f582664e8d02e33e2e [term 3 FOLLOWER]: Refusing update from remote peer 752c605e01f24550ab346536a2204c07: Log matching property violated. Preceding OpId in replica: term: 3 index: 4. Preceding OpId from leader: term: 3 index: 5. (index mismatch)
I20260713 09:11:30.095715   855 catalog_manager.cc:5697] T de38ed38a8654a9f873bc14c2bfa9844 P 752c605e01f24550ab346536a2204c07 reported cstate change: config changed from index 2 to 3, 7f33b49bdd9b468c9e21895e90f7e5aa (127.31.140.196) changed from NON_VOTER to VOTER. New cstate: current_term: 2 leader_uuid: "752c605e01f24550ab346536a2204c07" committed_config { opid_index: 3 OBSOLETE_local: false peers { permanent_uuid: "51ad01e44f1a40069d471d3112bfccf0" member_type: VOTER last_known_addr { host: "127.31.140.193" port: 37441 } health_report { overall_health: HEALTHY } } peers { permanent_uuid: "84c4585b042746f582664e8d02e33e2e" member_type: VOTER last_known_addr { host: "127.31.140.194" port: 36163 } attrs { replace: true } health_report { overall_health: HEALTHY } } peers { permanent_uuid: "752c605e01f24550ab346536a2204c07" member_type: VOTER last_known_addr { host: "127.31.140.195" port: 45891 } health_report { overall_health: HEALTHY } } peers { permanent_uuid: "7f33b49bdd9b468c9e21895e90f7e5aa" member_type: VOTER last_known_addr { host: "127.31.140.196" port: 44971 } attrs { promote: false } health_report { overall_health: HEALTHY } } }
I20260713 09:11:30.097007  1686 consensus_queue.cc:1048] T 48a138e480b24be5831e3153edd6f966 P 752c605e01f24550ab346536a2204c07 [LEADER]: Connected to new peer: Peer: permanent_uuid: "7f33b49bdd9b468c9e21895e90f7e5aa" member_type: VOTER last_known_addr { host: "127.31.140.196" port: 44971 } attrs { promote: false }, Status: LMP_MISMATCH, Last received: 0.0, Next index: 5, Last known committed idx: 4, Time since last communication: 0.000s
I20260713 09:11:30.099282  1686 consensus_queue.cc:1048] T 48a138e480b24be5831e3153edd6f966 P 752c605e01f24550ab346536a2204c07 [LEADER]: Connected to new peer: Peer: permanent_uuid: "84c4585b042746f582664e8d02e33e2e" member_type: VOTER last_known_addr { host: "127.31.140.194" port: 36163 }, Status: LMP_MISMATCH, Last received: 0.0, Next index: 5, Last known committed idx: 4, Time since last communication: 0.000s
I20260713 09:11:30.104102  1703 raft_consensus.cc:2955] T 48a138e480b24be5831e3153edd6f966 P 752c605e01f24550ab346536a2204c07 [term 3 LEADER]: Committing config change with OpId 3.5: config changed from index 4 to 5, VOTER 51ad01e44f1a40069d471d3112bfccf0 (127.31.140.193) evicted. New config: { opid_index: 5 OBSOLETE_local: false peers { permanent_uuid: "84c4585b042746f582664e8d02e33e2e" member_type: VOTER last_known_addr { host: "127.31.140.194" port: 36163 } } peers { permanent_uuid: "752c605e01f24550ab346536a2204c07" member_type: VOTER last_known_addr { host: "127.31.140.195" port: 45891 } } peers { permanent_uuid: "7f33b49bdd9b468c9e21895e90f7e5aa" member_type: VOTER last_known_addr { host: "127.31.140.196" port: 44971 } attrs { promote: false } } }
I20260713 09:11:30.120352   959 consensus_queue.cc:237] T 089f4310b8b940b4a0d8f9e3755a625b P 51ad01e44f1a40069d471d3112bfccf0 [LEADER]: Queue going to LEADER mode. State: All replicated index: 0, Majority replicated index: 3, Committed index: 3, Last appended: 1.3, Last appended by leader: 0, Current term: 1, Majority size: 2, State: 0, Mode: LEADER, active raft config: opid_index: 4 OBSOLETE_local: false peers { permanent_uuid: "51ad01e44f1a40069d471d3112bfccf0" member_type: VOTER last_known_addr { host: "127.31.140.193" port: 37441 } } peers { permanent_uuid: "752c605e01f24550ab346536a2204c07" member_type: VOTER last_known_addr { host: "127.31.140.195" port: 45891 } } peers { permanent_uuid: "7f33b49bdd9b468c9e21895e90f7e5aa" member_type: VOTER last_known_addr { host: "127.31.140.196" port: 44971 } attrs { promote: false } }
I20260713 09:11:30.111901  1462 raft_consensus.cc:2955] T 48a138e480b24be5831e3153edd6f966 P 7f33b49bdd9b468c9e21895e90f7e5aa [term 3 FOLLOWER]: Committing config change with OpId 3.5: config changed from index 4 to 5, VOTER 51ad01e44f1a40069d471d3112bfccf0 (127.31.140.193) evicted. New config: { opid_index: 5 OBSOLETE_local: false peers { permanent_uuid: "84c4585b042746f582664e8d02e33e2e" member_type: VOTER last_known_addr { host: "127.31.140.194" port: 36163 } } peers { permanent_uuid: "752c605e01f24550ab346536a2204c07" member_type: VOTER last_known_addr { host: "127.31.140.195" port: 45891 } } peers { permanent_uuid: "7f33b49bdd9b468c9e21895e90f7e5aa" member_type: VOTER last_known_addr { host: "127.31.140.196" port: 44971 } attrs { promote: false } } }
I20260713 09:11:30.110157  1031 raft_consensus.cc:2955] T 48a138e480b24be5831e3153edd6f966 P 84c4585b042746f582664e8d02e33e2e [term 3 FOLLOWER]: Committing config change with OpId 3.5: config changed from index 4 to 5, VOTER 51ad01e44f1a40069d471d3112bfccf0 (127.31.140.193) evicted. New config: { opid_index: 5 OBSOLETE_local: false peers { permanent_uuid: "84c4585b042746f582664e8d02e33e2e" member_type: VOTER last_known_addr { host: "127.31.140.194" port: 36163 } } peers { permanent_uuid: "752c605e01f24550ab346536a2204c07" member_type: VOTER last_known_addr { host: "127.31.140.195" port: 45891 } } peers { permanent_uuid: "7f33b49bdd9b468c9e21895e90f7e5aa" member_type: VOTER last_known_addr { host: "127.31.140.196" port: 44971 } attrs { promote: false } } }
I20260713 09:11:30.132858  1462 raft_consensus.cc:1275] T 089f4310b8b940b4a0d8f9e3755a625b P 7f33b49bdd9b468c9e21895e90f7e5aa [term 1 FOLLOWER]: Refusing update from remote peer 51ad01e44f1a40069d471d3112bfccf0: Log matching property violated. Preceding OpId in replica: term: 1 index: 3. Preceding OpId from leader: term: 1 index: 4. (index mismatch)
I20260713 09:11:30.133876  1110 raft_consensus.cc:1275] T 089f4310b8b940b4a0d8f9e3755a625b P 752c605e01f24550ab346536a2204c07 [term 1 FOLLOWER]: Refusing update from remote peer 51ad01e44f1a40069d471d3112bfccf0: Log matching property violated. Preceding OpId in replica: term: 1 index: 3. Preceding OpId from leader: term: 1 index: 4. (index mismatch)
I20260713 09:11:30.134845  1677 consensus_queue.cc:1048] T 089f4310b8b940b4a0d8f9e3755a625b P 51ad01e44f1a40069d471d3112bfccf0 [LEADER]: Connected to new peer: Peer: permanent_uuid: "7f33b49bdd9b468c9e21895e90f7e5aa" member_type: VOTER last_known_addr { host: "127.31.140.196" port: 44971 } attrs { promote: false }, Status: LMP_MISMATCH, Last received: 0.0, Next index: 4, Last known committed idx: 3, Time since last communication: 0.000s
I20260713 09:11:30.135106   856 catalog_manager.cc:5697] T ad02d7f5330c4a6f8115e29d3ddae963 P 84c4585b042746f582664e8d02e33e2e reported cstate change: config changed from index 4 to 5, VOTER 752c605e01f24550ab346536a2204c07 (127.31.140.195) evicted. New cstate: current_term: 3 leader_uuid: "51ad01e44f1a40069d471d3112bfccf0" committed_config { opid_index: 5 OBSOLETE_local: false peers { permanent_uuid: "51ad01e44f1a40069d471d3112bfccf0" member_type: VOTER last_known_addr { host: "127.31.140.193" port: 37441 } } peers { permanent_uuid: "84c4585b042746f582664e8d02e33e2e" member_type: VOTER last_known_addr { host: "127.31.140.194" port: 36163 } } peers { permanent_uuid: "7f33b49bdd9b468c9e21895e90f7e5aa" member_type: VOTER last_known_addr { host: "127.31.140.196" port: 44971 } attrs { promote: false } } }
I20260713 09:11:30.135839  1104 consensus_queue.cc:237] T de38ed38a8654a9f873bc14c2bfa9844 P 752c605e01f24550ab346536a2204c07 [LEADER]: Queue going to LEADER mode. State: All replicated index: 0, Majority replicated index: 3, Committed index: 3, Last appended: 2.3, Last appended by leader: 0, Current term: 2, Majority size: 2, State: 0, Mode: LEADER, active raft config: opid_index: 4 OBSOLETE_local: false peers { permanent_uuid: "51ad01e44f1a40069d471d3112bfccf0" member_type: VOTER last_known_addr { host: "127.31.140.193" port: 37441 } } peers { permanent_uuid: "752c605e01f24550ab346536a2204c07" member_type: VOTER last_known_addr { host: "127.31.140.195" port: 45891 } } peers { permanent_uuid: "7f33b49bdd9b468c9e21895e90f7e5aa" member_type: VOTER last_known_addr { host: "127.31.140.196" port: 44971 } attrs { promote: false } }
I20260713 09:11:30.137806  1677 consensus_queue.cc:1048] T 089f4310b8b940b4a0d8f9e3755a625b P 51ad01e44f1a40069d471d3112bfccf0 [LEADER]: Connected to new peer: Peer: permanent_uuid: "752c605e01f24550ab346536a2204c07" member_type: VOTER last_known_addr { host: "127.31.140.195" port: 45891 }, Status: LMP_MISMATCH, Last received: 0.0, Next index: 4, Last known committed idx: 3, Time since last communication: 0.000s
I20260713 09:11:30.141558  1463 raft_consensus.cc:1275] T de38ed38a8654a9f873bc14c2bfa9844 P 7f33b49bdd9b468c9e21895e90f7e5aa [term 2 FOLLOWER]: Refusing update from remote peer 752c605e01f24550ab346536a2204c07: Log matching property violated. Preceding OpId in replica: term: 2 index: 3. Preceding OpId from leader: term: 2 index: 4. (index mismatch)
I20260713 09:11:30.141937   959 raft_consensus.cc:1275] T de38ed38a8654a9f873bc14c2bfa9844 P 51ad01e44f1a40069d471d3112bfccf0 [term 2 FOLLOWER]: Refusing update from remote peer 752c605e01f24550ab346536a2204c07: Log matching property violated. Preceding OpId in replica: term: 2 index: 3. Preceding OpId from leader: term: 2 index: 4. (index mismatch)
I20260713 09:11:30.143859  1700 consensus_queue.cc:1048] T de38ed38a8654a9f873bc14c2bfa9844 P 752c605e01f24550ab346536a2204c07 [LEADER]: Connected to new peer: Peer: permanent_uuid: "7f33b49bdd9b468c9e21895e90f7e5aa" member_type: VOTER last_known_addr { host: "127.31.140.196" port: 44971 } attrs { promote: false }, Status: LMP_MISMATCH, Last received: 0.0, Next index: 4, Last known committed idx: 3, Time since last communication: 0.001s
I20260713 09:11:30.146087  1700 consensus_queue.cc:1048] T de38ed38a8654a9f873bc14c2bfa9844 P 752c605e01f24550ab346536a2204c07 [LEADER]: Connected to new peer: Peer: permanent_uuid: "51ad01e44f1a40069d471d3112bfccf0" member_type: VOTER last_known_addr { host: "127.31.140.193" port: 37441 }, Status: LMP_MISMATCH, Last received: 0.0, Next index: 4, Last known committed idx: 3, Time since last communication: 0.000s
I20260713 09:11:30.154910  1700 raft_consensus.cc:2955] T de38ed38a8654a9f873bc14c2bfa9844 P 752c605e01f24550ab346536a2204c07 [term 2 LEADER]: Committing config change with OpId 2.4: config changed from index 3 to 4, VOTER 84c4585b042746f582664e8d02e33e2e (127.31.140.194) evicted. New config: { opid_index: 4 OBSOLETE_local: false peers { permanent_uuid: "51ad01e44f1a40069d471d3112bfccf0" member_type: VOTER last_known_addr { host: "127.31.140.193" port: 37441 } } peers { permanent_uuid: "752c605e01f24550ab346536a2204c07" member_type: VOTER last_known_addr { host: "127.31.140.195" port: 45891 } } peers { permanent_uuid: "7f33b49bdd9b468c9e21895e90f7e5aa" member_type: VOTER last_known_addr { host: "127.31.140.196" port: 44971 } attrs { promote: false } } }
I20260713 09:11:30.159581   844 catalog_manager.cc:5210] ChangeConfig:REMOVE_PEER RPC for tablet 48a138e480b24be5831e3153edd6f966 with cas_config_opid_index 4: ChangeConfig:REMOVE_PEER succeeded (attempt 1)
I20260713 09:11:30.161129  1692 raft_consensus.cc:2955] T 089f4310b8b940b4a0d8f9e3755a625b P 51ad01e44f1a40069d471d3112bfccf0 [term 1 LEADER]: Committing config change with OpId 1.4: config changed from index 3 to 4, VOTER 84c4585b042746f582664e8d02e33e2e (127.31.140.194) evicted. New config: { opid_index: 4 OBSOLETE_local: false peers { permanent_uuid: "51ad01e44f1a40069d471d3112bfccf0" member_type: VOTER last_known_addr { host: "127.31.140.193" port: 37441 } } peers { permanent_uuid: "752c605e01f24550ab346536a2204c07" member_type: VOTER last_known_addr { host: "127.31.140.195" port: 45891 } } peers { permanent_uuid: "7f33b49bdd9b468c9e21895e90f7e5aa" member_type: VOTER last_known_addr { host: "127.31.140.196" port: 44971 } attrs { promote: false } } }
I20260713 09:11:30.163874  1463 raft_consensus.cc:2955] T de38ed38a8654a9f873bc14c2bfa9844 P 7f33b49bdd9b468c9e21895e90f7e5aa [term 2 FOLLOWER]: Committing config change with OpId 2.4: config changed from index 3 to 4, VOTER 84c4585b042746f582664e8d02e33e2e (127.31.140.194) evicted. New config: { opid_index: 4 OBSOLETE_local: false peers { permanent_uuid: "51ad01e44f1a40069d471d3112bfccf0" member_type: VOTER last_known_addr { host: "127.31.140.193" port: 37441 } } peers { permanent_uuid: "752c605e01f24550ab346536a2204c07" member_type: VOTER last_known_addr { host: "127.31.140.195" port: 45891 } } peers { permanent_uuid: "7f33b49bdd9b468c9e21895e90f7e5aa" member_type: VOTER last_known_addr { host: "127.31.140.196" port: 44971 } attrs { promote: false } } }
I20260713 09:11:30.168715   959 raft_consensus.cc:2955] T de38ed38a8654a9f873bc14c2bfa9844 P 51ad01e44f1a40069d471d3112bfccf0 [term 2 FOLLOWER]: Committing config change with OpId 2.4: config changed from index 3 to 4, VOTER 84c4585b042746f582664e8d02e33e2e (127.31.140.194) evicted. New config: { opid_index: 4 OBSOLETE_local: false peers { permanent_uuid: "51ad01e44f1a40069d471d3112bfccf0" member_type: VOTER last_known_addr { host: "127.31.140.193" port: 37441 } } peers { permanent_uuid: "752c605e01f24550ab346536a2204c07" member_type: VOTER last_known_addr { host: "127.31.140.195" port: 45891 } } peers { permanent_uuid: "7f33b49bdd9b468c9e21895e90f7e5aa" member_type: VOTER last_known_addr { host: "127.31.140.196" port: 44971 } attrs { promote: false } } }
I20260713 09:11:30.171183   843 catalog_manager.cc:5210] ChangeConfig:REMOVE_PEER RPC for tablet 089f4310b8b940b4a0d8f9e3755a625b with cas_config_opid_index 3: ChangeConfig:REMOVE_PEER succeeded (attempt 1)
I20260713 09:11:30.174533   844 catalog_manager.cc:5210] ChangeConfig:REMOVE_PEER RPC for tablet de38ed38a8654a9f873bc14c2bfa9844 with cas_config_opid_index 3: ChangeConfig:REMOVE_PEER succeeded (attempt 1)
I20260713 09:11:30.175309  1462 raft_consensus.cc:2955] T 089f4310b8b940b4a0d8f9e3755a625b P 7f33b49bdd9b468c9e21895e90f7e5aa [term 1 FOLLOWER]: Committing config change with OpId 1.4: config changed from index 3 to 4, VOTER 84c4585b042746f582664e8d02e33e2e (127.31.140.194) evicted. New config: { opid_index: 4 OBSOLETE_local: false peers { permanent_uuid: "51ad01e44f1a40069d471d3112bfccf0" member_type: VOTER last_known_addr { host: "127.31.140.193" port: 37441 } } peers { permanent_uuid: "752c605e01f24550ab346536a2204c07" member_type: VOTER last_known_addr { host: "127.31.140.195" port: 45891 } } peers { permanent_uuid: "7f33b49bdd9b468c9e21895e90f7e5aa" member_type: VOTER last_known_addr { host: "127.31.140.196" port: 44971 } attrs { promote: false } } }
I20260713 09:11:30.175951  1110 raft_consensus.cc:2955] T 089f4310b8b940b4a0d8f9e3755a625b P 752c605e01f24550ab346536a2204c07 [term 1 FOLLOWER]: Committing config change with OpId 1.4: config changed from index 3 to 4, VOTER 84c4585b042746f582664e8d02e33e2e (127.31.140.194) evicted. New config: { opid_index: 4 OBSOLETE_local: false peers { permanent_uuid: "51ad01e44f1a40069d471d3112bfccf0" member_type: VOTER last_known_addr { host: "127.31.140.193" port: 37441 } } peers { permanent_uuid: "752c605e01f24550ab346536a2204c07" member_type: VOTER last_known_addr { host: "127.31.140.195" port: 45891 } } peers { permanent_uuid: "7f33b49bdd9b468c9e21895e90f7e5aa" member_type: VOTER last_known_addr { host: "127.31.140.196" port: 44971 } attrs { promote: false } } }
I20260713 09:11:30.188544   858 catalog_manager.cc:5697] T 48a138e480b24be5831e3153edd6f966 P 7f33b49bdd9b468c9e21895e90f7e5aa reported cstate change: config changed from index 4 to 5, VOTER 51ad01e44f1a40069d471d3112bfccf0 (127.31.140.193) evicted. New cstate: current_term: 3 leader_uuid: "752c605e01f24550ab346536a2204c07" committed_config { opid_index: 5 OBSOLETE_local: false peers { permanent_uuid: "84c4585b042746f582664e8d02e33e2e" member_type: VOTER last_known_addr { host: "127.31.140.194" port: 36163 } } peers { permanent_uuid: "752c605e01f24550ab346536a2204c07" member_type: VOTER last_known_addr { host: "127.31.140.195" port: 45891 } } peers { permanent_uuid: "7f33b49bdd9b468c9e21895e90f7e5aa" member_type: VOTER last_known_addr { host: "127.31.140.196" port: 44971 } attrs { promote: false } } }
I20260713 09:11:30.199437   948 tablet_service.cc:1558] Processing DeleteTablet for tablet 48a138e480b24be5831e3153edd6f966 with delete_type TABLET_DATA_TOMBSTONED (TS 51ad01e44f1a40069d471d3112bfccf0 not found in new config with opid_index 5) from {username='slave'} at 127.0.0.1:36750
I20260713 09:11:30.198957   857 catalog_manager.cc:5697] T de38ed38a8654a9f873bc14c2bfa9844 P 51ad01e44f1a40069d471d3112bfccf0 reported cstate change: config changed from index 3 to 4, VOTER 84c4585b042746f582664e8d02e33e2e (127.31.140.194) evicted. New cstate: current_term: 2 leader_uuid: "752c605e01f24550ab346536a2204c07" committed_config { opid_index: 4 OBSOLETE_local: false peers { permanent_uuid: "51ad01e44f1a40069d471d3112bfccf0" member_type: VOTER last_known_addr { host: "127.31.140.193" port: 37441 } } peers { permanent_uuid: "752c605e01f24550ab346536a2204c07" member_type: VOTER last_known_addr { host: "127.31.140.195" port: 45891 } } peers { permanent_uuid: "7f33b49bdd9b468c9e21895e90f7e5aa" member_type: VOTER last_known_addr { host: "127.31.140.196" port: 44971 } attrs { promote: false } } }
I20260713 09:11:30.202494   857 catalog_manager.cc:5697] T 089f4310b8b940b4a0d8f9e3755a625b P 51ad01e44f1a40069d471d3112bfccf0 reported cstate change: config changed from index 3 to 4, VOTER 84c4585b042746f582664e8d02e33e2e (127.31.140.194) evicted. New cstate: current_term: 1 leader_uuid: "51ad01e44f1a40069d471d3112bfccf0" committed_config { opid_index: 4 OBSOLETE_local: false peers { permanent_uuid: "51ad01e44f1a40069d471d3112bfccf0" member_type: VOTER last_known_addr { host: "127.31.140.193" port: 37441 } health_report { overall_health: HEALTHY } } peers { permanent_uuid: "752c605e01f24550ab346536a2204c07" member_type: VOTER last_known_addr { host: "127.31.140.195" port: 45891 } health_report { overall_health: HEALTHY } } peers { permanent_uuid: "7f33b49bdd9b468c9e21895e90f7e5aa" member_type: VOTER last_known_addr { host: "127.31.140.196" port: 44971 } attrs { promote: false } health_report { overall_health: HEALTHY } } }
I20260713 09:11:30.205338  1091 tablet_service.cc:1558] Processing DeleteTablet for tablet ad02d7f5330c4a6f8115e29d3ddae963 with delete_type TABLET_DATA_TOMBSTONED (TS 752c605e01f24550ab346536a2204c07 not found in new config with opid_index 5) from {username='slave'} at 127.0.0.1:59090
I20260713 09:11:30.212517  1707 tablet_replica.cc:333] T 48a138e480b24be5831e3153edd6f966 P 51ad01e44f1a40069d471d3112bfccf0: stopping tablet replica
I20260713 09:11:30.214183  1707 raft_consensus.cc:2243] T 48a138e480b24be5831e3153edd6f966 P 51ad01e44f1a40069d471d3112bfccf0 [term 3 FOLLOWER]: Raft consensus shutting down.
I20260713 09:11:30.214913  1707 raft_consensus.cc:2272] T 48a138e480b24be5831e3153edd6f966 P 51ad01e44f1a40069d471d3112bfccf0 [term 3 FOLLOWER]: Raft consensus is shut down!
I20260713 09:11:30.216244  1708 tablet_replica.cc:333] T ad02d7f5330c4a6f8115e29d3ddae963 P 752c605e01f24550ab346536a2204c07: stopping tablet replica
I20260713 09:11:30.220903  1708 raft_consensus.cc:2243] T ad02d7f5330c4a6f8115e29d3ddae963 P 752c605e01f24550ab346536a2204c07 [term 3 FOLLOWER]: Raft consensus shutting down.
I20260713 09:11:30.221372  1024 tablet_service.cc:1558] Processing DeleteTablet for tablet de38ed38a8654a9f873bc14c2bfa9844 with delete_type TABLET_DATA_TOMBSTONED (TS 84c4585b042746f582664e8d02e33e2e not found in new config with opid_index 4) from {username='slave'} at 127.0.0.1:35612
I20260713 09:11:30.227214  1708 raft_consensus.cc:2272] T ad02d7f5330c4a6f8115e29d3ddae963 P 752c605e01f24550ab346536a2204c07 [term 3 FOLLOWER]: Raft consensus is shut down!
I20260713 09:11:30.231592  1026 tablet_service.cc:1558] Processing DeleteTablet for tablet 089f4310b8b940b4a0d8f9e3755a625b with delete_type TABLET_DATA_TOMBSTONED (TS 84c4585b042746f582664e8d02e33e2e not found in new config with opid_index 4) from {username='slave'} at 127.0.0.1:35612
I20260713 09:11:30.222755  1707 ts_tablet_manager.cc:1916] T 48a138e480b24be5831e3153edd6f966 P 51ad01e44f1a40069d471d3112bfccf0: Deleting tablet data with delete state TABLET_DATA_TOMBSTONED
I20260713 09:11:30.235534  1709 tablet_replica.cc:333] T de38ed38a8654a9f873bc14c2bfa9844 P 84c4585b042746f582664e8d02e33e2e: stopping tablet replica
I20260713 09:11:30.235994  1708 ts_tablet_manager.cc:1916] T ad02d7f5330c4a6f8115e29d3ddae963 P 752c605e01f24550ab346536a2204c07: Deleting tablet data with delete state TABLET_DATA_TOMBSTONED
I20260713 09:11:30.236689  1709 raft_consensus.cc:2243] T de38ed38a8654a9f873bc14c2bfa9844 P 84c4585b042746f582664e8d02e33e2e [term 2 FOLLOWER]: Raft consensus shutting down.
I20260713 09:11:30.237442  1709 raft_consensus.cc:2272] T de38ed38a8654a9f873bc14c2bfa9844 P 84c4585b042746f582664e8d02e33e2e [term 2 FOLLOWER]: Raft consensus is shut down!
I20260713 09:11:30.240940  1709 ts_tablet_manager.cc:1916] T de38ed38a8654a9f873bc14c2bfa9844 P 84c4585b042746f582664e8d02e33e2e: Deleting tablet data with delete state TABLET_DATA_TOMBSTONED
I20260713 09:11:30.250532  1707 ts_tablet_manager.cc:1929] T 48a138e480b24be5831e3153edd6f966 P 51ad01e44f1a40069d471d3112bfccf0: tablet deleted with delete type TABLET_DATA_TOMBSTONED: last-logged OpId 3.4
I20260713 09:11:30.251111  1707 log.cc:1199] T 48a138e480b24be5831e3153edd6f966 P 51ad01e44f1a40069d471d3112bfccf0: Deleting WAL directory at /tmp/dist-test-taskodQyRa/test-tmp/auto_leader_rebalancer-test.0.LeaderRebalancerTest.AddTserver.1783933848916201-32307-0/minicluster-data/ts-0-root/wals/48a138e480b24be5831e3153edd6f966
I20260713 09:11:30.251719  1708 ts_tablet_manager.cc:1929] T ad02d7f5330c4a6f8115e29d3ddae963 P 752c605e01f24550ab346536a2204c07: tablet deleted with delete type TABLET_DATA_TOMBSTONED: last-logged OpId 3.4
I20260713 09:11:30.252167  1708 log.cc:1199] T ad02d7f5330c4a6f8115e29d3ddae963 P 752c605e01f24550ab346536a2204c07: Deleting WAL directory at /tmp/dist-test-taskodQyRa/test-tmp/auto_leader_rebalancer-test.0.LeaderRebalancerTest.AddTserver.1783933848916201-32307-0/minicluster-data/ts-2-root/wals/ad02d7f5330c4a6f8115e29d3ddae963
I20260713 09:11:30.252890   843 catalog_manager.cc:5028] TS 51ad01e44f1a40069d471d3112bfccf0 (127.31.140.193:37441): tablet 48a138e480b24be5831e3153edd6f966 (table test-workload [id=f9af1595f1db48f199ac69f1313d911d]) successfully deleted
I20260713 09:11:30.253798   844 catalog_manager.cc:5028] TS 752c605e01f24550ab346536a2204c07 (127.31.140.195:45891): tablet ad02d7f5330c4a6f8115e29d3ddae963 (table test-workload [id=f9af1595f1db48f199ac69f1313d911d]) successfully deleted
I20260713 09:11:30.255204  1709 ts_tablet_manager.cc:1929] T de38ed38a8654a9f873bc14c2bfa9844 P 84c4585b042746f582664e8d02e33e2e: tablet deleted with delete type TABLET_DATA_TOMBSTONED: last-logged OpId 2.3
I20260713 09:11:30.255481  1709 log.cc:1199] T de38ed38a8654a9f873bc14c2bfa9844 P 84c4585b042746f582664e8d02e33e2e: Deleting WAL directory at /tmp/dist-test-taskodQyRa/test-tmp/auto_leader_rebalancer-test.0.LeaderRebalancerTest.AddTserver.1783933848916201-32307-0/minicluster-data/ts-1-root/wals/de38ed38a8654a9f873bc14c2bfa9844
I20260713 09:11:30.256831  1709 tablet_replica.cc:333] T 089f4310b8b940b4a0d8f9e3755a625b P 84c4585b042746f582664e8d02e33e2e: stopping tablet replica
I20260713 09:11:30.256862   845 catalog_manager.cc:5028] TS 84c4585b042746f582664e8d02e33e2e (127.31.140.194:36163): tablet de38ed38a8654a9f873bc14c2bfa9844 (table test-workload [id=f9af1595f1db48f199ac69f1313d911d]) successfully deleted
I20260713 09:11:30.257891  1709 raft_consensus.cc:2243] T 089f4310b8b940b4a0d8f9e3755a625b P 84c4585b042746f582664e8d02e33e2e [term 1 FOLLOWER]: Raft consensus shutting down.
I20260713 09:11:30.258607  1709 raft_consensus.cc:2272] T 089f4310b8b940b4a0d8f9e3755a625b P 84c4585b042746f582664e8d02e33e2e [term 1 FOLLOWER]: Raft consensus is shut down!
I20260713 09:11:30.261761  1709 ts_tablet_manager.cc:1916] T 089f4310b8b940b4a0d8f9e3755a625b P 84c4585b042746f582664e8d02e33e2e: Deleting tablet data with delete state TABLET_DATA_TOMBSTONED
I20260713 09:11:30.270253  1709 ts_tablet_manager.cc:1929] T 089f4310b8b940b4a0d8f9e3755a625b P 84c4585b042746f582664e8d02e33e2e: tablet deleted with delete type TABLET_DATA_TOMBSTONED: last-logged OpId 1.3
I20260713 09:11:30.270489  1709 log.cc:1199] T 089f4310b8b940b4a0d8f9e3755a625b P 84c4585b042746f582664e8d02e33e2e: Deleting WAL directory at /tmp/dist-test-taskodQyRa/test-tmp/auto_leader_rebalancer-test.0.LeaderRebalancerTest.AddTserver.1783933848916201-32307-0/minicluster-data/ts-1-root/wals/089f4310b8b940b4a0d8f9e3755a625b
I20260713 09:11:30.271685   845 catalog_manager.cc:5028] TS 84c4585b042746f582664e8d02e33e2e (127.31.140.194:36163): tablet 089f4310b8b940b4a0d8f9e3755a625b (table test-workload [id=f9af1595f1db48f199ac69f1313d911d]) successfully deleted
I20260713 09:11:31.248499  1110 consensus_queue.cc:237] T b6ebc62511e3498884fca37bf32ec71e P 752c605e01f24550ab346536a2204c07 [LEADER]: Queue going to LEADER mode. State: All replicated index: 0, Majority replicated index: 1, Committed index: 1, Last appended: 1.1, Last appended by leader: 0, Current term: 1, Majority size: 2, State: 0, Mode: LEADER, active raft config: opid_index: 2 OBSOLETE_local: false peers { permanent_uuid: "51ad01e44f1a40069d471d3112bfccf0" member_type: VOTER last_known_addr { host: "127.31.140.193" port: 37441 } } peers { permanent_uuid: "84c4585b042746f582664e8d02e33e2e" member_type: VOTER last_known_addr { host: "127.31.140.194" port: 36163 } attrs { replace: true } } peers { permanent_uuid: "752c605e01f24550ab346536a2204c07" member_type: VOTER last_known_addr { host: "127.31.140.195" port: 45891 } } peers { permanent_uuid: "7f33b49bdd9b468c9e21895e90f7e5aa" member_type: NON_VOTER last_known_addr { host: "127.31.140.196" port: 44971 } attrs { promote: true } }
I20260713 09:11:31.254053  1031 raft_consensus.cc:1275] T b6ebc62511e3498884fca37bf32ec71e P 84c4585b042746f582664e8d02e33e2e [term 1 FOLLOWER]: Refusing update from remote peer 752c605e01f24550ab346536a2204c07: Log matching property violated. Preceding OpId in replica: term: 1 index: 1. Preceding OpId from leader: term: 1 index: 2. (index mismatch)
I20260713 09:11:31.255450   960 raft_consensus.cc:1275] T b6ebc62511e3498884fca37bf32ec71e P 51ad01e44f1a40069d471d3112bfccf0 [term 1 FOLLOWER]: Refusing update from remote peer 752c605e01f24550ab346536a2204c07: Log matching property violated. Preceding OpId in replica: term: 1 index: 1. Preceding OpId from leader: term: 1 index: 2. (index mismatch)
I20260713 09:11:31.255301  1713 consensus_queue.cc:1048] T b6ebc62511e3498884fca37bf32ec71e P 752c605e01f24550ab346536a2204c07 [LEADER]: Connected to new peer: Peer: permanent_uuid: "84c4585b042746f582664e8d02e33e2e" member_type: VOTER last_known_addr { host: "127.31.140.194" port: 36163 } attrs { replace: true }, Status: LMP_MISMATCH, Last received: 0.0, Next index: 2, Last known committed idx: 1, Time since last communication: 0.000s
W20260713 09:11:31.256342  1076 consensus_peers.cc:597] T b6ebc62511e3498884fca37bf32ec71e P 752c605e01f24550ab346536a2204c07 -> Peer 7f33b49bdd9b468c9e21895e90f7e5aa (127.31.140.196:44971): Couldn't send request to peer 7f33b49bdd9b468c9e21895e90f7e5aa. Error code: TABLET_NOT_FOUND (6). Status: Not found: Tablet not found: b6ebc62511e3498884fca37bf32ec71e. This is attempt 1: this message will repeat every 5th retry.
I20260713 09:11:31.256598  1700 consensus_queue.cc:1048] T b6ebc62511e3498884fca37bf32ec71e P 752c605e01f24550ab346536a2204c07 [LEADER]: Connected to new peer: Peer: permanent_uuid: "51ad01e44f1a40069d471d3112bfccf0" member_type: VOTER last_known_addr { host: "127.31.140.193" port: 37441 }, Status: LMP_MISMATCH, Last received: 0.0, Next index: 2, Last known committed idx: 1, Time since last communication: 0.000s
I20260713 09:11:31.262152  1713 raft_consensus.cc:2955] T b6ebc62511e3498884fca37bf32ec71e P 752c605e01f24550ab346536a2204c07 [term 1 LEADER]: Committing config change with OpId 1.2: config changed from index -1 to 2, NON_VOTER 7f33b49bdd9b468c9e21895e90f7e5aa (127.31.140.196) added. New config: { opid_index: 2 OBSOLETE_local: false peers { permanent_uuid: "51ad01e44f1a40069d471d3112bfccf0" member_type: VOTER last_known_addr { host: "127.31.140.193" port: 37441 } } peers { permanent_uuid: "84c4585b042746f582664e8d02e33e2e" member_type: VOTER last_known_addr { host: "127.31.140.194" port: 36163 } attrs { replace: true } } peers { permanent_uuid: "752c605e01f24550ab346536a2204c07" member_type: VOTER last_known_addr { host: "127.31.140.195" port: 45891 } } peers { permanent_uuid: "7f33b49bdd9b468c9e21895e90f7e5aa" member_type: NON_VOTER last_known_addr { host: "127.31.140.196" port: 44971 } attrs { promote: true } } }
I20260713 09:11:31.263643  1031 raft_consensus.cc:2955] T b6ebc62511e3498884fca37bf32ec71e P 84c4585b042746f582664e8d02e33e2e [term 1 FOLLOWER]: Committing config change with OpId 1.2: config changed from index -1 to 2, NON_VOTER 7f33b49bdd9b468c9e21895e90f7e5aa (127.31.140.196) added. New config: { opid_index: 2 OBSOLETE_local: false peers { permanent_uuid: "51ad01e44f1a40069d471d3112bfccf0" member_type: VOTER last_known_addr { host: "127.31.140.193" port: 37441 } } peers { permanent_uuid: "84c4585b042746f582664e8d02e33e2e" member_type: VOTER last_known_addr { host: "127.31.140.194" port: 36163 } attrs { replace: true } } peers { permanent_uuid: "752c605e01f24550ab346536a2204c07" member_type: VOTER last_known_addr { host: "127.31.140.195" port: 45891 } } peers { permanent_uuid: "7f33b49bdd9b468c9e21895e90f7e5aa" member_type: NON_VOTER last_known_addr { host: "127.31.140.196" port: 44971 } attrs { promote: true } } }
I20260713 09:11:31.265235   960 raft_consensus.cc:2955] T b6ebc62511e3498884fca37bf32ec71e P 51ad01e44f1a40069d471d3112bfccf0 [term 1 FOLLOWER]: Committing config change with OpId 1.2: config changed from index -1 to 2, NON_VOTER 7f33b49bdd9b468c9e21895e90f7e5aa (127.31.140.196) added. New config: { opid_index: 2 OBSOLETE_local: false peers { permanent_uuid: "51ad01e44f1a40069d471d3112bfccf0" member_type: VOTER last_known_addr { host: "127.31.140.193" port: 37441 } } peers { permanent_uuid: "84c4585b042746f582664e8d02e33e2e" member_type: VOTER last_known_addr { host: "127.31.140.194" port: 36163 } attrs { replace: true } } peers { permanent_uuid: "752c605e01f24550ab346536a2204c07" member_type: VOTER last_known_addr { host: "127.31.140.195" port: 45891 } } peers { permanent_uuid: "7f33b49bdd9b468c9e21895e90f7e5aa" member_type: NON_VOTER last_known_addr { host: "127.31.140.196" port: 44971 } attrs { promote: true } } }
I20260713 09:11:31.277527   855 catalog_manager.cc:5697] T b6ebc62511e3498884fca37bf32ec71e P 752c605e01f24550ab346536a2204c07 reported cstate change: config changed from index -1 to 2, NON_VOTER 7f33b49bdd9b468c9e21895e90f7e5aa (127.31.140.196) added. New cstate: current_term: 1 leader_uuid: "752c605e01f24550ab346536a2204c07" committed_config { opid_index: 2 OBSOLETE_local: false peers { permanent_uuid: "51ad01e44f1a40069d471d3112bfccf0" member_type: VOTER last_known_addr { host: "127.31.140.193" port: 37441 } health_report { overall_health: HEALTHY } } peers { permanent_uuid: "84c4585b042746f582664e8d02e33e2e" member_type: VOTER last_known_addr { host: "127.31.140.194" port: 36163 } attrs { replace: true } health_report { overall_health: HEALTHY } } peers { permanent_uuid: "752c605e01f24550ab346536a2204c07" member_type: VOTER last_known_addr { host: "127.31.140.195" port: 45891 } health_report { overall_health: HEALTHY } } peers { permanent_uuid: "7f33b49bdd9b468c9e21895e90f7e5aa" member_type: NON_VOTER last_known_addr { host: "127.31.140.196" port: 44971 } attrs { promote: true } health_report { overall_health: UNKNOWN } } }
I20260713 09:11:31.288340  1031 consensus_queue.cc:237] T 5ccefbbc65ed44739d781fa5b1f6d088 P 84c4585b042746f582664e8d02e33e2e [LEADER]: Queue going to LEADER mode. State: All replicated index: 0, Majority replicated index: 1, Committed index: 1, Last appended: 1.1, Last appended by leader: 0, Current term: 1, Majority size: 2, State: 0, Mode: LEADER, active raft config: opid_index: 2 OBSOLETE_local: false peers { permanent_uuid: "51ad01e44f1a40069d471d3112bfccf0" member_type: VOTER last_known_addr { host: "127.31.140.193" port: 37441 } } peers { permanent_uuid: "84c4585b042746f582664e8d02e33e2e" member_type: VOTER last_known_addr { host: "127.31.140.194" port: 36163 } } peers { permanent_uuid: "752c605e01f24550ab346536a2204c07" member_type: VOTER last_known_addr { host: "127.31.140.195" port: 45891 } attrs { replace: true } } peers { permanent_uuid: "7f33b49bdd9b468c9e21895e90f7e5aa" member_type: NON_VOTER last_known_addr { host: "127.31.140.196" port: 44971 } attrs { promote: true } }
I20260713 09:11:31.296155  1110 raft_consensus.cc:1275] T 5ccefbbc65ed44739d781fa5b1f6d088 P 752c605e01f24550ab346536a2204c07 [term 1 FOLLOWER]: Refusing update from remote peer 84c4585b042746f582664e8d02e33e2e: Log matching property violated. Preceding OpId in replica: term: 1 index: 1. Preceding OpId from leader: term: 1 index: 2. (index mismatch)
W20260713 09:11:31.298569  1002 consensus_peers.cc:597] T 5ccefbbc65ed44739d781fa5b1f6d088 P 84c4585b042746f582664e8d02e33e2e -> Peer 7f33b49bdd9b468c9e21895e90f7e5aa (127.31.140.196:44971): Couldn't send request to peer 7f33b49bdd9b468c9e21895e90f7e5aa. Error code: TABLET_NOT_FOUND (6). Status: Not found: Tablet not found: 5ccefbbc65ed44739d781fa5b1f6d088. This is attempt 1: this message will repeat every 5th retry.
I20260713 09:11:31.298938  1571 consensus_queue.cc:1048] T 5ccefbbc65ed44739d781fa5b1f6d088 P 84c4585b042746f582664e8d02e33e2e [LEADER]: Connected to new peer: Peer: permanent_uuid: "752c605e01f24550ab346536a2204c07" member_type: VOTER last_known_addr { host: "127.31.140.195" port: 45891 } attrs { replace: true }, Status: LMP_MISMATCH, Last received: 0.0, Next index: 2, Last known committed idx: 1, Time since last communication: 0.001s
I20260713 09:11:31.301395   960 raft_consensus.cc:1275] T 5ccefbbc65ed44739d781fa5b1f6d088 P 51ad01e44f1a40069d471d3112bfccf0 [term 1 FOLLOWER]: Refusing update from remote peer 84c4585b042746f582664e8d02e33e2e: Log matching property violated. Preceding OpId in replica: term: 1 index: 1. Preceding OpId from leader: term: 1 index: 2. (index mismatch)
I20260713 09:11:31.302634  1571 consensus_queue.cc:1048] T 5ccefbbc65ed44739d781fa5b1f6d088 P 84c4585b042746f582664e8d02e33e2e [LEADER]: Connected to new peer: Peer: permanent_uuid: "51ad01e44f1a40069d471d3112bfccf0" member_type: VOTER last_known_addr { host: "127.31.140.193" port: 37441 }, Status: LMP_MISMATCH, Last received: 0.0, Next index: 2, Last known committed idx: 1, Time since last communication: 0.000s
I20260713 09:11:31.307199  1717 raft_consensus.cc:2955] T 5ccefbbc65ed44739d781fa5b1f6d088 P 84c4585b042746f582664e8d02e33e2e [term 1 LEADER]: Committing config change with OpId 1.2: config changed from index -1 to 2, NON_VOTER 7f33b49bdd9b468c9e21895e90f7e5aa (127.31.140.196) added. New config: { opid_index: 2 OBSOLETE_local: false peers { permanent_uuid: "51ad01e44f1a40069d471d3112bfccf0" member_type: VOTER last_known_addr { host: "127.31.140.193" port: 37441 } } peers { permanent_uuid: "84c4585b042746f582664e8d02e33e2e" member_type: VOTER last_known_addr { host: "127.31.140.194" port: 36163 } } peers { permanent_uuid: "752c605e01f24550ab346536a2204c07" member_type: VOTER last_known_addr { host: "127.31.140.195" port: 45891 } attrs { replace: true } } peers { permanent_uuid: "7f33b49bdd9b468c9e21895e90f7e5aa" member_type: NON_VOTER last_known_addr { host: "127.31.140.196" port: 44971 } attrs { promote: true } } }
I20260713 09:11:31.308789  1110 raft_consensus.cc:2955] T 5ccefbbc65ed44739d781fa5b1f6d088 P 752c605e01f24550ab346536a2204c07 [term 1 FOLLOWER]: Committing config change with OpId 1.2: config changed from index -1 to 2, NON_VOTER 7f33b49bdd9b468c9e21895e90f7e5aa (127.31.140.196) added. New config: { opid_index: 2 OBSOLETE_local: false peers { permanent_uuid: "51ad01e44f1a40069d471d3112bfccf0" member_type: VOTER last_known_addr { host: "127.31.140.193" port: 37441 } } peers { permanent_uuid: "84c4585b042746f582664e8d02e33e2e" member_type: VOTER last_known_addr { host: "127.31.140.194" port: 36163 } } peers { permanent_uuid: "752c605e01f24550ab346536a2204c07" member_type: VOTER last_known_addr { host: "127.31.140.195" port: 45891 } attrs { replace: true } } peers { permanent_uuid: "7f33b49bdd9b468c9e21895e90f7e5aa" member_type: NON_VOTER last_known_addr { host: "127.31.140.196" port: 44971 } attrs { promote: true } } }
I20260713 09:11:31.325237   858 catalog_manager.cc:5697] T 5ccefbbc65ed44739d781fa5b1f6d088 P 752c605e01f24550ab346536a2204c07 reported cstate change: config changed from index -1 to 2, NON_VOTER 7f33b49bdd9b468c9e21895e90f7e5aa (127.31.140.196) added. New cstate: current_term: 1 leader_uuid: "84c4585b042746f582664e8d02e33e2e" committed_config { opid_index: 2 OBSOLETE_local: false peers { permanent_uuid: "51ad01e44f1a40069d471d3112bfccf0" member_type: VOTER last_known_addr { host: "127.31.140.193" port: 37441 } } peers { permanent_uuid: "84c4585b042746f582664e8d02e33e2e" member_type: VOTER last_known_addr { host: "127.31.140.194" port: 36163 } } peers { permanent_uuid: "752c605e01f24550ab346536a2204c07" member_type: VOTER last_known_addr { host: "127.31.140.195" port: 45891 } attrs { replace: true } } peers { permanent_uuid: "7f33b49bdd9b468c9e21895e90f7e5aa" member_type: NON_VOTER last_known_addr { host: "127.31.140.196" port: 44971 } attrs { promote: true } } }
I20260713 09:11:31.327592   960 raft_consensus.cc:2955] T 5ccefbbc65ed44739d781fa5b1f6d088 P 51ad01e44f1a40069d471d3112bfccf0 [term 1 FOLLOWER]: Committing config change with OpId 1.2: config changed from index -1 to 2, NON_VOTER 7f33b49bdd9b468c9e21895e90f7e5aa (127.31.140.196) added. New config: { opid_index: 2 OBSOLETE_local: false peers { permanent_uuid: "51ad01e44f1a40069d471d3112bfccf0" member_type: VOTER last_known_addr { host: "127.31.140.193" port: 37441 } } peers { permanent_uuid: "84c4585b042746f582664e8d02e33e2e" member_type: VOTER last_known_addr { host: "127.31.140.194" port: 36163 } } peers { permanent_uuid: "752c605e01f24550ab346536a2204c07" member_type: VOTER last_known_addr { host: "127.31.140.195" port: 45891 } attrs { replace: true } } peers { permanent_uuid: "7f33b49bdd9b468c9e21895e90f7e5aa" member_type: NON_VOTER last_known_addr { host: "127.31.140.196" port: 44971 } attrs { promote: true } } }
I20260713 09:11:31.336642  1110 consensus_queue.cc:237] T 7c9f2d976bc94f14b28d1aa6bd4b432b P 752c605e01f24550ab346536a2204c07 [LEADER]: Queue going to LEADER mode. State: All replicated index: 0, Majority replicated index: 1, Committed index: 1, Last appended: 1.1, Last appended by leader: 0, Current term: 1, Majority size: 2, State: 0, Mode: LEADER, active raft config: opid_index: 2 OBSOLETE_local: false peers { permanent_uuid: "51ad01e44f1a40069d471d3112bfccf0" member_type: VOTER last_known_addr { host: "127.31.140.193" port: 37441 } attrs { replace: true } } peers { permanent_uuid: "84c4585b042746f582664e8d02e33e2e" member_type: VOTER last_known_addr { host: "127.31.140.194" port: 36163 } } peers { permanent_uuid: "752c605e01f24550ab346536a2204c07" member_type: VOTER last_known_addr { host: "127.31.140.195" port: 45891 } } peers { permanent_uuid: "7f33b49bdd9b468c9e21895e90f7e5aa" member_type: NON_VOTER last_known_addr { host: "127.31.140.196" port: 44971 } attrs { promote: true } }
I20260713 09:11:31.344063  1031 raft_consensus.cc:1275] T 7c9f2d976bc94f14b28d1aa6bd4b432b P 84c4585b042746f582664e8d02e33e2e [term 1 FOLLOWER]: Refusing update from remote peer 752c605e01f24550ab346536a2204c07: Log matching property violated. Preceding OpId in replica: term: 1 index: 1. Preceding OpId from leader: term: 1 index: 2. (index mismatch)
W20260713 09:11:31.344507  1076 consensus_peers.cc:597] T 7c9f2d976bc94f14b28d1aa6bd4b432b P 752c605e01f24550ab346536a2204c07 -> Peer 7f33b49bdd9b468c9e21895e90f7e5aa (127.31.140.196:44971): Couldn't send request to peer 7f33b49bdd9b468c9e21895e90f7e5aa. Error code: TABLET_NOT_FOUND (6). Status: Not found: Tablet not found: 7c9f2d976bc94f14b28d1aa6bd4b432b. This is attempt 1: this message will repeat every 5th retry.
