I20260713 09:11:03.115123   659 raft_consensus.cc:740] T b71f89cd2b1b4fc4b03263bcf762ea94 P cc634ccdaec9489eb320218e99b20fe7 [term 0 FOLLOWER]: Becoming Follower/Learner. State: Replica: cc634ccdaec9489eb320218e99b20fe7, State: Initialized, Role: FOLLOWER
I20260713 09:11:03.115785   658 consensus_queue.cc:260] T 139d5d6af2c54b1fb992568ae1feb6eb P a7fb14708b414811b0eb7c53ff33de4d [NON_LEADER]: Queue going to NON_LEADER mode. State: All replicated index: 0, Majority replicated index: 0, Committed index: 0, Last appended: 0.0, Last appended by leader: 0, Current term: 0, Majority size: -1, State: 0, Mode: NON_LEADER, active raft config: opid_index: -1 OBSOLETE_local: false peers { permanent_uuid: "cc634ccdaec9489eb320218e99b20fe7" member_type: VOTER last_known_addr { host: "127.31.140.193" port: 46065 } } peers { permanent_uuid: "1bff136c9fd6459883741de23faaa06c" member_type: VOTER last_known_addr { host: "127.31.140.194" port: 37861 } } peers { permanent_uuid: "a7fb14708b414811b0eb7c53ff33de4d" member_type: VOTER last_known_addr { host: "127.31.140.195" port: 44365 } }
I20260713 09:11:03.115867   659 consensus_queue.cc:260] T b71f89cd2b1b4fc4b03263bcf762ea94 P cc634ccdaec9489eb320218e99b20fe7 [NON_LEADER]: Queue going to NON_LEADER mode. State: All replicated index: 0, Majority replicated index: 0, Committed index: 0, Last appended: 0.0, Last appended by leader: 0, Current term: 0, Majority size: -1, State: 0, Mode: NON_LEADER, active raft config: opid_index: -1 OBSOLETE_local: false peers { permanent_uuid: "cc634ccdaec9489eb320218e99b20fe7" member_type: VOTER last_known_addr { host: "127.31.140.193" port: 46065 } } peers { permanent_uuid: "1bff136c9fd6459883741de23faaa06c" member_type: VOTER last_known_addr { host: "127.31.140.194" port: 37861 } } peers { permanent_uuid: "a7fb14708b414811b0eb7c53ff33de4d" member_type: VOTER last_known_addr { host: "127.31.140.195" port: 44365 } }
I20260713 09:11:03.117511   659 ts_tablet_manager.cc:1434] T b71f89cd2b1b4fc4b03263bcf762ea94 P cc634ccdaec9489eb320218e99b20fe7: Time spent starting tablet: real 0.005s	user 0.004s	sys 0.000s
I20260713 09:11:03.117597   657 raft_consensus.cc:385] T 467525619d854a8f8442c4ca17cb7e8c P 1bff136c9fd6459883741de23faaa06c [term 0 FOLLOWER]: Consensus starting up: Expiring failure detector timer to make a prompt election more likely
I20260713 09:11:03.117926   657 raft_consensus.cc:740] T 467525619d854a8f8442c4ca17cb7e8c P 1bff136c9fd6459883741de23faaa06c [term 0 FOLLOWER]: Becoming Follower/Learner. State: Replica: 1bff136c9fd6459883741de23faaa06c, State: Initialized, Role: FOLLOWER
I20260713 09:11:03.118480   659 tablet_bootstrap.cc:492] T 139d5d6af2c54b1fb992568ae1feb6eb P cc634ccdaec9489eb320218e99b20fe7: Bootstrap starting.
I20260713 09:11:03.117527   658 ts_tablet_manager.cc:1434] T 139d5d6af2c54b1fb992568ae1feb6eb P a7fb14708b414811b0eb7c53ff33de4d: Time spent starting tablet: real 0.005s	user 0.003s	sys 0.000s
I20260713 09:11:03.118489   657 consensus_queue.cc:260] T 467525619d854a8f8442c4ca17cb7e8c P 1bff136c9fd6459883741de23faaa06c [NON_LEADER]: Queue going to NON_LEADER mode. State: All replicated index: 0, Majority replicated index: 0, Committed index: 0, Last appended: 0.0, Last appended by leader: 0, Current term: 0, Majority size: -1, State: 0, Mode: NON_LEADER, active raft config: opid_index: -1 OBSOLETE_local: false peers { permanent_uuid: "cc634ccdaec9489eb320218e99b20fe7" member_type: VOTER last_known_addr { host: "127.31.140.193" port: 46065 } } peers { permanent_uuid: "1bff136c9fd6459883741de23faaa06c" member_type: VOTER last_known_addr { host: "127.31.140.194" port: 37861 } } peers { permanent_uuid: "a7fb14708b414811b0eb7c53ff33de4d" member_type: VOTER last_known_addr { host: "127.31.140.195" port: 44365 } }
I20260713 09:11:03.119588   658 tablet_bootstrap.cc:492] T 81ed022f02934934af4cfb51cdc15607 P a7fb14708b414811b0eb7c53ff33de4d: Bootstrap starting.
I20260713 09:11:03.120707   657 ts_tablet_manager.cc:1434] T 467525619d854a8f8442c4ca17cb7e8c P 1bff136c9fd6459883741de23faaa06c: Time spent starting tablet: real 0.012s	user 0.005s	sys 0.000s
I20260713 09:11:03.121562   657 tablet_bootstrap.cc:492] T b71f89cd2b1b4fc4b03263bcf762ea94 P 1bff136c9fd6459883741de23faaa06c: Bootstrap starting.
I20260713 09:11:03.124521   659 tablet_bootstrap.cc:654] T 139d5d6af2c54b1fb992568ae1feb6eb P cc634ccdaec9489eb320218e99b20fe7: Neither blocks nor log segments found. Creating new log.
I20260713 09:11:03.125222   658 tablet_bootstrap.cc:654] T 81ed022f02934934af4cfb51cdc15607 P a7fb14708b414811b0eb7c53ff33de4d: Neither blocks nor log segments found. Creating new log.
I20260713 09:11:03.126958   657 tablet_bootstrap.cc:654] T b71f89cd2b1b4fc4b03263bcf762ea94 P 1bff136c9fd6459883741de23faaa06c: Neither blocks nor log segments found. Creating new log.
I20260713 09:11:03.135689   659 tablet_bootstrap.cc:492] T 139d5d6af2c54b1fb992568ae1feb6eb P cc634ccdaec9489eb320218e99b20fe7: No bootstrap required, opened a new log
I20260713 09:11:03.136165   659 ts_tablet_manager.cc:1403] T 139d5d6af2c54b1fb992568ae1feb6eb P cc634ccdaec9489eb320218e99b20fe7: Time spent bootstrapping tablet: real 0.018s	user 0.016s	sys 0.001s
I20260713 09:11:03.136487   657 tablet_bootstrap.cc:492] T b71f89cd2b1b4fc4b03263bcf762ea94 P 1bff136c9fd6459883741de23faaa06c: No bootstrap required, opened a new log
I20260713 09:11:03.136884   657 ts_tablet_manager.cc:1403] T b71f89cd2b1b4fc4b03263bcf762ea94 P 1bff136c9fd6459883741de23faaa06c: Time spent bootstrapping tablet: real 0.016s	user 0.008s	sys 0.003s
I20260713 09:11:03.130183   363 catalog_manager.cc:5697] T 99e7dd7bbc64401591a6fdea96fcbfc9 P a7fb14708b414811b0eb7c53ff33de4d reported cstate change: term changed from 0 to 1, leader changed from <none> to a7fb14708b414811b0eb7c53ff33de4d (127.31.140.195). New cstate: current_term: 1 leader_uuid: "a7fb14708b414811b0eb7c53ff33de4d" committed_config { opid_index: -1 OBSOLETE_local: false peers { permanent_uuid: "cc634ccdaec9489eb320218e99b20fe7" member_type: VOTER last_known_addr { host: "127.31.140.193" port: 46065 } health_report { overall_health: UNKNOWN } } peers { permanent_uuid: "1bff136c9fd6459883741de23faaa06c" member_type: VOTER last_known_addr { host: "127.31.140.194" port: 37861 } health_report { overall_health: UNKNOWN } } peers { permanent_uuid: "a7fb14708b414811b0eb7c53ff33de4d" member_type: VOTER last_known_addr { host: "127.31.140.195" port: 44365 } health_report { overall_health: HEALTHY } } }
I20260713 09:11:03.138677   659 raft_consensus.cc:359] T 139d5d6af2c54b1fb992568ae1feb6eb P cc634ccdaec9489eb320218e99b20fe7 [term 0 FOLLOWER]: Replica starting. Triggering 0 pending ops. Active config: opid_index: -1 OBSOLETE_local: false peers { permanent_uuid: "cc634ccdaec9489eb320218e99b20fe7" member_type: VOTER last_known_addr { host: "127.31.140.193" port: 46065 } } peers { permanent_uuid: "1bff136c9fd6459883741de23faaa06c" member_type: VOTER last_known_addr { host: "127.31.140.194" port: 37861 } } peers { permanent_uuid: "a7fb14708b414811b0eb7c53ff33de4d" member_type: VOTER last_known_addr { host: "127.31.140.195" port: 44365 } }
I20260713 09:11:03.139329   659 raft_consensus.cc:385] T 139d5d6af2c54b1fb992568ae1feb6eb P cc634ccdaec9489eb320218e99b20fe7 [term 0 FOLLOWER]: Consensus starting up: Expiring failure detector timer to make a prompt election more likely
I20260713 09:11:03.139627   659 raft_consensus.cc:740] T 139d5d6af2c54b1fb992568ae1feb6eb P cc634ccdaec9489eb320218e99b20fe7 [term 0 FOLLOWER]: Becoming Follower/Learner. State: Replica: cc634ccdaec9489eb320218e99b20fe7, State: Initialized, Role: FOLLOWER
I20260713 09:11:03.139547   657 raft_consensus.cc:359] T b71f89cd2b1b4fc4b03263bcf762ea94 P 1bff136c9fd6459883741de23faaa06c [term 0 FOLLOWER]: Replica starting. Triggering 0 pending ops. Active config: opid_index: -1 OBSOLETE_local: false peers { permanent_uuid: "cc634ccdaec9489eb320218e99b20fe7" member_type: VOTER last_known_addr { host: "127.31.140.193" port: 46065 } } peers { permanent_uuid: "1bff136c9fd6459883741de23faaa06c" member_type: VOTER last_known_addr { host: "127.31.140.194" port: 37861 } } peers { permanent_uuid: "a7fb14708b414811b0eb7c53ff33de4d" member_type: VOTER last_known_addr { host: "127.31.140.195" port: 44365 } }
I20260713 09:11:03.140269   657 raft_consensus.cc:385] T b71f89cd2b1b4fc4b03263bcf762ea94 P 1bff136c9fd6459883741de23faaa06c [term 0 FOLLOWER]: Consensus starting up: Expiring failure detector timer to make a prompt election more likely
I20260713 09:11:03.140573   657 raft_consensus.cc:740] T b71f89cd2b1b4fc4b03263bcf762ea94 P 1bff136c9fd6459883741de23faaa06c [term 0 FOLLOWER]: Becoming Follower/Learner. State: Replica: 1bff136c9fd6459883741de23faaa06c, State: Initialized, Role: FOLLOWER
I20260713 09:11:03.140341   659 consensus_queue.cc:260] T 139d5d6af2c54b1fb992568ae1feb6eb P cc634ccdaec9489eb320218e99b20fe7 [NON_LEADER]: Queue going to NON_LEADER mode. State: All replicated index: 0, Majority replicated index: 0, Committed index: 0, Last appended: 0.0, Last appended by leader: 0, Current term: 0, Majority size: -1, State: 0, Mode: NON_LEADER, active raft config: opid_index: -1 OBSOLETE_local: false peers { permanent_uuid: "cc634ccdaec9489eb320218e99b20fe7" member_type: VOTER last_known_addr { host: "127.31.140.193" port: 46065 } } peers { permanent_uuid: "1bff136c9fd6459883741de23faaa06c" member_type: VOTER last_known_addr { host: "127.31.140.194" port: 37861 } } peers { permanent_uuid: "a7fb14708b414811b0eb7c53ff33de4d" member_type: VOTER last_known_addr { host: "127.31.140.195" port: 44365 } }
I20260713 09:11:03.141223   657 consensus_queue.cc:260] T b71f89cd2b1b4fc4b03263bcf762ea94 P 1bff136c9fd6459883741de23faaa06c [NON_LEADER]: Queue going to NON_LEADER mode. State: All replicated index: 0, Majority replicated index: 0, Committed index: 0, Last appended: 0.0, Last appended by leader: 0, Current term: 0, Majority size: -1, State: 0, Mode: NON_LEADER, active raft config: opid_index: -1 OBSOLETE_local: false peers { permanent_uuid: "cc634ccdaec9489eb320218e99b20fe7" member_type: VOTER last_known_addr { host: "127.31.140.193" port: 46065 } } peers { permanent_uuid: "1bff136c9fd6459883741de23faaa06c" member_type: VOTER last_known_addr { host: "127.31.140.194" port: 37861 } } peers { permanent_uuid: "a7fb14708b414811b0eb7c53ff33de4d" member_type: VOTER last_known_addr { host: "127.31.140.195" port: 44365 } }
I20260713 09:11:03.143255   658 tablet_bootstrap.cc:492] T 81ed022f02934934af4cfb51cdc15607 P a7fb14708b414811b0eb7c53ff33de4d: No bootstrap required, opened a new log
I20260713 09:11:03.143641   658 ts_tablet_manager.cc:1403] T 81ed022f02934934af4cfb51cdc15607 P a7fb14708b414811b0eb7c53ff33de4d: Time spent bootstrapping tablet: real 0.024s	user 0.008s	sys 0.008s
I20260713 09:11:03.144793   659 ts_tablet_manager.cc:1434] T 139d5d6af2c54b1fb992568ae1feb6eb P cc634ccdaec9489eb320218e99b20fe7: Time spent starting tablet: real 0.008s	user 0.005s	sys 0.000s
I20260713 09:11:03.145596   659 tablet_bootstrap.cc:492] T 99e7dd7bbc64401591a6fdea96fcbfc9 P cc634ccdaec9489eb320218e99b20fe7: Bootstrap starting.
I20260713 09:11:03.145941   658 raft_consensus.cc:359] T 81ed022f02934934af4cfb51cdc15607 P a7fb14708b414811b0eb7c53ff33de4d [term 0 FOLLOWER]: Replica starting. Triggering 0 pending ops. Active config: opid_index: -1 OBSOLETE_local: false peers { permanent_uuid: "cc634ccdaec9489eb320218e99b20fe7" member_type: VOTER last_known_addr { host: "127.31.140.193" port: 46065 } } peers { permanent_uuid: "1bff136c9fd6459883741de23faaa06c" member_type: VOTER last_known_addr { host: "127.31.140.194" port: 37861 } } peers { permanent_uuid: "a7fb14708b414811b0eb7c53ff33de4d" member_type: VOTER last_known_addr { host: "127.31.140.195" port: 44365 } }
I20260713 09:11:03.146504   658 raft_consensus.cc:385] T 81ed022f02934934af4cfb51cdc15607 P a7fb14708b414811b0eb7c53ff33de4d [term 0 FOLLOWER]: Consensus starting up: Expiring failure detector timer to make a prompt election more likely
I20260713 09:11:03.146770   658 raft_consensus.cc:740] T 81ed022f02934934af4cfb51cdc15607 P a7fb14708b414811b0eb7c53ff33de4d [term 0 FOLLOWER]: Becoming Follower/Learner. State: Replica: a7fb14708b414811b0eb7c53ff33de4d, State: Initialized, Role: FOLLOWER
I20260713 09:11:03.147362   658 consensus_queue.cc:260] T 81ed022f02934934af4cfb51cdc15607 P a7fb14708b414811b0eb7c53ff33de4d [NON_LEADER]: Queue going to NON_LEADER mode. State: All replicated index: 0, Majority replicated index: 0, Committed index: 0, Last appended: 0.0, Last appended by leader: 0, Current term: 0, Majority size: -1, State: 0, Mode: NON_LEADER, active raft config: opid_index: -1 OBSOLETE_local: false peers { permanent_uuid: "cc634ccdaec9489eb320218e99b20fe7" member_type: VOTER last_known_addr { host: "127.31.140.193" port: 46065 } } peers { permanent_uuid: "1bff136c9fd6459883741de23faaa06c" member_type: VOTER last_known_addr { host: "127.31.140.194" port: 37861 } } peers { permanent_uuid: "a7fb14708b414811b0eb7c53ff33de4d" member_type: VOTER last_known_addr { host: "127.31.140.195" port: 44365 } }
I20260713 09:11:03.149197   658 ts_tablet_manager.cc:1434] T 81ed022f02934934af4cfb51cdc15607 P a7fb14708b414811b0eb7c53ff33de4d: Time spent starting tablet: real 0.005s	user 0.004s	sys 0.000s
I20260713 09:11:03.150008   658 tablet_bootstrap.cc:492] T 467525619d854a8f8442c4ca17cb7e8c P a7fb14708b414811b0eb7c53ff33de4d: Bootstrap starting.
I20260713 09:11:03.151278   659 tablet_bootstrap.cc:654] T 99e7dd7bbc64401591a6fdea96fcbfc9 P cc634ccdaec9489eb320218e99b20fe7: Neither blocks nor log segments found. Creating new log.
I20260713 09:11:03.152102   657 ts_tablet_manager.cc:1434] T b71f89cd2b1b4fc4b03263bcf762ea94 P 1bff136c9fd6459883741de23faaa06c: Time spent starting tablet: real 0.015s	user 0.005s	sys 0.001s
I20260713 09:11:03.158358   658 tablet_bootstrap.cc:654] T 467525619d854a8f8442c4ca17cb7e8c P a7fb14708b414811b0eb7c53ff33de4d: Neither blocks nor log segments found. Creating new log.
I20260713 09:11:03.160971   659 tablet_bootstrap.cc:492] T 99e7dd7bbc64401591a6fdea96fcbfc9 P cc634ccdaec9489eb320218e99b20fe7: No bootstrap required, opened a new log
I20260713 09:11:03.161605   659 ts_tablet_manager.cc:1403] T 99e7dd7bbc64401591a6fdea96fcbfc9 P cc634ccdaec9489eb320218e99b20fe7: Time spent bootstrapping tablet: real 0.016s	user 0.007s	sys 0.008s
I20260713 09:11:03.162237   665 raft_consensus.cc:493] T b71f89cd2b1b4fc4b03263bcf762ea94 P cc634ccdaec9489eb320218e99b20fe7 [term 0 FOLLOWER]: Starting pre-election (no leader contacted us within the election timeout)
I20260713 09:11:03.162906   665 raft_consensus.cc:515] T b71f89cd2b1b4fc4b03263bcf762ea94 P cc634ccdaec9489eb320218e99b20fe7 [term 0 FOLLOWER]: Starting pre-election with config: opid_index: -1 OBSOLETE_local: false peers { permanent_uuid: "cc634ccdaec9489eb320218e99b20fe7" member_type: VOTER last_known_addr { host: "127.31.140.193" port: 46065 } } peers { permanent_uuid: "1bff136c9fd6459883741de23faaa06c" member_type: VOTER last_known_addr { host: "127.31.140.194" port: 37861 } } peers { permanent_uuid: "a7fb14708b414811b0eb7c53ff33de4d" member_type: VOTER last_known_addr { host: "127.31.140.195" port: 44365 } }
I20260713 09:11:03.166385   542 tablet_service.cc:1917] Received RequestConsensusVote() RPC: tablet_id: "b71f89cd2b1b4fc4b03263bcf762ea94" candidate_uuid: "cc634ccdaec9489eb320218e99b20fe7" candidate_term: 1 candidate_status { last_received { term: 0 index: 0 } } ignore_live_leader: false dest_uuid: "1bff136c9fd6459883741de23faaa06c" is_pre_election: true
I20260713 09:11:03.167114   542 raft_consensus.cc:2468] T b71f89cd2b1b4fc4b03263bcf762ea94 P 1bff136c9fd6459883741de23faaa06c [term 0 FOLLOWER]: Leader pre-election vote request: Granting yes vote for candidate cc634ccdaec9489eb320218e99b20fe7 in term 0.
I20260713 09:11:03.167995   431 leader_election.cc:304] T b71f89cd2b1b4fc4b03263bcf762ea94 P cc634ccdaec9489eb320218e99b20fe7 [CANDIDATE]: Term 1 pre-election: Election decided. Result: candidate won. Election summary: received 2 responses out of 3 voters: 2 yes votes; 0 no votes. yes voters: 1bff136c9fd6459883741de23faaa06c, cc634ccdaec9489eb320218e99b20fe7; no voters: 
I20260713 09:11:03.168118   665 leader_election.cc:290] T b71f89cd2b1b4fc4b03263bcf762ea94 P cc634ccdaec9489eb320218e99b20fe7 [CANDIDATE]: Term 1 pre-election: Requested pre-vote from peers 1bff136c9fd6459883741de23faaa06c (127.31.140.194:37861), a7fb14708b414811b0eb7c53ff33de4d (127.31.140.195:44365)
I20260713 09:11:03.168329   616 tablet_service.cc:1917] Received RequestConsensusVote() RPC: tablet_id: "b71f89cd2b1b4fc4b03263bcf762ea94" candidate_uuid: "cc634ccdaec9489eb320218e99b20fe7" candidate_term: 1 candidate_status { last_received { term: 0 index: 0 } } ignore_live_leader: false dest_uuid: "a7fb14708b414811b0eb7c53ff33de4d" is_pre_election: true
I20260713 09:11:03.168700   658 tablet_bootstrap.cc:492] T 467525619d854a8f8442c4ca17cb7e8c P a7fb14708b414811b0eb7c53ff33de4d: No bootstrap required, opened a new log
I20260713 09:11:03.168738   665 raft_consensus.cc:2804] T b71f89cd2b1b4fc4b03263bcf762ea94 P cc634ccdaec9489eb320218e99b20fe7 [term 0 FOLLOWER]: Leader pre-election won for term 1
I20260713 09:11:03.168926   616 raft_consensus.cc:2468] T b71f89cd2b1b4fc4b03263bcf762ea94 P a7fb14708b414811b0eb7c53ff33de4d [term 0 FOLLOWER]: Leader pre-election vote request: Granting yes vote for candidate cc634ccdaec9489eb320218e99b20fe7 in term 0.
I20260713 09:11:03.169224   658 ts_tablet_manager.cc:1403] T 467525619d854a8f8442c4ca17cb7e8c P a7fb14708b414811b0eb7c53ff33de4d: Time spent bootstrapping tablet: real 0.019s	user 0.008s	sys 0.008s
I20260713 09:11:03.169157   665 raft_consensus.cc:493] T b71f89cd2b1b4fc4b03263bcf762ea94 P cc634ccdaec9489eb320218e99b20fe7 [term 0 FOLLOWER]: Starting leader election (no leader contacted us within the election timeout)
I20260713 09:11:03.169646   665 raft_consensus.cc:3060] T b71f89cd2b1b4fc4b03263bcf762ea94 P cc634ccdaec9489eb320218e99b20fe7 [term 0 FOLLOWER]: Advancing to term 1
I20260713 09:11:03.171775   658 raft_consensus.cc:359] T 467525619d854a8f8442c4ca17cb7e8c P a7fb14708b414811b0eb7c53ff33de4d [term 0 FOLLOWER]: Replica starting. Triggering 0 pending ops. Active config: opid_index: -1 OBSOLETE_local: false peers { permanent_uuid: "cc634ccdaec9489eb320218e99b20fe7" member_type: VOTER last_known_addr { host: "127.31.140.193" port: 46065 } } peers { permanent_uuid: "1bff136c9fd6459883741de23faaa06c" member_type: VOTER last_known_addr { host: "127.31.140.194" port: 37861 } } peers { permanent_uuid: "a7fb14708b414811b0eb7c53ff33de4d" member_type: VOTER last_known_addr { host: "127.31.140.195" port: 44365 } }
I20260713 09:11:03.172355   658 raft_consensus.cc:385] T 467525619d854a8f8442c4ca17cb7e8c P a7fb14708b414811b0eb7c53ff33de4d [term 0 FOLLOWER]: Consensus starting up: Expiring failure detector timer to make a prompt election more likely
I20260713 09:11:03.172610   658 raft_consensus.cc:740] T 467525619d854a8f8442c4ca17cb7e8c P a7fb14708b414811b0eb7c53ff33de4d [term 0 FOLLOWER]: Becoming Follower/Learner. State: Replica: a7fb14708b414811b0eb7c53ff33de4d, State: Initialized, Role: FOLLOWER
I20260713 09:11:03.173235   658 consensus_queue.cc:260] T 467525619d854a8f8442c4ca17cb7e8c P a7fb14708b414811b0eb7c53ff33de4d [NON_LEADER]: Queue going to NON_LEADER mode. State: All replicated index: 0, Majority replicated index: 0, Committed index: 0, Last appended: 0.0, Last appended by leader: 0, Current term: 0, Majority size: -1, State: 0, Mode: NON_LEADER, active raft config: opid_index: -1 OBSOLETE_local: false peers { permanent_uuid: "cc634ccdaec9489eb320218e99b20fe7" member_type: VOTER last_known_addr { host: "127.31.140.193" port: 46065 } } peers { permanent_uuid: "1bff136c9fd6459883741de23faaa06c" member_type: VOTER last_known_addr { host: "127.31.140.194" port: 37861 } } peers { permanent_uuid: "a7fb14708b414811b0eb7c53ff33de4d" member_type: VOTER last_known_addr { host: "127.31.140.195" port: 44365 } }
I20260713 09:11:03.174152   659 raft_consensus.cc:359] T 99e7dd7bbc64401591a6fdea96fcbfc9 P cc634ccdaec9489eb320218e99b20fe7 [term 0 FOLLOWER]: Replica starting. Triggering 0 pending ops. Active config: opid_index: -1 OBSOLETE_local: false peers { permanent_uuid: "cc634ccdaec9489eb320218e99b20fe7" member_type: VOTER last_known_addr { host: "127.31.140.193" port: 46065 } } peers { permanent_uuid: "1bff136c9fd6459883741de23faaa06c" member_type: VOTER last_known_addr { host: "127.31.140.194" port: 37861 } } peers { permanent_uuid: "a7fb14708b414811b0eb7c53ff33de4d" member_type: VOTER last_known_addr { host: "127.31.140.195" port: 44365 } }
I20260713 09:11:03.174988   658 ts_tablet_manager.cc:1434] T 467525619d854a8f8442c4ca17cb7e8c P a7fb14708b414811b0eb7c53ff33de4d: Time spent starting tablet: real 0.005s	user 0.007s	sys 0.000s
I20260713 09:11:03.175848   665 raft_consensus.cc:515] T b71f89cd2b1b4fc4b03263bcf762ea94 P cc634ccdaec9489eb320218e99b20fe7 [term 1 FOLLOWER]: Starting leader election with config: opid_index: -1 OBSOLETE_local: false peers { permanent_uuid: "cc634ccdaec9489eb320218e99b20fe7" member_type: VOTER last_known_addr { host: "127.31.140.193" port: 46065 } } peers { permanent_uuid: "1bff136c9fd6459883741de23faaa06c" member_type: VOTER last_known_addr { host: "127.31.140.194" port: 37861 } } peers { permanent_uuid: "a7fb14708b414811b0eb7c53ff33de4d" member_type: VOTER last_known_addr { host: "127.31.140.195" port: 44365 } }
I20260713 09:11:03.178081   542 tablet_service.cc:1917] Received RequestConsensusVote() RPC: tablet_id: "b71f89cd2b1b4fc4b03263bcf762ea94" candidate_uuid: "cc634ccdaec9489eb320218e99b20fe7" candidate_term: 1 candidate_status { last_received { term: 0 index: 0 } } ignore_live_leader: false dest_uuid: "1bff136c9fd6459883741de23faaa06c"
I20260713 09:11:03.178398   616 tablet_service.cc:1917] Received RequestConsensusVote() RPC: tablet_id: "b71f89cd2b1b4fc4b03263bcf762ea94" candidate_uuid: "cc634ccdaec9489eb320218e99b20fe7" candidate_term: 1 candidate_status { last_received { term: 0 index: 0 } } ignore_live_leader: false dest_uuid: "a7fb14708b414811b0eb7c53ff33de4d"
I20260713 09:11:03.174825   659 raft_consensus.cc:385] T 99e7dd7bbc64401591a6fdea96fcbfc9 P cc634ccdaec9489eb320218e99b20fe7 [term 0 FOLLOWER]: Consensus starting up: Expiring failure detector timer to make a prompt election more likely
I20260713 09:11:03.178589   542 raft_consensus.cc:3060] T b71f89cd2b1b4fc4b03263bcf762ea94 P 1bff136c9fd6459883741de23faaa06c [term 0 FOLLOWER]: Advancing to term 1
I20260713 09:11:03.178915   616 raft_consensus.cc:3060] T b71f89cd2b1b4fc4b03263bcf762ea94 P a7fb14708b414811b0eb7c53ff33de4d [term 0 FOLLOWER]: Advancing to term 1
I20260713 09:11:03.178953   659 raft_consensus.cc:740] T 99e7dd7bbc64401591a6fdea96fcbfc9 P cc634ccdaec9489eb320218e99b20fe7 [term 0 FOLLOWER]: Becoming Follower/Learner. State: Replica: cc634ccdaec9489eb320218e99b20fe7, State: Initialized, Role: FOLLOWER
I20260713 09:11:03.179744   659 consensus_queue.cc:260] T 99e7dd7bbc64401591a6fdea96fcbfc9 P cc634ccdaec9489eb320218e99b20fe7 [NON_LEADER]: Queue going to NON_LEADER mode. State: All replicated index: 0, Majority replicated index: 0, Committed index: 0, Last appended: 0.0, Last appended by leader: 0, Current term: 0, Majority size: -1, State: 0, Mode: NON_LEADER, active raft config: opid_index: -1 OBSOLETE_local: false peers { permanent_uuid: "cc634ccdaec9489eb320218e99b20fe7" member_type: VOTER last_known_addr { host: "127.31.140.193" port: 46065 } } peers { permanent_uuid: "1bff136c9fd6459883741de23faaa06c" member_type: VOTER last_known_addr { host: "127.31.140.194" port: 37861 } } peers { permanent_uuid: "a7fb14708b414811b0eb7c53ff33de4d" member_type: VOTER last_known_addr { host: "127.31.140.195" port: 44365 } }
I20260713 09:11:03.181609   659 ts_tablet_manager.cc:1434] T 99e7dd7bbc64401591a6fdea96fcbfc9 P cc634ccdaec9489eb320218e99b20fe7: Time spent starting tablet: real 0.013s	user 0.003s	sys 0.000s
I20260713 09:11:03.182502   665 leader_election.cc:290] T b71f89cd2b1b4fc4b03263bcf762ea94 P cc634ccdaec9489eb320218e99b20fe7 [CANDIDATE]: Term 1 election: Requested vote from peers 1bff136c9fd6459883741de23faaa06c (127.31.140.194:37861), a7fb14708b414811b0eb7c53ff33de4d (127.31.140.195:44365)
I20260713 09:11:03.185030   616 raft_consensus.cc:2468] T b71f89cd2b1b4fc4b03263bcf762ea94 P a7fb14708b414811b0eb7c53ff33de4d [term 1 FOLLOWER]: Leader election vote request: Granting yes vote for candidate cc634ccdaec9489eb320218e99b20fe7 in term 1.
I20260713 09:11:03.186111   542 raft_consensus.cc:2468] T b71f89cd2b1b4fc4b03263bcf762ea94 P 1bff136c9fd6459883741de23faaa06c [term 1 FOLLOWER]: Leader election vote request: Granting yes vote for candidate cc634ccdaec9489eb320218e99b20fe7 in term 1.
I20260713 09:11:03.186152   433 leader_election.cc:304] T b71f89cd2b1b4fc4b03263bcf762ea94 P cc634ccdaec9489eb320218e99b20fe7 [CANDIDATE]: Term 1 election: Election decided. Result: candidate won. Election summary: received 2 responses out of 3 voters: 2 yes votes; 0 no votes. yes voters: a7fb14708b414811b0eb7c53ff33de4d, cc634ccdaec9489eb320218e99b20fe7; no voters: 
I20260713 09:11:03.186113   674 raft_consensus.cc:493] T 467525619d854a8f8442c4ca17cb7e8c P 1bff136c9fd6459883741de23faaa06c [term 0 FOLLOWER]: Starting pre-election (no leader contacted us within the election timeout)
I20260713 09:11:03.187207   665 raft_consensus.cc:2804] T b71f89cd2b1b4fc4b03263bcf762ea94 P cc634ccdaec9489eb320218e99b20fe7 [term 1 FOLLOWER]: Leader election won for term 1
I20260713 09:11:03.187772   665 raft_consensus.cc:697] T b71f89cd2b1b4fc4b03263bcf762ea94 P cc634ccdaec9489eb320218e99b20fe7 [term 1 LEADER]: Becoming Leader. State: Replica: cc634ccdaec9489eb320218e99b20fe7, State: Running, Role: LEADER
I20260713 09:11:03.187454   674 raft_consensus.cc:515] T 467525619d854a8f8442c4ca17cb7e8c P 1bff136c9fd6459883741de23faaa06c [term 0 FOLLOWER]: Starting pre-election with config: opid_index: -1 OBSOLETE_local: false peers { permanent_uuid: "cc634ccdaec9489eb320218e99b20fe7" member_type: VOTER last_known_addr { host: "127.31.140.193" port: 46065 } } peers { permanent_uuid: "1bff136c9fd6459883741de23faaa06c" member_type: VOTER last_known_addr { host: "127.31.140.194" port: 37861 } } peers { permanent_uuid: "a7fb14708b414811b0eb7c53ff33de4d" member_type: VOTER last_known_addr { host: "127.31.140.195" port: 44365 } }
I20260713 09:11:03.188452   665 consensus_queue.cc:237] T b71f89cd2b1b4fc4b03263bcf762ea94 P cc634ccdaec9489eb320218e99b20fe7 [LEADER]: Queue going to LEADER mode. State: All replicated index: 0, Majority replicated index: 0, Committed index: 0, Last appended: 0.0, Last appended by leader: 0, Current term: 1, Majority size: 2, State: 0, Mode: LEADER, active raft config: opid_index: -1 OBSOLETE_local: false peers { permanent_uuid: "cc634ccdaec9489eb320218e99b20fe7" member_type: VOTER last_known_addr { host: "127.31.140.193" port: 46065 } } peers { permanent_uuid: "1bff136c9fd6459883741de23faaa06c" member_type: VOTER last_known_addr { host: "127.31.140.194" port: 37861 } } peers { permanent_uuid: "a7fb14708b414811b0eb7c53ff33de4d" member_type: VOTER last_known_addr { host: "127.31.140.195" port: 44365 } }
I20260713 09:11:03.189253   674 leader_election.cc:290] T 467525619d854a8f8442c4ca17cb7e8c P 1bff136c9fd6459883741de23faaa06c [CANDIDATE]: Term 1 pre-election: Requested pre-vote from peers cc634ccdaec9489eb320218e99b20fe7 (127.31.140.193:46065), a7fb14708b414811b0eb7c53ff33de4d (127.31.140.195:44365)
I20260713 09:11:03.190493   467 tablet_service.cc:1917] Received RequestConsensusVote() RPC: tablet_id: "467525619d854a8f8442c4ca17cb7e8c" candidate_uuid: "1bff136c9fd6459883741de23faaa06c" candidate_term: 1 candidate_status { last_received { term: 0 index: 0 } } ignore_live_leader: false dest_uuid: "cc634ccdaec9489eb320218e99b20fe7" is_pre_election: true
I20260713 09:11:03.190493   616 tablet_service.cc:1917] Received RequestConsensusVote() RPC: tablet_id: "467525619d854a8f8442c4ca17cb7e8c" candidate_uuid: "1bff136c9fd6459883741de23faaa06c" candidate_term: 1 candidate_status { last_received { term: 0 index: 0 } } ignore_live_leader: false dest_uuid: "a7fb14708b414811b0eb7c53ff33de4d" is_pre_election: true
I20260713 09:11:03.191208   467 raft_consensus.cc:2468] T 467525619d854a8f8442c4ca17cb7e8c P cc634ccdaec9489eb320218e99b20fe7 [term 0 FOLLOWER]: Leader pre-election vote request: Granting yes vote for candidate 1bff136c9fd6459883741de23faaa06c in term 0.
I20260713 09:11:03.191282   616 raft_consensus.cc:2468] T 467525619d854a8f8442c4ca17cb7e8c P a7fb14708b414811b0eb7c53ff33de4d [term 0 FOLLOWER]: Leader pre-election vote request: Granting yes vote for candidate 1bff136c9fd6459883741de23faaa06c in term 0.
I20260713 09:11:03.192234   508 leader_election.cc:304] T 467525619d854a8f8442c4ca17cb7e8c P 1bff136c9fd6459883741de23faaa06c [CANDIDATE]: Term 1 pre-election: Election decided. Result: candidate won. Election summary: received 2 responses out of 3 voters: 2 yes votes; 0 no votes. yes voters: 1bff136c9fd6459883741de23faaa06c, cc634ccdaec9489eb320218e99b20fe7; no voters: 
I20260713 09:11:03.192978   674 raft_consensus.cc:2804] T 467525619d854a8f8442c4ca17cb7e8c P 1bff136c9fd6459883741de23faaa06c [term 0 FOLLOWER]: Leader pre-election won for term 1
I20260713 09:11:03.193325   674 raft_consensus.cc:493] T 467525619d854a8f8442c4ca17cb7e8c P 1bff136c9fd6459883741de23faaa06c [term 0 FOLLOWER]: Starting leader election (no leader contacted us within the election timeout)
I20260713 09:11:03.193717   674 raft_consensus.cc:3060] T 467525619d854a8f8442c4ca17cb7e8c P 1bff136c9fd6459883741de23faaa06c [term 0 FOLLOWER]: Advancing to term 1
I20260713 09:11:03.197268   686 raft_consensus.cc:493] T 81ed022f02934934af4cfb51cdc15607 P a7fb14708b414811b0eb7c53ff33de4d [term 0 FOLLOWER]: Starting pre-election (no leader contacted us within the election timeout)
I20260713 09:11:03.197636   686 raft_consensus.cc:515] T 81ed022f02934934af4cfb51cdc15607 P a7fb14708b414811b0eb7c53ff33de4d [term 0 FOLLOWER]: Starting pre-election with config: opid_index: -1 OBSOLETE_local: false peers { permanent_uuid: "cc634ccdaec9489eb320218e99b20fe7" member_type: VOTER last_known_addr { host: "127.31.140.193" port: 46065 } } peers { permanent_uuid: "1bff136c9fd6459883741de23faaa06c" member_type: VOTER last_known_addr { host: "127.31.140.194" port: 37861 } } peers { permanent_uuid: "a7fb14708b414811b0eb7c53ff33de4d" member_type: VOTER last_known_addr { host: "127.31.140.195" port: 44365 } }
I20260713 09:11:03.198518   363 catalog_manager.cc:5697] T b71f89cd2b1b4fc4b03263bcf762ea94 P cc634ccdaec9489eb320218e99b20fe7 reported cstate change: term changed from 0 to 1, leader changed from <none> to cc634ccdaec9489eb320218e99b20fe7 (127.31.140.193). New cstate: current_term: 1 leader_uuid: "cc634ccdaec9489eb320218e99b20fe7" committed_config { opid_index: -1 OBSOLETE_local: false peers { permanent_uuid: "cc634ccdaec9489eb320218e99b20fe7" member_type: VOTER last_known_addr { host: "127.31.140.193" port: 46065 } health_report { overall_health: HEALTHY } } peers { permanent_uuid: "1bff136c9fd6459883741de23faaa06c" member_type: VOTER last_known_addr { host: "127.31.140.194" port: 37861 } health_report { overall_health: UNKNOWN } } peers { permanent_uuid: "a7fb14708b414811b0eb7c53ff33de4d" member_type: VOTER last_known_addr { host: "127.31.140.195" port: 44365 } health_report { overall_health: UNKNOWN } } }
I20260713 09:11:03.199404   686 leader_election.cc:290] T 81ed022f02934934af4cfb51cdc15607 P a7fb14708b414811b0eb7c53ff33de4d [CANDIDATE]: Term 1 pre-election: Requested pre-vote from peers cc634ccdaec9489eb320218e99b20fe7 (127.31.140.193:46065), 1bff136c9fd6459883741de23faaa06c (127.31.140.194:37861)
I20260713 09:11:03.199939   467 tablet_service.cc:1917] Received RequestConsensusVote() RPC: tablet_id: "81ed022f02934934af4cfb51cdc15607" candidate_uuid: "a7fb14708b414811b0eb7c53ff33de4d" candidate_term: 1 candidate_status { last_received { term: 0 index: 0 } } ignore_live_leader: false dest_uuid: "cc634ccdaec9489eb320218e99b20fe7" is_pre_election: true
I20260713 09:11:03.200026   674 raft_consensus.cc:515] T 467525619d854a8f8442c4ca17cb7e8c P 1bff136c9fd6459883741de23faaa06c [term 1 FOLLOWER]: Starting leader election with config: opid_index: -1 OBSOLETE_local: false peers { permanent_uuid: "cc634ccdaec9489eb320218e99b20fe7" member_type: VOTER last_known_addr { host: "127.31.140.193" port: 46065 } } peers { permanent_uuid: "1bff136c9fd6459883741de23faaa06c" member_type: VOTER last_known_addr { host: "127.31.140.194" port: 37861 } } peers { permanent_uuid: "a7fb14708b414811b0eb7c53ff33de4d" member_type: VOTER last_known_addr { host: "127.31.140.195" port: 44365 } }
I20260713 09:11:03.200711   467 raft_consensus.cc:2393] T 81ed022f02934934af4cfb51cdc15607 P cc634ccdaec9489eb320218e99b20fe7 [term 1 FOLLOWER]: Leader pre-election vote request: Denying vote to candidate a7fb14708b414811b0eb7c53ff33de4d in current term 1: Already voted for candidate 1bff136c9fd6459883741de23faaa06c in this term.
I20260713 09:11:03.201092   542 tablet_service.cc:1917] Received RequestConsensusVote() RPC: tablet_id: "81ed022f02934934af4cfb51cdc15607" candidate_uuid: "a7fb14708b414811b0eb7c53ff33de4d" candidate_term: 1 candidate_status { last_received { term: 0 index: 0 } } ignore_live_leader: false dest_uuid: "1bff136c9fd6459883741de23faaa06c" is_pre_election: true
I20260713 09:11:03.201987   674 leader_election.cc:290] T 467525619d854a8f8442c4ca17cb7e8c P 1bff136c9fd6459883741de23faaa06c [CANDIDATE]: Term 1 election: Requested vote from peers cc634ccdaec9489eb320218e99b20fe7 (127.31.140.193:46065), a7fb14708b414811b0eb7c53ff33de4d (127.31.140.195:44365)
I20260713 09:11:03.202996   467 tablet_service.cc:1917] Received RequestConsensusVote() RPC: tablet_id: "467525619d854a8f8442c4ca17cb7e8c" candidate_uuid: "1bff136c9fd6459883741de23faaa06c" candidate_term: 1 candidate_status { last_received { term: 0 index: 0 } } ignore_live_leader: false dest_uuid: "cc634ccdaec9489eb320218e99b20fe7"
I20260713 09:11:03.202996   616 tablet_service.cc:1917] Received RequestConsensusVote() RPC: tablet_id: "467525619d854a8f8442c4ca17cb7e8c" candidate_uuid: "1bff136c9fd6459883741de23faaa06c" candidate_term: 1 candidate_status { last_received { term: 0 index: 0 } } ignore_live_leader: false dest_uuid: "a7fb14708b414811b0eb7c53ff33de4d"
I20260713 09:11:03.203215   581 leader_election.cc:304] T 81ed022f02934934af4cfb51cdc15607 P a7fb14708b414811b0eb7c53ff33de4d [CANDIDATE]: Term 1 pre-election: Election decided. Result: candidate lost. Election summary: received 3 responses out of 3 voters: 1 yes votes; 2 no votes. yes voters: a7fb14708b414811b0eb7c53ff33de4d; no voters: 1bff136c9fd6459883741de23faaa06c, cc634ccdaec9489eb320218e99b20fe7
I20260713 09:11:03.203712   467 raft_consensus.cc:3060] T 467525619d854a8f8442c4ca17cb7e8c P cc634ccdaec9489eb320218e99b20fe7 [term 0 FOLLOWER]: Advancing to term 1
I20260713 09:11:03.203985   686 raft_consensus.cc:3060] T 81ed022f02934934af4cfb51cdc15607 P a7fb14708b414811b0eb7c53ff33de4d [term 0 FOLLOWER]: Advancing to term 1
I20260713 09:11:03.210291   686 raft_consensus.cc:2749] T 81ed022f02934934af4cfb51cdc15607 P a7fb14708b414811b0eb7c53ff33de4d [term 1 FOLLOWER]: Leader pre-election lost for term 1. Reason: could not achieve majority
I20260713 09:11:03.203715   616 raft_consensus.cc:3060] T 467525619d854a8f8442c4ca17cb7e8c P a7fb14708b414811b0eb7c53ff33de4d [term 0 FOLLOWER]: Advancing to term 1
I20260713 09:11:03.210742   467 raft_consensus.cc:2468] T 467525619d854a8f8442c4ca17cb7e8c P cc634ccdaec9489eb320218e99b20fe7 [term 1 FOLLOWER]: Leader election vote request: Granting yes vote for candidate 1bff136c9fd6459883741de23faaa06c in term 1.
I20260713 09:11:03.211776   508 leader_election.cc:304] T 467525619d854a8f8442c4ca17cb7e8c P 1bff136c9fd6459883741de23faaa06c [CANDIDATE]: Term 1 election: Election decided. Result: candidate won. Election summary: received 2 responses out of 3 voters: 2 yes votes; 0 no votes. yes voters: 1bff136c9fd6459883741de23faaa06c, cc634ccdaec9489eb320218e99b20fe7; no voters: 
I20260713 09:11:03.212476   674 raft_consensus.cc:2804] T 467525619d854a8f8442c4ca17cb7e8c P 1bff136c9fd6459883741de23faaa06c [term 1 FOLLOWER]: Leader election won for term 1
I20260713 09:11:03.212862   674 raft_consensus.cc:697] T 467525619d854a8f8442c4ca17cb7e8c P 1bff136c9fd6459883741de23faaa06c [term 1 LEADER]: Becoming Leader. State: Replica: 1bff136c9fd6459883741de23faaa06c, State: Running, Role: LEADER
I20260713 09:11:03.213512   674 consensus_queue.cc:237] T 467525619d854a8f8442c4ca17cb7e8c P 1bff136c9fd6459883741de23faaa06c [LEADER]: Queue going to LEADER mode. State: All replicated index: 0, Majority replicated index: 0, Committed index: 0, Last appended: 0.0, Last appended by leader: 0, Current term: 1, Majority size: 2, State: 0, Mode: LEADER, active raft config: opid_index: -1 OBSOLETE_local: false peers { permanent_uuid: "cc634ccdaec9489eb320218e99b20fe7" member_type: VOTER last_known_addr { host: "127.31.140.193" port: 46065 } } peers { permanent_uuid: "1bff136c9fd6459883741de23faaa06c" member_type: VOTER last_known_addr { host: "127.31.140.194" port: 37861 } } peers { permanent_uuid: "a7fb14708b414811b0eb7c53ff33de4d" member_type: VOTER last_known_addr { host: "127.31.140.195" port: 44365 } }
I20260713 09:11:03.215839   616 raft_consensus.cc:2468] T 467525619d854a8f8442c4ca17cb7e8c P a7fb14708b414811b0eb7c53ff33de4d [term 1 FOLLOWER]: Leader election vote request: Granting yes vote for candidate 1bff136c9fd6459883741de23faaa06c in term 1.
I20260713 09:11:03.220234   363 catalog_manager.cc:5697] T 467525619d854a8f8442c4ca17cb7e8c P 1bff136c9fd6459883741de23faaa06c reported cstate change: term changed from 0 to 1, leader changed from <none> to 1bff136c9fd6459883741de23faaa06c (127.31.140.194). New cstate: current_term: 1 leader_uuid: "1bff136c9fd6459883741de23faaa06c" committed_config { opid_index: -1 OBSOLETE_local: false peers { permanent_uuid: "cc634ccdaec9489eb320218e99b20fe7" member_type: VOTER last_known_addr { host: "127.31.140.193" port: 46065 } health_report { overall_health: UNKNOWN } } peers { permanent_uuid: "1bff136c9fd6459883741de23faaa06c" member_type: VOTER last_known_addr { host: "127.31.140.194" port: 37861 } health_report { overall_health: HEALTHY } } peers { permanent_uuid: "a7fb14708b414811b0eb7c53ff33de4d" member_type: VOTER last_known_addr { host: "127.31.140.195" port: 44365 } health_report { overall_health: UNKNOWN } } }
I20260713 09:11:03.237511   674 raft_consensus.cc:493] T 139d5d6af2c54b1fb992568ae1feb6eb P 1bff136c9fd6459883741de23faaa06c [term 0 FOLLOWER]: Starting pre-election (no leader contacted us within the election timeout)
I20260713 09:11:03.237962   674 raft_consensus.cc:515] T 139d5d6af2c54b1fb992568ae1feb6eb P 1bff136c9fd6459883741de23faaa06c [term 0 FOLLOWER]: Starting pre-election with config: opid_index: -1 OBSOLETE_local: false peers { permanent_uuid: "cc634ccdaec9489eb320218e99b20fe7" member_type: VOTER last_known_addr { host: "127.31.140.193" port: 46065 } } peers { permanent_uuid: "1bff136c9fd6459883741de23faaa06c" member_type: VOTER last_known_addr { host: "127.31.140.194" port: 37861 } } peers { permanent_uuid: "a7fb14708b414811b0eb7c53ff33de4d" member_type: VOTER last_known_addr { host: "127.31.140.195" port: 44365 } }
I20260713 09:11:03.239598   674 leader_election.cc:290] T 139d5d6af2c54b1fb992568ae1feb6eb P 1bff136c9fd6459883741de23faaa06c [CANDIDATE]: Term 1 pre-election: Requested pre-vote from peers cc634ccdaec9489eb320218e99b20fe7 (127.31.140.193:46065), a7fb14708b414811b0eb7c53ff33de4d (127.31.140.195:44365)
I20260713 09:11:03.240307   467 tablet_service.cc:1917] Received RequestConsensusVote() RPC: tablet_id: "139d5d6af2c54b1fb992568ae1feb6eb" candidate_uuid: "1bff136c9fd6459883741de23faaa06c" candidate_term: 1 candidate_status { last_received { term: 0 index: 0 } } ignore_live_leader: false dest_uuid: "cc634ccdaec9489eb320218e99b20fe7" is_pre_election: true
I20260713 09:11:03.240640   616 tablet_service.cc:1917] Received RequestConsensusVote() RPC: tablet_id: "139d5d6af2c54b1fb992568ae1feb6eb" candidate_uuid: "1bff136c9fd6459883741de23faaa06c" candidate_term: 1 candidate_status { last_received { term: 0 index: 0 } } ignore_live_leader: false dest_uuid: "a7fb14708b414811b0eb7c53ff33de4d" is_pre_election: true
I20260713 09:11:03.240962   467 raft_consensus.cc:2468] T 139d5d6af2c54b1fb992568ae1feb6eb P cc634ccdaec9489eb320218e99b20fe7 [term 0 FOLLOWER]: Leader pre-election vote request: Granting yes vote for candidate 1bff136c9fd6459883741de23faaa06c in term 0.
I20260713 09:11:03.241194   616 raft_consensus.cc:2468] T 139d5d6af2c54b1fb992568ae1feb6eb P a7fb14708b414811b0eb7c53ff33de4d [term 0 FOLLOWER]: Leader pre-election vote request: Granting yes vote for candidate 1bff136c9fd6459883741de23faaa06c in term 0.
I20260713 09:11:03.242003   508 leader_election.cc:304] T 139d5d6af2c54b1fb992568ae1feb6eb P 1bff136c9fd6459883741de23faaa06c [CANDIDATE]: Term 1 pre-election: Election decided. Result: candidate won. Election summary: received 2 responses out of 3 voters: 2 yes votes; 0 no votes. yes voters: 1bff136c9fd6459883741de23faaa06c, cc634ccdaec9489eb320218e99b20fe7; no voters: 
I20260713 09:11:03.242760   674 raft_consensus.cc:2804] T 139d5d6af2c54b1fb992568ae1feb6eb P 1bff136c9fd6459883741de23faaa06c [term 0 FOLLOWER]: Leader pre-election won for term 1
I20260713 09:11:03.243068   674 raft_consensus.cc:493] T 139d5d6af2c54b1fb992568ae1feb6eb P 1bff136c9fd6459883741de23faaa06c [term 0 FOLLOWER]: Starting leader election (no leader contacted us within the election timeout)
I20260713 09:11:03.243335   674 raft_consensus.cc:3060] T 139d5d6af2c54b1fb992568ae1feb6eb P 1bff136c9fd6459883741de23faaa06c [term 0 FOLLOWER]: Advancing to term 1
I20260713 09:11:03.247503   674 raft_consensus.cc:515] T 139d5d6af2c54b1fb992568ae1feb6eb P 1bff136c9fd6459883741de23faaa06c [term 1 FOLLOWER]: Starting leader election with config: opid_index: -1 OBSOLETE_local: false peers { permanent_uuid: "cc634ccdaec9489eb320218e99b20fe7" member_type: VOTER last_known_addr { host: "127.31.140.193" port: 46065 } } peers { permanent_uuid: "1bff136c9fd6459883741de23faaa06c" member_type: VOTER last_known_addr { host: "127.31.140.194" port: 37861 } } peers { permanent_uuid: "a7fb14708b414811b0eb7c53ff33de4d" member_type: VOTER last_known_addr { host: "127.31.140.195" port: 44365 } }
I20260713 09:11:03.248986   674 leader_election.cc:290] T 139d5d6af2c54b1fb992568ae1feb6eb P 1bff136c9fd6459883741de23faaa06c [CANDIDATE]: Term 1 election: Requested vote from peers cc634ccdaec9489eb320218e99b20fe7 (127.31.140.193:46065), a7fb14708b414811b0eb7c53ff33de4d (127.31.140.195:44365)
I20260713 09:11:03.249634   467 tablet_service.cc:1917] Received RequestConsensusVote() RPC: tablet_id: "139d5d6af2c54b1fb992568ae1feb6eb" candidate_uuid: "1bff136c9fd6459883741de23faaa06c" candidate_term: 1 candidate_status { last_received { term: 0 index: 0 } } ignore_live_leader: false dest_uuid: "cc634ccdaec9489eb320218e99b20fe7"
I20260713 09:11:03.249899   616 tablet_service.cc:1917] Received RequestConsensusVote() RPC: tablet_id: "139d5d6af2c54b1fb992568ae1feb6eb" candidate_uuid: "1bff136c9fd6459883741de23faaa06c" candidate_term: 1 candidate_status { last_received { term: 0 index: 0 } } ignore_live_leader: false dest_uuid: "a7fb14708b414811b0eb7c53ff33de4d"
I20260713 09:11:03.250092   467 raft_consensus.cc:3060] T 139d5d6af2c54b1fb992568ae1feb6eb P cc634ccdaec9489eb320218e99b20fe7 [term 0 FOLLOWER]: Advancing to term 1
I20260713 09:11:03.250387   616 raft_consensus.cc:3060] T 139d5d6af2c54b1fb992568ae1feb6eb P a7fb14708b414811b0eb7c53ff33de4d [term 0 FOLLOWER]: Advancing to term 1
I20260713 09:11:03.254240   467 raft_consensus.cc:2468] T 139d5d6af2c54b1fb992568ae1feb6eb P cc634ccdaec9489eb320218e99b20fe7 [term 1 FOLLOWER]: Leader election vote request: Granting yes vote for candidate 1bff136c9fd6459883741de23faaa06c in term 1.
I20260713 09:11:03.254698   616 raft_consensus.cc:2468] T 139d5d6af2c54b1fb992568ae1feb6eb P a7fb14708b414811b0eb7c53ff33de4d [term 1 FOLLOWER]: Leader election vote request: Granting yes vote for candidate 1bff136c9fd6459883741de23faaa06c in term 1.
I20260713 09:11:03.255343   508 leader_election.cc:304] T 139d5d6af2c54b1fb992568ae1feb6eb P 1bff136c9fd6459883741de23faaa06c [CANDIDATE]: Term 1 election: Election decided. Result: candidate won. Election summary: received 2 responses out of 3 voters: 2 yes votes; 0 no votes. yes voters: 1bff136c9fd6459883741de23faaa06c, cc634ccdaec9489eb320218e99b20fe7; no voters: 
I20260713 09:11:03.256091   674 raft_consensus.cc:2804] T 139d5d6af2c54b1fb992568ae1feb6eb P 1bff136c9fd6459883741de23faaa06c [term 1 FOLLOWER]: Leader election won for term 1
I20260713 09:11:03.256532   674 raft_consensus.cc:697] T 139d5d6af2c54b1fb992568ae1feb6eb P 1bff136c9fd6459883741de23faaa06c [term 1 LEADER]: Becoming Leader. State: Replica: 1bff136c9fd6459883741de23faaa06c, State: Running, Role: LEADER
I20260713 09:11:03.257273   674 consensus_queue.cc:237] T 139d5d6af2c54b1fb992568ae1feb6eb P 1bff136c9fd6459883741de23faaa06c [LEADER]: Queue going to LEADER mode. State: All replicated index: 0, Majority replicated index: 0, Committed index: 0, Last appended: 0.0, Last appended by leader: 0, Current term: 1, Majority size: 2, State: 0, Mode: LEADER, active raft config: opid_index: -1 OBSOLETE_local: false peers { permanent_uuid: "cc634ccdaec9489eb320218e99b20fe7" member_type: VOTER last_known_addr { host: "127.31.140.193" port: 46065 } } peers { permanent_uuid: "1bff136c9fd6459883741de23faaa06c" member_type: VOTER last_known_addr { host: "127.31.140.194" port: 37861 } } peers { permanent_uuid: "a7fb14708b414811b0eb7c53ff33de4d" member_type: VOTER last_known_addr { host: "127.31.140.195" port: 44365 } }
I20260713 09:11:03.263314   665 consensus_queue.cc:1048] T 5d3c75de8f7b49ce8121e866b6ba19b8 P cc634ccdaec9489eb320218e99b20fe7 [LEADER]: Connected to new peer: Peer: permanent_uuid: "a7fb14708b414811b0eb7c53ff33de4d" member_type: VOTER last_known_addr { host: "127.31.140.195" port: 44365 }, Status: LMP_MISMATCH, Last received: 0.0, Next index: 1, Last known committed idx: 0, Time since last communication: 0.000s
I20260713 09:11:03.264496   363 catalog_manager.cc:5697] T 139d5d6af2c54b1fb992568ae1feb6eb P 1bff136c9fd6459883741de23faaa06c reported cstate change: term changed from 0 to 1, leader changed from <none> to 1bff136c9fd6459883741de23faaa06c (127.31.140.194). New cstate: current_term: 1 leader_uuid: "1bff136c9fd6459883741de23faaa06c" committed_config { opid_index: -1 OBSOLETE_local: false peers { permanent_uuid: "cc634ccdaec9489eb320218e99b20fe7" member_type: VOTER last_known_addr { host: "127.31.140.193" port: 46065 } health_report { overall_health: UNKNOWN } } peers { permanent_uuid: "1bff136c9fd6459883741de23faaa06c" member_type: VOTER last_known_addr { host: "127.31.140.194" port: 37861 } health_report { overall_health: HEALTHY } } peers { permanent_uuid: "a7fb14708b414811b0eb7c53ff33de4d" member_type: VOTER last_known_addr { host: "127.31.140.195" port: 44365 } health_report { overall_health: UNKNOWN } } }
I20260713 09:11:03.275605   685 raft_consensus.cc:493] T 99e7dd7bbc64401591a6fdea96fcbfc9 P cc634ccdaec9489eb320218e99b20fe7 [term 0 FOLLOWER]: Starting pre-election (no leader contacted us within the election timeout)
I20260713 09:11:03.276137   685 raft_consensus.cc:515] T 99e7dd7bbc64401591a6fdea96fcbfc9 P cc634ccdaec9489eb320218e99b20fe7 [term 0 FOLLOWER]: Starting pre-election with config: opid_index: -1 OBSOLETE_local: false peers { permanent_uuid: "cc634ccdaec9489eb320218e99b20fe7" member_type: VOTER last_known_addr { host: "127.31.140.193" port: 46065 } } peers { permanent_uuid: "1bff136c9fd6459883741de23faaa06c" member_type: VOTER last_known_addr { host: "127.31.140.194" port: 37861 } } peers { permanent_uuid: "a7fb14708b414811b0eb7c53ff33de4d" member_type: VOTER last_known_addr { host: "127.31.140.195" port: 44365 } }
I20260713 09:11:03.277737   685 leader_election.cc:290] T 99e7dd7bbc64401591a6fdea96fcbfc9 P cc634ccdaec9489eb320218e99b20fe7 [CANDIDATE]: Term 1 pre-election: Requested pre-vote from peers 1bff136c9fd6459883741de23faaa06c (127.31.140.194:37861), a7fb14708b414811b0eb7c53ff33de4d (127.31.140.195:44365)
I20260713 09:11:03.281368   543 tablet_service.cc:1917] Received RequestConsensusVote() RPC: tablet_id: "99e7dd7bbc64401591a6fdea96fcbfc9" candidate_uuid: "cc634ccdaec9489eb320218e99b20fe7" candidate_term: 1 candidate_status { last_received { term: 0 index: 0 } } ignore_live_leader: false dest_uuid: "1bff136c9fd6459883741de23faaa06c" is_pre_election: true
I20260713 09:11:03.282042   543 raft_consensus.cc:2393] T 99e7dd7bbc64401591a6fdea96fcbfc9 P 1bff136c9fd6459883741de23faaa06c [term 1 FOLLOWER]: Leader pre-election vote request: Denying vote to candidate cc634ccdaec9489eb320218e99b20fe7 in current term 1: Already voted for candidate a7fb14708b414811b0eb7c53ff33de4d in this term.
I20260713 09:11:03.283450   616 tablet_service.cc:1917] Received RequestConsensusVote() RPC: tablet_id: "99e7dd7bbc64401591a6fdea96fcbfc9" candidate_uuid: "cc634ccdaec9489eb320218e99b20fe7" candidate_term: 1 candidate_status { last_received { term: 0 index: 0 } } ignore_live_leader: false dest_uuid: "a7fb14708b414811b0eb7c53ff33de4d" is_pre_election: true
I20260713 09:11:03.283623   685 consensus_queue.cc:1048] T 5d3c75de8f7b49ce8121e866b6ba19b8 P cc634ccdaec9489eb320218e99b20fe7 [LEADER]: Connected to new peer: Peer: permanent_uuid: "1bff136c9fd6459883741de23faaa06c" member_type: VOTER last_known_addr { host: "127.31.140.194" port: 37861 }, Status: LMP_MISMATCH, Last received: 0.0, Next index: 1, Last known committed idx: 0, Time since last communication: 0.000s
